This is the mail archive of the gcc-testresults@gcc.gnu.org mailing list for the GCC project.


Index Nav: [Date Index] [Subject Index] [Author Index] [Thread Index]
Message Nav: [Date Prev] [Date Next] [Thread Prev] [Thread Next]
Other format: [Raw text]

Results for 4.4.0 20080923 (experimental) (GCC) testsuite on i686-pc-linux-gnu


LAST_UPDATED: Tue Sep 23 07:10:29 UTC 2008 (/trunk revision 140578)

Native configuration is i686-pc-linux-gnu

		=== g++ tests ===


Running target localhost
ERROR: tcl error sourcing /scratch/gcc/nightly-2008-09-23-mainline/src/gcc-mainline/gcc/testsuite/g++.dg/bprob/bprob.exp.
ERROR: can't unset "env(LOCPATH)": no such element in array
ERROR: g++.dg/charset/asm1.c: can't unset "env(LOCPATH)": no such element in array for " dg-require-iconv 2 "IBM1047" "
UNRESOLVED: g++.dg/charset/asm1.c: can't unset "env(LOCPATH)": no such element in array for " dg-require-iconv 2 "IBM1047" "
ERROR: g++.dg/charset/asm2.c: can't unset "env(LOCPATH)": no such element in array for " dg-require-iconv 4 "IBM1047" "
UNRESOLVED: g++.dg/charset/asm2.c: can't unset "env(LOCPATH)": no such element in array for " dg-require-iconv 4 "IBM1047" "
ERROR: g++.dg/charset/asm3.c: can't unset "env(LOCPATH)": no such element in array for " dg-require-iconv 3 "IBM1047" "
UNRESOLVED: g++.dg/charset/asm3.c: can't unset "env(LOCPATH)": no such element in array for " dg-require-iconv 3 "IBM1047" "
ERROR: g++.dg/charset/asm4.c: can't unset "env(LOCPATH)": no such element in array for " dg-require-iconv 3 "IBM1047" "
UNRESOLVED: g++.dg/charset/asm4.c: can't unset "env(LOCPATH)": no such element in array for " dg-require-iconv 3 "IBM1047" "
ERROR: g++.dg/charset/asm5.c: can't unset "env(LOCPATH)": no such element in array for " dg-require-iconv 3 "IBM1047" "
UNRESOLVED: g++.dg/charset/asm5.c: can't unset "env(LOCPATH)": no such element in array for " dg-require-iconv 3 "IBM1047" "
ERROR: g++.dg/charset/attribute1.c: can't unset "env(LOCPATH)": no such element in array for " dg-require-iconv 3 "IBM1047" "
UNRESOLVED: g++.dg/charset/attribute1.c: can't unset "env(LOCPATH)": no such element in array for " dg-require-iconv 3 "IBM1047" "
ERROR: g++.dg/charset/attribute2.c: can't unset "env(LOCPATH)": no such element in array for " dg-require-iconv 5 "IBM1047" "
UNRESOLVED: g++.dg/charset/attribute2.c: can't unset "env(LOCPATH)": no such element in array for " dg-require-iconv 5 "IBM1047" "
ERROR: g++.dg/charset/extern1.cc: can't unset "env(LOCPATH)": no such element in array for " dg-require-iconv 3 "IBM1047" "
UNRESOLVED: g++.dg/charset/extern1.cc: can't unset "env(LOCPATH)": no such element in array for " dg-require-iconv 3 "IBM1047" "
ERROR: g++.dg/charset/extern2.cc: can't unset "env(LOCPATH)": no such element in array for " dg-require-iconv 3 "IBM1047" "
UNRESOLVED: g++.dg/charset/extern2.cc: can't unset "env(LOCPATH)": no such element in array for " dg-require-iconv 3 "IBM1047" "
ERROR: g++.dg/charset/extern3.cc: can't unset "env(LOCPATH)": no such element in array for " dg-require-iconv 2 "IBM1047" "
UNRESOLVED: g++.dg/charset/extern3.cc: can't unset "env(LOCPATH)": no such element in array for " dg-require-iconv 2 "IBM1047" "
ERROR: g++.dg/charset/function.cc: can't unset "env(LOCPATH)": no such element in array for " dg-require-iconv 2 "IBM1047" "
UNRESOLVED: g++.dg/charset/function.cc: can't unset "env(LOCPATH)": no such element in array for " dg-require-iconv 2 "IBM1047" "
ERROR: g++.dg/charset/string.c: can't unset "env(LOCPATH)": no such element in array for " dg-require-iconv 3 "IBM1047" "
UNRESOLVED: g++.dg/charset/string.c: can't unset "env(LOCPATH)": no such element in array for " dg-require-iconv 3 "IBM1047" "
ERROR: tcl error sourcing /scratch/gcc/nightly-2008-09-23-mainline/src/gcc-mainline/gcc/testsuite/g++.dg/compat/compat.exp.
ERROR: can't unset "env(LOCPATH)": no such element in array
ERROR: tcl error sourcing /scratch/gcc/nightly-2008-09-23-mainline/src/gcc-mainline/gcc/testsuite/g++.dg/compat/struct-layout-1.exp.
ERROR: can't unset "env(LOCPATH)": no such element in array
ERROR: tcl error sourcing /scratch/gcc/nightly-2008-09-23-mainline/src/gcc-mainline/gcc/testsuite/g++.dg/debug/debug.exp.
ERROR: can't unset "env(LOCPATH)": no such element in array
ERROR: tcl error sourcing /scratch/gcc/nightly-2008-09-23-mainline/src/gcc-mainline/gcc/testsuite/g++.dg/dg.exp.
ERROR: can't unset "env(LOCPATH)": no such element in array
ERROR: tcl error sourcing /scratch/gcc/nightly-2008-09-23-mainline/src/gcc-mainline/gcc/testsuite/g++.dg/gcov/gcov.exp.
ERROR: can't unset "env(LOCPATH)": no such element in array
ERROR: tcl error sourcing /scratch/gcc/nightly-2008-09-23-mainline/src/gcc-mainline/gcc/testsuite/g++.dg/special/ecos.exp.
ERROR: can't unset "env(LOCPATH)": no such element in array
ERROR: g++.dg/tls/static-1.C: can't unset "env(LOCPATH)": no such element in array for " dg-require-effective-target 3 tls_runtime "
UNRESOLVED: g++.dg/tls/static-1.C: can't unset "env(LOCPATH)": no such element in array for " dg-require-effective-target 3 tls_runtime "
ERROR: tcl error sourcing /scratch/gcc/nightly-2008-09-23-mainline/src/gcc-mainline/gcc/testsuite/g++.dg/torture/dg-torture.exp.
ERROR: can't unset "env(LOCPATH)": no such element in array
ERROR: tcl error sourcing /scratch/gcc/nightly-2008-09-23-mainline/src/gcc-mainline/gcc/testsuite/g++.dg/torture/stackalign/stackalign.exp.
ERROR: can't unset "env(LOCPATH)": no such element in array
ERROR: tcl error sourcing /scratch/gcc/nightly-2008-09-23-mainline/src/gcc-mainline/gcc/testsuite/g++.dg/tree-prof/tree-prof.exp.
ERROR: can't unset "env(LOCPATH)": no such element in array
ERROR: tcl error sourcing /scratch/gcc/nightly-2008-09-23-mainline/src/gcc-mainline/gcc/testsuite/g++.dg/vect/vect.exp.
ERROR: can't unset "env(LOCPATH)": no such element in array
ERROR: tcl error sourcing /scratch/gcc/nightly-2008-09-23-mainline/src/gcc-mainline/gcc/testsuite/g++.old-deja/old-deja.exp.
ERROR: can't unset "env(LOCPATH)": no such element in array

		=== g++ Summary ===

# of expected passes		1913
# of expected failures		1
# of unresolved testcases	13
# of unsupported tests		2
/scratch/gcc/nightly-2008-09-23-mainline/i686-pc-linux-gnu/obj/test-mainline-0-i686-pc-linux-gnu/host-i686-pc-linux-gnu/fsf-mainline/bin/i686-pc-linux-gnu-g++  version 4.4.0 20080923 (experimental) (GCC) 

		=== gcc tests ===


Running target localhost
ERROR: tcl error sourcing /scratch/gcc/nightly-2008-09-23-mainline/src/gcc-mainline/gcc/testsuite/gcc.c-torture/execute/builtins/builtins.exp.
ERROR: can't unset "env(LOCPATH)": no such element in array
ERROR: tcl error sourcing /scratch/gcc/nightly-2008-09-23-mainline/src/gcc-mainline/gcc/testsuite/gcc.c-torture/execute/execute.exp.
ERROR: torture-init: torture_without_loops is not empty as expected
ERROR: tcl error sourcing /scratch/gcc/nightly-2008-09-23-mainline/src/gcc-mainline/gcc/testsuite/gcc.c-torture/execute/ieee/ieee.exp.
ERROR: torture-init: torture_without_loops is not empty as expected
ERROR: tcl error sourcing /scratch/gcc/nightly-2008-09-23-mainline/src/gcc-mainline/gcc/testsuite/gcc.c-torture/unsorted/unsorted.exp.
ERROR: torture-init: torture_without_loops is not empty as expected
ERROR: gcc.dg/charset/asm1.c: can't unset "env(LOCPATH)": no such element in array for " dg-require-iconv 2 "IBM1047" "
UNRESOLVED: gcc.dg/charset/asm1.c: can't unset "env(LOCPATH)": no such element in array for " dg-require-iconv 2 "IBM1047" "
ERROR: gcc.dg/charset/asm2.c: can't unset "env(LOCPATH)": no such element in array for " dg-require-iconv 5 "IBM1047" "
UNRESOLVED: gcc.dg/charset/asm2.c: can't unset "env(LOCPATH)": no such element in array for " dg-require-iconv 5 "IBM1047" "
ERROR: gcc.dg/charset/asm3.c: can't unset "env(LOCPATH)": no such element in array for " dg-require-iconv 4 "IBM1047" "
UNRESOLVED: gcc.dg/charset/asm3.c: can't unset "env(LOCPATH)": no such element in array for " dg-require-iconv 4 "IBM1047" "
ERROR: gcc.dg/charset/asm4.c: can't unset "env(LOCPATH)": no such element in array for " dg-require-iconv 3 "IBM1047" "
UNRESOLVED: gcc.dg/charset/asm4.c: can't unset "env(LOCPATH)": no such element in array for " dg-require-iconv 3 "IBM1047" "
ERROR: gcc.dg/charset/asm5.c: can't unset "env(LOCPATH)": no such element in array for " dg-require-iconv 3 "IBM1047" "
UNRESOLVED: gcc.dg/charset/asm5.c: can't unset "env(LOCPATH)": no such element in array for " dg-require-iconv 3 "IBM1047" "
ERROR: gcc.dg/charset/asm6.c: can't unset "env(LOCPATH)": no such element in array for " dg-require-iconv 3 "IBM1047" "
UNRESOLVED: gcc.dg/charset/asm6.c: can't unset "env(LOCPATH)": no such element in array for " dg-require-iconv 3 "IBM1047" "
ERROR: gcc.dg/charset/attribute1.c: can't unset "env(LOCPATH)": no such element in array for " dg-require-iconv 3 "IBM1047" "
UNRESOLVED: gcc.dg/charset/attribute1.c: can't unset "env(LOCPATH)": no such element in array for " dg-require-iconv 3 "IBM1047" "
ERROR: gcc.dg/charset/attribute2.c: can't unset "env(LOCPATH)": no such element in array for " dg-require-iconv 5 "IBM1047" "
UNRESOLVED: gcc.dg/charset/attribute2.c: can't unset "env(LOCPATH)": no such element in array for " dg-require-iconv 5 "IBM1047" "
ERROR: gcc.dg/charset/builtin1.c: can't unset "env(LOCPATH)": no such element in array for " dg-require-iconv 5 "IBM1047" "
UNRESOLVED: gcc.dg/charset/builtin1.c: can't unset "env(LOCPATH)": no such element in array for " dg-require-iconv 5 "IBM1047" "
ERROR: gcc.dg/charset/builtin2.c: can't unset "env(LOCPATH)": no such element in array for " dg-require-iconv 5 "IBM1047" "
UNRESOLVED: gcc.dg/charset/builtin2.c: can't unset "env(LOCPATH)": no such element in array for " dg-require-iconv 5 "IBM1047" "
ERROR: gcc.dg/charset/extern.c: can't unset "env(LOCPATH)": no such element in array for " dg-require-iconv 2 "IBM1047" "
UNRESOLVED: gcc.dg/charset/extern.c: can't unset "env(LOCPATH)": no such element in array for " dg-require-iconv 2 "IBM1047" "
ERROR: gcc.dg/charset/function.c: can't unset "env(LOCPATH)": no such element in array for " dg-require-iconv 2 "IBM1047" "
UNRESOLVED: gcc.dg/charset/function.c: can't unset "env(LOCPATH)": no such element in array for " dg-require-iconv 2 "IBM1047" "
ERROR: gcc.dg/charset/string.c: can't unset "env(LOCPATH)": no such element in array for " dg-require-iconv 3 "IBM1047" "
UNRESOLVED: gcc.dg/charset/string.c: can't unset "env(LOCPATH)": no such element in array for " dg-require-iconv 3 "IBM1047" "
ERROR: tcl error sourcing /scratch/gcc/nightly-2008-09-23-mainline/src/gcc-mainline/gcc/testsuite/gcc.dg/compat/compat.exp.
ERROR: can't unset "env(LOCPATH)": no such element in array
ERROR: tcl error sourcing /scratch/gcc/nightly-2008-09-23-mainline/src/gcc-mainline/gcc/testsuite/gcc.dg/compat/struct-layout-1.exp.
ERROR: can't unset "env(LOCPATH)": no such element in array
ERROR: tcl error sourcing /scratch/gcc/nightly-2008-09-23-mainline/src/gcc-mainline/gcc/testsuite/gcc.dg/cpp/cpp.exp.
ERROR: can't unset "env(LOCPATH)": no such element in array
ERROR: tcl error sourcing /scratch/gcc/nightly-2008-09-23-mainline/src/gcc-mainline/gcc/testsuite/gcc.dg/cpp/trad/trad.exp.
ERROR: can't unset "env(LOCPATH)": no such element in array
ERROR: tcl error sourcing /scratch/gcc/nightly-2008-09-23-mainline/src/gcc-mainline/gcc/testsuite/gcc.dg/debug/debug.exp.
ERROR: can't unset "env(LOCPATH)": no such element in array
FAIL: gcc.dg/debug/dwarf2/dwarf-die3.c scan-assembler-not DW_AT_inline
ERROR: tcl error sourcing /scratch/gcc/nightly-2008-09-23-mainline/src/gcc-mainline/gcc/testsuite/gcc.dg/dfp/dfp.exp.
ERROR: can't unset "env(LOCPATH)": no such element in array
ERROR: tcl error sourcing /scratch/gcc/nightly-2008-09-23-mainline/src/gcc-mainline/gcc/testsuite/gcc.dg/dg.exp.
ERROR: can't unset "env(LOCPATH)": no such element in array
ERROR: tcl error sourcing /scratch/gcc/nightly-2008-09-23-mainline/src/gcc-mainline/gcc/testsuite/gcc.dg/format/format.exp.
ERROR: torture-init: torture_without_loops is not empty as expected
ERROR: tcl error sourcing /scratch/gcc/nightly-2008-09-23-mainline/src/gcc-mainline/gcc/testsuite/gcc.dg/matrix/matrix.exp.
ERROR: can't unset "env(LOCPATH)": no such element in array
ERROR: tcl error sourcing /scratch/gcc/nightly-2008-09-23-mainline/src/gcc-mainline/gcc/testsuite/gcc.dg/pch/pch.exp.
ERROR: torture-init: torture_without_loops is not empty as expected
ERROR: tcl error sourcing /scratch/gcc/nightly-2008-09-23-mainline/src/gcc-mainline/gcc/testsuite/gcc.dg/special/special.exp.
ERROR: can't unset "env(LOCPATH)": no such element in array
ERROR: tcl error sourcing /scratch/gcc/nightly-2008-09-23-mainline/src/gcc-mainline/gcc/testsuite/gcc.dg/struct/struct-reorg.exp.
ERROR: can't unset "env(LOCPATH)": no such element in array
ERROR: gcc.dg/tls/opt-11.c: can't unset "env(LOCPATH)": no such element in array for " dg-require-effective-target 2 tls_runtime "
UNRESOLVED: gcc.dg/tls/opt-11.c: can't unset "env(LOCPATH)": no such element in array for " dg-require-effective-target 2 tls_runtime "
ERROR: gcc.dg/tls/opt-12.c: can't read "et_cache(tls_runtime,value)": no such element in array for " dg-require-effective-target 4 tls_runtime "
UNRESOLVED: gcc.dg/tls/opt-12.c: can't read "et_cache(tls_runtime,value)": no such element in array for " dg-require-effective-target 4 tls_runtime "
ERROR: gcc.dg/tls/pr24428-2.c: can't read "et_cache(tls_runtime,value)": no such element in array for " dg-require-effective-target 3 tls_runtime "
UNRESOLVED: gcc.dg/tls/pr24428-2.c: can't read "et_cache(tls_runtime,value)": no such element in array for " dg-require-effective-target 3 tls_runtime "
ERROR: gcc.dg/tls/pr24428.c: can't read "et_cache(tls_runtime,value)": no such element in array for " dg-require-effective-target 3 tls_runtime "
UNRESOLVED: gcc.dg/tls/pr24428.c: can't read "et_cache(tls_runtime,value)": no such element in array for " dg-require-effective-target 3 tls_runtime "
ERROR: tcl error sourcing /scratch/gcc/nightly-2008-09-23-mainline/src/gcc-mainline/gcc/testsuite/gcc.dg/torture/dg-torture.exp.
ERROR: can't unset "env(LOCPATH)": no such element in array
ERROR: tcl error sourcing /scratch/gcc/nightly-2008-09-23-mainline/src/gcc-mainline/gcc/testsuite/gcc.dg/torture/stackalign/stackalign.exp.
ERROR: can't unset "env(LOCPATH)": no such element in array
ERROR: tcl error sourcing /scratch/gcc/nightly-2008-09-23-mainline/src/gcc-mainline/gcc/testsuite/gcc.dg/tree-prof/tree-prof.exp.
ERROR: can't unset "env(LOCPATH)": no such element in array
ERROR: tcl error sourcing /scratch/gcc/nightly-2008-09-23-mainline/src/gcc-mainline/gcc/testsuite/gcc.dg/tree-ssa/tree-ssa.exp.
ERROR: can't unset "env(LOCPATH)": no such element in array
ERROR: tcl error sourcing /scratch/gcc/nightly-2008-09-23-mainline/src/gcc-mainline/gcc/testsuite/gcc.dg/vect/costmodel/i386/i386-costmodel-vect.exp.
ERROR: can't unset "env(LOCPATH)": no such element in array
ERROR: tcl error sourcing /scratch/gcc/nightly-2008-09-23-mainline/src/gcc-mainline/gcc/testsuite/gcc.dg/vect/vect.exp.
ERROR: can't read "et_cache(sse2_hw_available,value)": no such element in array
ERROR: tcl error sourcing /scratch/gcc/nightly-2008-09-23-mainline/src/gcc-mainline/gcc/testsuite/gcc.dg/weak/weak.exp.
ERROR: can't unset "env(LOCPATH)": no such element in array
ERROR: tcl error sourcing /scratch/gcc/nightly-2008-09-23-mainline/src/gcc-mainline/gcc/testsuite/gcc.misc-tests/bprob.exp.
ERROR: can't unset "env(LOCPATH)": no such element in array
ERROR: tcl error sourcing /scratch/gcc/nightly-2008-09-23-mainline/src/gcc-mainline/gcc/testsuite/gcc.misc-tests/gcov.exp.
ERROR: can't unset "env(LOCPATH)": no such element in array
ERROR: tcl error sourcing /scratch/gcc/nightly-2008-09-23-mainline/src/gcc-mainline/gcc/testsuite/gcc.misc-tests/i386-prefetch.exp.
ERROR: torture-init: torture_without_loops is not empty as expected
ERROR: tcl error sourcing /scratch/gcc/nightly-2008-09-23-mainline/src/gcc-mainline/gcc/testsuite/gcc.target/i386/i386.exp.
ERROR: can't unset "env(LOCPATH)": no such element in array
ERROR: tcl error sourcing /scratch/gcc/nightly-2008-09-23-mainline/src/gcc-mainline/gcc/testsuite/gcc.target/i386/math-torture/math-torture.exp.
ERROR: torture-init: torture_without_loops is not empty as expected

		=== gcc Summary ===

# of expected passes		8954
# of unexpected failures	1
# of expected failures		11
# of unresolved testcases	17
# of unsupported tests		54
/scratch/gcc/nightly-2008-09-23-mainline/i686-pc-linux-gnu/obj/test-mainline-0-i686-pc-linux-gnu/host-i686-pc-linux-gnu/fsf-mainline/bin/i686-pc-linux-gnu-gcc  version 4.4.0 20080923 (experimental) (GCC) 

		=== libstdc++ tests ===


Running target localhost
ERROR: tcl error sourcing /scratch/gcc/nightly-2008-09-23-mainline/src/gcc-mainline/libstdc++-v3/testsuite/libstdc++-dg/conformance.exp.
ERROR: can't unset "env(LOCPATH)": no such element in array

		=== libstdc++ Summary ===

# of expected passes		14
		=== g++ tests ===


Running target localhost/-m64
ERROR: tcl error sourcing /scratch/gcc/nightly-2008-09-23-mainline/src/gcc-mainline/gcc/testsuite/g++.dg/bprob/bprob.exp.
ERROR: can't unset "env(LOCPATH)": no such element in array
ERROR: g++.dg/charset/asm1.c: can't unset "env(LOCPATH)": no such element in array for " dg-require-iconv 2 "IBM1047" "
UNRESOLVED: g++.dg/charset/asm1.c: can't unset "env(LOCPATH)": no such element in array for " dg-require-iconv 2 "IBM1047" "
ERROR: g++.dg/charset/asm2.c: can't unset "env(LOCPATH)": no such element in array for " dg-require-iconv 4 "IBM1047" "
UNRESOLVED: g++.dg/charset/asm2.c: can't unset "env(LOCPATH)": no such element in array for " dg-require-iconv 4 "IBM1047" "
ERROR: g++.dg/charset/asm3.c: can't unset "env(LOCPATH)": no such element in array for " dg-require-iconv 3 "IBM1047" "
UNRESOLVED: g++.dg/charset/asm3.c: can't unset "env(LOCPATH)": no such element in array for " dg-require-iconv 3 "IBM1047" "
ERROR: g++.dg/charset/asm4.c: can't unset "env(LOCPATH)": no such element in array for " dg-require-iconv 3 "IBM1047" "
UNRESOLVED: g++.dg/charset/asm4.c: can't unset "env(LOCPATH)": no such element in array for " dg-require-iconv 3 "IBM1047" "
ERROR: g++.dg/charset/asm5.c: can't unset "env(LOCPATH)": no such element in array for " dg-require-iconv 3 "IBM1047" "
UNRESOLVED: g++.dg/charset/asm5.c: can't unset "env(LOCPATH)": no such element in array for " dg-require-iconv 3 "IBM1047" "
ERROR: g++.dg/charset/attribute1.c: can't unset "env(LOCPATH)": no such element in array for " dg-require-iconv 3 "IBM1047" "
UNRESOLVED: g++.dg/charset/attribute1.c: can't unset "env(LOCPATH)": no such element in array for " dg-require-iconv 3 "IBM1047" "
ERROR: g++.dg/charset/attribute2.c: can't unset "env(LOCPATH)": no such element in array for " dg-require-iconv 5 "IBM1047" "
UNRESOLVED: g++.dg/charset/attribute2.c: can't unset "env(LOCPATH)": no such element in array for " dg-require-iconv 5 "IBM1047" "
ERROR: g++.dg/charset/extern1.cc: can't unset "env(LOCPATH)": no such element in array for " dg-require-iconv 3 "IBM1047" "
UNRESOLVED: g++.dg/charset/extern1.cc: can't unset "env(LOCPATH)": no such element in array for " dg-require-iconv 3 "IBM1047" "
ERROR: g++.dg/charset/extern2.cc: can't unset "env(LOCPATH)": no such element in array for " dg-require-iconv 3 "IBM1047" "
UNRESOLVED: g++.dg/charset/extern2.cc: can't unset "env(LOCPATH)": no such element in array for " dg-require-iconv 3 "IBM1047" "
ERROR: g++.dg/charset/extern3.cc: can't unset "env(LOCPATH)": no such element in array for " dg-require-iconv 2 "IBM1047" "
UNRESOLVED: g++.dg/charset/extern3.cc: can't unset "env(LOCPATH)": no such element in array for " dg-require-iconv 2 "IBM1047" "
ERROR: g++.dg/charset/function.cc: can't unset "env(LOCPATH)": no such element in array for " dg-require-iconv 2 "IBM1047" "
UNRESOLVED: g++.dg/charset/function.cc: can't unset "env(LOCPATH)": no such element in array for " dg-require-iconv 2 "IBM1047" "
ERROR: g++.dg/charset/string.c: can't unset "env(LOCPATH)": no such element in array for " dg-require-iconv 3 "IBM1047" "
UNRESOLVED: g++.dg/charset/string.c: can't unset "env(LOCPATH)": no such element in array for " dg-require-iconv 3 "IBM1047" "
ERROR: tcl error sourcing /scratch/gcc/nightly-2008-09-23-mainline/src/gcc-mainline/gcc/testsuite/g++.dg/compat/compat.exp.
ERROR: can't unset "env(LOCPATH)": no such element in array
ERROR: tcl error sourcing /scratch/gcc/nightly-2008-09-23-mainline/src/gcc-mainline/gcc/testsuite/g++.dg/compat/struct-layout-1.exp.
ERROR: can't unset "env(LOCPATH)": no such element in array
ERROR: tcl error sourcing /scratch/gcc/nightly-2008-09-23-mainline/src/gcc-mainline/gcc/testsuite/g++.dg/debug/debug.exp.
ERROR: can't unset "env(LOCPATH)": no such element in array
ERROR: tcl error sourcing /scratch/gcc/nightly-2008-09-23-mainline/src/gcc-mainline/gcc/testsuite/g++.dg/dg.exp.
ERROR: can't unset "env(LOCPATH)": no such element in array
ERROR: tcl error sourcing /scratch/gcc/nightly-2008-09-23-mainline/src/gcc-mainline/gcc/testsuite/g++.dg/gcov/gcov.exp.
ERROR: can't unset "env(LOCPATH)": no such element in array
ERROR: tcl error sourcing /scratch/gcc/nightly-2008-09-23-mainline/src/gcc-mainline/gcc/testsuite/g++.dg/special/ecos.exp.
ERROR: can't unset "env(LOCPATH)": no such element in array
ERROR: g++.dg/tls/static-1.C: can't unset "env(LOCPATH)": no such element in array for " dg-require-effective-target 3 tls_runtime "
UNRESOLVED: g++.dg/tls/static-1.C: can't unset "env(LOCPATH)": no such element in array for " dg-require-effective-target 3 tls_runtime "
ERROR: tcl error sourcing /scratch/gcc/nightly-2008-09-23-mainline/src/gcc-mainline/gcc/testsuite/g++.dg/torture/dg-torture.exp.
ERROR: can't unset "env(LOCPATH)": no such element in array
ERROR: tcl error sourcing /scratch/gcc/nightly-2008-09-23-mainline/src/gcc-mainline/gcc/testsuite/g++.dg/torture/stackalign/stackalign.exp.
ERROR: can't unset "env(LOCPATH)": no such element in array
ERROR: tcl error sourcing /scratch/gcc/nightly-2008-09-23-mainline/src/gcc-mainline/gcc/testsuite/g++.dg/tree-prof/tree-prof.exp.
ERROR: can't unset "env(LOCPATH)": no such element in array
ERROR: tcl error sourcing /scratch/gcc/nightly-2008-09-23-mainline/src/gcc-mainline/gcc/testsuite/g++.dg/vect/vect.exp.
ERROR: can't unset "env(LOCPATH)": no such element in array
ERROR: tcl error sourcing /scratch/gcc/nightly-2008-09-23-mainline/src/gcc-mainline/gcc/testsuite/g++.old-deja/old-deja.exp.
ERROR: can't unset "env(LOCPATH)": no such element in array

		=== g++ Summary ===

# of expected passes		1913
# of expected failures		1
# of unresolved testcases	13
# of unsupported tests		4
/scratch/gcc/nightly-2008-09-23-mainline/i686-pc-linux-gnu/obj/test-mainline-0-i686-pc-linux-gnu/host-i686-pc-linux-gnu/fsf-mainline/bin/i686-pc-linux-gnu-g++  version 4.4.0 20080923 (experimental) (GCC) 

		=== gcc tests ===


Running target localhost/-m64
ERROR: tcl error sourcing /scratch/gcc/nightly-2008-09-23-mainline/src/gcc-mainline/gcc/testsuite/gcc.c-torture/execute/builtins/builtins.exp.
ERROR: can't unset "env(LOCPATH)": no such element in array
ERROR: tcl error sourcing /scratch/gcc/nightly-2008-09-23-mainline/src/gcc-mainline/gcc/testsuite/gcc.c-torture/execute/execute.exp.
ERROR: torture-init: torture_without_loops is not empty as expected
ERROR: tcl error sourcing /scratch/gcc/nightly-2008-09-23-mainline/src/gcc-mainline/gcc/testsuite/gcc.c-torture/execute/ieee/ieee.exp.
ERROR: torture-init: torture_without_loops is not empty as expected
ERROR: tcl error sourcing /scratch/gcc/nightly-2008-09-23-mainline/src/gcc-mainline/gcc/testsuite/gcc.c-torture/unsorted/unsorted.exp.
ERROR: torture-init: torture_without_loops is not empty as expected
ERROR: gcc.dg/charset/asm1.c: can't unset "env(LOCPATH)": no such element in array for " dg-require-iconv 2 "IBM1047" "
UNRESOLVED: gcc.dg/charset/asm1.c: can't unset "env(LOCPATH)": no such element in array for " dg-require-iconv 2 "IBM1047" "
ERROR: gcc.dg/charset/asm2.c: can't unset "env(LOCPATH)": no such element in array for " dg-require-iconv 5 "IBM1047" "
UNRESOLVED: gcc.dg/charset/asm2.c: can't unset "env(LOCPATH)": no such element in array for " dg-require-iconv 5 "IBM1047" "
ERROR: gcc.dg/charset/asm3.c: can't unset "env(LOCPATH)": no such element in array for " dg-require-iconv 4 "IBM1047" "
UNRESOLVED: gcc.dg/charset/asm3.c: can't unset "env(LOCPATH)": no such element in array for " dg-require-iconv 4 "IBM1047" "
ERROR: gcc.dg/charset/asm4.c: can't unset "env(LOCPATH)": no such element in array for " dg-require-iconv 3 "IBM1047" "
UNRESOLVED: gcc.dg/charset/asm4.c: can't unset "env(LOCPATH)": no such element in array for " dg-require-iconv 3 "IBM1047" "
ERROR: gcc.dg/charset/asm5.c: can't unset "env(LOCPATH)": no such element in array for " dg-require-iconv 3 "IBM1047" "
UNRESOLVED: gcc.dg/charset/asm5.c: can't unset "env(LOCPATH)": no such element in array for " dg-require-iconv 3 "IBM1047" "
ERROR: gcc.dg/charset/asm6.c: can't unset "env(LOCPATH)": no such element in array for " dg-require-iconv 3 "IBM1047" "
UNRESOLVED: gcc.dg/charset/asm6.c: can't unset "env(LOCPATH)": no such element in array for " dg-require-iconv 3 "IBM1047" "
ERROR: gcc.dg/charset/attribute1.c: can't unset "env(LOCPATH)": no such element in array for " dg-require-iconv 3 "IBM1047" "
UNRESOLVED: gcc.dg/charset/attribute1.c: can't unset "env(LOCPATH)": no such element in array for " dg-require-iconv 3 "IBM1047" "
ERROR: gcc.dg/charset/attribute2.c: can't unset "env(LOCPATH)": no such element in array for " dg-require-iconv 5 "IBM1047" "
UNRESOLVED: gcc.dg/charset/attribute2.c: can't unset "env(LOCPATH)": no such element in array for " dg-require-iconv 5 "IBM1047" "
ERROR: gcc.dg/charset/builtin1.c: can't unset "env(LOCPATH)": no such element in array for " dg-require-iconv 5 "IBM1047" "
UNRESOLVED: gcc.dg/charset/builtin1.c: can't unset "env(LOCPATH)": no such element in array for " dg-require-iconv 5 "IBM1047" "
ERROR: gcc.dg/charset/builtin2.c: can't unset "env(LOCPATH)": no such element in array for " dg-require-iconv 5 "IBM1047" "
UNRESOLVED: gcc.dg/charset/builtin2.c: can't unset "env(LOCPATH)": no such element in array for " dg-require-iconv 5 "IBM1047" "
ERROR: gcc.dg/charset/extern.c: can't unset "env(LOCPATH)": no such element in array for " dg-require-iconv 2 "IBM1047" "
UNRESOLVED: gcc.dg/charset/extern.c: can't unset "env(LOCPATH)": no such element in array for " dg-require-iconv 2 "IBM1047" "
ERROR: gcc.dg/charset/function.c: can't unset "env(LOCPATH)": no such element in array for " dg-require-iconv 2 "IBM1047" "
UNRESOLVED: gcc.dg/charset/function.c: can't unset "env(LOCPATH)": no such element in array for " dg-require-iconv 2 "IBM1047" "
ERROR: gcc.dg/charset/string.c: can't unset "env(LOCPATH)": no such element in array for " dg-require-iconv 3 "IBM1047" "
UNRESOLVED: gcc.dg/charset/string.c: can't unset "env(LOCPATH)": no such element in array for " dg-require-iconv 3 "IBM1047" "
ERROR: tcl error sourcing /scratch/gcc/nightly-2008-09-23-mainline/src/gcc-mainline/gcc/testsuite/gcc.dg/compat/compat.exp.
ERROR: can't unset "env(LOCPATH)": no such element in array
ERROR: tcl error sourcing /scratch/gcc/nightly-2008-09-23-mainline/src/gcc-mainline/gcc/testsuite/gcc.dg/compat/struct-layout-1.exp.
ERROR: can't unset "env(LOCPATH)": no such element in array
ERROR: tcl error sourcing /scratch/gcc/nightly-2008-09-23-mainline/src/gcc-mainline/gcc/testsuite/gcc.dg/cpp/cpp.exp.
ERROR: can't unset "env(LOCPATH)": no such element in array
ERROR: tcl error sourcing /scratch/gcc/nightly-2008-09-23-mainline/src/gcc-mainline/gcc/testsuite/gcc.dg/cpp/trad/trad.exp.
ERROR: can't unset "env(LOCPATH)": no such element in array
ERROR: tcl error sourcing /scratch/gcc/nightly-2008-09-23-mainline/src/gcc-mainline/gcc/testsuite/gcc.dg/debug/debug.exp.
ERROR: can't unset "env(LOCPATH)": no such element in array
FAIL: gcc.dg/debug/dwarf2/dwarf-die3.c scan-assembler-not DW_AT_inline
ERROR: tcl error sourcing /scratch/gcc/nightly-2008-09-23-mainline/src/gcc-mainline/gcc/testsuite/gcc.dg/dfp/dfp.exp.
ERROR: can't unset "env(LOCPATH)": no such element in array
ERROR: tcl error sourcing /scratch/gcc/nightly-2008-09-23-mainline/src/gcc-mainline/gcc/testsuite/gcc.dg/dg.exp.
ERROR: can't unset "env(LOCPATH)": no such element in array
ERROR: tcl error sourcing /scratch/gcc/nightly-2008-09-23-mainline/src/gcc-mainline/gcc/testsuite/gcc.dg/format/format.exp.
ERROR: torture-init: torture_without_loops is not empty as expected
ERROR: tcl error sourcing /scratch/gcc/nightly-2008-09-23-mainline/src/gcc-mainline/gcc/testsuite/gcc.dg/matrix/matrix.exp.
ERROR: can't unset "env(LOCPATH)": no such element in array
ERROR: tcl error sourcing /scratch/gcc/nightly-2008-09-23-mainline/src/gcc-mainline/gcc/testsuite/gcc.dg/pch/pch.exp.
ERROR: torture-init: torture_without_loops is not empty as expected
ERROR: tcl error sourcing /scratch/gcc/nightly-2008-09-23-mainline/src/gcc-mainline/gcc/testsuite/gcc.dg/special/special.exp.
ERROR: can't unset "env(LOCPATH)": no such element in array
ERROR: tcl error sourcing /scratch/gcc/nightly-2008-09-23-mainline/src/gcc-mainline/gcc/testsuite/gcc.dg/struct/struct-reorg.exp.
ERROR: can't unset "env(LOCPATH)": no such element in array
ERROR: gcc.dg/tls/opt-11.c: can't unset "env(LOCPATH)": no such element in array for " dg-require-effective-target 2 tls_runtime "
UNRESOLVED: gcc.dg/tls/opt-11.c: can't unset "env(LOCPATH)": no such element in array for " dg-require-effective-target 2 tls_runtime "
ERROR: gcc.dg/tls/opt-12.c: can't read "et_cache(tls_runtime,value)": no such element in array for " dg-require-effective-target 4 tls_runtime "
UNRESOLVED: gcc.dg/tls/opt-12.c: can't read "et_cache(tls_runtime,value)": no such element in array for " dg-require-effective-target 4 tls_runtime "
ERROR: gcc.dg/tls/pr24428-2.c: can't read "et_cache(tls_runtime,value)": no such element in array for " dg-require-effective-target 3 tls_runtime "
UNRESOLVED: gcc.dg/tls/pr24428-2.c: can't read "et_cache(tls_runtime,value)": no such element in array for " dg-require-effective-target 3 tls_runtime "
ERROR: gcc.dg/tls/pr24428.c: can't read "et_cache(tls_runtime,value)": no such element in array for " dg-require-effective-target 3 tls_runtime "
UNRESOLVED: gcc.dg/tls/pr24428.c: can't read "et_cache(tls_runtime,value)": no such element in array for " dg-require-effective-target 3 tls_runtime "
ERROR: tcl error sourcing /scratch/gcc/nightly-2008-09-23-mainline/src/gcc-mainline/gcc/testsuite/gcc.dg/torture/dg-torture.exp.
ERROR: can't unset "env(LOCPATH)": no such element in array
ERROR: tcl error sourcing /scratch/gcc/nightly-2008-09-23-mainline/src/gcc-mainline/gcc/testsuite/gcc.dg/torture/stackalign/stackalign.exp.
ERROR: can't unset "env(LOCPATH)": no such element in array
ERROR: tcl error sourcing /scratch/gcc/nightly-2008-09-23-mainline/src/gcc-mainline/gcc/testsuite/gcc.dg/tree-prof/tree-prof.exp.
ERROR: can't unset "env(LOCPATH)": no such element in array
ERROR: tcl error sourcing /scratch/gcc/nightly-2008-09-23-mainline/src/gcc-mainline/gcc/testsuite/gcc.dg/tree-ssa/tree-ssa.exp.
ERROR: can't unset "env(LOCPATH)": no such element in array
ERROR: tcl error sourcing /scratch/gcc/nightly-2008-09-23-mainline/src/gcc-mainline/gcc/testsuite/gcc.dg/vect/costmodel/i386/i386-costmodel-vect.exp.
ERROR: can't unset "env(LOCPATH)": no such element in array
ERROR: tcl error sourcing /scratch/gcc/nightly-2008-09-23-mainline/src/gcc-mainline/gcc/testsuite/gcc.dg/vect/costmodel/x86_64/x86_64-costmodel-vect.exp.
ERROR: can't read "et_cache(sse2_hw_available,value)": no such element in array
ERROR: tcl error sourcing /scratch/gcc/nightly-2008-09-23-mainline/src/gcc-mainline/gcc/testsuite/gcc.dg/vect/vect.exp.
ERROR: can't read "et_cache(sse2_hw_available,value)": no such element in array
ERROR: tcl error sourcing /scratch/gcc/nightly-2008-09-23-mainline/src/gcc-mainline/gcc/testsuite/gcc.dg/weak/weak.exp.
ERROR: can't unset "env(LOCPATH)": no such element in array
ERROR: tcl error sourcing /scratch/gcc/nightly-2008-09-23-mainline/src/gcc-mainline/gcc/testsuite/gcc.misc-tests/bprob.exp.
ERROR: can't unset "env(LOCPATH)": no such element in array
ERROR: tcl error sourcing /scratch/gcc/nightly-2008-09-23-mainline/src/gcc-mainline/gcc/testsuite/gcc.misc-tests/gcov.exp.
ERROR: can't unset "env(LOCPATH)": no such element in array
ERROR: tcl error sourcing /scratch/gcc/nightly-2008-09-23-mainline/src/gcc-mainline/gcc/testsuite/gcc.misc-tests/i386-prefetch.exp.
ERROR: torture-init: torture_without_loops is not empty as expected
ERROR: tcl error sourcing /scratch/gcc/nightly-2008-09-23-mainline/src/gcc-mainline/gcc/testsuite/gcc.target/i386/i386.exp.
ERROR: can't unset "env(LOCPATH)": no such element in array
ERROR: tcl error sourcing /scratch/gcc/nightly-2008-09-23-mainline/src/gcc-mainline/gcc/testsuite/gcc.target/i386/math-torture/math-torture.exp.
ERROR: torture-init: torture_without_loops is not empty as expected
ERROR: tcl error sourcing /scratch/gcc/nightly-2008-09-23-mainline/src/gcc-mainline/gcc/testsuite/gcc.target/x86_64/abi/abi-x86_64.exp.
ERROR: torture-init: torture_without_loops is not empty as expected

		=== gcc Summary ===

# of expected passes		8940
# of unexpected failures	1
# of expected failures		11
# of unresolved testcases	17
# of unsupported tests		55
/scratch/gcc/nightly-2008-09-23-mainline/i686-pc-linux-gnu/obj/test-mainline-0-i686-pc-linux-gnu/host-i686-pc-linux-gnu/fsf-mainline/bin/i686-pc-linux-gnu-gcc  version 4.4.0 20080923 (experimental) (GCC) 

		=== libstdc++ tests ===


Running target localhost/-m64
ERROR: tcl error sourcing /scratch/gcc/nightly-2008-09-23-mainline/src/gcc-mainline/libstdc++-v3/testsuite/libstdc++-dg/conformance.exp.
ERROR: can't unset "env(LOCPATH)": no such element in array

		=== libstdc++ Summary ===

# of expected passes		14

Compiler version: 4.4.0 20080923 (experimental) (GCC) 
Platform: i686-pc-linux-gnu
configure flags: --build=i686-pc-linux-gnu --host=i686-pc-linux-gnu --target=i686-pc-linux-gnu --enable-threads --disable-libmudflap --disable-libssp --disable-libstdcxx-pch --enable-targets=all --with-gnu-as --with-gnu-ld --enable-languages=c,c++ --enable-shared --disable-nls --prefix=/opt/codesourcery --with-gmp=/scratch/gcc/nightly-2008-09-23-mainline/i686-pc-linux-gnu/obj/host-libs-mainline-0-i686-pc-linux-gnu-i686-pc-linux-gnu/usr --with-mpfr=/scratch/gcc/nightly-2008-09-23-mainline/i686-pc-linux-gnu/obj/host-libs-mainline-0-i686-pc-linux-gnu-i686-pc-linux-gnu/usr --disable-libgomp --with-build-time-tools=/scratch/gcc/nightly-2008-09-23-mainline/i686-pc-linux-gnu/install/i686-pc-linux-gnu/bin --with-build-time-tools=/scratch/gcc/nightly-2008-09-23-mainline/i686-pc-linux-gnu/install/i686-pc-linux-gnu/bin


Index Nav: [Date Index] [Subject Index] [Author Index] [Thread Index]
Message Nav: [Date Prev] [Date Next] [Thread Prev] [Thread Next]