This is the mail archive of the gcc-testresults@gcc.gnu.org mailing list for the GCC project.


Index Nav: [Date Index] [Subject Index] [Author Index] [Thread Index]
Message Nav: [Date Prev] [Date Next] [Thread Prev] [Thread Next]
Other format: [Raw text]

Results for 4.4.0 20080920 (experimental) [trunk revision 140516] (GCC) testsuite on i386-pc-rtems4.10


LAST_UPDATED: Sat Sep 20 22:21:08 UTC 2008 (revision 140516)

Target is i386-pc-rtems4.10
Host   is x86_64-unknown-linux-gnu

		=== gcc tests ===


Running target rtems-i386-qemu
FAIL: gcc.c-torture/execute/20020215-1.c execution,  -O2 
FAIL: gcc.c-torture/execute/931110-2.c execution,  -O3 -g 
FAIL: gcc.c-torture/execute/pr25737.c execution,  -O2 
FAIL: gcc.c-torture/execute/pr28982b.c execution,  -O0 
FAIL: gcc.c-torture/execute/pr28982b.c execution,  -O1 
FAIL: gcc.c-torture/execute/pr28982b.c execution,  -O2 
FAIL: gcc.c-torture/execute/pr28982b.c execution,  -O3 -fomit-frame-pointer 
FAIL: gcc.c-torture/execute/pr28982b.c execution,  -O3 -fomit-frame-pointer -funroll-loops 
FAIL: gcc.c-torture/execute/pr28982b.c execution,  -O3 -fomit-frame-pointer -funroll-all-loops -finline-functions 
FAIL: gcc.c-torture/execute/pr28982b.c execution,  -O3 -g 
FAIL: gcc.c-torture/execute/pr28982b.c execution,  -Os 
FAIL: gcc.c-torture/execute/stdarg-1.c execution,  -O3 -fomit-frame-pointer 
FAIL: gcc.c-torture/execute/stdarg-2.c execution,  -O3 -fomit-frame-pointer 
FAIL: gcc.dg/cpp/_Pragma6.c -fno-show-column (test for excess errors)
FAIL: gcc.dg/debug/dwarf2/dwarf-die3.c scan-assembler-not DW_AT_inline
FAIL: gcc.dg/20021014-1.c (test for excess errors)
UNRESOLVED: gcc.dg/20021014-1.c compilation failed to produce executable
FAIL: gcc.dg/nest.c (test for excess errors)
UNRESOLVED: gcc.dg/nest.c compilation failed to produce executable
FAIL: gcc.dg/nested-func-4.c (test for excess errors)
UNRESOLVED: gcc.dg/nested-func-4.c compilation failed to produce executable
FAIL: gcc.dg/pr32450.c (test for excess errors)
UNRESOLVED: gcc.dg/pr32450.c compilation failed to produce executable
FAIL: gcc.dg/pr33645-3.c scan-assembler-not var1_t
FAIL: gcc.dg/matrix/transpose-1.c compilation,  -fprofile-generate -O3
UNRESOLVED: gcc.dg/matrix/transpose-1.c execution,    -fprofile-generate -O3
UNRESOLVED: gcc.dg/matrix/transpose-1.c compilation,  -fprofile-use -fipa-matrix-reorg -fdump-ipa-matrix-reorg -O3 -fwhole-program -combine
UNRESOLVED: gcc.dg/matrix/transpose-1.c execution,    -fprofile-use -fipa-matrix-reorg -fdump-ipa-matrix-reorg -O3 -fwhole-program -combine
FAIL: gcc.dg/matrix/transpose-2.c compilation,  -fprofile-generate -O3
UNRESOLVED: gcc.dg/matrix/transpose-2.c execution,    -fprofile-generate -O3
UNRESOLVED: gcc.dg/matrix/transpose-2.c compilation,  -fprofile-use -fipa-matrix-reorg -fdump-ipa-matrix-reorg -O3 -fwhole-program -combine
UNRESOLVED: gcc.dg/matrix/transpose-2.c execution,    -fprofile-use -fipa-matrix-reorg -fdump-ipa-matrix-reorg -O3 -fwhole-program -combine
FAIL: gcc.dg/matrix/transpose-3.c compilation,  -fprofile-generate -O3
UNRESOLVED: gcc.dg/matrix/transpose-3.c execution,    -fprofile-generate -O3
UNRESOLVED: gcc.dg/matrix/transpose-3.c compilation,  -fprofile-use -fipa-matrix-reorg -fdump-ipa-matrix-reorg -O3 -fwhole-program -combine
UNRESOLVED: gcc.dg/matrix/transpose-3.c execution,    -fprofile-use -fipa-matrix-reorg -fdump-ipa-matrix-reorg -O3 -fwhole-program -combine
FAIL: gcc.dg/matrix/transpose-4.c compilation,  -fprofile-generate -O3
UNRESOLVED: gcc.dg/matrix/transpose-4.c execution,    -fprofile-generate -O3
UNRESOLVED: gcc.dg/matrix/transpose-4.c compilation,  -fprofile-use -fipa-matrix-reorg -fdump-ipa-matrix-reorg -O3 -fwhole-program -combine
UNRESOLVED: gcc.dg/matrix/transpose-4.c execution,    -fprofile-use -fipa-matrix-reorg -fdump-ipa-matrix-reorg -O3 -fwhole-program -combine
FAIL: gcc.dg/matrix/transpose-5.c compilation,  -fprofile-generate -O3
UNRESOLVED: gcc.dg/matrix/transpose-5.c execution,    -fprofile-generate -O3
UNRESOLVED: gcc.dg/matrix/transpose-5.c compilation,  -fprofile-use -fipa-matrix-reorg -fdump-ipa-matrix-reorg -O3 -fwhole-program -combine
UNRESOLVED: gcc.dg/matrix/transpose-5.c execution,    -fprofile-use -fipa-matrix-reorg -fdump-ipa-matrix-reorg -O3 -fwhole-program -combine
FAIL: gcc.dg/matrix/transpose-6.c compilation,  -fprofile-generate -O3
UNRESOLVED: gcc.dg/matrix/transpose-6.c execution,    -fprofile-generate -O3
UNRESOLVED: gcc.dg/matrix/transpose-6.c compilation,  -fprofile-use -fipa-matrix-reorg -fdump-ipa-matrix-reorg -O3 -fwhole-program -combine
UNRESOLVED: gcc.dg/matrix/transpose-6.c execution,    -fprofile-use -fipa-matrix-reorg -fdump-ipa-matrix-reorg -O3 -fwhole-program -combine
FAIL: gcc.dg/struct/wo_prof_single_str_global.c execution test
FAIL: gcc.dg/struct/wo_prof_single_str_local.c execution test
FAIL: gcc.dg/struct/wo_prof_single_str_pointer.c execution test
FAIL: gcc.dg/struct/w_prof_global_array.c compilation,  -O3 -fwhole-program -combine -fipa-type-escape -fprofile-generate
UNRESOLVED: gcc.dg/struct/w_prof_global_array.c execution,    -O3 -fwhole-program -combine -fipa-type-escape -fprofile-generate
UNRESOLVED: gcc.dg/struct/w_prof_global_array.c compilation,  -O3 -fwhole-program -combine -fipa-type-escape -fprofile-use -fipa-struct-reorg -fdump-ipa-all
UNRESOLVED: gcc.dg/struct/w_prof_global_array.c execution,    -O3 -fwhole-program -combine -fipa-type-escape -fprofile-use -fipa-struct-reorg -fdump-ipa-all
FAIL: gcc.dg/struct/w_prof_global_var.c compilation,  -O3 -fwhole-program -combine -fipa-type-escape -fprofile-generate
UNRESOLVED: gcc.dg/struct/w_prof_global_var.c execution,    -O3 -fwhole-program -combine -fipa-type-escape -fprofile-generate
UNRESOLVED: gcc.dg/struct/w_prof_global_var.c compilation,  -O3 -fwhole-program -combine -fipa-type-escape -fprofile-use -fipa-struct-reorg -fdump-ipa-all
UNRESOLVED: gcc.dg/struct/w_prof_global_var.c execution,    -O3 -fwhole-program -combine -fipa-type-escape -fprofile-use -fipa-struct-reorg -fdump-ipa-all
FAIL: gcc.dg/struct/w_prof_local_array.c compilation,  -O3 -fwhole-program -combine -fipa-type-escape -fprofile-generate
UNRESOLVED: gcc.dg/struct/w_prof_local_array.c execution,    -O3 -fwhole-program -combine -fipa-type-escape -fprofile-generate
UNRESOLVED: gcc.dg/struct/w_prof_local_array.c compilation,  -O3 -fwhole-program -combine -fipa-type-escape -fprofile-use -fipa-struct-reorg -fdump-ipa-all
UNRESOLVED: gcc.dg/struct/w_prof_local_array.c execution,    -O3 -fwhole-program -combine -fipa-type-escape -fprofile-use -fipa-struct-reorg -fdump-ipa-all
FAIL: gcc.dg/struct/w_prof_local_var.c compilation,  -O3 -fwhole-program -combine -fipa-type-escape -fprofile-generate
UNRESOLVED: gcc.dg/struct/w_prof_local_var.c execution,    -O3 -fwhole-program -combine -fipa-type-escape -fprofile-generate
UNRESOLVED: gcc.dg/struct/w_prof_local_var.c compilation,  -O3 -fwhole-program -combine -fipa-type-escape -fprofile-use -fipa-struct-reorg -fdump-ipa-all
UNRESOLVED: gcc.dg/struct/w_prof_local_var.c execution,    -O3 -fwhole-program -combine -fipa-type-escape -fprofile-use -fipa-struct-reorg -fdump-ipa-all
FAIL: gcc.dg/struct/w_prof_single_str_global.c compilation,  -O3 -fwhole-program -combine -fipa-type-escape -fprofile-generate
UNRESOLVED: gcc.dg/struct/w_prof_single_str_global.c execution,    -O3 -fwhole-program -combine -fipa-type-escape -fprofile-generate
UNRESOLVED: gcc.dg/struct/w_prof_single_str_global.c compilation,  -O3 -fwhole-program -combine -fipa-type-escape -fprofile-use -fipa-struct-reorg -fdump-ipa-all
UNRESOLVED: gcc.dg/struct/w_prof_single_str_global.c execution,    -O3 -fwhole-program -combine -fipa-type-escape -fprofile-use -fipa-struct-reorg -fdump-ipa-all
FAIL: gcc.dg/struct/w_prof_two_strs.c compilation,  -O3 -fwhole-program -combine -fipa-type-escape -fprofile-generate
UNRESOLVED: gcc.dg/struct/w_prof_two_strs.c execution,    -O3 -fwhole-program -combine -fipa-type-escape -fprofile-generate
UNRESOLVED: gcc.dg/struct/w_prof_two_strs.c compilation,  -O3 -fwhole-program -combine -fipa-type-escape -fprofile-use -fipa-struct-reorg -fdump-ipa-all
UNRESOLVED: gcc.dg/struct/w_prof_two_strs.c execution,    -O3 -fwhole-program -combine -fipa-type-escape -fprofile-use -fipa-struct-reorg -fdump-ipa-all
FAIL: gcc.dg/struct/w_ratio_cold_str.c compilation,  -O3 -fwhole-program -combine -fipa-type-escape -fprofile-generate
UNRESOLVED: gcc.dg/struct/w_ratio_cold_str.c execution,    -O3 -fwhole-program -combine -fipa-type-escape -fprofile-generate
UNRESOLVED: gcc.dg/struct/w_ratio_cold_str.c compilation,  -O3 -fwhole-program -combine -fipa-type-escape -fprofile-use -fipa-struct-reorg -fdump-ipa-all --param struct-reorg-cold-struct-ratio=30
UNRESOLVED: gcc.dg/struct/w_ratio_cold_str.c execution,    -O3 -fwhole-program -combine -fipa-type-escape -fprofile-use -fipa-struct-reorg -fdump-ipa-all --param struct-reorg-cold-struct-ratio=30
FAIL: gcc.dg/torture/fp-int-convert-float128.c  -O0  (test for excess errors)
UNRESOLVED: gcc.dg/torture/fp-int-convert-float128.c  -O0  compilation failed to produce executable
FAIL: gcc.dg/torture/fp-int-convert-float128.c  -O1  (test for excess errors)
UNRESOLVED: gcc.dg/torture/fp-int-convert-float128.c  -O1  compilation failed to produce executable
FAIL: gcc.dg/torture/fp-int-convert-float128.c  -O2  (test for excess errors)
UNRESOLVED: gcc.dg/torture/fp-int-convert-float128.c  -O2  compilation failed to produce executable
FAIL: gcc.dg/torture/fp-int-convert-float128.c  -O3 -fomit-frame-pointer  (test for excess errors)
UNRESOLVED: gcc.dg/torture/fp-int-convert-float128.c  -O3 -fomit-frame-pointer  compilation failed to produce executable
FAIL: gcc.dg/torture/fp-int-convert-float128.c  -O3 -g  (test for excess errors)
UNRESOLVED: gcc.dg/torture/fp-int-convert-float128.c  -O3 -g  compilation failed to produce executable
FAIL: gcc.dg/torture/fp-int-convert-float128.c  -Os  (test for excess errors)
UNRESOLVED: gcc.dg/torture/fp-int-convert-float128.c  -Os  compilation failed to produce executable
FAIL: gcc.dg/torture/stackalign/alloca-2.c  -O0  execution test
FAIL: gcc.dg/torture/stackalign/alloca-3.c  -O0  execution test
FAIL: gcc.dg/torture/stackalign/push-1.c  -O0  execution test
FAIL: gcc.dg/torture/stackalign/vararg-3.c  -O0  execution test
FAIL: gcc.dg/torture/stackalign/alloca-1.c  -O3 -g  execution test
FAIL: gcc.dg/torture/stackalign/alloca-2.c  -O0  execution test
FAIL: gcc.dg/torture/stackalign/alloca-3.c  -O0  execution test
FAIL: gcc.dg/torture/stackalign/push-1.c  -O0  execution test
FAIL: gcc.dg/torture/stackalign/vararg-3.c  -O0  execution test
FAIL: gcc.dg/torture/stackalign/alloca-2.c  -O0  execution test
FAIL: gcc.dg/torture/stackalign/alloca-3.c  -O0  execution test
FAIL: gcc.dg/torture/stackalign/push-1.c  -O0  execution test
FAIL: gcc.dg/torture/stackalign/vararg-3.c  -O0  execution test
FAIL: gcc.dg/torture/stackalign/alloca-2.c  -O0  execution test
FAIL: gcc.dg/torture/stackalign/alloca-3.c  -O0  execution test
FAIL: gcc.dg/torture/stackalign/push-1.c  -O0  execution test
FAIL: gcc.dg/torture/stackalign/vararg-2.c  -O3 -g  execution test
FAIL: gcc.dg/torture/stackalign/vararg-3.c  -O0  execution test
FAIL: gcc.dg/tree-prof/bb-reorg.c compilation,  -fprofile-generate -D_PROFILE_GENERATE
UNRESOLVED: gcc.dg/tree-prof/bb-reorg.c execution,    -fprofile-generate -D_PROFILE_GENERATE
UNRESOLVED: gcc.dg/tree-prof/bb-reorg.c compilation,  -fprofile-use -D_PROFILE_USE
UNRESOLVED: gcc.dg/tree-prof/bb-reorg.c execution,    -fprofile-use -D_PROFILE_USE
FAIL: gcc.dg/tree-prof/ic-misattribution-1.c compilation,  -fprofile-generate -D_PROFILE_GENERATE
UNRESOLVED: gcc.dg/tree-prof/ic-misattribution-1.c execution,    -fprofile-generate -D_PROFILE_GENERATE
UNRESOLVED: gcc.dg/tree-prof/ic-misattribution-1.c compilation,  -fprofile-use -D_PROFILE_USE
UNRESOLVED: gcc.dg/tree-prof/ic-misattribution-1.c execution,    -fprofile-use -D_PROFILE_USE
FAIL: gcc.dg/tree-prof/ic-misattribution-1a.c compilation,  -fprofile-generate -D_PROFILE_GENERATE
UNRESOLVED: gcc.dg/tree-prof/ic-misattribution-1a.c execution,    -fprofile-generate -D_PROFILE_GENERATE
UNRESOLVED: gcc.dg/tree-prof/ic-misattribution-1a.c compilation,  -fprofile-use -D_PROFILE_USE
UNRESOLVED: gcc.dg/tree-prof/ic-misattribution-1a.c execution,    -fprofile-use -D_PROFILE_USE
FAIL: gcc.dg/tree-prof/indir-call-prof.c compilation,  -fprofile-generate -D_PROFILE_GENERATE
UNRESOLVED: gcc.dg/tree-prof/indir-call-prof.c execution,    -fprofile-generate -D_PROFILE_GENERATE
UNRESOLVED: gcc.dg/tree-prof/indir-call-prof.c compilation,  -fprofile-use -D_PROFILE_USE
UNRESOLVED: gcc.dg/tree-prof/indir-call-prof.c execution,    -fprofile-use -D_PROFILE_USE
FAIL: gcc.dg/tree-prof/inliner-1.c compilation,  -fprofile-generate -D_PROFILE_GENERATE
UNRESOLVED: gcc.dg/tree-prof/inliner-1.c execution,    -fprofile-generate -D_PROFILE_GENERATE
UNRESOLVED: gcc.dg/tree-prof/inliner-1.c compilation,  -fprofile-use -D_PROFILE_USE
UNRESOLVED: gcc.dg/tree-prof/inliner-1.c execution,    -fprofile-use -D_PROFILE_USE
FAIL: gcc.dg/tree-prof/pr34999.c compilation,  -fprofile-generate -D_PROFILE_GENERATE
UNRESOLVED: gcc.dg/tree-prof/pr34999.c execution,    -fprofile-generate -D_PROFILE_GENERATE
UNRESOLVED: gcc.dg/tree-prof/pr34999.c compilation,  -fprofile-use -D_PROFILE_USE
UNRESOLVED: gcc.dg/tree-prof/pr34999.c execution,    -fprofile-use -D_PROFILE_USE
FAIL: gcc.dg/tree-prof/stringop-1.c compilation,  -fprofile-generate -D_PROFILE_GENERATE
UNRESOLVED: gcc.dg/tree-prof/stringop-1.c execution,    -fprofile-generate -D_PROFILE_GENERATE
UNRESOLVED: gcc.dg/tree-prof/stringop-1.c compilation,  -fprofile-use -D_PROFILE_USE
UNRESOLVED: gcc.dg/tree-prof/stringop-1.c execution,    -fprofile-use -D_PROFILE_USE
FAIL: gcc.dg/tree-prof/stringop-2.c compilation,  -fprofile-generate -D_PROFILE_GENERATE
UNRESOLVED: gcc.dg/tree-prof/stringop-2.c execution,    -fprofile-generate -D_PROFILE_GENERATE
UNRESOLVED: gcc.dg/tree-prof/stringop-2.c compilation,  -fprofile-use -D_PROFILE_USE
UNRESOLVED: gcc.dg/tree-prof/stringop-2.c execution,    -fprofile-use -D_PROFILE_USE
FAIL: gcc.dg/tree-prof/tracer-1.c compilation,  -fprofile-generate -D_PROFILE_GENERATE
UNRESOLVED: gcc.dg/tree-prof/tracer-1.c execution,    -fprofile-generate -D_PROFILE_GENERATE
UNRESOLVED: gcc.dg/tree-prof/tracer-1.c compilation,  -fprofile-use -D_PROFILE_USE
UNRESOLVED: gcc.dg/tree-prof/tracer-1.c execution,    -fprofile-use -D_PROFILE_USE
FAIL: gcc.dg/tree-prof/update-cunroll-2.c compilation,  -fprofile-generate -D_PROFILE_GENERATE
UNRESOLVED: gcc.dg/tree-prof/update-cunroll-2.c execution,    -fprofile-generate -D_PROFILE_GENERATE
UNRESOLVED: gcc.dg/tree-prof/update-cunroll-2.c compilation,  -fprofile-use -D_PROFILE_USE
UNRESOLVED: gcc.dg/tree-prof/update-cunroll-2.c execution,    -fprofile-use -D_PROFILE_USE
FAIL: gcc.dg/tree-prof/update-loopch.c compilation,  -fprofile-generate -D_PROFILE_GENERATE
UNRESOLVED: gcc.dg/tree-prof/update-loopch.c execution,    -fprofile-generate -D_PROFILE_GENERATE
UNRESOLVED: gcc.dg/tree-prof/update-loopch.c compilation,  -fprofile-use -D_PROFILE_USE
UNRESOLVED: gcc.dg/tree-prof/update-loopch.c execution,    -fprofile-use -D_PROFILE_USE
FAIL: gcc.dg/tree-prof/update-tailcall.c compilation,  -fprofile-generate -D_PROFILE_GENERATE
UNRESOLVED: gcc.dg/tree-prof/update-tailcall.c execution,    -fprofile-generate -D_PROFILE_GENERATE
UNRESOLVED: gcc.dg/tree-prof/update-tailcall.c compilation,  -fprofile-use -D_PROFILE_USE
UNRESOLVED: gcc.dg/tree-prof/update-tailcall.c execution,    -fprofile-use -D_PROFILE_USE
FAIL: gcc.dg/tree-prof/val-prof-1.c compilation,  -fprofile-generate -D_PROFILE_GENERATE
UNRESOLVED: gcc.dg/tree-prof/val-prof-1.c execution,    -fprofile-generate -D_PROFILE_GENERATE
UNRESOLVED: gcc.dg/tree-prof/val-prof-1.c compilation,  -fprofile-use -D_PROFILE_USE
UNRESOLVED: gcc.dg/tree-prof/val-prof-1.c execution,    -fprofile-use -D_PROFILE_USE
FAIL: gcc.dg/tree-prof/val-prof-2.c compilation,  -fprofile-generate -D_PROFILE_GENERATE
UNRESOLVED: gcc.dg/tree-prof/val-prof-2.c execution,    -fprofile-generate -D_PROFILE_GENERATE
UNRESOLVED: gcc.dg/tree-prof/val-prof-2.c compilation,  -fprofile-use -D_PROFILE_USE
UNRESOLVED: gcc.dg/tree-prof/val-prof-2.c execution,    -fprofile-use -D_PROFILE_USE
FAIL: gcc.dg/tree-prof/val-prof-3.c compilation,  -fprofile-generate -D_PROFILE_GENERATE
UNRESOLVED: gcc.dg/tree-prof/val-prof-3.c execution,    -fprofile-generate -D_PROFILE_GENERATE
UNRESOLVED: gcc.dg/tree-prof/val-prof-3.c compilation,  -fprofile-use -D_PROFILE_USE
UNRESOLVED: gcc.dg/tree-prof/val-prof-3.c execution,    -fprofile-use -D_PROFILE_USE
FAIL: gcc.dg/tree-prof/val-prof-4.c compilation,  -fprofile-generate -D_PROFILE_GENERATE
UNRESOLVED: gcc.dg/tree-prof/val-prof-4.c execution,    -fprofile-generate -D_PROFILE_GENERATE
UNRESOLVED: gcc.dg/tree-prof/val-prof-4.c compilation,  -fprofile-use -D_PROFILE_USE
UNRESOLVED: gcc.dg/tree-prof/val-prof-4.c execution,    -fprofile-use -D_PROFILE_USE
FAIL: gcc.dg/tree-prof/val-prof-5.c compilation,  -fprofile-generate -D_PROFILE_GENERATE
UNRESOLVED: gcc.dg/tree-prof/val-prof-5.c execution,    -fprofile-generate -D_PROFILE_GENERATE
UNRESOLVED: gcc.dg/tree-prof/val-prof-5.c compilation,  -fprofile-use -D_PROFILE_USE
UNRESOLVED: gcc.dg/tree-prof/val-prof-5.c execution,    -fprofile-use -D_PROFILE_USE
FAIL: gcc.dg/tree-prof/val-prof-6.c compilation,  -fprofile-generate -D_PROFILE_GENERATE
UNRESOLVED: gcc.dg/tree-prof/val-prof-6.c execution,    -fprofile-generate -D_PROFILE_GENERATE
UNRESOLVED: gcc.dg/tree-prof/val-prof-6.c compilation,  -fprofile-use -D_PROFILE_USE
UNRESOLVED: gcc.dg/tree-prof/val-prof-6.c execution,    -fprofile-use -D_PROFILE_USE
FAIL: gcc.dg/tree-prof/wcoverage-mismatch.c compilation,  -fprofile-generate -D_PROFILE_GENERATE
UNRESOLVED: gcc.dg/tree-prof/wcoverage-mismatch.c execution,    -fprofile-generate -D_PROFILE_GENERATE
UNRESOLVED: gcc.dg/tree-prof/wcoverage-mismatch.c compilation,  -fprofile-use -D_PROFILE_USE
UNRESOLVED: gcc.dg/tree-prof/wcoverage-mismatch.c execution,    -fprofile-use -D_PROFILE_USE
XPASS: gcc.dg/tree-ssa/20040204-1.c scan-tree-dump-times optimized "link_error" 0
FAIL: gcc.dg/tree-ssa/ltrans-1.c scan-tree-dump-times ltrans "converted loop nest to perfect loop nest" 1
FAIL: gcc.dg/tree-ssa/ltrans-1.c scan-tree-dump-times ltrans "transformed loop" 1
FAIL: gcc.dg/tree-ssa/ltrans-3.c scan-tree-dump-times ltrans "transformed loop" 1
FAIL: gcc.dg/tree-ssa/ltrans-4.c scan-tree-dump-times ltrans "transformed loop" 1
FAIL: gcc.dg/tree-ssa/ltrans-5.c scan-tree-dump-times ltrans "transformed loop" 1
FAIL: gcc.dg/tree-ssa/ltrans-6.c scan-tree-dump-times ltrans "transformed loop" 1
FAIL: gcc.dg/tree-ssa/ltrans-8.c scan-tree-dump-times ltrans "transformed loop" 1
FAIL: gcc.dg/tree-ssa/pr22591.c execution test
FAIL: gcc.dg/tree-ssa/vrp47.c scan-tree-dump-times vrp1 "[xy][^ ]* !=" 0
FAIL: gcc.dg/tree-ssa/vrp47.c scan-tree-dump-times dom1 "x[^ ]* & y" 1
FAIL: gcc.dg/tree-ssa/vrp47.c scan-tree-dump-times vrp1 "x[^ ]* [|] y" 1
FAIL: gcc.dg/vect/vect-67.c scan-tree-dump-times vect "vectorized 1 loops" 1
FAIL: gcc.dg/vect/no-scevccp-outer-13.c scan-tree-dump-times vect "OUTER LOOP VECTORIZED." 1
FAIL: gcc.dg/vect/no-scevccp-outer-7.c scan-tree-dump-times vect "OUTER LOOP VECTORIZED." 1
FAIL: gcc.misc-tests/bprob-1.c execution: file bprob-1.gcda does not exist,  -fprofile-arcs
UNRESOLVED: gcc.misc-tests/bprob-1.c compilation,  -fprofile-use
UNRESOLVED: gcc.misc-tests/bprob-1.c execution,    -fprofile-use
FAIL: gcc.misc-tests/bprob-2.c execution: file bprob-2.gcda does not exist,  -fprofile-arcs
UNRESOLVED: gcc.misc-tests/bprob-2.c compilation,  -fprofile-use
UNRESOLVED: gcc.misc-tests/bprob-2.c execution,    -fprofile-use
FAIL: gcc.target/i386/abi-1.c scan-assembler xmm0
XPASS: gcc.target/i386/builtin-apply-mmx.c execution test
FAIL: gcc.target/i386/pr22076.c scan-assembler-times movq 3
FAIL: gcc.target/i386/pr22076.c scan-assembler-times movl 1
FAIL: gcc.target/i386/pr35767-1.c execution test

		=== gcc Summary ===

# of expected passes		51698
# of unexpected failures	99
# of unexpected successes	2
# of expected failures		189
# of unresolved testcases	110
# of unsupported tests		1012
/home/joel/test-gcc/b-gcc1-i386/gcc/xgcc  version 4.4.0 20080920 (experimental) [trunk revision 140516] (GCC) 

Host   is x86_64-unknown-linux-gnu

		=== g++ tests ===


Running target rtems-i386-qemu
FAIL: g++.dg/bprob/g++-bprob-1.C execution: file g++-bprob-1.gcda does not exist,  -g  -fprofile-arcs
UNRESOLVED: g++.dg/bprob/g++-bprob-1.C compilation,  -g  -fprofile-use
UNRESOLVED: g++.dg/bprob/g++-bprob-1.C execution,    -g  -fprofile-use
FAIL: g++.dg/bprob/g++-bprob-1.C execution: file g++-bprob-1.gcda does not exist,  -O0  -fprofile-arcs
UNRESOLVED: g++.dg/bprob/g++-bprob-1.C compilation,  -O0  -fprofile-use
UNRESOLVED: g++.dg/bprob/g++-bprob-1.C execution,    -O0  -fprofile-use
FAIL: g++.dg/bprob/g++-bprob-1.C execution: file g++-bprob-1.gcda does not exist,  -O1  -fprofile-arcs
UNRESOLVED: g++.dg/bprob/g++-bprob-1.C compilation,  -O1  -fprofile-use
UNRESOLVED: g++.dg/bprob/g++-bprob-1.C execution,    -O1  -fprofile-use
FAIL: g++.dg/bprob/g++-bprob-1.C execution: file g++-bprob-1.gcda does not exist,  -O2  -fprofile-arcs
UNRESOLVED: g++.dg/bprob/g++-bprob-1.C compilation,  -O2  -fprofile-use
UNRESOLVED: g++.dg/bprob/g++-bprob-1.C execution,    -O2  -fprofile-use
FAIL: g++.dg/bprob/g++-bprob-1.C execution: file g++-bprob-1.gcda does not exist,  -O3  -fprofile-arcs
UNRESOLVED: g++.dg/bprob/g++-bprob-1.C compilation,  -O3  -fprofile-use
UNRESOLVED: g++.dg/bprob/g++-bprob-1.C execution,    -O3  -fprofile-use
FAIL: g++.dg/bprob/g++-bprob-1.C execution: file g++-bprob-1.gcda does not exist,  -O3 -g  -fprofile-arcs
UNRESOLVED: g++.dg/bprob/g++-bprob-1.C compilation,  -O3 -g  -fprofile-use
UNRESOLVED: g++.dg/bprob/g++-bprob-1.C execution,    -O3 -g  -fprofile-use
FAIL: g++.dg/bprob/g++-bprob-1.C execution: file g++-bprob-1.gcda does not exist,  -Os  -fprofile-arcs
UNRESOLVED: g++.dg/bprob/g++-bprob-1.C compilation,  -Os  -fprofile-use
UNRESOLVED: g++.dg/bprob/g++-bprob-1.C execution,    -Os  -fprofile-use
FAIL: g++.dg/bprob/g++-bprob-2.C execution: file g++-bprob-2.gcda does not exist,  -g  -fprofile-arcs
UNRESOLVED: g++.dg/bprob/g++-bprob-2.C compilation,  -g  -fprofile-use
UNRESOLVED: g++.dg/bprob/g++-bprob-2.C execution,    -g  -fprofile-use
FAIL: g++.dg/bprob/g++-bprob-2.C execution: file g++-bprob-2.gcda does not exist,  -O0  -fprofile-arcs
UNRESOLVED: g++.dg/bprob/g++-bprob-2.C compilation,  -O0  -fprofile-use
UNRESOLVED: g++.dg/bprob/g++-bprob-2.C execution,    -O0  -fprofile-use
FAIL: g++.dg/bprob/g++-bprob-2.C execution: file g++-bprob-2.gcda does not exist,  -O1  -fprofile-arcs
UNRESOLVED: g++.dg/bprob/g++-bprob-2.C compilation,  -O1  -fprofile-use
UNRESOLVED: g++.dg/bprob/g++-bprob-2.C execution,    -O1  -fprofile-use
FAIL: g++.dg/bprob/g++-bprob-2.C execution: file g++-bprob-2.gcda does not exist,  -O2  -fprofile-arcs
UNRESOLVED: g++.dg/bprob/g++-bprob-2.C compilation,  -O2  -fprofile-use
UNRESOLVED: g++.dg/bprob/g++-bprob-2.C execution,    -O2  -fprofile-use
FAIL: g++.dg/bprob/g++-bprob-2.C execution: file g++-bprob-2.gcda does not exist,  -O3  -fprofile-arcs
UNRESOLVED: g++.dg/bprob/g++-bprob-2.C compilation,  -O3  -fprofile-use
UNRESOLVED: g++.dg/bprob/g++-bprob-2.C execution,    -O3  -fprofile-use
FAIL: g++.dg/bprob/g++-bprob-2.C execution: file g++-bprob-2.gcda does not exist,  -O3 -g  -fprofile-arcs
UNRESOLVED: g++.dg/bprob/g++-bprob-2.C compilation,  -O3 -g  -fprofile-use
UNRESOLVED: g++.dg/bprob/g++-bprob-2.C execution,    -O3 -g  -fprofile-use
FAIL: g++.dg/bprob/g++-bprob-2.C execution: file g++-bprob-2.gcda does not exist,  -Os  -fprofile-arcs
UNRESOLVED: g++.dg/bprob/g++-bprob-2.C compilation,  -Os  -fprofile-use
UNRESOLVED: g++.dg/bprob/g++-bprob-2.C execution,    -Os  -fprofile-use
FAIL: g++.dg/cpp/_Pragma1.C (test for excess errors)
FAIL: g++.dg/eh/simd-2.C (test for excess errors)
UNRESOLVED: g++.dg/eh/simd-2.C compilation failed to produce executable
FAIL: g++.dg/init/ref15.C execution test
FAIL: g++.dg/other/PR23205.C scan-assembler .stabs.*foobar:c=i
FAIL: g++.dg/other/unused1.C scan-assembler (string|ascii?)z?[\\t ]"printer("|\\\\\\\\0)
FAIL: g++.dg/pch/array-1.C -g assembly comparison
FAIL: g++.dg/pch/array-1.C -O2 -g assembly comparison
FAIL: g++.dg/pch/externc-1.C -g assembly comparison
FAIL: g++.dg/pch/externc-1.C -O2 -g assembly comparison
FAIL: g++.dg/pch/static-1.C -g assembly comparison
FAIL: g++.dg/pch/static-1.C -O2 -g assembly comparison
FAIL: g++.dg/pch/system-1.C -g assembly comparison
FAIL: g++.dg/pch/system-1.C -O2 -g assembly comparison
FAIL: g++.dg/pch/system-2.C -g assembly comparison
FAIL: g++.dg/pch/system-2.C -O2 -g assembly comparison
FAIL: g++.dg/pch/uninst.C -g assembly comparison
FAIL: g++.dg/pch/uninst.C -O2 -g assembly comparison
FAIL: g++.dg/pch/wchar-1.C -g assembly comparison
FAIL: g++.dg/pch/wchar-1.C -O2 -g assembly comparison
FAIL: g++.dg/tree-prof/indir-call-prof.C compilation,  -g  -fprofile-generate
UNRESOLVED: g++.dg/tree-prof/indir-call-prof.C execution,    -g  -fprofile-generate
UNRESOLVED: g++.dg/tree-prof/indir-call-prof.C compilation,  -g  -fprofile-use
UNRESOLVED: g++.dg/tree-prof/indir-call-prof.C execution,    -g  -fprofile-use
FAIL: g++.dg/tree-prof/indir-call-prof.C compilation,  -O0  -fprofile-generate
UNRESOLVED: g++.dg/tree-prof/indir-call-prof.C execution,    -O0  -fprofile-generate
UNRESOLVED: g++.dg/tree-prof/indir-call-prof.C compilation,  -O0  -fprofile-use
UNRESOLVED: g++.dg/tree-prof/indir-call-prof.C execution,    -O0  -fprofile-use
FAIL: g++.dg/tree-prof/indir-call-prof.C compilation,  -O1  -fprofile-generate
UNRESOLVED: g++.dg/tree-prof/indir-call-prof.C execution,    -O1  -fprofile-generate
UNRESOLVED: g++.dg/tree-prof/indir-call-prof.C compilation,  -O1  -fprofile-use
UNRESOLVED: g++.dg/tree-prof/indir-call-prof.C execution,    -O1  -fprofile-use
FAIL: g++.dg/tree-prof/indir-call-prof.C compilation,  -O2  -fprofile-generate
UNRESOLVED: g++.dg/tree-prof/indir-call-prof.C execution,    -O2  -fprofile-generate
UNRESOLVED: g++.dg/tree-prof/indir-call-prof.C compilation,  -O2  -fprofile-use
UNRESOLVED: g++.dg/tree-prof/indir-call-prof.C execution,    -O2  -fprofile-use
FAIL: g++.dg/tree-prof/indir-call-prof.C compilation,  -O3  -fprofile-generate
UNRESOLVED: g++.dg/tree-prof/indir-call-prof.C execution,    -O3  -fprofile-generate
UNRESOLVED: g++.dg/tree-prof/indir-call-prof.C compilation,  -O3  -fprofile-use
UNRESOLVED: g++.dg/tree-prof/indir-call-prof.C execution,    -O3  -fprofile-use
FAIL: g++.dg/tree-prof/indir-call-prof.C compilation,  -O3 -g  -fprofile-generate
UNRESOLVED: g++.dg/tree-prof/indir-call-prof.C execution,    -O3 -g  -fprofile-generate
UNRESOLVED: g++.dg/tree-prof/indir-call-prof.C compilation,  -O3 -g  -fprofile-use
UNRESOLVED: g++.dg/tree-prof/indir-call-prof.C execution,    -O3 -g  -fprofile-use
FAIL: g++.dg/tree-prof/indir-call-prof.C compilation,  -Os  -fprofile-generate
UNRESOLVED: g++.dg/tree-prof/indir-call-prof.C execution,    -Os  -fprofile-generate
UNRESOLVED: g++.dg/tree-prof/indir-call-prof.C compilation,  -Os  -fprofile-use
UNRESOLVED: g++.dg/tree-prof/indir-call-prof.C execution,    -Os  -fprofile-use
FAIL: g++.old-deja/g++.law/profile1.C (test for excess errors)
UNRESOLVED: g++.old-deja/g++.law/profile1.C compilation failed to produce executable
XPASS: g++.old-deja/g++.other/init19.C execution test
FAIL: g++.old-deja/g++.other/static14.C (test for excess errors)
FAIL: g++.old-deja/g++.other/static20.C (test for excess errors)

		=== g++ Summary ===

# of expected passes		18395
# of unexpected failures	43
# of unexpected successes	1
# of expected failures		81
# of unresolved testcases	51
# of unsupported tests		130
/home/joel/test-gcc/b-gcc1-i386/gcc/testsuite/g++/../../g++  version 4.4.0 20080920 (experimental) [trunk revision 140516] (GCC) 


Compiler version: 4.4.0 20080920 (experimental) [trunk revision 140516] (GCC) 
Platform: i386-pc-rtems4.10
configure flags: --enable-threads=rtems --with-gnu-as --enable-multilib --with-mpfr=/opt/cfarm/mpfr-2.3.1/ --with-gnu-ld --with-newlib --verbose --with-system-zlib --disable-nls --enable-version-specific-runtime-libs --enable-languages=c,c++ --target=i386-rtems4.10 --prefix=/n/12/joel/test-gcc/install


Index Nav: [Date Index] [Subject Index] [Author Index] [Thread Index]
Message Nav: [Date Prev] [Date Next] [Thread Prev] [Thread Next]