This is the mail archive of the gcc-testresults@gcc.gnu.org mailing list for the GCC project.


Index Nav: [Date Index] [Subject Index] [Author Index] [Thread Index]
Message Nav: [Date Prev] [Date Next] [Thread Prev] [Thread Next]
Other format: [Raw text]

Results for 4.3.3 20080919 (prerelease) [gcc-4_3-branch revision 140500] (GCC) gcc testsuite on cris-axis-elf


Debian 4 on x86_64
cross tool versions:
GNU assembler (GNU Binutils) 2.18.50.20080419
GNU gdb 6.8.50.20080419-cvs
GNU ld (GNU Binutils) 2.18.50.20080419

GNU Make 3.81
expect version 5.43.0
host gcc version: gcc (GCC) 4.4.0 20080823 (experimental) [trunk revision 139524]
LAST_UPDATED: Fri Sep 19 22:07:55 UTC 2008 (revision 140500)

Target is cris-axis-elf
Host   is x86_64-unknown-linux-gnu

		=== gcc tests ===


Running target cris-sim
FAIL: gcc.c-torture/compile/20080625-1.c  -O2  (internal compiler error)
FAIL: gcc.c-torture/compile/20080625-1.c  -O2  (test for excess errors)
FAIL: gcc.c-torture/compile/20080625-1.c  -O3 -fomit-frame-pointer  (internal compiler error)
FAIL: gcc.c-torture/compile/20080625-1.c  -O3 -fomit-frame-pointer  (test for excess errors)
FAIL: gcc.c-torture/compile/20080625-1.c  -O3 -g  (internal compiler error)
FAIL: gcc.c-torture/compile/20080625-1.c  -O3 -g  (test for excess errors)
FAIL: gcc.c-torture/compile/20080625-1.c  -Os  (internal compiler error)
FAIL: gcc.c-torture/compile/20080625-1.c  -Os  (test for excess errors)
FAIL: gcc.dg/large-size-array-2.c (internal compiler error)
FAIL: gcc.dg/large-size-array-2.c  (test for errors, line 6)
FAIL: gcc.dg/large-size-array-2.c (test for excess errors)
FAIL: gcc.dg/large-size-array-4.c (internal compiler error)
FAIL: gcc.dg/large-size-array-4.c  (test for errors, line 6)
FAIL: gcc.dg/large-size-array-4.c (test for excess errors)
FAIL: gcc.dg/setjmp-1.c spurious clobbered warning (test for bogus messages, line 16)
FAIL: gcc.dg/trampoline-1.c execution test

		=== gcc Summary ===

# of expected passes		45375
# of unexpected failures	16
# of expected failures		87
# of untested testcases		35
# of unsupported tests		441
/home/mstein/sim/gcc-4_3-branch/cris-elf/build/gcc/xgcc  version 4.3.3 20080919 (prerelease) [gcc-4_3-branch revision 140500] (GCC) 


Compiler version: 4.3.3 20080919 (prerelease) [gcc-4_3-branch revision 140500] (GCC) gcc 
Platform: cris-axis-elf
configure flags: --target=cris-elf --prefix=/home/mstein/cross-local/cris-elf --enable-languages=c --disable-nls --disable-build-warnings --with-sysroot=/home/mstein/cross-local/cris-elf --with-build-sysroot=/home/mstein/cross-local/cris-elf --with-ld=/home/mstein/cross-local/cris-elf/usr/bin/ld --with-as=/home/mstein/cross-local/cris-elf/usr/bin/as --disable-libssp --with-mpfr=/opt/cfarm/mpfr-2.3.1


Index Nav: [Date Index] [Subject Index] [Author Index] [Thread Index]
Message Nav: [Date Prev] [Date Next] [Thread Prev] [Thread Next]