This is the mail archive of the gcc-testresults@gcc.gnu.org mailing list for the GCC project.


Index Nav: [Date Index] [Subject Index] [Author Index] [Thread Index]
Message Nav: [Date Prev] [Date Next] [Thread Prev] [Thread Next]
Other format: [Raw text]

Results for 4.4.0 20080910 (experimental) [trunk revision 140246] (GCC) testsuite on arm-unknown-rtems4.9


LAST_UPDATED: Wed Sep 10 20:14:39 UTC 2008 (revision 140246)

Target is arm-unknown-rtems4.9
Host   is i686-pc-linux-gnu

		=== gcc tests ===


Running target rtems-arm-edb7312
FAIL: gcc.c-torture/compile/pr11832.c  -O0  (internal compiler error)
FAIL: gcc.c-torture/compile/pr11832.c  -O1  (internal compiler error)
FAIL: gcc.c-torture/compile/pr11832.c  -O2  (internal compiler error)
FAIL: gcc.c-torture/compile/pr11832.c  -O3 -fomit-frame-pointer  (internal compiler error)
FAIL: gcc.c-torture/compile/pr11832.c  -O3 -fomit-frame-pointer -funroll-loops  (internal compiler error)
FAIL: gcc.c-torture/compile/pr11832.c  -O3 -fomit-frame-pointer -funroll-all-loops -finline-functions  (internal compiler error)
FAIL: gcc.c-torture/compile/pr11832.c  -O3 -g  (internal compiler error)
FAIL: gcc.c-torture/compile/pr11832.c  -Os  (internal compiler error)
FAIL: gcc.c-torture/compile/pr33009.c  -O0  (internal compiler error)
FAIL: gcc.c-torture/compile/pr33009.c  -O1  (internal compiler error)
FAIL: gcc.c-torture/compile/pr33009.c  -O2  (internal compiler error)
FAIL: gcc.c-torture/compile/pr33009.c  -O3 -fomit-frame-pointer  (internal compiler error)
FAIL: gcc.c-torture/compile/pr33009.c  -O3 -fomit-frame-pointer -funroll-loops  (internal compiler error)
FAIL: gcc.c-torture/compile/pr33009.c  -O3 -fomit-frame-pointer -funroll-all-loops -finline-functions  (internal compiler error)
FAIL: gcc.c-torture/compile/pr33009.c  -O3 -g  (internal compiler error)
FAIL: gcc.c-torture/compile/pr33009.c  -Os  (internal compiler error)
FAIL: gcc.c-torture/compile/pr37433.c  -O1  (internal compiler error)
FAIL: gcc.c-torture/compile/pr37433.c  -O1  (test for excess errors)
FAIL: gcc.c-torture/compile/pr37433.c  -O2  (internal compiler error)
FAIL: gcc.c-torture/compile/pr37433.c  -O2  (test for excess errors)
FAIL: gcc.c-torture/compile/pr37433.c  -O3 -fomit-frame-pointer  (internal compiler error)
FAIL: gcc.c-torture/compile/pr37433.c  -O3 -fomit-frame-pointer  (test for excess errors)
FAIL: gcc.c-torture/compile/pr37433.c  -O3 -g  (internal compiler error)
FAIL: gcc.c-torture/compile/pr37433.c  -O3 -g  (test for excess errors)
FAIL: gcc.c-torture/compile/pr37433.c  -Os  (internal compiler error)
FAIL: gcc.c-torture/compile/pr37433.c  -Os  (test for excess errors)
FAIL: tmpdir-gcc.dg-struct-layout-1/t020 c_compat_x_tst.o-c_compat_y_tst.o execute 
FAIL: gcc.dg/cpp/_Pragma6.c -fno-show-column (test for excess errors)
FAIL: gcc.dg/debug/dwarf2/dwarf-die3.c scan-assembler-not DW_AT_inline
FAIL: gcc.dg/20001012-2.c (test for excess errors)
WARNING: gcc.dg/20001012-2.c compilation failed to produce executable
FAIL: gcc.dg/20010912-1.c (test for excess errors)
WARNING: gcc.dg/20010912-1.c compilation failed to produce executable
FAIL: gcc.dg/20021014-1.c (test for excess errors)
WARNING: gcc.dg/20021014-1.c compilation failed to produce executable
FAIL: gcc.dg/20021018-1.c (test for excess errors)
WARNING: gcc.dg/20021018-1.c compilation failed to produce executable
FAIL: gcc.dg/20030213-1.c (test for excess errors)
FAIL: gcc.dg/20030225-1.c (test for excess errors)
WARNING: gcc.dg/20030225-1.c compilation failed to produce executable
FAIL: gcc.dg/20030708-1.c (test for excess errors)
FAIL: gcc.dg/20070507-1.c (test for excess errors)
WARNING: gcc.dg/20070507-1.c compilation failed to produce executable
FAIL: gcc.dg/980523-1.c (test for excess errors)
WARNING: gcc.dg/980523-1.c compilation failed to produce executable
FAIL: gcc.dg/arm-g2.c scan-assembler mla[ \\t].*
FAIL: gcc.dg/arm-mmx-1.c (test for excess errors)
ERROR: gcc.dg/arm-mmx-1.c: error executing dg-final: couldn't open "arm-mmx-1.s": no such file or directory
UNRESOLVED: gcc.dg/arm-mmx-1.c: error executing dg-final: couldn't open "arm-mmx-1.s": no such file or directory
FAIL: gcc.dg/arm-scd42-3.c scan-assembler ldr[ \\t].*
FAIL: gcc.dg/initpri1.c (test for excess errors)
WARNING: gcc.dg/initpri1.c compilation failed to produce executable
FAIL: gcc.dg/memcpy-1.c scan-tree-dump-times optimized "nasty_local" 0
FAIL: gcc.dg/nest.c (test for excess errors)
WARNING: gcc.dg/nest.c compilation failed to produce executable
FAIL: gcc.dg/nested-func-4.c (test for excess errors)
WARNING: gcc.dg/nested-func-4.c compilation failed to produce executable
FAIL: gcc.dg/pr27758.c (test for excess errors)
WARNING: gcc.dg/pr27758.c compilation failed to produce executable
FAIL: gcc.dg/pr32450.c (test for excess errors)
WARNING: gcc.dg/pr32450.c compilation failed to produce executable
FAIL: gcc.dg/pr33645-3.c scan-assembler-not var1_t
FAIL: gcc.dg/pr35729.c scan-rtl-dump-times loop2_invariant "Decided to move invariant" 0
FAIL: gcc.dg/visibility-16.c scan-hidden hidden[ \\t_]*foo
FAIL: gcc.dg/matrix/transpose-1.c compilation,  -fprofile-generate -O3
UNRESOLVED: gcc.dg/matrix/transpose-1.c execution,    -fprofile-generate -O3
UNRESOLVED: gcc.dg/matrix/transpose-1.c compilation,  -fprofile-use -fipa-matrix-reorg -fdump-ipa-matrix-reorg -O3 -fwhole-program -combine
UNRESOLVED: gcc.dg/matrix/transpose-1.c execution,    -fprofile-use -fipa-matrix-reorg -fdump-ipa-matrix-reorg -O3 -fwhole-program -combine
FAIL: gcc.dg/matrix/transpose-2.c compilation,  -fprofile-generate -O3
UNRESOLVED: gcc.dg/matrix/transpose-2.c execution,    -fprofile-generate -O3
UNRESOLVED: gcc.dg/matrix/transpose-2.c compilation,  -fprofile-use -fipa-matrix-reorg -fdump-ipa-matrix-reorg -O3 -fwhole-program -combine
UNRESOLVED: gcc.dg/matrix/transpose-2.c execution,    -fprofile-use -fipa-matrix-reorg -fdump-ipa-matrix-reorg -O3 -fwhole-program -combine
FAIL: gcc.dg/matrix/transpose-3.c compilation,  -fprofile-generate -O3
UNRESOLVED: gcc.dg/matrix/transpose-3.c execution,    -fprofile-generate -O3
UNRESOLVED: gcc.dg/matrix/transpose-3.c compilation,  -fprofile-use -fipa-matrix-reorg -fdump-ipa-matrix-reorg -O3 -fwhole-program -combine
UNRESOLVED: gcc.dg/matrix/transpose-3.c execution,    -fprofile-use -fipa-matrix-reorg -fdump-ipa-matrix-reorg -O3 -fwhole-program -combine
FAIL: gcc.dg/matrix/transpose-4.c compilation,  -fprofile-generate -O3
UNRESOLVED: gcc.dg/matrix/transpose-4.c execution,    -fprofile-generate -O3
UNRESOLVED: gcc.dg/matrix/transpose-4.c compilation,  -fprofile-use -fipa-matrix-reorg -fdump-ipa-matrix-reorg -O3 -fwhole-program -combine
UNRESOLVED: gcc.dg/matrix/transpose-4.c execution,    -fprofile-use -fipa-matrix-reorg -fdump-ipa-matrix-reorg -O3 -fwhole-program -combine
FAIL: gcc.dg/matrix/transpose-5.c compilation,  -fprofile-generate -O3
UNRESOLVED: gcc.dg/matrix/transpose-5.c execution,    -fprofile-generate -O3
UNRESOLVED: gcc.dg/matrix/transpose-5.c compilation,  -fprofile-use -fipa-matrix-reorg -fdump-ipa-matrix-reorg -O3 -fwhole-program -combine
UNRESOLVED: gcc.dg/matrix/transpose-5.c execution,    -fprofile-use -fipa-matrix-reorg -fdump-ipa-matrix-reorg -O3 -fwhole-program -combine
FAIL: gcc.dg/matrix/transpose-6.c compilation,  -fprofile-generate -O3
UNRESOLVED: gcc.dg/matrix/transpose-6.c execution,    -fprofile-generate -O3
UNRESOLVED: gcc.dg/matrix/transpose-6.c compilation,  -fprofile-use -fipa-matrix-reorg -fdump-ipa-matrix-reorg -O3 -fwhole-program -combine
UNRESOLVED: gcc.dg/matrix/transpose-6.c execution,    -fprofile-use -fipa-matrix-reorg -fdump-ipa-matrix-reorg -O3 -fwhole-program -combine
FAIL: gcc.dg/pch/valid-1b.c -O0 -g -I. (test for excess errors)
FAIL: gcc.dg/pch/valid-1b.c -O0 -g assembly comparison
FAIL: gcc.dg/pch/valid-1b.c  -O0  -I. (test for excess errors)
FAIL: gcc.dg/pch/valid-1b.c  -O0  assembly comparison
FAIL: gcc.dg/pch/valid-1b.c  -O1  -I. (test for excess errors)
FAIL: gcc.dg/pch/valid-1b.c  -O1  assembly comparison
FAIL: gcc.dg/pch/valid-1b.c  -O2  -I. (test for excess errors)
FAIL: gcc.dg/pch/valid-1b.c  -O2  assembly comparison
FAIL: gcc.dg/pch/valid-1b.c  -O3 -fomit-frame-pointer  -I. (test for excess errors)
FAIL: gcc.dg/pch/valid-1b.c  -O3 -fomit-frame-pointer  assembly comparison
FAIL: gcc.dg/pch/valid-1b.c  -O3 -g  -I. (test for excess errors)
FAIL: gcc.dg/pch/valid-1b.c  -O3 -g  assembly comparison
FAIL: gcc.dg/pch/valid-1b.c  -Os  -I. (test for excess errors)
FAIL: gcc.dg/pch/valid-1b.c  -Os  assembly comparison
FAIL: gcc.dg/special/gcsec-1.c execution test
FAIL: gcc.dg/struct/wo_prof_single_str_global.c execution test
FAIL: gcc.dg/struct/wo_prof_single_str_local.c execution test
FAIL: gcc.dg/struct/wo_prof_single_str_pointer.c execution test
FAIL: gcc.dg/struct/w_prof_global_array.c compilation,  -O3 -fwhole-program -combine -fipa-type-escape -fprofile-generate
UNRESOLVED: gcc.dg/struct/w_prof_global_array.c execution,    -O3 -fwhole-program -combine -fipa-type-escape -fprofile-generate
UNRESOLVED: gcc.dg/struct/w_prof_global_array.c compilation,  -O3 -fwhole-program -combine -fipa-type-escape -fprofile-use -fipa-struct-reorg -fdump-ipa-all
UNRESOLVED: gcc.dg/struct/w_prof_global_array.c execution,    -O3 -fwhole-program -combine -fipa-type-escape -fprofile-use -fipa-struct-reorg -fdump-ipa-all
FAIL: gcc.dg/struct/w_prof_global_var.c compilation,  -O3 -fwhole-program -combine -fipa-type-escape -fprofile-generate
UNRESOLVED: gcc.dg/struct/w_prof_global_var.c execution,    -O3 -fwhole-program -combine -fipa-type-escape -fprofile-generate
UNRESOLVED: gcc.dg/struct/w_prof_global_var.c compilation,  -O3 -fwhole-program -combine -fipa-type-escape -fprofile-use -fipa-struct-reorg -fdump-ipa-all
UNRESOLVED: gcc.dg/struct/w_prof_global_var.c execution,    -O3 -fwhole-program -combine -fipa-type-escape -fprofile-use -fipa-struct-reorg -fdump-ipa-all
FAIL: gcc.dg/struct/w_prof_local_array.c compilation,  -O3 -fwhole-program -combine -fipa-type-escape -fprofile-generate
UNRESOLVED: gcc.dg/struct/w_prof_local_array.c execution,    -O3 -fwhole-program -combine -fipa-type-escape -fprofile-generate
UNRESOLVED: gcc.dg/struct/w_prof_local_array.c compilation,  -O3 -fwhole-program -combine -fipa-type-escape -fprofile-use -fipa-struct-reorg -fdump-ipa-all
UNRESOLVED: gcc.dg/struct/w_prof_local_array.c execution,    -O3 -fwhole-program -combine -fipa-type-escape -fprofile-use -fipa-struct-reorg -fdump-ipa-all
FAIL: gcc.dg/struct/w_prof_local_var.c compilation,  -O3 -fwhole-program -combine -fipa-type-escape -fprofile-generate
UNRESOLVED: gcc.dg/struct/w_prof_local_var.c execution,    -O3 -fwhole-program -combine -fipa-type-escape -fprofile-generate
UNRESOLVED: gcc.dg/struct/w_prof_local_var.c compilation,  -O3 -fwhole-program -combine -fipa-type-escape -fprofile-use -fipa-struct-reorg -fdump-ipa-all
UNRESOLVED: gcc.dg/struct/w_prof_local_var.c execution,    -O3 -fwhole-program -combine -fipa-type-escape -fprofile-use -fipa-struct-reorg -fdump-ipa-all
FAIL: gcc.dg/struct/w_prof_single_str_global.c compilation,  -O3 -fwhole-program -combine -fipa-type-escape -fprofile-generate
UNRESOLVED: gcc.dg/struct/w_prof_single_str_global.c execution,    -O3 -fwhole-program -combine -fipa-type-escape -fprofile-generate
UNRESOLVED: gcc.dg/struct/w_prof_single_str_global.c compilation,  -O3 -fwhole-program -combine -fipa-type-escape -fprofile-use -fipa-struct-reorg -fdump-ipa-all
UNRESOLVED: gcc.dg/struct/w_prof_single_str_global.c execution,    -O3 -fwhole-program -combine -fipa-type-escape -fprofile-use -fipa-struct-reorg -fdump-ipa-all
FAIL: gcc.dg/struct/w_prof_two_strs.c compilation,  -O3 -fwhole-program -combine -fipa-type-escape -fprofile-generate
UNRESOLVED: gcc.dg/struct/w_prof_two_strs.c execution,    -O3 -fwhole-program -combine -fipa-type-escape -fprofile-generate
UNRESOLVED: gcc.dg/struct/w_prof_two_strs.c compilation,  -O3 -fwhole-program -combine -fipa-type-escape -fprofile-use -fipa-struct-reorg -fdump-ipa-all
UNRESOLVED: gcc.dg/struct/w_prof_two_strs.c execution,    -O3 -fwhole-program -combine -fipa-type-escape -fprofile-use -fipa-struct-reorg -fdump-ipa-all
FAIL: gcc.dg/struct/w_ratio_cold_str.c compilation,  -O3 -fwhole-program -combine -fipa-type-escape -fprofile-generate
UNRESOLVED: gcc.dg/struct/w_ratio_cold_str.c execution,    -O3 -fwhole-program -combine -fipa-type-escape -fprofile-generate
UNRESOLVED: gcc.dg/struct/w_ratio_cold_str.c compilation,  -O3 -fwhole-program -combine -fipa-type-escape -fprofile-use -fipa-struct-reorg -fdump-ipa-all --param struct-reorg-cold-struct-ratio=30
UNRESOLVED: gcc.dg/struct/w_ratio_cold_str.c execution,    -O3 -fwhole-program -combine -fipa-type-escape -fprofile-use -fipa-struct-reorg -fdump-ipa-all --param struct-reorg-cold-struct-ratio=30
FAIL: gcc.dg/tls/alias-1.c (test for excess errors)
FAIL: gcc.dg/tls/opt-2.c (test for excess errors)
FAIL: gcc.dg/tree-prof/bb-reorg.c compilation,  -fprofile-generate -D_PROFILE_GENERATE
UNRESOLVED: gcc.dg/tree-prof/bb-reorg.c execution,    -fprofile-generate -D_PROFILE_GENERATE
UNRESOLVED: gcc.dg/tree-prof/bb-reorg.c compilation,  -fprofile-use -D_PROFILE_USE
UNRESOLVED: gcc.dg/tree-prof/bb-reorg.c execution,    -fprofile-use -D_PROFILE_USE
FAIL: gcc.dg/tree-prof/ic-misattribution-1.c compilation,  -fprofile-generate -D_PROFILE_GENERATE
UNRESOLVED: gcc.dg/tree-prof/ic-misattribution-1.c execution,    -fprofile-generate -D_PROFILE_GENERATE
UNRESOLVED: gcc.dg/tree-prof/ic-misattribution-1.c compilation,  -fprofile-use -D_PROFILE_USE
UNRESOLVED: gcc.dg/tree-prof/ic-misattribution-1.c execution,    -fprofile-use -D_PROFILE_USE
FAIL: gcc.dg/tree-prof/ic-misattribution-1a.c compilation,  -fprofile-generate -D_PROFILE_GENERATE
UNRESOLVED: gcc.dg/tree-prof/ic-misattribution-1a.c execution,    -fprofile-generate -D_PROFILE_GENERATE
UNRESOLVED: gcc.dg/tree-prof/ic-misattribution-1a.c compilation,  -fprofile-use -D_PROFILE_USE
UNRESOLVED: gcc.dg/tree-prof/ic-misattribution-1a.c execution,    -fprofile-use -D_PROFILE_USE
FAIL: gcc.dg/tree-prof/indir-call-prof.c compilation,  -fprofile-generate -D_PROFILE_GENERATE
UNRESOLVED: gcc.dg/tree-prof/indir-call-prof.c execution,    -fprofile-generate -D_PROFILE_GENERATE
UNRESOLVED: gcc.dg/tree-prof/indir-call-prof.c compilation,  -fprofile-use -D_PROFILE_USE
UNRESOLVED: gcc.dg/tree-prof/indir-call-prof.c execution,    -fprofile-use -D_PROFILE_USE
FAIL: gcc.dg/tree-prof/inliner-1.c compilation,  -fprofile-generate -D_PROFILE_GENERATE
UNRESOLVED: gcc.dg/tree-prof/inliner-1.c execution,    -fprofile-generate -D_PROFILE_GENERATE
UNRESOLVED: gcc.dg/tree-prof/inliner-1.c compilation,  -fprofile-use -D_PROFILE_USE
UNRESOLVED: gcc.dg/tree-prof/inliner-1.c execution,    -fprofile-use -D_PROFILE_USE
FAIL: gcc.dg/tree-prof/pr34999.c compilation,  -fprofile-generate -D_PROFILE_GENERATE
UNRESOLVED: gcc.dg/tree-prof/pr34999.c execution,    -fprofile-generate -D_PROFILE_GENERATE
UNRESOLVED: gcc.dg/tree-prof/pr34999.c compilation,  -fprofile-use -D_PROFILE_USE
UNRESOLVED: gcc.dg/tree-prof/pr34999.c execution,    -fprofile-use -D_PROFILE_USE
FAIL: gcc.dg/tree-prof/stringop-1.c compilation,  -fprofile-generate -D_PROFILE_GENERATE
UNRESOLVED: gcc.dg/tree-prof/stringop-1.c execution,    -fprofile-generate -D_PROFILE_GENERATE
UNRESOLVED: gcc.dg/tree-prof/stringop-1.c compilation,  -fprofile-use -D_PROFILE_USE
UNRESOLVED: gcc.dg/tree-prof/stringop-1.c execution,    -fprofile-use -D_PROFILE_USE
FAIL: gcc.dg/tree-prof/stringop-2.c compilation,  -fprofile-generate -D_PROFILE_GENERATE
UNRESOLVED: gcc.dg/tree-prof/stringop-2.c execution,    -fprofile-generate -D_PROFILE_GENERATE
UNRESOLVED: gcc.dg/tree-prof/stringop-2.c compilation,  -fprofile-use -D_PROFILE_USE
UNRESOLVED: gcc.dg/tree-prof/stringop-2.c execution,    -fprofile-use -D_PROFILE_USE
FAIL: gcc.dg/tree-prof/tracer-1.c compilation,  -fprofile-generate -D_PROFILE_GENERATE
UNRESOLVED: gcc.dg/tree-prof/tracer-1.c execution,    -fprofile-generate -D_PROFILE_GENERATE
UNRESOLVED: gcc.dg/tree-prof/tracer-1.c compilation,  -fprofile-use -D_PROFILE_USE
UNRESOLVED: gcc.dg/tree-prof/tracer-1.c execution,    -fprofile-use -D_PROFILE_USE
FAIL: gcc.dg/tree-prof/update-cunroll-2.c compilation,  -fprofile-generate -D_PROFILE_GENERATE
UNRESOLVED: gcc.dg/tree-prof/update-cunroll-2.c execution,    -fprofile-generate -D_PROFILE_GENERATE
UNRESOLVED: gcc.dg/tree-prof/update-cunroll-2.c compilation,  -fprofile-use -D_PROFILE_USE
UNRESOLVED: gcc.dg/tree-prof/update-cunroll-2.c execution,    -fprofile-use -D_PROFILE_USE
FAIL: gcc.dg/tree-prof/update-loopch.c compilation,  -fprofile-generate -D_PROFILE_GENERATE
UNRESOLVED: gcc.dg/tree-prof/update-loopch.c execution,    -fprofile-generate -D_PROFILE_GENERATE
UNRESOLVED: gcc.dg/tree-prof/update-loopch.c compilation,  -fprofile-use -D_PROFILE_USE
UNRESOLVED: gcc.dg/tree-prof/update-loopch.c execution,    -fprofile-use -D_PROFILE_USE
FAIL: gcc.dg/tree-prof/update-tailcall.c compilation,  -fprofile-generate -D_PROFILE_GENERATE
UNRESOLVED: gcc.dg/tree-prof/update-tailcall.c execution,    -fprofile-generate -D_PROFILE_GENERATE
UNRESOLVED: gcc.dg/tree-prof/update-tailcall.c compilation,  -fprofile-use -D_PROFILE_USE
UNRESOLVED: gcc.dg/tree-prof/update-tailcall.c execution,    -fprofile-use -D_PROFILE_USE
FAIL: gcc.dg/tree-prof/val-prof-1.c compilation,  -fprofile-generate -D_PROFILE_GENERATE
UNRESOLVED: gcc.dg/tree-prof/val-prof-1.c execution,    -fprofile-generate -D_PROFILE_GENERATE
UNRESOLVED: gcc.dg/tree-prof/val-prof-1.c compilation,  -fprofile-use -D_PROFILE_USE
UNRESOLVED: gcc.dg/tree-prof/val-prof-1.c execution,    -fprofile-use -D_PROFILE_USE
FAIL: gcc.dg/tree-prof/val-prof-2.c compilation,  -fprofile-generate -D_PROFILE_GENERATE
UNRESOLVED: gcc.dg/tree-prof/val-prof-2.c execution,    -fprofile-generate -D_PROFILE_GENERATE
UNRESOLVED: gcc.dg/tree-prof/val-prof-2.c compilation,  -fprofile-use -D_PROFILE_USE
UNRESOLVED: gcc.dg/tree-prof/val-prof-2.c execution,    -fprofile-use -D_PROFILE_USE
FAIL: gcc.dg/tree-prof/val-prof-3.c compilation,  -fprofile-generate -D_PROFILE_GENERATE
UNRESOLVED: gcc.dg/tree-prof/val-prof-3.c execution,    -fprofile-generate -D_PROFILE_GENERATE
UNRESOLVED: gcc.dg/tree-prof/val-prof-3.c compilation,  -fprofile-use -D_PROFILE_USE
UNRESOLVED: gcc.dg/tree-prof/val-prof-3.c execution,    -fprofile-use -D_PROFILE_USE
FAIL: gcc.dg/tree-prof/val-prof-4.c compilation,  -fprofile-generate -D_PROFILE_GENERATE
UNRESOLVED: gcc.dg/tree-prof/val-prof-4.c execution,    -fprofile-generate -D_PROFILE_GENERATE
UNRESOLVED: gcc.dg/tree-prof/val-prof-4.c compilation,  -fprofile-use -D_PROFILE_USE
UNRESOLVED: gcc.dg/tree-prof/val-prof-4.c execution,    -fprofile-use -D_PROFILE_USE
FAIL: gcc.dg/tree-prof/val-prof-5.c compilation,  -fprofile-generate -D_PROFILE_GENERATE
UNRESOLVED: gcc.dg/tree-prof/val-prof-5.c execution,    -fprofile-generate -D_PROFILE_GENERATE
UNRESOLVED: gcc.dg/tree-prof/val-prof-5.c compilation,  -fprofile-use -D_PROFILE_USE
UNRESOLVED: gcc.dg/tree-prof/val-prof-5.c execution,    -fprofile-use -D_PROFILE_USE
FAIL: gcc.dg/tree-prof/val-prof-6.c compilation,  -fprofile-generate -D_PROFILE_GENERATE
UNRESOLVED: gcc.dg/tree-prof/val-prof-6.c execution,    -fprofile-generate -D_PROFILE_GENERATE
UNRESOLVED: gcc.dg/tree-prof/val-prof-6.c compilation,  -fprofile-use -D_PROFILE_USE
UNRESOLVED: gcc.dg/tree-prof/val-prof-6.c execution,    -fprofile-use -D_PROFILE_USE
FAIL: gcc.dg/tree-prof/wcoverage-mismatch.c compilation,  -fprofile-generate -D_PROFILE_GENERATE
UNRESOLVED: gcc.dg/tree-prof/wcoverage-mismatch.c execution,    -fprofile-generate -D_PROFILE_GENERATE
UNRESOLVED: gcc.dg/tree-prof/wcoverage-mismatch.c compilation,  -fprofile-use -D_PROFILE_USE
UNRESOLVED: gcc.dg/tree-prof/wcoverage-mismatch.c execution,    -fprofile-use -D_PROFILE_USE
FAIL: gcc.dg/vect/vect-1.c scan-tree-dump-times vect "vectorized 3 loops" 1
FAIL: gcc.dg/vect/vect-67.c scan-tree-dump-times vect "vectorized 1 loops" 1
FAIL: gcc.dg/vect/vect-75.c scan-tree-dump-times vect "Alignment of access forced using versioning" 1
FAIL: gcc.dg/vect/vect-77-alignchecks.c scan-tree-dump-times vect "Alignment of access forced using versioning." 1
FAIL: gcc.dg/vect/vect-78-alignchecks.c scan-tree-dump-times vect "Alignment of access forced using versioning." 1
FAIL: gcc.dg/vect/vect-96.c scan-tree-dump-times vect "Alignment of access forced using versioning." 1
FAIL: gcc.dg/vect/vect-complex-1.c scan-tree-dump-times vect "vectorized 1 loops" 1
FAIL: gcc.dg/vect/vect-complex-1.c scan-tree-dump-times vect "vectorizing stmts using SLP" 1
XPASS: gcc.dg/vect/vect-iv-6.c scan-tree-dump-times vect "vectorized 1 loops" 1
FAIL: gcc.dg/vect/vect-multitypes-3.c scan-tree-dump-times vect "Alignment of access forced using versioning" 3
FAIL: gcc.dg/vect/vect-multitypes-6.c scan-tree-dump-times vect "vectorized 1 loops" 1
FAIL: gcc.dg/vect/vect-multitypes-6.c scan-tree-dump-times vect "Alignment of access forced using versioning" 6
FAIL: gcc.dg/vect/slp-10.c scan-tree-dump-times vect "vectorized 2 loops" 1
FAIL: gcc.dg/vect/slp-10.c scan-tree-dump-times vect "vectorizing stmts using SLP" 2
FAIL: gcc.dg/vect/slp-12a.c scan-tree-dump-times vect "vectorized 1 loops" 1
FAIL: gcc.dg/vect/slp-12a.c scan-tree-dump-times vect "vectorizing stmts using SLP" 1
FAIL: gcc.dg/vect/slp-13.c scan-tree-dump-times vect "vectorizing stmts using SLP" 1
FAIL: gcc.dg/vect/slp-19.c scan-tree-dump-times vect "vectorized 1 loops" 1
FAIL: gcc.dg/vect/slp-19.c scan-tree-dump-times vect "vectorizing stmts using SLP" 1
FAIL: gcc.dg/vect/slp-33.c scan-tree-dump-times vect "vectorized 2 loops" 1
FAIL: gcc.dg/vect/slp-33.c scan-tree-dump-times vect "vectorizing stmts using SLP" 2
FAIL: gcc.dg/vect/slp-4.c scan-tree-dump-times vect "vectorized 3 loops" 1
FAIL: gcc.dg/vect/slp-4.c scan-tree-dump-times vect "vectorizing stmts using SLP" 3
FAIL: gcc.dg/vect/slp-5.c scan-tree-dump-times vect "vectorized 3 loops" 1
FAIL: gcc.dg/vect/slp-5.c scan-tree-dump-times vect "vectorizing stmts using SLP" 3
FAIL: gcc.dg/vect/slp-7.c scan-tree-dump-times vect "vectorized 2 loops" 1
FAIL: gcc.dg/vect/slp-7.c scan-tree-dump-times vect "vectorizing stmts using SLP" 2
ERROR: gcc.dg/vect/slp-widen-mult-s16.c: error executing dg-final: syntax error in target selector "target vect_inpack"
UNRESOLVED: gcc.dg/vect/slp-widen-mult-s16.c: error executing dg-final: syntax error in target selector "target vect_inpack"
FAIL: gcc.dg/vect/no-vfa-vect-43.c scan-tree-dump-times vect "Alignment of access forced using versioning" 1
FAIL: gcc.dg/weak/weak-1.c scan-assembler weak[^ \\t]*[ \\t]_?j
FAIL: gcc.misc-tests/bprob-1.c execution: file bprob-1.gcda does not exist,  -fprofile-arcs
UNRESOLVED: gcc.misc-tests/bprob-1.c compilation,  -fprofile-use
UNRESOLVED: gcc.misc-tests/bprob-1.c execution,    -fprofile-use
FAIL: gcc.misc-tests/bprob-2.c execution: file bprob-2.gcda does not exist,  -fprofile-arcs
UNRESOLVED: gcc.misc-tests/bprob-2.c compilation,  -fprofile-use
UNRESOLVED: gcc.misc-tests/bprob-2.c execution,    -fprofile-use
FAIL: gcc.target/arm/neon/vRaddhns16.c (test for excess errors)
FAIL: gcc.target/arm/neon/vRaddhns32.c (test for excess errors)
FAIL: gcc.target/arm/neon/vRaddhns64.c (test for excess errors)
FAIL: gcc.target/arm/neon/vRaddhnu16.c (test for excess errors)
FAIL: gcc.target/arm/neon/vRaddhnu32.c (test for excess errors)
FAIL: gcc.target/arm/neon/vRaddhnu64.c (test for excess errors)
FAIL: gcc.target/arm/neon/vRhaddQs16.c (test for excess errors)
FAIL: gcc.target/arm/neon/vRhaddQs32.c (test for excess errors)
FAIL: gcc.target/arm/neon/vRhaddQs8.c (test for excess errors)
FAIL: gcc.target/arm/neon/vRhaddQu16.c (test for excess errors)
FAIL: gcc.target/arm/neon/vRhaddQu32.c (test for excess errors)
FAIL: gcc.target/arm/neon/vRhaddQu8.c (test for excess errors)
FAIL: gcc.target/arm/neon/vRhadds16.c (test for excess errors)
FAIL: gcc.target/arm/neon/vRhadds32.c (test for excess errors)
FAIL: gcc.target/arm/neon/vRhadds8.c (test for excess errors)
FAIL: gcc.target/arm/neon/vRhaddu16.c (test for excess errors)
FAIL: gcc.target/arm/neon/vRhaddu32.c (test for excess errors)
FAIL: gcc.target/arm/neon/vRhaddu8.c (test for excess errors)
FAIL: gcc.target/arm/neon/vRshlQs16.c (test for excess errors)
FAIL: gcc.target/arm/neon/vRshlQs32.c (test for excess errors)
FAIL: gcc.target/arm/neon/vRshlQs64.c (test for excess errors)
FAIL: gcc.target/arm/neon/vRshlQs8.c (test for excess errors)
FAIL: gcc.target/arm/neon/vRshlQu16.c (test for excess errors)
FAIL: gcc.target/arm/neon/vRshlQu32.c (test for excess errors)
FAIL: gcc.target/arm/neon/vRshlQu64.c (test for excess errors)
FAIL: gcc.target/arm/neon/vRshlQu8.c (test for excess errors)
FAIL: gcc.target/arm/neon/vRshls16.c (test for excess errors)
FAIL: gcc.target/arm/neon/vRshls32.c (test for excess errors)
FAIL: gcc.target/arm/neon/vRshls64.c (test for excess errors)
FAIL: gcc.target/arm/neon/vRshls8.c (test for excess errors)
FAIL: gcc.target/arm/neon/vRshlu16.c (test for excess errors)
FAIL: gcc.target/arm/neon/vRshlu32.c (test for excess errors)
FAIL: gcc.target/arm/neon/vRshlu64.c (test for excess errors)
FAIL: gcc.target/arm/neon/vRshlu8.c (test for excess errors)
FAIL: gcc.target/arm/neon/vRshrQ_ns16.c (test for excess errors)
FAIL: gcc.target/arm/neon/vRshrQ_ns32.c (test for excess errors)
FAIL: gcc.target/arm/neon/vRshrQ_ns64.c (test for excess errors)
FAIL: gcc.target/arm/neon/vRshrQ_ns8.c (test for excess errors)
FAIL: gcc.target/arm/neon/vRshrQ_nu16.c (test for excess errors)
FAIL: gcc.target/arm/neon/vRshrQ_nu32.c (test for excess errors)
FAIL: gcc.target/arm/neon/vRshrQ_nu64.c (test for excess errors)
FAIL: gcc.target/arm/neon/vRshrQ_nu8.c (test for excess errors)
FAIL: gcc.target/arm/neon/vRshr_ns16.c (test for excess errors)
FAIL: gcc.target/arm/neon/vRshr_ns32.c (test for excess errors)
FAIL: gcc.target/arm/neon/vRshr_ns64.c (test for excess errors)
FAIL: gcc.target/arm/neon/vRshr_ns8.c (test for excess errors)
FAIL: gcc.target/arm/neon/vRshr_nu16.c (test for excess errors)
FAIL: gcc.target/arm/neon/vRshr_nu32.c (test for excess errors)
FAIL: gcc.target/arm/neon/vRshr_nu64.c (test for excess errors)
FAIL: gcc.target/arm/neon/vRshr_nu8.c (test for excess errors)
FAIL: gcc.target/arm/neon/vRshrn_ns16.c (test for excess errors)
FAIL: gcc.target/arm/neon/vRshrn_ns32.c (test for excess errors)
FAIL: gcc.target/arm/neon/vRshrn_ns64.c (test for excess errors)
FAIL: gcc.target/arm/neon/vRshrn_nu16.c (test for excess errors)
FAIL: gcc.target/arm/neon/vRshrn_nu32.c (test for excess errors)
FAIL: gcc.target/arm/neon/vRshrn_nu64.c (test for excess errors)
FAIL: gcc.target/arm/neon/vRsraQ_ns16.c (test for excess errors)
FAIL: gcc.target/arm/neon/vRsraQ_ns32.c (test for excess errors)
FAIL: gcc.target/arm/neon/vRsraQ_ns64.c (test for excess errors)
FAIL: gcc.target/arm/neon/vRsraQ_ns8.c (test for excess errors)
FAIL: gcc.target/arm/neon/vRsraQ_nu16.c (test for excess errors)
FAIL: gcc.target/arm/neon/vRsraQ_nu32.c (test for excess errors)
FAIL: gcc.target/arm/neon/vRsraQ_nu64.c (test for excess errors)
FAIL: gcc.target/arm/neon/vRsraQ_nu8.c (test for excess errors)
FAIL: gcc.target/arm/neon/vRsra_ns16.c (test for excess errors)
FAIL: gcc.target/arm/neon/vRsra_ns32.c (test for excess errors)
FAIL: gcc.target/arm/neon/vRsra_ns64.c (test for excess errors)
FAIL: gcc.target/arm/neon/vRsra_ns8.c (test for excess errors)
FAIL: gcc.target/arm/neon/vRsra_nu16.c (test for excess errors)
FAIL: gcc.target/arm/neon/vRsra_nu32.c (test for excess errors)
FAIL: gcc.target/arm/neon/vRsra_nu64.c (test for excess errors)
FAIL: gcc.target/arm/neon/vRsra_nu8.c (test for excess errors)
FAIL: gcc.target/arm/neon/vRsubhns16.c (test for excess errors)
FAIL: gcc.target/arm/neon/vRsubhns32.c (test for excess errors)
FAIL: gcc.target/arm/neon/vRsubhns64.c (test for excess errors)
FAIL: gcc.target/arm/neon/vRsubhnu16.c (test for excess errors)
FAIL: gcc.target/arm/neon/vRsubhnu32.c (test for excess errors)
FAIL: gcc.target/arm/neon/vRsubhnu64.c (test for excess errors)
FAIL: gcc.target/arm/neon/vabaQs16.c (test for excess errors)
FAIL: gcc.target/arm/neon/vabaQs32.c (test for excess errors)
FAIL: gcc.target/arm/neon/vabaQs8.c (test for excess errors)
FAIL: gcc.target/arm/neon/vabaQu16.c (test for excess errors)
FAIL: gcc.target/arm/neon/vabaQu32.c (test for excess errors)
FAIL: gcc.target/arm/neon/vabaQu8.c (test for excess errors)
FAIL: gcc.target/arm/neon/vabals16.c (test for excess errors)
FAIL: gcc.target/arm/neon/vabals32.c (test for excess errors)
FAIL: gcc.target/arm/neon/vabals8.c (test for excess errors)
FAIL: gcc.target/arm/neon/vabalu16.c (test for excess errors)
FAIL: gcc.target/arm/neon/vabalu32.c (test for excess errors)
FAIL: gcc.target/arm/neon/vabalu8.c (test for excess errors)
FAIL: gcc.target/arm/neon/vabas16.c (test for excess errors)
FAIL: gcc.target/arm/neon/vabas32.c (test for excess errors)
FAIL: gcc.target/arm/neon/vabas8.c (test for excess errors)
FAIL: gcc.target/arm/neon/vabau16.c (test for excess errors)
FAIL: gcc.target/arm/neon/vabau32.c (test for excess errors)
FAIL: gcc.target/arm/neon/vabau8.c (test for excess errors)
FAIL: gcc.target/arm/neon/vabdQf32.c (test for excess errors)
FAIL: gcc.target/arm/neon/vabdQs16.c (test for excess errors)
FAIL: gcc.target/arm/neon/vabdQs32.c (test for excess errors)
FAIL: gcc.target/arm/neon/vabdQs8.c (test for excess errors)
FAIL: gcc.target/arm/neon/vabdQu16.c (test for excess errors)
FAIL: gcc.target/arm/neon/vabdQu32.c (test for excess errors)
FAIL: gcc.target/arm/neon/vabdQu8.c (test for excess errors)
FAIL: gcc.target/arm/neon/vabdf32.c (test for excess errors)
FAIL: gcc.target/arm/neon/vabdls16.c (test for excess errors)
FAIL: gcc.target/arm/neon/vabdls32.c (test for excess errors)
FAIL: gcc.target/arm/neon/vabdls8.c (test for excess errors)
FAIL: gcc.target/arm/neon/vabdlu16.c (test for excess errors)
FAIL: gcc.target/arm/neon/vabdlu32.c (test for excess errors)
FAIL: gcc.target/arm/neon/vabdlu8.c (test for excess errors)
FAIL: gcc.target/arm/neon/vabds16.c (test for excess errors)
FAIL: gcc.target/arm/neon/vabds32.c (test for excess errors)
FAIL: gcc.target/arm/neon/vabds8.c (test for excess errors)
FAIL: gcc.target/arm/neon/vabdu16.c (test for excess errors)
FAIL: gcc.target/arm/neon/vabdu32.c (test for excess errors)
FAIL: gcc.target/arm/neon/vabdu8.c (test for excess errors)
FAIL: gcc.target/arm/neon/vabsQf32.c (test for excess errors)
FAIL: gcc.target/arm/neon/vabsQs16.c (test for excess errors)
FAIL: gcc.target/arm/neon/vabsQs32.c (test for excess errors)
FAIL: gcc.target/arm/neon/vabsQs8.c (test for excess errors)
FAIL: gcc.target/arm/neon/vabsf32.c (test for excess errors)
FAIL: gcc.target/arm/neon/vabss16.c (test for excess errors)
FAIL: gcc.target/arm/neon/vabss32.c (test for excess errors)
FAIL: gcc.target/arm/neon/vabss8.c (test for excess errors)
FAIL: gcc.target/arm/neon/vaddQf32.c (test for excess errors)
FAIL: gcc.target/arm/neon/vaddQs16.c (test for excess errors)
FAIL: gcc.target/arm/neon/vaddQs32.c (test for excess errors)
FAIL: gcc.target/arm/neon/vaddQs64.c (test for excess errors)
FAIL: gcc.target/arm/neon/vaddQs8.c (test for excess errors)
FAIL: gcc.target/arm/neon/vaddQu16.c (test for excess errors)
FAIL: gcc.target/arm/neon/vaddQu32.c (test for excess errors)
FAIL: gcc.target/arm/neon/vaddQu64.c (test for excess errors)
FAIL: gcc.target/arm/neon/vaddQu8.c (test for excess errors)
FAIL: gcc.target/arm/neon/vaddf32.c (test for excess errors)
FAIL: gcc.target/arm/neon/vaddhns16.c (test for excess errors)
FAIL: gcc.target/arm/neon/vaddhns32.c (test for excess errors)
FAIL: gcc.target/arm/neon/vaddhns64.c (test for excess errors)
FAIL: gcc.target/arm/neon/vaddhnu16.c (test for excess errors)
FAIL: gcc.target/arm/neon/vaddhnu32.c (test for excess errors)
FAIL: gcc.target/arm/neon/vaddhnu64.c (test for excess errors)
FAIL: gcc.target/arm/neon/vaddls16.c (test for excess errors)
FAIL: gcc.target/arm/neon/vaddls32.c (test for excess errors)
FAIL: gcc.target/arm/neon/vaddls8.c (test for excess errors)
FAIL: gcc.target/arm/neon/vaddlu16.c (test for excess errors)
FAIL: gcc.target/arm/neon/vaddlu32.c (test for excess errors)
FAIL: gcc.target/arm/neon/vaddlu8.c (test for excess errors)
FAIL: gcc.target/arm/neon/vadds16.c (test for excess errors)
FAIL: gcc.target/arm/neon/vadds32.c (test for excess errors)
FAIL: gcc.target/arm/neon/vadds64.c (test for excess errors)
FAIL: gcc.target/arm/neon/vadds8.c (test for excess errors)
FAIL: gcc.target/arm/neon/vaddu16.c (test for excess errors)
FAIL: gcc.target/arm/neon/vaddu32.c (test for excess errors)
FAIL: gcc.target/arm/neon/vaddu64.c (test for excess errors)
FAIL: gcc.target/arm/neon/vaddu8.c (test for excess errors)
FAIL: gcc.target/arm/neon/vaddws16.c (test for excess errors)
FAIL: gcc.target/arm/neon/vaddws32.c (test for excess errors)
FAIL: gcc.target/arm/neon/vaddws8.c (test for excess errors)
FAIL: gcc.target/arm/neon/vaddwu16.c (test for excess errors)
FAIL: gcc.target/arm/neon/vaddwu32.c (test for excess errors)
FAIL: gcc.target/arm/neon/vaddwu8.c (test for excess errors)
FAIL: gcc.target/arm/neon/vandQs16.c (test for excess errors)
FAIL: gcc.target/arm/neon/vandQs32.c (test for excess errors)
FAIL: gcc.target/arm/neon/vandQs64.c (test for excess errors)
FAIL: gcc.target/arm/neon/vandQs8.c (test for excess errors)
FAIL: gcc.target/arm/neon/vandQu16.c (test for excess errors)
FAIL: gcc.target/arm/neon/vandQu32.c (test for excess errors)
FAIL: gcc.target/arm/neon/vandQu64.c (test for excess errors)
FAIL: gcc.target/arm/neon/vandQu8.c (test for excess errors)
FAIL: gcc.target/arm/neon/vands16.c (test for excess errors)
FAIL: gcc.target/arm/neon/vands32.c (test for excess errors)
FAIL: gcc.target/arm/neon/vands64.c (test for excess errors)
FAIL: gcc.target/arm/neon/vands8.c (test for excess errors)
FAIL: gcc.target/arm/neon/vandu16.c (test for excess errors)
FAIL: gcc.target/arm/neon/vandu32.c (test for excess errors)
FAIL: gcc.target/arm/neon/vandu64.c (test for excess errors)
FAIL: gcc.target/arm/neon/vandu8.c (test for excess errors)
FAIL: gcc.target/arm/neon/vbicQs16.c (test for excess errors)
FAIL: gcc.target/arm/neon/vbicQs32.c (test for excess errors)
FAIL: gcc.target/arm/neon/vbicQs64.c (test for excess errors)
FAIL: gcc.target/arm/neon/vbicQs8.c (test for excess errors)
FAIL: gcc.target/arm/neon/vbicQu16.c (test for excess errors)
FAIL: gcc.target/arm/neon/vbicQu32.c (test for excess errors)
FAIL: gcc.target/arm/neon/vbicQu64.c (test for excess errors)
FAIL: gcc.target/arm/neon/vbicQu8.c (test for excess errors)
FAIL: gcc.target/arm/neon/vbics16.c (test for excess errors)
FAIL: gcc.target/arm/neon/vbics32.c (test for excess errors)
FAIL: gcc.target/arm/neon/vbics64.c (test for excess errors)
FAIL: gcc.target/arm/neon/vbics8.c (test for excess errors)
FAIL: gcc.target/arm/neon/vbicu16.c (test for excess errors)
FAIL: gcc.target/arm/neon/vbicu32.c (test for excess errors)
FAIL: gcc.target/arm/neon/vbicu64.c (test for excess errors)
FAIL: gcc.target/arm/neon/vbicu8.c (test for excess errors)
FAIL: gcc.target/arm/neon/vbslQf32.c (test for excess errors)
FAIL: gcc.target/arm/neon/vbslQp16.c (test for excess errors)
FAIL: gcc.target/arm/neon/vbslQp8.c (test for excess errors)
FAIL: gcc.target/arm/neon/vbslQs16.c (test for excess errors)
FAIL: gcc.target/arm/neon/vbslQs32.c (test for excess errors)
FAIL: gcc.target/arm/neon/vbslQs64.c (test for excess errors)
FAIL: gcc.target/arm/neon/vbslQs8.c (test for excess errors)
FAIL: gcc.target/arm/neon/vbslQu16.c (test for excess errors)
FAIL: gcc.target/arm/neon/vbslQu32.c (test for excess errors)
FAIL: gcc.target/arm/neon/vbslQu64.c (test for excess errors)
FAIL: gcc.target/arm/neon/vbslQu8.c (test for excess errors)
FAIL: gcc.target/arm/neon/vbslf32.c (test for excess errors)
FAIL: gcc.target/arm/neon/vbslp16.c (test for excess errors)
FAIL: gcc.target/arm/neon/vbslp8.c (test for excess errors)
FAIL: gcc.target/arm/neon/vbsls16.c (test for excess errors)
FAIL: gcc.target/arm/neon/vbsls32.c (test for excess errors)
FAIL: gcc.target/arm/neon/vbsls64.c (test for excess errors)
FAIL: gcc.target/arm/neon/vbsls8.c (test for excess errors)
FAIL: gcc.target/arm/neon/vbslu16.c (test for excess errors)
FAIL: gcc.target/arm/neon/vbslu32.c (test for excess errors)
FAIL: gcc.target/arm/neon/vbslu64.c (test for excess errors)
FAIL: gcc.target/arm/neon/vbslu8.c (test for excess errors)
FAIL: gcc.target/arm/neon/vcageQf32.c (test for excess errors)
FAIL: gcc.target/arm/neon/vcagef32.c (test for excess errors)
FAIL: gcc.target/arm/neon/vcagtQf32.c (test for excess errors)
FAIL: gcc.target/arm/neon/vcagtf32.c (test for excess errors)
FAIL: gcc.target/arm/neon/vcaleQf32.c (test for excess errors)
FAIL: gcc.target/arm/neon/vcalef32.c (test for excess errors)
FAIL: gcc.target/arm/neon/vcaltQf32.c (test for excess errors)
FAIL: gcc.target/arm/neon/vcaltf32.c (test for excess errors)
FAIL: gcc.target/arm/neon/vceqQf32.c (test for excess errors)
FAIL: gcc.target/arm/neon/vceqQp8.c (test for excess errors)
FAIL: gcc.target/arm/neon/vceqQs16.c (test for excess errors)
FAIL: gcc.target/arm/neon/vceqQs32.c (test for excess errors)
FAIL: gcc.target/arm/neon/vceqQs8.c (test for excess errors)
FAIL: gcc.target/arm/neon/vceqQu16.c (test for excess errors)
FAIL: gcc.target/arm/neon/vceqQu32.c (test for excess errors)
FAIL: gcc.target/arm/neon/vceqQu8.c (test for excess errors)
FAIL: gcc.target/arm/neon/vceqf32.c (test for excess errors)
FAIL: gcc.target/arm/neon/vceqp8.c (test for excess errors)
FAIL: gcc.target/arm/neon/vceqs16.c (test for excess errors)
FAIL: gcc.target/arm/neon/vceqs32.c (test for excess errors)
FAIL: gcc.target/arm/neon/vceqs8.c (test for excess errors)
FAIL: gcc.target/arm/neon/vcequ16.c (test for excess errors)
FAIL: gcc.target/arm/neon/vcequ32.c (test for excess errors)
FAIL: gcc.target/arm/neon/vcequ8.c (test for excess errors)
FAIL: gcc.target/arm/neon/vcgeQf32.c (test for excess errors)
FAIL: gcc.target/arm/neon/vcgeQs16.c (test for excess errors)
FAIL: gcc.target/arm/neon/vcgeQs32.c (test for excess errors)
FAIL: gcc.target/arm/neon/vcgeQs8.c (test for excess errors)
FAIL: gcc.target/arm/neon/vcgeQu16.c (test for excess errors)
FAIL: gcc.target/arm/neon/vcgeQu32.c (test for excess errors)
FAIL: gcc.target/arm/neon/vcgeQu8.c (test for excess errors)
FAIL: gcc.target/arm/neon/vcgef32.c (test for excess errors)
FAIL: gcc.target/arm/neon/vcges16.c (test for excess errors)
FAIL: gcc.target/arm/neon/vcges32.c (test for excess errors)
FAIL: gcc.target/arm/neon/vcges8.c (test for excess errors)
FAIL: gcc.target/arm/neon/vcgeu16.c (test for excess errors)
FAIL: gcc.target/arm/neon/vcgeu32.c (test for excess errors)
FAIL: gcc.target/arm/neon/vcgeu8.c (test for excess errors)
FAIL: gcc.target/arm/neon/vcgtQf32.c (test for excess errors)
FAIL: gcc.target/arm/neon/vcgtQs16.c (test for excess errors)
FAIL: gcc.target/arm/neon/vcgtQs32.c (test for excess errors)
FAIL: gcc.target/arm/neon/vcgtQs8.c (test for excess errors)
FAIL: gcc.target/arm/neon/vcgtQu16.c (test for excess errors)
FAIL: gcc.target/arm/neon/vcgtQu32.c (test for excess errors)
FAIL: gcc.target/arm/neon/vcgtQu8.c (test for excess errors)
FAIL: gcc.target/arm/neon/vcgtf32.c (test for excess errors)
FAIL: gcc.target/arm/neon/vcgts16.c (test for excess errors)
FAIL: gcc.target/arm/neon/vcgts32.c (test for excess errors)
FAIL: gcc.target/arm/neon/vcgts8.c (test for excess errors)
FAIL: gcc.target/arm/neon/vcgtu16.c (test for excess errors)
FAIL: gcc.target/arm/neon/vcgtu32.c (test for excess errors)
FAIL: gcc.target/arm/neon/vcgtu8.c (test for excess errors)
FAIL: gcc.target/arm/neon/vcleQf32.c (test for excess errors)
FAIL: gcc.target/arm/neon/vcleQs16.c (test for excess errors)
FAIL: gcc.target/arm/neon/vcleQs32.c (test for excess errors)
FAIL: gcc.target/arm/neon/vcleQs8.c (test for excess errors)
FAIL: gcc.target/arm/neon/vcleQu16.c (test for excess errors)
FAIL: gcc.target/arm/neon/vcleQu32.c (test for excess errors)
FAIL: gcc.target/arm/neon/vcleQu8.c (test for excess errors)
FAIL: gcc.target/arm/neon/vclef32.c (test for excess errors)
FAIL: gcc.target/arm/neon/vcles16.c (test for excess errors)
FAIL: gcc.target/arm/neon/vcles32.c (test for excess errors)
FAIL: gcc.target/arm/neon/vcles8.c (test for excess errors)
FAIL: gcc.target/arm/neon/vcleu16.c (test for excess errors)
FAIL: gcc.target/arm/neon/vcleu32.c (test for excess errors)
FAIL: gcc.target/arm/neon/vcleu8.c (test for excess errors)
FAIL: gcc.target/arm/neon/vclsQs16.c (test for excess errors)
FAIL: gcc.target/arm/neon/vclsQs32.c (test for excess errors)
FAIL: gcc.target/arm/neon/vclsQs8.c (test for excess errors)
FAIL: gcc.target/arm/neon/vclss16.c (test for excess errors)
FAIL: gcc.target/arm/neon/vclss32.c (test for excess errors)
FAIL: gcc.target/arm/neon/vclss8.c (test for excess errors)
FAIL: gcc.target/arm/neon/vcltQf32.c (test for excess errors)
FAIL: gcc.target/arm/neon/vcltQs16.c (test for excess errors)
FAIL: gcc.target/arm/neon/vcltQs32.c (test for excess errors)
FAIL: gcc.target/arm/neon/vcltQs8.c (test for excess errors)
FAIL: gcc.target/arm/neon/vcltQu16.c (test for excess errors)
FAIL: gcc.target/arm/neon/vcltQu32.c (test for excess errors)
FAIL: gcc.target/arm/neon/vcltQu8.c (test for excess errors)
FAIL: gcc.target/arm/neon/vcltf32.c (test for excess errors)
FAIL: gcc.target/arm/neon/vclts16.c (test for excess errors)
FAIL: gcc.target/arm/neon/vclts32.c (test for excess errors)
FAIL: gcc.target/arm/neon/vclts8.c (test for excess errors)
FAIL: gcc.target/arm/neon/vcltu16.c (test for excess errors)
FAIL: gcc.target/arm/neon/vcltu32.c (test for excess errors)
FAIL: gcc.target/arm/neon/vcltu8.c (test for excess errors)
FAIL: gcc.target/arm/neon/vclzQs16.c (test for excess errors)
FAIL: gcc.target/arm/neon/vclzQs32.c (test for excess errors)
FAIL: gcc.target/arm/neon/vclzQs8.c (test for excess errors)
FAIL: gcc.target/arm/neon/vclzQu16.c (test for excess errors)
FAIL: gcc.target/arm/neon/vclzQu32.c (test for excess errors)
FAIL: gcc.target/arm/neon/vclzQu8.c (test for excess errors)
FAIL: gcc.target/arm/neon/vclzs16.c (test for excess errors)
FAIL: gcc.target/arm/neon/vclzs32.c (test for excess errors)
FAIL: gcc.target/arm/neon/vclzs8.c (test for excess errors)
FAIL: gcc.target/arm/neon/vclzu16.c (test for excess errors)
FAIL: gcc.target/arm/neon/vclzu32.c (test for excess errors)
FAIL: gcc.target/arm/neon/vclzu8.c (test for excess errors)
FAIL: gcc.target/arm/neon/vcntQp8.c (test for excess errors)
FAIL: gcc.target/arm/neon/vcntQs8.c (test for excess errors)
FAIL: gcc.target/arm/neon/vcntQu8.c (test for excess errors)
FAIL: gcc.target/arm/neon/vcntp8.c (test for excess errors)
FAIL: gcc.target/arm/neon/vcnts8.c (test for excess errors)
FAIL: gcc.target/arm/neon/vcntu8.c (test for excess errors)
FAIL: gcc.target/arm/neon/vcombinef32.c (test for excess errors)
FAIL: gcc.target/arm/neon/vcombinep16.c (test for excess errors)
FAIL: gcc.target/arm/neon/vcombinep8.c (test for excess errors)
FAIL: gcc.target/arm/neon/vcombines16.c (test for excess errors)
FAIL: gcc.target/arm/neon/vcombines32.c (test for excess errors)
FAIL: gcc.target/arm/neon/vcombines64.c (test for excess errors)
FAIL: gcc.target/arm/neon/vcombines8.c (test for excess errors)
FAIL: gcc.target/arm/neon/vcombineu16.c (test for excess errors)
FAIL: gcc.target/arm/neon/vcombineu32.c (test for excess errors)
FAIL: gcc.target/arm/neon/vcombineu64.c (test for excess errors)
FAIL: gcc.target/arm/neon/vcombineu8.c (test for excess errors)
FAIL: gcc.target/arm/neon/vcreatef32.c (test for excess errors)
FAIL: gcc.target/arm/neon/vcreatep16.c (test for excess errors)
FAIL: gcc.target/arm/neon/vcreatep8.c (test for excess errors)
FAIL: gcc.target/arm/neon/vcreates16.c (test for excess errors)
FAIL: gcc.target/arm/neon/vcreates32.c (test for excess errors)
FAIL: gcc.target/arm/neon/vcreates64.c (test for excess errors)
FAIL: gcc.target/arm/neon/vcreates8.c (test for excess errors)
FAIL: gcc.target/arm/neon/vcreateu16.c (test for excess errors)
FAIL: gcc.target/arm/neon/vcreateu32.c (test for excess errors)
FAIL: gcc.target/arm/neon/vcreateu64.c (test for excess errors)
FAIL: gcc.target/arm/neon/vcreateu8.c (test for excess errors)
FAIL: gcc.target/arm/neon/vcvtQ_nf32_s32.c (test for excess errors)
FAIL: gcc.target/arm/neon/vcvtQ_nf32_u32.c (test for excess errors)
FAIL: gcc.target/arm/neon/vcvtQ_ns32_f32.c (test for excess errors)
FAIL: gcc.target/arm/neon/vcvtQ_nu32_f32.c (test for excess errors)
FAIL: gcc.target/arm/neon/vcvtQf32_s32.c (test for excess errors)
FAIL: gcc.target/arm/neon/vcvtQf32_u32.c (test for excess errors)
FAIL: gcc.target/arm/neon/vcvtQs32_f32.c (test for excess errors)
FAIL: gcc.target/arm/neon/vcvtQu32_f32.c (test for excess errors)
FAIL: gcc.target/arm/neon/vcvt_nf32_s32.c (test for excess errors)
FAIL: gcc.target/arm/neon/vcvt_nf32_u32.c (test for excess errors)
FAIL: gcc.target/arm/neon/vcvt_ns32_f32.c (test for excess errors)
FAIL: gcc.target/arm/neon/vcvt_nu32_f32.c (test for excess errors)
FAIL: gcc.target/arm/neon/vcvtf32_s32.c (test for excess errors)
FAIL: gcc.target/arm/neon/vcvtf32_u32.c (test for excess errors)
FAIL: gcc.target/arm/neon/vcvts32_f32.c (test for excess errors)
FAIL: gcc.target/arm/neon/vcvtu32_f32.c (test for excess errors)
FAIL: gcc.target/arm/neon/vdupQ_lanef32.c (test for excess errors)
FAIL: gcc.target/arm/neon/vdupQ_lanep16.c (test for excess errors)
FAIL: gcc.target/arm/neon/vdupQ_lanep8.c (test for excess errors)
FAIL: gcc.target/arm/neon/vdupQ_lanes16.c (test for excess errors)
FAIL: gcc.target/arm/neon/vdupQ_lanes32.c (test for excess errors)
FAIL: gcc.target/arm/neon/vdupQ_lanes64.c (test for excess errors)
FAIL: gcc.target/arm/neon/vdupQ_lanes8.c (test for excess errors)
FAIL: gcc.target/arm/neon/vdupQ_laneu16.c (test for excess errors)
FAIL: gcc.target/arm/neon/vdupQ_laneu32.c (test for excess errors)
FAIL: gcc.target/arm/neon/vdupQ_laneu64.c (test for excess errors)
FAIL: gcc.target/arm/neon/vdupQ_laneu8.c (test for excess errors)
FAIL: gcc.target/arm/neon/vdupQ_nf32.c (test for excess errors)
FAIL: gcc.target/arm/neon/vdupQ_np16.c (internal compiler error)
FAIL: gcc.target/arm/neon/vdupQ_np16.c (test for excess errors)
FAIL: gcc.target/arm/neon/vdupQ_np16.c scan-assembler vdup.16[ \\t]+[qQ][0-9]+, [rR][0-9]+!?([ \\t]+@[a-zA-Z0-9 ]+)?\\n
FAIL: gcc.target/arm/neon/vdupQ_np8.c (internal compiler error)
FAIL: gcc.target/arm/neon/vdupQ_np8.c (test for excess errors)
FAIL: gcc.target/arm/neon/vdupQ_np8.c scan-assembler vdup.8[ \\t]+[qQ][0-9]+, [rR][0-9]+!?([ \\t]+@[a-zA-Z0-9 ]+)?\\n
FAIL: gcc.target/arm/neon/vdupQ_ns16.c (internal compiler error)
FAIL: gcc.target/arm/neon/vdupQ_ns16.c (test for excess errors)
FAIL: gcc.target/arm/neon/vdupQ_ns16.c scan-assembler vdup.16[ \\t]+[qQ][0-9]+, [rR][0-9]+!?([ \\t]+@[a-zA-Z0-9 ]+)?\\n
FAIL: gcc.target/arm/neon/vdupQ_ns32.c (test for excess errors)
FAIL: gcc.target/arm/neon/vdupQ_ns64.c (test for excess errors)
FAIL: gcc.target/arm/neon/vdupQ_ns8.c (internal compiler error)
FAIL: gcc.target/arm/neon/vdupQ_ns8.c (test for excess errors)
FAIL: gcc.target/arm/neon/vdupQ_ns8.c scan-assembler vdup.8[ \\t]+[qQ][0-9]+, [rR][0-9]+!?([ \\t]+@[a-zA-Z0-9 ]+)?\\n
FAIL: gcc.target/arm/neon/vdupQ_nu16.c (internal compiler error)
FAIL: gcc.target/arm/neon/vdupQ_nu16.c (test for excess errors)
FAIL: gcc.target/arm/neon/vdupQ_nu16.c scan-assembler vdup.16[ \\t]+[qQ][0-9]+, [rR][0-9]+!?([ \\t]+@[a-zA-Z0-9 ]+)?\\n
FAIL: gcc.target/arm/neon/vdupQ_nu32.c (test for excess errors)
FAIL: gcc.target/arm/neon/vdupQ_nu64.c (test for excess errors)
FAIL: gcc.target/arm/neon/vdupQ_nu8.c (internal compiler error)
FAIL: gcc.target/arm/neon/vdupQ_nu8.c (test for excess errors)
FAIL: gcc.target/arm/neon/vdupQ_nu8.c scan-assembler vdup.8[ \\t]+[qQ][0-9]+, [rR][0-9]+!?([ \\t]+@[a-zA-Z0-9 ]+)?\\n
FAIL: gcc.target/arm/neon/vdup_lanef32.c (test for excess errors)
FAIL: gcc.target/arm/neon/vdup_lanep16.c (test for excess errors)
FAIL: gcc.target/arm/neon/vdup_lanep8.c (test for excess errors)
FAIL: gcc.target/arm/neon/vdup_lanes16.c (test for excess errors)
FAIL: gcc.target/arm/neon/vdup_lanes32.c (test for excess errors)
FAIL: gcc.target/arm/neon/vdup_lanes64.c (test for excess errors)
FAIL: gcc.target/arm/neon/vdup_lanes8.c (test for excess errors)
FAIL: gcc.target/arm/neon/vdup_laneu16.c (test for excess errors)
FAIL: gcc.target/arm/neon/vdup_laneu32.c (test for excess errors)
FAIL: gcc.target/arm/neon/vdup_laneu64.c (test for excess errors)
FAIL: gcc.target/arm/neon/vdup_laneu8.c (test for excess errors)
FAIL: gcc.target/arm/neon/vdup_nf32.c (test for excess errors)
FAIL: gcc.target/arm/neon/vdup_np16.c (internal compiler error)
FAIL: gcc.target/arm/neon/vdup_np16.c (test for excess errors)
FAIL: gcc.target/arm/neon/vdup_np16.c scan-assembler vdup.16[ \\t]+[dD][0-9]+, [rR][0-9]+!?([ \\t]+@[a-zA-Z0-9 ]+)?\\n
FAIL: gcc.target/arm/neon/vdup_np8.c (internal compiler error)
FAIL: gcc.target/arm/neon/vdup_np8.c (test for excess errors)
FAIL: gcc.target/arm/neon/vdup_np8.c scan-assembler vdup.8[ \\t]+[dD][0-9]+, [rR][0-9]+!?([ \\t]+@[a-zA-Z0-9 ]+)?\\n
FAIL: gcc.target/arm/neon/vdup_ns16.c (internal compiler error)
FAIL: gcc.target/arm/neon/vdup_ns16.c (test for excess errors)
FAIL: gcc.target/arm/neon/vdup_ns16.c scan-assembler vdup.16[ \\t]+[dD][0-9]+, [rR][0-9]+!?([ \\t]+@[a-zA-Z0-9 ]+)?\\n
FAIL: gcc.target/arm/neon/vdup_ns32.c (test for excess errors)
FAIL: gcc.target/arm/neon/vdup_ns64.c (test for excess errors)
FAIL: gcc.target/arm/neon/vdup_ns8.c (internal compiler error)
FAIL: gcc.target/arm/neon/vdup_ns8.c (test for excess errors)
FAIL: gcc.target/arm/neon/vdup_ns8.c scan-assembler vdup.8[ \\t]+[dD][0-9]+, [rR][0-9]+!?([ \\t]+@[a-zA-Z0-9 ]+)?\\n
FAIL: gcc.target/arm/neon/vdup_nu16.c (internal compiler error)
FAIL: gcc.target/arm/neon/vdup_nu16.c (test for excess errors)
FAIL: gcc.target/arm/neon/vdup_nu16.c scan-assembler vdup.16[ \\t]+[dD][0-9]+, [rR][0-9]+!?([ \\t]+@[a-zA-Z0-9 ]+)?\\n
FAIL: gcc.target/arm/neon/vdup_nu32.c (test for excess errors)
FAIL: gcc.target/arm/neon/vdup_nu64.c (test for excess errors)
FAIL: gcc.target/arm/neon/vdup_nu8.c (internal compiler error)
FAIL: gcc.target/arm/neon/vdup_nu8.c (test for excess errors)
FAIL: gcc.target/arm/neon/vdup_nu8.c scan-assembler vdup.8[ \\t]+[dD][0-9]+, [rR][0-9]+!?([ \\t]+@[a-zA-Z0-9 ]+)?\\n
FAIL: gcc.target/arm/neon/veorQs16.c (test for excess errors)
FAIL: gcc.target/arm/neon/veorQs32.c (test for excess errors)
FAIL: gcc.target/arm/neon/veorQs64.c (test for excess errors)
FAIL: gcc.target/arm/neon/veorQs8.c (test for excess errors)
FAIL: gcc.target/arm/neon/veorQu16.c (test for excess errors)
FAIL: gcc.target/arm/neon/veorQu32.c (test for excess errors)
FAIL: gcc.target/arm/neon/veorQu64.c (test for excess errors)
FAIL: gcc.target/arm/neon/veorQu8.c (test for excess errors)
FAIL: gcc.target/arm/neon/veors16.c (test for excess errors)
FAIL: gcc.target/arm/neon/veors32.c (test for excess errors)
FAIL: gcc.target/arm/neon/veors64.c (test for excess errors)
FAIL: gcc.target/arm/neon/veors8.c (test for excess errors)
FAIL: gcc.target/arm/neon/veoru16.c (test for excess errors)
FAIL: gcc.target/arm/neon/veoru32.c (test for excess errors)
FAIL: gcc.target/arm/neon/veoru64.c (test for excess errors)
FAIL: gcc.target/arm/neon/veoru8.c (test for excess errors)
FAIL: gcc.target/arm/neon/vextQf32.c (test for excess errors)
FAIL: gcc.target/arm/neon/vextQp16.c (test for excess errors)
FAIL: gcc.target/arm/neon/vextQp8.c (test for excess errors)
FAIL: gcc.target/arm/neon/vextQs16.c (test for excess errors)
FAIL: gcc.target/arm/neon/vextQs32.c (test for excess errors)
FAIL: gcc.target/arm/neon/vextQs64.c (test for excess errors)
FAIL: gcc.target/arm/neon/vextQs8.c (test for excess errors)
FAIL: gcc.target/arm/neon/vextQu16.c (test for excess errors)
FAIL: gcc.target/arm/neon/vextQu32.c (test for excess errors)
FAIL: gcc.target/arm/neon/vextQu64.c (test for excess errors)
FAIL: gcc.target/arm/neon/vextQu8.c (test for excess errors)
FAIL: gcc.target/arm/neon/vextf32.c (test for excess errors)
FAIL: gcc.target/arm/neon/vextp16.c (test for excess errors)
FAIL: gcc.target/arm/neon/vextp8.c (test for excess errors)
FAIL: gcc.target/arm/neon/vexts16.c (test for excess errors)
FAIL: gcc.target/arm/neon/vexts32.c (test for excess errors)
FAIL: gcc.target/arm/neon/vexts64.c (test for excess errors)
FAIL: gcc.target/arm/neon/vexts8.c (test for excess errors)
FAIL: gcc.target/arm/neon/vextu16.c (test for excess errors)
FAIL: gcc.target/arm/neon/vextu32.c (test for excess errors)
FAIL: gcc.target/arm/neon/vextu64.c (test for excess errors)
FAIL: gcc.target/arm/neon/vextu8.c (test for excess errors)
FAIL: gcc.target/arm/neon/vgetQ_lanef32.c (test for excess errors)
FAIL: gcc.target/arm/neon/vgetQ_lanep16.c (test for excess errors)
FAIL: gcc.target/arm/neon/vgetQ_lanep8.c (test for excess errors)
FAIL: gcc.target/arm/neon/vgetQ_lanes16.c (test for excess errors)
FAIL: gcc.target/arm/neon/vgetQ_lanes32.c (test for excess errors)
FAIL: gcc.target/arm/neon/vgetQ_lanes64.c (test for excess errors)
FAIL: gcc.target/arm/neon/vgetQ_lanes8.c (test for excess errors)
FAIL: gcc.target/arm/neon/vgetQ_laneu16.c (test for excess errors)
FAIL: gcc.target/arm/neon/vgetQ_laneu32.c (test for excess errors)
FAIL: gcc.target/arm/neon/vgetQ_laneu64.c (test for excess errors)
FAIL: gcc.target/arm/neon/vgetQ_laneu8.c (test for excess errors)
FAIL: gcc.target/arm/neon/vget_highf32.c (test for excess errors)
FAIL: gcc.target/arm/neon/vget_highp16.c (test for excess errors)
FAIL: gcc.target/arm/neon/vget_highp8.c (test for excess errors)
FAIL: gcc.target/arm/neon/vget_highs16.c (test for excess errors)
FAIL: gcc.target/arm/neon/vget_highs32.c (test for excess errors)
FAIL: gcc.target/arm/neon/vget_highs64.c (test for excess errors)
FAIL: gcc.target/arm/neon/vget_highs8.c (test for excess errors)
FAIL: gcc.target/arm/neon/vget_highu16.c (test for excess errors)
FAIL: gcc.target/arm/neon/vget_highu32.c (test for excess errors)
FAIL: gcc.target/arm/neon/vget_highu64.c (test for excess errors)
FAIL: gcc.target/arm/neon/vget_highu8.c (test for excess errors)
FAIL: gcc.target/arm/neon/vget_lanef32.c (test for excess errors)
FAIL: gcc.target/arm/neon/vget_lanep16.c (test for excess errors)
FAIL: gcc.target/arm/neon/vget_lanep8.c (test for excess errors)
FAIL: gcc.target/arm/neon/vget_lanes16.c (test for excess errors)
FAIL: gcc.target/arm/neon/vget_lanes32.c (test for excess errors)
FAIL: gcc.target/arm/neon/vget_lanes64.c (test for excess errors)
FAIL: gcc.target/arm/neon/vget_lanes8.c (test for excess errors)
FAIL: gcc.target/arm/neon/vget_laneu16.c (test for excess errors)
FAIL: gcc.target/arm/neon/vget_laneu32.c (test for excess errors)
FAIL: gcc.target/arm/neon/vget_laneu64.c (test for excess errors)
FAIL: gcc.target/arm/neon/vget_laneu8.c (test for excess errors)
FAIL: gcc.target/arm/neon/vget_lowf32.c (test for excess errors)
FAIL: gcc.target/arm/neon/vget_lowf32.c scan-assembler vmov[ \\t]+[dD][0-9]+, [dD][0-9]+!?([ \\t]+@[a-zA-Z0-9 ]+)?\\n
FAIL: gcc.target/arm/neon/vget_lowp16.c (test for excess errors)
FAIL: gcc.target/arm/neon/vget_lowp16.c scan-assembler vmov[ \\t]+[dD][0-9]+, [dD][0-9]+!?([ \\t]+@[a-zA-Z0-9 ]+)?\\n
FAIL: gcc.target/arm/neon/vget_lowp8.c (test for excess errors)
FAIL: gcc.target/arm/neon/vget_lowp8.c scan-assembler vmov[ \\t]+[dD][0-9]+, [dD][0-9]+!?([ \\t]+@[a-zA-Z0-9 ]+)?\\n
FAIL: gcc.target/arm/neon/vget_lows16.c (test for excess errors)
FAIL: gcc.target/arm/neon/vget_lows16.c scan-assembler vmov[ \\t]+[dD][0-9]+, [dD][0-9]+!?([ \\t]+@[a-zA-Z0-9 ]+)?\\n
FAIL: gcc.target/arm/neon/vget_lows32.c (test for excess errors)
FAIL: gcc.target/arm/neon/vget_lows32.c scan-assembler vmov[ \\t]+[dD][0-9]+, [dD][0-9]+!?([ \\t]+@[a-zA-Z0-9 ]+)?\\n
FAIL: gcc.target/arm/neon/vget_lows64.c (test for excess errors)
FAIL: gcc.target/arm/neon/vget_lows64.c scan-assembler vmov[ \\t]+[dD][0-9]+, [dD][0-9]+!?([ \\t]+@[a-zA-Z0-9 ]+)?\\n
FAIL: gcc.target/arm/neon/vget_lows8.c (test for excess errors)
FAIL: gcc.target/arm/neon/vget_lows8.c scan-assembler vmov[ \\t]+[dD][0-9]+, [dD][0-9]+!?([ \\t]+@[a-zA-Z0-9 ]+)?\\n
FAIL: gcc.target/arm/neon/vget_lowu16.c (test for excess errors)
FAIL: gcc.target/arm/neon/vget_lowu16.c scan-assembler vmov[ \\t]+[dD][0-9]+, [dD][0-9]+!?([ \\t]+@[a-zA-Z0-9 ]+)?\\n
FAIL: gcc.target/arm/neon/vget_lowu32.c (test for excess errors)
FAIL: gcc.target/arm/neon/vget_lowu32.c scan-assembler vmov[ \\t]+[dD][0-9]+, [dD][0-9]+!?([ \\t]+@[a-zA-Z0-9 ]+)?\\n
FAIL: gcc.target/arm/neon/vget_lowu64.c (test for excess errors)
FAIL: gcc.target/arm/neon/vget_lowu64.c scan-assembler vmov[ \\t]+[dD][0-9]+, [dD][0-9]+!?([ \\t]+@[a-zA-Z0-9 ]+)?\\n
FAIL: gcc.target/arm/neon/vget_lowu8.c (test for excess errors)
FAIL: gcc.target/arm/neon/vget_lowu8.c scan-assembler vmov[ \\t]+[dD][0-9]+, [dD][0-9]+!?([ \\t]+@[a-zA-Z0-9 ]+)?\\n
FAIL: gcc.target/arm/neon/vhaddQs16.c (test for excess errors)
FAIL: gcc.target/arm/neon/vhaddQs32.c (test for excess errors)
FAIL: gcc.target/arm/neon/vhaddQs8.c (test for excess errors)
FAIL: gcc.target/arm/neon/vhaddQu16.c (test for excess errors)
FAIL: gcc.target/arm/neon/vhaddQu32.c (test for excess errors)
FAIL: gcc.target/arm/neon/vhaddQu8.c (test for excess errors)
FAIL: gcc.target/arm/neon/vhadds16.c (test for excess errors)
FAIL: gcc.target/arm/neon/vhadds32.c (test for excess errors)
FAIL: gcc.target/arm/neon/vhadds8.c (test for excess errors)
FAIL: gcc.target/arm/neon/vhaddu16.c (test for excess errors)
FAIL: gcc.target/arm/neon/vhaddu32.c (test for excess errors)
FAIL: gcc.target/arm/neon/vhaddu8.c (test for excess errors)
FAIL: gcc.target/arm/neon/vhsubQs16.c (test for excess errors)
FAIL: gcc.target/arm/neon/vhsubQs32.c (test for excess errors)
FAIL: gcc.target/arm/neon/vhsubQs8.c (test for excess errors)
FAIL: gcc.target/arm/neon/vhsubQu16.c (test for excess errors)
FAIL: gcc.target/arm/neon/vhsubQu32.c (test for excess errors)
FAIL: gcc.target/arm/neon/vhsubQu8.c (test for excess errors)
FAIL: gcc.target/arm/neon/vhsubs16.c (test for excess errors)
FAIL: gcc.target/arm/neon/vhsubs32.c (test for excess errors)
FAIL: gcc.target/arm/neon/vhsubs8.c (test for excess errors)
FAIL: gcc.target/arm/neon/vhsubu16.c (test for excess errors)
FAIL: gcc.target/arm/neon/vhsubu32.c (test for excess errors)
FAIL: gcc.target/arm/neon/vhsubu8.c (test for excess errors)
FAIL: gcc.target/arm/neon/vld1Q_dupf32.c (test for excess errors)
FAIL: gcc.target/arm/neon/vld1Q_dupp16.c (test for excess errors)
FAIL: gcc.target/arm/neon/vld1Q_dupp8.c (test for excess errors)
FAIL: gcc.target/arm/neon/vld1Q_dups16.c (test for excess errors)
FAIL: gcc.target/arm/neon/vld1Q_dups32.c (test for excess errors)
FAIL: gcc.target/arm/neon/vld1Q_dups64.c (test for excess errors)
FAIL: gcc.target/arm/neon/vld1Q_dups8.c (test for excess errors)
FAIL: gcc.target/arm/neon/vld1Q_dupu16.c (test for excess errors)
FAIL: gcc.target/arm/neon/vld1Q_dupu32.c (test for excess errors)
FAIL: gcc.target/arm/neon/vld1Q_dupu64.c (test for excess errors)
FAIL: gcc.target/arm/neon/vld1Q_dupu8.c (test for excess errors)
FAIL: gcc.target/arm/neon/vld1Q_lanef32.c (test for excess errors)
FAIL: gcc.target/arm/neon/vld1Q_lanep16.c (test for excess errors)
FAIL: gcc.target/arm/neon/vld1Q_lanep8.c (test for excess errors)
FAIL: gcc.target/arm/neon/vld1Q_lanes16.c (test for excess errors)
FAIL: gcc.target/arm/neon/vld1Q_lanes32.c (test for excess errors)
FAIL: gcc.target/arm/neon/vld1Q_lanes64.c (test for excess errors)
FAIL: gcc.target/arm/neon/vld1Q_lanes8.c (test for excess errors)
FAIL: gcc.target/arm/neon/vld1Q_laneu16.c (test for excess errors)
FAIL: gcc.target/arm/neon/vld1Q_laneu32.c (test for excess errors)
FAIL: gcc.target/arm/neon/vld1Q_laneu64.c (test for excess errors)
FAIL: gcc.target/arm/neon/vld1Q_laneu8.c (test for excess errors)
FAIL: gcc.target/arm/neon/vld1Qf32.c (test for excess errors)
FAIL: gcc.target/arm/neon/vld1Qp16.c (test for excess errors)
FAIL: gcc.target/arm/neon/vld1Qp8.c (test for excess errors)
FAIL: gcc.target/arm/neon/vld1Qs16.c (test for excess errors)
FAIL: gcc.target/arm/neon/vld1Qs32.c (test for excess errors)
FAIL: gcc.target/arm/neon/vld1Qs64.c (test for excess errors)
FAIL: gcc.target/arm/neon/vld1Qs8.c (test for excess errors)
FAIL: gcc.target/arm/neon/vld1Qu16.c (test for excess errors)
FAIL: gcc.target/arm/neon/vld1Qu32.c (test for excess errors)
FAIL: gcc.target/arm/neon/vld1Qu64.c (test for excess errors)
FAIL: gcc.target/arm/neon/vld1Qu8.c (test for excess errors)
FAIL: gcc.target/arm/neon/vld1_dupf32.c (test for excess errors)
FAIL: gcc.target/arm/neon/vld1_dupp16.c (test for excess errors)
FAIL: gcc.target/arm/neon/vld1_dupp8.c (test for excess errors)
FAIL: gcc.target/arm/neon/vld1_dups16.c (test for excess errors)
FAIL: gcc.target/arm/neon/vld1_dups32.c (test for excess errors)
FAIL: gcc.target/arm/neon/vld1_dups64.c (test for excess errors)
FAIL: gcc.target/arm/neon/vld1_dups8.c (test for excess errors)
FAIL: gcc.target/arm/neon/vld1_dupu16.c (test for excess errors)
FAIL: gcc.target/arm/neon/vld1_dupu32.c (test for excess errors)
FAIL: gcc.target/arm/neon/vld1_dupu64.c (test for excess errors)
FAIL: gcc.target/arm/neon/vld1_dupu8.c (test for excess errors)
FAIL: gcc.target/arm/neon/vld1_lanef32.c (test for excess errors)
FAIL: gcc.target/arm/neon/vld1_lanep16.c (test for excess errors)
FAIL: gcc.target/arm/neon/vld1_lanep8.c (test for excess errors)
FAIL: gcc.target/arm/neon/vld1_lanes16.c (test for excess errors)
FAIL: gcc.target/arm/neon/vld1_lanes32.c (test for excess errors)
FAIL: gcc.target/arm/neon/vld1_lanes64.c (test for excess errors)
FAIL: gcc.target/arm/neon/vld1_lanes8.c (test for excess errors)
FAIL: gcc.target/arm/neon/vld1_laneu16.c (test for excess errors)
FAIL: gcc.target/arm/neon/vld1_laneu32.c (test for excess errors)
FAIL: gcc.target/arm/neon/vld1_laneu64.c (test for excess errors)
FAIL: gcc.target/arm/neon/vld1_laneu8.c (test for excess errors)
FAIL: gcc.target/arm/neon/vld1f32.c (test for excess errors)
FAIL: gcc.target/arm/neon/vld1p16.c (test for excess errors)
FAIL: gcc.target/arm/neon/vld1p8.c (test for excess errors)
FAIL: gcc.target/arm/neon/vld1s16.c (test for excess errors)
FAIL: gcc.target/arm/neon/vld1s32.c (test for excess errors)
FAIL: gcc.target/arm/neon/vld1s64.c (test for excess errors)
FAIL: gcc.target/arm/neon/vld1s8.c (test for excess errors)
FAIL: gcc.target/arm/neon/vld1u16.c (test for excess errors)
FAIL: gcc.target/arm/neon/vld1u32.c (test for excess errors)
FAIL: gcc.target/arm/neon/vld1u64.c (test for excess errors)
FAIL: gcc.target/arm/neon/vld1u8.c (test for excess errors)
FAIL: gcc.target/arm/neon/vld2Q_lanef32.c (test for excess errors)
FAIL: gcc.target/arm/neon/vld2Q_lanep16.c (test for excess errors)
FAIL: gcc.target/arm/neon/vld2Q_lanes16.c (test for excess errors)
FAIL: gcc.target/arm/neon/vld2Q_lanes32.c (test for excess errors)
FAIL: gcc.target/arm/neon/vld2Q_laneu16.c (test for excess errors)
FAIL: gcc.target/arm/neon/vld2Q_laneu32.c (test for excess errors)
FAIL: gcc.target/arm/neon/vld2Qf32.c (test for excess errors)
FAIL: gcc.target/arm/neon/vld2Qp16.c (test for excess errors)
FAIL: gcc.target/arm/neon/vld2Qp8.c (test for excess errors)
FAIL: gcc.target/arm/neon/vld2Qs16.c (test for excess errors)
FAIL: gcc.target/arm/neon/vld2Qs32.c (test for excess errors)
FAIL: gcc.target/arm/neon/vld2Qs8.c (test for excess errors)
FAIL: gcc.target/arm/neon/vld2Qu16.c (test for excess errors)
FAIL: gcc.target/arm/neon/vld2Qu32.c (test for excess errors)
FAIL: gcc.target/arm/neon/vld2Qu8.c (test for excess errors)
FAIL: gcc.target/arm/neon/vld2_dupf32.c (test for excess errors)
FAIL: gcc.target/arm/neon/vld2_dupp16.c (test for excess errors)
FAIL: gcc.target/arm/neon/vld2_dupp8.c (test for excess errors)
FAIL: gcc.target/arm/neon/vld2_dups16.c (test for excess errors)
FAIL: gcc.target/arm/neon/vld2_dups32.c (test for excess errors)
FAIL: gcc.target/arm/neon/vld2_dups64.c (test for excess errors)
FAIL: gcc.target/arm/neon/vld2_dups8.c (test for excess errors)
FAIL: gcc.target/arm/neon/vld2_dupu16.c (test for excess errors)
FAIL: gcc.target/arm/neon/vld2_dupu32.c (test for excess errors)
FAIL: gcc.target/arm/neon/vld2_dupu64.c (test for excess errors)
FAIL: gcc.target/arm/neon/vld2_dupu8.c (test for excess errors)
FAIL: gcc.target/arm/neon/vld2_lanef32.c (test for excess errors)
FAIL: gcc.target/arm/neon/vld2_lanep16.c (test for excess errors)
FAIL: gcc.target/arm/neon/vld2_lanep8.c (test for excess errors)
FAIL: gcc.target/arm/neon/vld2_lanes16.c (test for excess errors)
FAIL: gcc.target/arm/neon/vld2_lanes32.c (test for excess errors)
FAIL: gcc.target/arm/neon/vld2_lanes8.c (test for excess errors)
FAIL: gcc.target/arm/neon/vld2_laneu16.c (test for excess errors)
FAIL: gcc.target/arm/neon/vld2_laneu32.c (test for excess errors)
FAIL: gcc.target/arm/neon/vld2_laneu8.c (test for excess errors)
FAIL: gcc.target/arm/neon/vld2f32.c (test for excess errors)
FAIL: gcc.target/arm/neon/vld2p16.c (test for excess errors)
FAIL: gcc.target/arm/neon/vld2p8.c (test for excess errors)
FAIL: gcc.target/arm/neon/vld2s16.c (test for excess errors)
FAIL: gcc.target/arm/neon/vld2s32.c (test for excess errors)
FAIL: gcc.target/arm/neon/vld2s64.c (test for excess errors)
FAIL: gcc.target/arm/neon/vld2s8.c (test for excess errors)
FAIL: gcc.target/arm/neon/vld2u16.c (test for excess errors)
FAIL: gcc.target/arm/neon/vld2u32.c (test for excess errors)
FAIL: gcc.target/arm/neon/vld2u64.c (test for excess errors)
FAIL: gcc.target/arm/neon/vld2u8.c (test for excess errors)
FAIL: gcc.target/arm/neon/vld3Q_lanef32.c (test for excess errors)
FAIL: gcc.target/arm/neon/vld3Q_lanep16.c (test for excess errors)
FAIL: gcc.target/arm/neon/vld3Q_lanes16.c (test for excess errors)
FAIL: gcc.target/arm/neon/vld3Q_lanes32.c (test for excess errors)
FAIL: gcc.target/arm/neon/vld3Q_laneu16.c (test for excess errors)
FAIL: gcc.target/arm/neon/vld3Q_laneu32.c (test for excess errors)
FAIL: gcc.target/arm/neon/vld3Qf32.c (test for excess errors)
FAIL: gcc.target/arm/neon/vld3Qp16.c (test for excess errors)
FAIL: gcc.target/arm/neon/vld3Qp8.c (test for excess errors)
FAIL: gcc.target/arm/neon/vld3Qs16.c (test for excess errors)
FAIL: gcc.target/arm/neon/vld3Qs32.c (test for excess errors)
FAIL: gcc.target/arm/neon/vld3Qs8.c (test for excess errors)
FAIL: gcc.target/arm/neon/vld3Qu16.c (test for excess errors)
FAIL: gcc.target/arm/neon/vld3Qu32.c (test for excess errors)
FAIL: gcc.target/arm/neon/vld3Qu8.c (test for excess errors)
FAIL: gcc.target/arm/neon/vld3_dupf32.c (test for excess errors)
FAIL: gcc.target/arm/neon/vld3_dupp16.c (test for excess errors)
FAIL: gcc.target/arm/neon/vld3_dupp8.c (test for excess errors)
FAIL: gcc.target/arm/neon/vld3_dups16.c (test for excess errors)
FAIL: gcc.target/arm/neon/vld3_dups32.c (test for excess errors)
FAIL: gcc.target/arm/neon/vld3_dups64.c (test for excess errors)
FAIL: gcc.target/arm/neon/vld3_dups8.c (test for excess errors)
FAIL: gcc.target/arm/neon/vld3_dupu16.c (test for excess errors)
FAIL: gcc.target/arm/neon/vld3_dupu32.c (test for excess errors)
FAIL: gcc.target/arm/neon/vld3_dupu64.c (test for excess errors)
FAIL: gcc.target/arm/neon/vld3_dupu8.c (test for excess errors)
FAIL: gcc.target/arm/neon/vld3_lanef32.c (test for excess errors)
FAIL: gcc.target/arm/neon/vld3_lanep16.c (test for excess errors)
FAIL: gcc.target/arm/neon/vld3_lanep8.c (test for excess errors)
FAIL: gcc.target/arm/neon/vld3_lanes16.c (test for excess errors)
FAIL: gcc.target/arm/neon/vld3_lanes32.c (test for excess errors)
FAIL: gcc.target/arm/neon/vld3_lanes8.c (test for excess errors)
FAIL: gcc.target/arm/neon/vld3_laneu16.c (test for excess errors)
FAIL: gcc.target/arm/neon/vld3_laneu32.c (test for excess errors)
FAIL: gcc.target/arm/neon/vld3_laneu8.c (test for excess errors)
FAIL: gcc.target/arm/neon/vld3f32.c (test for excess errors)
FAIL: gcc.target/arm/neon/vld3p16.c (test for excess errors)
FAIL: gcc.target/arm/neon/vld3p8.c (test for excess errors)
FAIL: gcc.target/arm/neon/vld3s16.c (test for excess errors)
FAIL: gcc.target/arm/neon/vld3s32.c (test for excess errors)
FAIL: gcc.target/arm/neon/vld3s64.c (test for excess errors)
FAIL: gcc.target/arm/neon/vld3s8.c (test for excess errors)
FAIL: gcc.target/arm/neon/vld3u16.c (test for excess errors)
FAIL: gcc.target/arm/neon/vld3u32.c (test for excess errors)
FAIL: gcc.target/arm/neon/vld3u64.c (test for excess errors)
FAIL: gcc.target/arm/neon/vld3u8.c (test for excess errors)
FAIL: gcc.target/arm/neon/vld4Q_lanef32.c (test for excess errors)
FAIL: gcc.target/arm/neon/vld4Q_lanep16.c (test for excess errors)
FAIL: gcc.target/arm/neon/vld4Q_lanes16.c (test for excess errors)
FAIL: gcc.target/arm/neon/vld4Q_lanes32.c (test for excess errors)
FAIL: gcc.target/arm/neon/vld4Q_laneu16.c (test for excess errors)
FAIL: gcc.target/arm/neon/vld4Q_laneu32.c (test for excess errors)
FAIL: gcc.target/arm/neon/vld4Qf32.c (test for excess errors)
FAIL: gcc.target/arm/neon/vld4Qp16.c (test for excess errors)
FAIL: gcc.target/arm/neon/vld4Qp8.c (test for excess errors)
FAIL: gcc.target/arm/neon/vld4Qs16.c (test for excess errors)
FAIL: gcc.target/arm/neon/vld4Qs32.c (test for excess errors)
FAIL: gcc.target/arm/neon/vld4Qs8.c (test for excess errors)
FAIL: gcc.target/arm/neon/vld4Qu16.c (test for excess errors)
FAIL: gcc.target/arm/neon/vld4Qu32.c (test for excess errors)
FAIL: gcc.target/arm/neon/vld4Qu8.c (test for excess errors)
FAIL: gcc.target/arm/neon/vld4_dupf32.c (test for excess errors)
FAIL: gcc.target/arm/neon/vld4_dupp16.c (test for excess errors)
FAIL: gcc.target/arm/neon/vld4_dupp8.c (test for excess errors)
FAIL: gcc.target/arm/neon/vld4_dups16.c (test for excess errors)
FAIL: gcc.target/arm/neon/vld4_dups32.c (test for excess errors)
FAIL: gcc.target/arm/neon/vld4_dups64.c (test for excess errors)
FAIL: gcc.target/arm/neon/vld4_dups8.c (test for excess errors)
FAIL: gcc.target/arm/neon/vld4_dupu16.c (test for excess errors)
FAIL: gcc.target/arm/neon/vld4_dupu32.c (test for excess errors)
FAIL: gcc.target/arm/neon/vld4_dupu64.c (test for excess errors)
FAIL: gcc.target/arm/neon/vld4_dupu8.c (test for excess errors)
FAIL: gcc.target/arm/neon/vld4_lanef32.c (test for excess errors)
FAIL: gcc.target/arm/neon/vld4_lanep16.c (test for excess errors)
FAIL: gcc.target/arm/neon/vld4_lanep8.c (test for excess errors)
FAIL: gcc.target/arm/neon/vld4_lanes16.c (test for excess errors)
FAIL: gcc.target/arm/neon/vld4_lanes32.c (test for excess errors)
FAIL: gcc.target/arm/neon/vld4_lanes8.c (test for excess errors)
FAIL: gcc.target/arm/neon/vld4_laneu16.c (test for excess errors)
FAIL: gcc.target/arm/neon/vld4_laneu32.c (test for excess errors)
FAIL: gcc.target/arm/neon/vld4_laneu8.c (test for excess errors)
FAIL: gcc.target/arm/neon/vld4f32.c (test for excess errors)
FAIL: gcc.target/arm/neon/vld4p16.c (test for excess errors)
FAIL: gcc.target/arm/neon/vld4p8.c (test for excess errors)
FAIL: gcc.target/arm/neon/vld4s16.c (test for excess errors)
FAIL: gcc.target/arm/neon/vld4s32.c (test for excess errors)
FAIL: gcc.target/arm/neon/vld4s64.c (test for excess errors)
FAIL: gcc.target/arm/neon/vld4s8.c (test for excess errors)
FAIL: gcc.target/arm/neon/vld4u16.c (test for excess errors)
FAIL: gcc.target/arm/neon/vld4u32.c (test for excess errors)
FAIL: gcc.target/arm/neon/vld4u64.c (test for excess errors)
FAIL: gcc.target/arm/neon/vld4u8.c (test for excess errors)
FAIL: gcc.target/arm/neon/vmaxQf32.c (test for excess errors)
FAIL: gcc.target/arm/neon/vmaxQs16.c (test for excess errors)
FAIL: gcc.target/arm/neon/vmaxQs32.c (test for excess errors)
FAIL: gcc.target/arm/neon/vmaxQs8.c (test for excess errors)
FAIL: gcc.target/arm/neon/vmaxQu16.c (test for excess errors)
FAIL: gcc.target/arm/neon/vmaxQu32.c (test for excess errors)
FAIL: gcc.target/arm/neon/vmaxQu8.c (test for excess errors)
FAIL: gcc.target/arm/neon/vmaxf32.c (test for excess errors)
FAIL: gcc.target/arm/neon/vmaxs16.c (test for excess errors)
FAIL: gcc.target/arm/neon/vmaxs32.c (test for excess errors)
FAIL: gcc.target/arm/neon/vmaxs8.c (test for excess errors)
FAIL: gcc.target/arm/neon/vmaxu16.c (test for excess errors)
FAIL: gcc.target/arm/neon/vmaxu32.c (test for excess errors)
FAIL: gcc.target/arm/neon/vmaxu8.c (test for excess errors)
FAIL: gcc.target/arm/neon/vminQf32.c (test for excess errors)
FAIL: gcc.target/arm/neon/vminQs16.c (test for excess errors)
FAIL: gcc.target/arm/neon/vminQs32.c (test for excess errors)
FAIL: gcc.target/arm/neon/vminQs8.c (test for excess errors)
FAIL: gcc.target/arm/neon/vminQu16.c (test for excess errors)
FAIL: gcc.target/arm/neon/vminQu32.c (test for excess errors)
FAIL: gcc.target/arm/neon/vminQu8.c (test for excess errors)
FAIL: gcc.target/arm/neon/vminf32.c (test for excess errors)
FAIL: gcc.target/arm/neon/vmins16.c (test for excess errors)
FAIL: gcc.target/arm/neon/vmins32.c (test for excess errors)
FAIL: gcc.target/arm/neon/vmins8.c (test for excess errors)
FAIL: gcc.target/arm/neon/vminu16.c (test for excess errors)
FAIL: gcc.target/arm/neon/vminu32.c (test for excess errors)
FAIL: gcc.target/arm/neon/vminu8.c (test for excess errors)
FAIL: gcc.target/arm/neon/vmlaQ_lanef32.c (test for excess errors)
FAIL: gcc.target/arm/neon/vmlaQ_lanes16.c (test for excess errors)
FAIL: gcc.target/arm/neon/vmlaQ_lanes32.c (test for excess errors)
FAIL: gcc.target/arm/neon/vmlaQ_laneu16.c (test for excess errors)
FAIL: gcc.target/arm/neon/vmlaQ_laneu32.c (test for excess errors)
FAIL: gcc.target/arm/neon/vmlaQ_nf32.c (test for excess errors)
FAIL: gcc.target/arm/neon/vmlaQ_ns16.c (internal compiler error)
FAIL: gcc.target/arm/neon/vmlaQ_ns16.c (test for excess errors)
FAIL: gcc.target/arm/neon/vmlaQ_ns16.c scan-assembler vmla.i16[ \\t]+[qQ][0-9]+, [qQ][0-9]+, [dD][0-9]+\\\\[[0-9]+\\\\]!?([ \\t]+@[a-zA-Z0-9 ]+)?\\n
FAIL: gcc.target/arm/neon/vmlaQ_ns32.c (test for excess errors)
FAIL: gcc.target/arm/neon/vmlaQ_nu16.c (internal compiler error)
FAIL: gcc.target/arm/neon/vmlaQ_nu16.c (test for excess errors)
FAIL: gcc.target/arm/neon/vmlaQ_nu16.c scan-assembler vmla.i16[ \\t]+[qQ][0-9]+, [qQ][0-9]+, [dD][0-9]+\\\\[[0-9]+\\\\]!?([ \\t]+@[a-zA-Z0-9 ]+)?\\n
FAIL: gcc.target/arm/neon/vmlaQ_nu32.c (test for excess errors)
FAIL: gcc.target/arm/neon/vmlaQf32.c (test for excess errors)
FAIL: gcc.target/arm/neon/vmlaQs16.c (test for excess errors)
FAIL: gcc.target/arm/neon/vmlaQs32.c (test for excess errors)
FAIL: gcc.target/arm/neon/vmlaQs8.c (test for excess errors)
FAIL: gcc.target/arm/neon/vmlaQu16.c (test for excess errors)
FAIL: gcc.target/arm/neon/vmlaQu32.c (test for excess errors)
FAIL: gcc.target/arm/neon/vmlaQu8.c (test for excess errors)
FAIL: gcc.target/arm/neon/vmla_lanef32.c (test for excess errors)
FAIL: gcc.target/arm/neon/vmla_lanes16.c (test for excess errors)
FAIL: gcc.target/arm/neon/vmla_lanes32.c (test for excess errors)
FAIL: gcc.target/arm/neon/vmla_laneu16.c (test for excess errors)
FAIL: gcc.target/arm/neon/vmla_laneu32.c (test for excess errors)
FAIL: gcc.target/arm/neon/vmla_nf32.c (test for excess errors)
FAIL: gcc.target/arm/neon/vmla_ns16.c (internal compiler error)
FAIL: gcc.target/arm/neon/vmla_ns16.c (test for excess errors)
FAIL: gcc.target/arm/neon/vmla_ns16.c scan-assembler vmla.i16[ \\t]+[dD][0-9]+, [dD][0-9]+, [dD][0-9]+\\\\[[0-9]+\\\\]!?([ \\t]+@[a-zA-Z0-9 ]+)?\\n
FAIL: gcc.target/arm/neon/vmla_ns32.c (test for excess errors)
FAIL: gcc.target/arm/neon/vmla_nu16.c (internal compiler error)
FAIL: gcc.target/arm/neon/vmla_nu16.c (test for excess errors)
FAIL: gcc.target/arm/neon/vmla_nu16.c scan-assembler vmla.i16[ \\t]+[dD][0-9]+, [dD][0-9]+, [dD][0-9]+\\\\[[0-9]+\\\\]!?([ \\t]+@[a-zA-Z0-9 ]+)?\\n
FAIL: gcc.target/arm/neon/vmla_nu32.c (test for excess errors)
FAIL: gcc.target/arm/neon/vmlaf32.c (test for excess errors)
FAIL: gcc.target/arm/neon/vmlal_lanes16.c (test for excess errors)
FAIL: gcc.target/arm/neon/vmlal_lanes32.c (test for excess errors)
FAIL: gcc.target/arm/neon/vmlal_laneu16.c (test for excess errors)
FAIL: gcc.target/arm/neon/vmlal_laneu32.c (test for excess errors)
FAIL: gcc.target/arm/neon/vmlal_ns16.c (internal compiler error)
FAIL: gcc.target/arm/neon/vmlal_ns16.c (test for excess errors)
FAIL: gcc.target/arm/neon/vmlal_ns16.c scan-assembler vmlal.s16[ \\t]+[qQ][0-9]+, [dD][0-9]+, [dD][0-9]+\\\\[[0-9]+\\\\]!?([ \\t]+@[a-zA-Z0-9 ]+)?\\n
FAIL: gcc.target/arm/neon/vmlal_ns32.c (test for excess errors)
FAIL: gcc.target/arm/neon/vmlal_nu16.c (internal compiler error)
FAIL: gcc.target/arm/neon/vmlal_nu16.c (test for excess errors)
FAIL: gcc.target/arm/neon/vmlal_nu16.c scan-assembler vmlal.u16[ \\t]+[qQ][0-9]+, [dD][0-9]+, [dD][0-9]+\\\\[[0-9]+\\\\]!?([ \\t]+@[a-zA-Z0-9 ]+)?\\n
FAIL: gcc.target/arm/neon/vmlal_nu32.c (test for excess errors)
FAIL: gcc.target/arm/neon/vmlals16.c (test for excess errors)
FAIL: gcc.target/arm/neon/vmlals32.c (test for excess errors)
FAIL: gcc.target/arm/neon/vmlals8.c (test for excess errors)
FAIL: gcc.target/arm/neon/vmlalu16.c (test for excess errors)
FAIL: gcc.target/arm/neon/vmlalu32.c (test for excess errors)
FAIL: gcc.target/arm/neon/vmlalu8.c (test for excess errors)
FAIL: gcc.target/arm/neon/vmlas16.c (test for excess errors)
FAIL: gcc.target/arm/neon/vmlas32.c (test for excess errors)
FAIL: gcc.target/arm/neon/vmlas8.c (test for excess errors)
FAIL: gcc.target/arm/neon/vmlau16.c (test for excess errors)
FAIL: gcc.target/arm/neon/vmlau32.c (test for excess errors)
FAIL: gcc.target/arm/neon/vmlau8.c (test for excess errors)
FAIL: gcc.target/arm/neon/vmlsQ_lanef32.c (test for excess errors)
FAIL: gcc.target/arm/neon/vmlsQ_lanes16.c (test for excess errors)
FAIL: gcc.target/arm/neon/vmlsQ_lanes32.c (test for excess errors)
FAIL: gcc.target/arm/neon/vmlsQ_laneu16.c (test for excess errors)
FAIL: gcc.target/arm/neon/vmlsQ_laneu32.c (test for excess errors)
FAIL: gcc.target/arm/neon/vmlsQ_nf32.c (test for excess errors)
FAIL: gcc.target/arm/neon/vmlsQ_ns16.c (internal compiler error)
FAIL: gcc.target/arm/neon/vmlsQ_ns16.c (test for excess errors)
FAIL: gcc.target/arm/neon/vmlsQ_ns16.c scan-assembler vmls.i16[ \\t]+[qQ][0-9]+, [qQ][0-9]+, [dD][0-9]+\\\\[[0-9]+\\\\]!?([ \\t]+@[a-zA-Z0-9 ]+)?\\n
FAIL: gcc.target/arm/neon/vmlsQ_ns32.c (test for excess errors)
FAIL: gcc.target/arm/neon/vmlsQ_nu16.c (internal compiler error)
FAIL: gcc.target/arm/neon/vmlsQ_nu16.c (test for excess errors)
FAIL: gcc.target/arm/neon/vmlsQ_nu16.c scan-assembler vmls.i16[ \\t]+[qQ][0-9]+, [qQ][0-9]+, [dD][0-9]+\\\\[[0-9]+\\\\]!?([ \\t]+@[a-zA-Z0-9 ]+)?\\n
FAIL: gcc.target/arm/neon/vmlsQ_nu32.c (test for excess errors)
FAIL: gcc.target/arm/neon/vmlsQf32.c (test for excess errors)
FAIL: gcc.target/arm/neon/vmlsQs16.c (test for excess errors)
FAIL: gcc.target/arm/neon/vmlsQs32.c (test for excess errors)
FAIL: gcc.target/arm/neon/vmlsQs8.c (test for excess errors)
FAIL: gcc.target/arm/neon/vmlsQu16.c (test for excess errors)
FAIL: gcc.target/arm/neon/vmlsQu32.c (test for excess errors)
FAIL: gcc.target/arm/neon/vmlsQu8.c (test for excess errors)
FAIL: gcc.target/arm/neon/vmls_lanef32.c (test for excess errors)
FAIL: gcc.target/arm/neon/vmls_lanes16.c (test for excess errors)
FAIL: gcc.target/arm/neon/vmls_lanes32.c (test for excess errors)
FAIL: gcc.target/arm/neon/vmls_laneu16.c (test for excess errors)
FAIL: gcc.target/arm/neon/vmls_laneu32.c (test for excess errors)
FAIL: gcc.target/arm/neon/vmls_nf32.c (test for excess errors)
FAIL: gcc.target/arm/neon/vmls_ns16.c (internal compiler error)
FAIL: gcc.target/arm/neon/vmls_ns16.c (test for excess errors)
FAIL: gcc.target/arm/neon/vmls_ns16.c scan-assembler vmls.i16[ \\t]+[dD][0-9]+, [dD][0-9]+, [dD][0-9]+\\\\[[0-9]+\\\\]!?([ \\t]+@[a-zA-Z0-9 ]+)?\\n
FAIL: gcc.target/arm/neon/vmls_ns32.c (test for excess errors)
FAIL: gcc.target/arm/neon/vmls_nu16.c (internal compiler error)
FAIL: gcc.target/arm/neon/vmls_nu16.c (test for excess errors)
FAIL: gcc.target/arm/neon/vmls_nu16.c scan-assembler vmls.i16[ \\t]+[dD][0-9]+, [dD][0-9]+, [dD][0-9]+\\\\[[0-9]+\\\\]!?([ \\t]+@[a-zA-Z0-9 ]+)?\\n
FAIL: gcc.target/arm/neon/vmls_nu32.c (test for excess errors)
FAIL: gcc.target/arm/neon/vmlsf32.c (test for excess errors)
FAIL: gcc.target/arm/neon/vmlsl_lanes16.c (test for excess errors)
FAIL: gcc.target/arm/neon/vmlsl_lanes32.c (test for excess errors)
FAIL: gcc.target/arm/neon/vmlsl_laneu16.c (test for excess errors)
FAIL: gcc.target/arm/neon/vmlsl_laneu32.c (test for excess errors)
FAIL: gcc.target/arm/neon/vmlsl_ns16.c (internal compiler error)
FAIL: gcc.target/arm/neon/vmlsl_ns16.c (test for excess errors)
FAIL: gcc.target/arm/neon/vmlsl_ns16.c scan-assembler vmlsl.s16[ \\t]+[qQ][0-9]+, [dD][0-9]+, [dD][0-9]+\\\\[[0-9]+\\\\]!?([ \\t]+@[a-zA-Z0-9 ]+)?\\n
FAIL: gcc.target/arm/neon/vmlsl_ns32.c (test for excess errors)
FAIL: gcc.target/arm/neon/vmlsl_nu16.c (internal compiler error)
FAIL: gcc.target/arm/neon/vmlsl_nu16.c (test for excess errors)
FAIL: gcc.target/arm/neon/vmlsl_nu16.c scan-assembler vmlsl.u16[ \\t]+[qQ][0-9]+, [dD][0-9]+, [dD][0-9]+\\\\[[0-9]+\\\\]!?([ \\t]+@[a-zA-Z0-9 ]+)?\\n
FAIL: gcc.target/arm/neon/vmlsl_nu32.c (test for excess errors)
FAIL: gcc.target/arm/neon/vmlsls16.c (test for excess errors)
FAIL: gcc.target/arm/neon/vmlsls32.c (test for excess errors)
FAIL: gcc.target/arm/neon/vmlsls8.c (test for excess errors)
FAIL: gcc.target/arm/neon/vmlslu16.c (test for excess errors)
FAIL: gcc.target/arm/neon/vmlslu32.c (test for excess errors)
FAIL: gcc.target/arm/neon/vmlslu8.c (test for excess errors)
FAIL: gcc.target/arm/neon/vmlss16.c (test for excess errors)
FAIL: gcc.target/arm/neon/vmlss32.c (test for excess errors)
FAIL: gcc.target/arm/neon/vmlss8.c (test for excess errors)
FAIL: gcc.target/arm/neon/vmlsu16.c (test for excess errors)
FAIL: gcc.target/arm/neon/vmlsu32.c (test for excess errors)
FAIL: gcc.target/arm/neon/vmlsu8.c (test for excess errors)
FAIL: gcc.target/arm/neon/vmovQ_nf32.c (test for excess errors)
FAIL: gcc.target/arm/neon/vmovQ_np16.c (internal compiler error)
FAIL: gcc.target/arm/neon/vmovQ_np16.c (test for excess errors)
FAIL: gcc.target/arm/neon/vmovQ_np16.c scan-assembler vdup.16[ \\t]+[qQ][0-9]+, [rR][0-9]+!?([ \\t]+@[a-zA-Z0-9 ]+)?\\n
FAIL: gcc.target/arm/neon/vmovQ_np8.c (internal compiler error)
FAIL: gcc.target/arm/neon/vmovQ_np8.c (test for excess errors)
FAIL: gcc.target/arm/neon/vmovQ_np8.c scan-assembler vdup.8[ \\t]+[qQ][0-9]+, [rR][0-9]+!?([ \\t]+@[a-zA-Z0-9 ]+)?\\n
FAIL: gcc.target/arm/neon/vmovQ_ns16.c (internal compiler error)
FAIL: gcc.target/arm/neon/vmovQ_ns16.c (test for excess errors)
FAIL: gcc.target/arm/neon/vmovQ_ns16.c scan-assembler vdup.16[ \\t]+[qQ][0-9]+, [rR][0-9]+!?([ \\t]+@[a-zA-Z0-9 ]+)?\\n
FAIL: gcc.target/arm/neon/vmovQ_ns32.c (test for excess errors)
FAIL: gcc.target/arm/neon/vmovQ_ns64.c (test for excess errors)
FAIL: gcc.target/arm/neon/vmovQ_ns8.c (internal compiler error)
FAIL: gcc.target/arm/neon/vmovQ_ns8.c (test for excess errors)
FAIL: gcc.target/arm/neon/vmovQ_ns8.c scan-assembler vdup.8[ \\t]+[qQ][0-9]+, [rR][0-9]+!?([ \\t]+@[a-zA-Z0-9 ]+)?\\n
FAIL: gcc.target/arm/neon/vmovQ_nu16.c (internal compiler error)
FAIL: gcc.target/arm/neon/vmovQ_nu16.c (test for excess errors)
FAIL: gcc.target/arm/neon/vmovQ_nu16.c scan-assembler vdup.16[ \\t]+[qQ][0-9]+, [rR][0-9]+!?([ \\t]+@[a-zA-Z0-9 ]+)?\\n
FAIL: gcc.target/arm/neon/vmovQ_nu32.c (test for excess errors)
FAIL: gcc.target/arm/neon/vmovQ_nu64.c (test for excess errors)
FAIL: gcc.target/arm/neon/vmovQ_nu8.c (internal compiler error)
FAIL: gcc.target/arm/neon/vmovQ_nu8.c (test for excess errors)
FAIL: gcc.target/arm/neon/vmovQ_nu8.c scan-assembler vdup.8[ \\t]+[qQ][0-9]+, [rR][0-9]+!?([ \\t]+@[a-zA-Z0-9 ]+)?\\n
FAIL: gcc.target/arm/neon/vmov_nf32.c (test for excess errors)
FAIL: gcc.target/arm/neon/vmov_np16.c (internal compiler error)
FAIL: gcc.target/arm/neon/vmov_np16.c (test for excess errors)
FAIL: gcc.target/arm/neon/vmov_np16.c scan-assembler vdup.16[ \\t]+[dD][0-9]+, [rR][0-9]+!?([ \\t]+@[a-zA-Z0-9 ]+)?\\n
FAIL: gcc.target/arm/neon/vmov_np8.c (internal compiler error)
FAIL: gcc.target/arm/neon/vmov_np8.c (test for excess errors)
FAIL: gcc.target/arm/neon/vmov_np8.c scan-assembler vdup.8[ \\t]+[dD][0-9]+, [rR][0-9]+!?([ \\t]+@[a-zA-Z0-9 ]+)?\\n
FAIL: gcc.target/arm/neon/vmov_ns16.c (internal compiler error)
FAIL: gcc.target/arm/neon/vmov_ns16.c (test for excess errors)
FAIL: gcc.target/arm/neon/vmov_ns16.c scan-assembler vdup.16[ \\t]+[dD][0-9]+, [rR][0-9]+!?([ \\t]+@[a-zA-Z0-9 ]+)?\\n
FAIL: gcc.target/arm/neon/vmov_ns32.c (test for excess errors)
FAIL: gcc.target/arm/neon/vmov_ns64.c (test for excess errors)
FAIL: gcc.target/arm/neon/vmov_ns8.c (internal compiler error)
FAIL: gcc.target/arm/neon/vmov_ns8.c (test for excess errors)
FAIL: gcc.target/arm/neon/vmov_ns8.c scan-assembler vdup.8[ \\t]+[dD][0-9]+, [rR][0-9]+!?([ \\t]+@[a-zA-Z0-9 ]+)?\\n
FAIL: gcc.target/arm/neon/vmov_nu16.c (internal compiler error)
FAIL: gcc.target/arm/neon/vmov_nu16.c (test for excess errors)
FAIL: gcc.target/arm/neon/vmov_nu16.c scan-assembler vdup.16[ \\t]+[dD][0-9]+, [rR][0-9]+!?([ \\t]+@[a-zA-Z0-9 ]+)?\\n
FAIL: gcc.target/arm/neon/vmov_nu32.c (test for excess errors)
FAIL: gcc.target/arm/neon/vmov_nu64.c (test for excess errors)
FAIL: gcc.target/arm/neon/vmov_nu8.c (internal compiler error)
FAIL: gcc.target/arm/neon/vmov_nu8.c (test for excess errors)
FAIL: gcc.target/arm/neon/vmov_nu8.c scan-assembler vdup.8[ \\t]+[dD][0-9]+, [rR][0-9]+!?([ \\t]+@[a-zA-Z0-9 ]+)?\\n
FAIL: gcc.target/arm/neon/vmovls16.c (test for excess errors)
FAIL: gcc.target/arm/neon/vmovls32.c (test for excess errors)
FAIL: gcc.target/arm/neon/vmovls8.c (test for excess errors)
FAIL: gcc.target/arm/neon/vmovlu16.c (test for excess errors)
FAIL: gcc.target/arm/neon/vmovlu32.c (test for excess errors)
FAIL: gcc.target/arm/neon/vmovlu8.c (test for excess errors)
FAIL: gcc.target/arm/neon/vmovns16.c (test for excess errors)
FAIL: gcc.target/arm/neon/vmovns32.c (test for excess errors)
FAIL: gcc.target/arm/neon/vmovns64.c (test for excess errors)
FAIL: gcc.target/arm/neon/vmovnu16.c (test for excess errors)
FAIL: gcc.target/arm/neon/vmovnu32.c (test for excess errors)
FAIL: gcc.target/arm/neon/vmovnu64.c (test for excess errors)
FAIL: gcc.target/arm/neon/vmulQ_lanef32.c (test for excess errors)
FAIL: gcc.target/arm/neon/vmulQ_lanes16.c (test for excess errors)
FAIL: gcc.target/arm/neon/vmulQ_lanes32.c (test for excess errors)
FAIL: gcc.target/arm/neon/vmulQ_laneu16.c (test for excess errors)
FAIL: gcc.target/arm/neon/vmulQ_laneu32.c (test for excess errors)
FAIL: gcc.target/arm/neon/vmulQ_nf32.c (test for excess errors)
FAIL: gcc.target/arm/neon/vmulQ_ns16.c (internal compiler error)
FAIL: gcc.target/arm/neon/vmulQ_ns16.c (test for excess errors)
FAIL: gcc.target/arm/neon/vmulQ_ns16.c scan-assembler vmul.i16[ \\t]+[qQ][0-9]+, [qQ][0-9]+, [dD][0-9]+\\\\[[0-9]+\\\\]!?([ \\t]+@[a-zA-Z0-9 ]+)?\\n
FAIL: gcc.target/arm/neon/vmulQ_ns32.c (test for excess errors)
FAIL: gcc.target/arm/neon/vmulQ_nu16.c (internal compiler error)
FAIL: gcc.target/arm/neon/vmulQ_nu16.c (test for excess errors)
FAIL: gcc.target/arm/neon/vmulQ_nu16.c scan-assembler vmul.i16[ \\t]+[qQ][0-9]+, [qQ][0-9]+, [dD][0-9]+\\\\[[0-9]+\\\\]!?([ \\t]+@[a-zA-Z0-9 ]+)?\\n
FAIL: gcc.target/arm/neon/vmulQ_nu32.c (test for excess errors)
FAIL: gcc.target/arm/neon/vmulQf32.c (test for excess errors)
FAIL: gcc.target/arm/neon/vmulQp8.c (test for excess errors)
FAIL: gcc.target/arm/neon/vmulQs16.c (test for excess errors)
FAIL: gcc.target/arm/neon/vmulQs32.c (test for excess errors)
FAIL: gcc.target/arm/neon/vmulQs8.c (test for excess errors)
FAIL: gcc.target/arm/neon/vmulQu16.c (test for excess errors)
FAIL: gcc.target/arm/neon/vmulQu32.c (test for excess errors)
FAIL: gcc.target/arm/neon/vmulQu8.c (test for excess errors)
FAIL: gcc.target/arm/neon/vmul_lanef32.c (test for excess errors)
FAIL: gcc.target/arm/neon/vmul_lanes16.c (test for excess errors)
FAIL: gcc.target/arm/neon/vmul_lanes32.c (test for excess errors)
FAIL: gcc.target/arm/neon/vmul_laneu16.c (test for excess errors)
FAIL: gcc.target/arm/neon/vmul_laneu32.c (test for excess errors)
FAIL: gcc.target/arm/neon/vmul_nf32.c (test for excess errors)
FAIL: gcc.target/arm/neon/vmul_ns16.c (internal compiler error)
FAIL: gcc.target/arm/neon/vmul_ns16.c (test for excess errors)
FAIL: gcc.target/arm/neon/vmul_ns16.c scan-assembler vmul.i16[ \\t]+[dD][0-9]+, [dD][0-9]+, [dD][0-9]+\\\\[[0-9]+\\\\]!?([ \\t]+@[a-zA-Z0-9 ]+)?\\n
FAIL: gcc.target/arm/neon/vmul_ns32.c (test for excess errors)
FAIL: gcc.target/arm/neon/vmul_nu16.c (internal compiler error)
FAIL: gcc.target/arm/neon/vmul_nu16.c (test for excess errors)
FAIL: gcc.target/arm/neon/vmul_nu16.c scan-assembler vmul.i16[ \\t]+[dD][0-9]+, [dD][0-9]+, [dD][0-9]+\\\\[[0-9]+\\\\]!?([ \\t]+@[a-zA-Z0-9 ]+)?\\n
FAIL: gcc.target/arm/neon/vmul_nu32.c (test for excess errors)
FAIL: gcc.target/arm/neon/vmulf32.c (test for excess errors)
FAIL: gcc.target/arm/neon/vmull_lanes16.c (test for excess errors)
FAIL: gcc.target/arm/neon/vmull_lanes32.c (test for excess errors)
FAIL: gcc.target/arm/neon/vmull_laneu16.c (test for excess errors)
FAIL: gcc.target/arm/neon/vmull_laneu32.c (test for excess errors)
FAIL: gcc.target/arm/neon/vmull_ns16.c (internal compiler error)
FAIL: gcc.target/arm/neon/vmull_ns16.c (test for excess errors)
FAIL: gcc.target/arm/neon/vmull_ns16.c scan-assembler vmull.s16[ \\t]+[qQ][0-9]+, [dD][0-9]+, [dD][0-9]+\\\\[[0-9]+\\\\]!?([ \\t]+@[a-zA-Z0-9 ]+)?\\n
FAIL: gcc.target/arm/neon/vmull_ns32.c (test for excess errors)
FAIL: gcc.target/arm/neon/vmull_nu16.c (internal compiler error)
FAIL: gcc.target/arm/neon/vmull_nu16.c (test for excess errors)
FAIL: gcc.target/arm/neon/vmull_nu16.c scan-assembler vmull.u16[ \\t]+[qQ][0-9]+, [dD][0-9]+, [dD][0-9]+\\\\[[0-9]+\\\\]!?([ \\t]+@[a-zA-Z0-9 ]+)?\\n
FAIL: gcc.target/arm/neon/vmull_nu32.c (test for excess errors)
FAIL: gcc.target/arm/neon/vmullp8.c (test for excess errors)
FAIL: gcc.target/arm/neon/vmulls16.c (test for excess errors)
FAIL: gcc.target/arm/neon/vmulls32.c (test for excess errors)
FAIL: gcc.target/arm/neon/vmulls8.c (test for excess errors)
FAIL: gcc.target/arm/neon/vmullu16.c (test for excess errors)
FAIL: gcc.target/arm/neon/vmullu32.c (test for excess errors)
FAIL: gcc.target/arm/neon/vmullu8.c (test for excess errors)
FAIL: gcc.target/arm/neon/vmulp8.c (test for excess errors)
FAIL: gcc.target/arm/neon/vmuls16.c (test for excess errors)
FAIL: gcc.target/arm/neon/vmuls32.c (test for excess errors)
FAIL: gcc.target/arm/neon/vmuls8.c (test for excess errors)
FAIL: gcc.target/arm/neon/vmulu16.c (test for excess errors)
FAIL: gcc.target/arm/neon/vmulu32.c (test for excess errors)
FAIL: gcc.target/arm/neon/vmulu8.c (test for excess errors)
FAIL: gcc.target/arm/neon/vmvnQp8.c (test for excess errors)
FAIL: gcc.target/arm/neon/vmvnQs16.c (test for excess errors)
FAIL: gcc.target/arm/neon/vmvnQs32.c (test for excess errors)
FAIL: gcc.target/arm/neon/vmvnQs8.c (test for excess errors)
FAIL: gcc.target/arm/neon/vmvnQu16.c (test for excess errors)
FAIL: gcc.target/arm/neon/vmvnQu32.c (test for excess errors)
FAIL: gcc.target/arm/neon/vmvnQu8.c (test for excess errors)
FAIL: gcc.target/arm/neon/vmvnp8.c (test for excess errors)
FAIL: gcc.target/arm/neon/vmvns16.c (test for excess errors)
FAIL: gcc.target/arm/neon/vmvns32.c (test for excess errors)
FAIL: gcc.target/arm/neon/vmvns8.c (test for excess errors)
FAIL: gcc.target/arm/neon/vmvnu16.c (test for excess errors)
FAIL: gcc.target/arm/neon/vmvnu32.c (test for excess errors)
FAIL: gcc.target/arm/neon/vmvnu8.c (test for excess errors)
FAIL: gcc.target/arm/neon/vnegQf32.c (test for excess errors)
FAIL: gcc.target/arm/neon/vnegQs16.c (test for excess errors)
FAIL: gcc.target/arm/neon/vnegQs32.c (test for excess errors)
FAIL: gcc.target/arm/neon/vnegQs8.c (test for excess errors)
FAIL: gcc.target/arm/neon/vnegf32.c (test for excess errors)
FAIL: gcc.target/arm/neon/vnegs16.c (test for excess errors)
FAIL: gcc.target/arm/neon/vnegs32.c (test for excess errors)
FAIL: gcc.target/arm/neon/vnegs8.c (test for excess errors)
FAIL: gcc.target/arm/neon/vornQs16.c (test for excess errors)
FAIL: gcc.target/arm/neon/vornQs32.c (test for excess errors)
FAIL: gcc.target/arm/neon/vornQs64.c (test for excess errors)
FAIL: gcc.target/arm/neon/vornQs8.c (test for excess errors)
FAIL: gcc.target/arm/neon/vornQu16.c (test for excess errors)
FAIL: gcc.target/arm/neon/vornQu32.c (test for excess errors)
FAIL: gcc.target/arm/neon/vornQu64.c (test for excess errors)
FAIL: gcc.target/arm/neon/vornQu8.c (test for excess errors)
FAIL: gcc.target/arm/neon/vorns16.c (test for excess errors)
FAIL: gcc.target/arm/neon/vorns32.c (test for excess errors)
FAIL: gcc.target/arm/neon/vorns64.c (test for excess errors)
FAIL: gcc.target/arm/neon/vorns8.c (test for excess errors)
FAIL: gcc.target/arm/neon/vornu16.c (test for excess errors)
FAIL: gcc.target/arm/neon/vornu32.c (test for excess errors)
FAIL: gcc.target/arm/neon/vornu64.c (test for excess errors)
FAIL: gcc.target/arm/neon/vornu8.c (test for excess errors)
FAIL: gcc.target/arm/neon/vorrQs16.c (test for excess errors)
FAIL: gcc.target/arm/neon/vorrQs32.c (test for excess errors)
FAIL: gcc.target/arm/neon/vorrQs64.c (test for excess errors)
FAIL: gcc.target/arm/neon/vorrQs8.c (test for excess errors)
FAIL: gcc.target/arm/neon/vorrQu16.c (test for excess errors)
FAIL: gcc.target/arm/neon/vorrQu32.c (test for excess errors)
FAIL: gcc.target/arm/neon/vorrQu64.c (test for excess errors)
FAIL: gcc.target/arm/neon/vorrQu8.c (test for excess errors)
FAIL: gcc.target/arm/neon/vorrs16.c (test for excess errors)
FAIL: gcc.target/arm/neon/vorrs32.c (test for excess errors)
FAIL: gcc.target/arm/neon/vorrs64.c (test for excess errors)
FAIL: gcc.target/arm/neon/vorrs8.c (test for excess errors)
FAIL: gcc.target/arm/neon/vorru16.c (test for excess errors)
FAIL: gcc.target/arm/neon/vorru32.c (test for excess errors)
FAIL: gcc.target/arm/neon/vorru64.c (test for excess errors)
FAIL: gcc.target/arm/neon/vorru8.c (test for excess errors)
FAIL: gcc.target/arm/neon/vpadalQs16.c (test for excess errors)
FAIL: gcc.target/arm/neon/vpadalQs32.c (test for excess errors)
FAIL: gcc.target/arm/neon/vpadalQs8.c (test for excess errors)
FAIL: gcc.target/arm/neon/vpadalQu16.c (test for excess errors)
FAIL: gcc.target/arm/neon/vpadalQu32.c (test for excess errors)
FAIL: gcc.target/arm/neon/vpadalQu8.c (test for excess errors)
FAIL: gcc.target/arm/neon/vpadals16.c (test for excess errors)
FAIL: gcc.target/arm/neon/vpadals32.c (test for excess errors)
FAIL: gcc.target/arm/neon/vpadals8.c (test for excess errors)
FAIL: gcc.target/arm/neon/vpadalu16.c (test for excess errors)
FAIL: gcc.target/arm/neon/vpadalu32.c (test for excess errors)
FAIL: gcc.target/arm/neon/vpadalu8.c (test for excess errors)
FAIL: gcc.target/arm/neon/vpaddf32.c (test for excess errors)
FAIL: gcc.target/arm/neon/vpaddlQs16.c (test for excess errors)
FAIL: gcc.target/arm/neon/vpaddlQs32.c (test for excess errors)
FAIL: gcc.target/arm/neon/vpaddlQs8.c (test for excess errors)
FAIL: gcc.target/arm/neon/vpaddlQu16.c (test for excess errors)
FAIL: gcc.target/arm/neon/vpaddlQu32.c (test for excess errors)
FAIL: gcc.target/arm/neon/vpaddlQu8.c (test for excess errors)
FAIL: gcc.target/arm/neon/vpaddls16.c (test for excess errors)
FAIL: gcc.target/arm/neon/vpaddls32.c (test for excess errors)
FAIL: gcc.target/arm/neon/vpaddls8.c (test for excess errors)
FAIL: gcc.target/arm/neon/vpaddlu16.c (test for excess errors)
FAIL: gcc.target/arm/neon/vpaddlu32.c (test for excess errors)
FAIL: gcc.target/arm/neon/vpaddlu8.c (test for excess errors)
FAIL: gcc.target/arm/neon/vpadds16.c (test for excess errors)
FAIL: gcc.target/arm/neon/vpadds32.c (test for excess errors)
FAIL: gcc.target/arm/neon/vpadds8.c (test for excess errors)
FAIL: gcc.target/arm/neon/vpaddu16.c (test for excess errors)
FAIL: gcc.target/arm/neon/vpaddu32.c (test for excess errors)
FAIL: gcc.target/arm/neon/vpaddu8.c (test for excess errors)
FAIL: gcc.target/arm/neon/vpmaxf32.c (test for excess errors)
FAIL: gcc.target/arm/neon/vpmaxs16.c (test for excess errors)
FAIL: gcc.target/arm/neon/vpmaxs32.c (test for excess errors)
FAIL: gcc.target/arm/neon/vpmaxs8.c (test for excess errors)
FAIL: gcc.target/arm/neon/vpmaxu16.c (test for excess errors)
FAIL: gcc.target/arm/neon/vpmaxu32.c (test for excess errors)
FAIL: gcc.target/arm/neon/vpmaxu8.c (test for excess errors)
FAIL: gcc.target/arm/neon/vpminf32.c (test for excess errors)
FAIL: gcc.target/arm/neon/vpmins16.c (test for excess errors)
FAIL: gcc.target/arm/neon/vpmins32.c (test for excess errors)
FAIL: gcc.target/arm/neon/vpmins8.c (test for excess errors)
FAIL: gcc.target/arm/neon/vpminu16.c (test for excess errors)
FAIL: gcc.target/arm/neon/vpminu32.c (test for excess errors)
FAIL: gcc.target/arm/neon/vpminu8.c (test for excess errors)
FAIL: gcc.target/arm/neon/vqRdmulhQ_lanes16.c (test for excess errors)
FAIL: gcc.target/arm/neon/vqRdmulhQ_lanes32.c (test for excess errors)
FAIL: gcc.target/arm/neon/vqRdmulhQ_ns16.c (internal compiler error)
FAIL: gcc.target/arm/neon/vqRdmulhQ_ns16.c (test for excess errors)
FAIL: gcc.target/arm/neon/vqRdmulhQ_ns16.c scan-assembler vqrdmulh.s16[ \\t]+[qQ][0-9]+, [qQ][0-9]+, [dD][0-9]+\\\\[[0-9]+\\\\]!?([ \\t]+@[a-zA-Z0-9 ]+)?\\n
FAIL: gcc.target/arm/neon/vqRdmulhQ_ns32.c (test for excess errors)
FAIL: gcc.target/arm/neon/vqRdmulhQs16.c (test for excess errors)
FAIL: gcc.target/arm/neon/vqRdmulhQs32.c (test for excess errors)
FAIL: gcc.target/arm/neon/vqRdmulh_lanes16.c (test for excess errors)
FAIL: gcc.target/arm/neon/vqRdmulh_lanes32.c (test for excess errors)
FAIL: gcc.target/arm/neon/vqRdmulh_ns16.c (internal compiler error)
FAIL: gcc.target/arm/neon/vqRdmulh_ns16.c (test for excess errors)
FAIL: gcc.target/arm/neon/vqRdmulh_ns16.c scan-assembler vqrdmulh.s16[ \\t]+[dD][0-9]+, [dD][0-9]+, [dD][0-9]+\\\\[[0-9]+\\\\]!?([ \\t]+@[a-zA-Z0-9 ]+)?\\n
FAIL: gcc.target/arm/neon/vqRdmulh_ns32.c (test for excess errors)
FAIL: gcc.target/arm/neon/vqRdmulhs16.c (test for excess errors)
FAIL: gcc.target/arm/neon/vqRdmulhs32.c (test for excess errors)
FAIL: gcc.target/arm/neon/vqRshlQs16.c (test for excess errors)
FAIL: gcc.target/arm/neon/vqRshlQs32.c (test for excess errors)
FAIL: gcc.target/arm/neon/vqRshlQs64.c (test for excess errors)
FAIL: gcc.target/arm/neon/vqRshlQs8.c (test for excess errors)
FAIL: gcc.target/arm/neon/vqRshlQu16.c (test for excess errors)
FAIL: gcc.target/arm/neon/vqRshlQu32.c (test for excess errors)
FAIL: gcc.target/arm/neon/vqRshlQu64.c (test for excess errors)
FAIL: gcc.target/arm/neon/vqRshlQu8.c (test for excess errors)
FAIL: gcc.target/arm/neon/vqRshls16.c (test for excess errors)
FAIL: gcc.target/arm/neon/vqRshls32.c (test for excess errors)
FAIL: gcc.target/arm/neon/vqRshls64.c (test for excess errors)
FAIL: gcc.target/arm/neon/vqRshls8.c (test for excess errors)
FAIL: gcc.target/arm/neon/vqRshlu16.c (test for excess errors)
FAIL: gcc.target/arm/neon/vqRshlu32.c (test for excess errors)
FAIL: gcc.target/arm/neon/vqRshlu64.c (test for excess errors)
FAIL: gcc.target/arm/neon/vqRshlu8.c (test for excess errors)
FAIL: gcc.target/arm/neon/vqRshrn_ns16.c (test for excess errors)
FAIL: gcc.target/arm/neon/vqRshrn_ns32.c (test for excess errors)
FAIL: gcc.target/arm/neon/vqRshrn_ns64.c (test for excess errors)
FAIL: gcc.target/arm/neon/vqRshrn_nu16.c (test for excess errors)
FAIL: gcc.target/arm/neon/vqRshrn_nu32.c (test for excess errors)
FAIL: gcc.target/arm/neon/vqRshrn_nu64.c (test for excess errors)
FAIL: gcc.target/arm/neon/vqRshrun_ns16.c (test for excess errors)
FAIL: gcc.target/arm/neon/vqRshrun_ns32.c (test for excess errors)
FAIL: gcc.target/arm/neon/vqRshrun_ns64.c (test for excess errors)
FAIL: gcc.target/arm/neon/vqabsQs16.c (test for excess errors)
FAIL: gcc.target/arm/neon/vqabsQs32.c (test for excess errors)
FAIL: gcc.target/arm/neon/vqabsQs8.c (test for excess errors)
FAIL: gcc.target/arm/neon/vqabss16.c (test for excess errors)
FAIL: gcc.target/arm/neon/vqabss32.c (test for excess errors)
FAIL: gcc.target/arm/neon/vqabss8.c (test for excess errors)
FAIL: gcc.target/arm/neon/vqaddQs16.c (test for excess errors)
FAIL: gcc.target/arm/neon/vqaddQs32.c (test for excess errors)
FAIL: gcc.target/arm/neon/vqaddQs64.c (test for excess errors)
FAIL: gcc.target/arm/neon/vqaddQs8.c (test for excess errors)
FAIL: gcc.target/arm/neon/vqaddQu16.c (test for excess errors)
FAIL: gcc.target/arm/neon/vqaddQu32.c (test for excess errors)
FAIL: gcc.target/arm/neon/vqaddQu64.c (test for excess errors)
FAIL: gcc.target/arm/neon/vqaddQu8.c (test for excess errors)
FAIL: gcc.target/arm/neon/vqadds16.c (test for excess errors)
FAIL: gcc.target/arm/neon/vqadds32.c (test for excess errors)
FAIL: gcc.target/arm/neon/vqadds64.c (test for excess errors)
FAIL: gcc.target/arm/neon/vqadds8.c (test for excess errors)
FAIL: gcc.target/arm/neon/vqaddu16.c (test for excess errors)
FAIL: gcc.target/arm/neon/vqaddu32.c (test for excess errors)
FAIL: gcc.target/arm/neon/vqaddu64.c (test for excess errors)
FAIL: gcc.target/arm/neon/vqaddu8.c (test for excess errors)
FAIL: gcc.target/arm/neon/vqdmlal_lanes16.c (test for excess errors)
FAIL: gcc.target/arm/neon/vqdmlal_lanes32.c (test for excess errors)
FAIL: gcc.target/arm/neon/vqdmlal_ns16.c (internal compiler error)
FAIL: gcc.target/arm/neon/vqdmlal_ns16.c (test for excess errors)
FAIL: gcc.target/arm/neon/vqdmlal_ns16.c scan-assembler vqdmlal.s16[ \\t]+[qQ][0-9]+, [dD][0-9]+, [dD][0-9]+\\\\[[0-9]+\\\\]!?([ \\t]+@[a-zA-Z0-9 ]+)?\\n
FAIL: gcc.target/arm/neon/vqdmlal_ns32.c (test for excess errors)
FAIL: gcc.target/arm/neon/vqdmlals16.c (test for excess errors)
FAIL: gcc.target/arm/neon/vqdmlals32.c (test for excess errors)
FAIL: gcc.target/arm/neon/vqdmlsl_lanes16.c (test for excess errors)
FAIL: gcc.target/arm/neon/vqdmlsl_lanes32.c (test for excess errors)
FAIL: gcc.target/arm/neon/vqdmlsl_ns16.c (internal compiler error)
FAIL: gcc.target/arm/neon/vqdmlsl_ns16.c (test for excess errors)
FAIL: gcc.target/arm/neon/vqdmlsl_ns16.c scan-assembler vqdmlsl.s16[ \\t]+[qQ][0-9]+, [dD][0-9]+, [dD][0-9]+\\\\[[0-9]+\\\\]!?([ \\t]+@[a-zA-Z0-9 ]+)?\\n
FAIL: gcc.target/arm/neon/vqdmlsl_ns32.c (test for excess errors)
FAIL: gcc.target/arm/neon/vqdmlsls16.c (test for excess errors)
FAIL: gcc.target/arm/neon/vqdmlsls32.c (test for excess errors)
FAIL: gcc.target/arm/neon/vqdmulhQ_lanes16.c (test for excess errors)
FAIL: gcc.target/arm/neon/vqdmulhQ_lanes32.c (test for excess errors)
FAIL: gcc.target/arm/neon/vqdmulhQ_ns16.c (internal compiler error)
FAIL: gcc.target/arm/neon/vqdmulhQ_ns16.c (test for excess errors)
FAIL: gcc.target/arm/neon/vqdmulhQ_ns16.c scan-assembler vqdmulh.s16[ \\t]+[qQ][0-9]+, [qQ][0-9]+, [dD][0-9]+\\\\[[0-9]+\\\\]!?([ \\t]+@[a-zA-Z0-9 ]+)?\\n
FAIL: gcc.target/arm/neon/vqdmulhQ_ns32.c (test for excess errors)
FAIL: gcc.target/arm/neon/vqdmulhQs16.c (test for excess errors)
FAIL: gcc.target/arm/neon/vqdmulhQs32.c (test for excess errors)
FAIL: gcc.target/arm/neon/vqdmulh_lanes16.c (test for excess errors)
FAIL: gcc.target/arm/neon/vqdmulh_lanes32.c (test for excess errors)
FAIL: gcc.target/arm/neon/vqdmulh_ns16.c (internal compiler error)
FAIL: gcc.target/arm/neon/vqdmulh_ns16.c (test for excess errors)
FAIL: gcc.target/arm/neon/vqdmulh_ns16.c scan-assembler vqdmulh.s16[ \\t]+[dD][0-9]+, [dD][0-9]+, [dD][0-9]+\\\\[[0-9]+\\\\]!?([ \\t]+@[a-zA-Z0-9 ]+)?\\n
FAIL: gcc.target/arm/neon/vqdmulh_ns32.c (test for excess errors)
FAIL: gcc.target/arm/neon/vqdmulhs16.c (test for excess errors)
FAIL: gcc.target/arm/neon/vqdmulhs32.c (test for excess errors)
FAIL: gcc.target/arm/neon/vqdmull_lanes16.c (test for excess errors)
FAIL: gcc.target/arm/neon/vqdmull_lanes32.c (test for excess errors)
FAIL: gcc.target/arm/neon/vqdmull_ns16.c (internal compiler error)
FAIL: gcc.target/arm/neon/vqdmull_ns16.c (test for excess errors)
FAIL: gcc.target/arm/neon/vqdmull_ns16.c scan-assembler vqdmull.s16[ \\t]+[qQ][0-9]+, [dD][0-9]+, [dD][0-9]+\\\\[[0-9]+\\\\]!?([ \\t]+@[a-zA-Z0-9 ]+)?\\n
FAIL: gcc.target/arm/neon/vqdmull_ns32.c (test for excess errors)
FAIL: gcc.target/arm/neon/vqdmulls16.c (test for excess errors)
FAIL: gcc.target/arm/neon/vqdmulls32.c (test for excess errors)
FAIL: gcc.target/arm/neon/vqmovns16.c (test for excess errors)
FAIL: gcc.target/arm/neon/vqmovns32.c (test for excess errors)
FAIL: gcc.target/arm/neon/vqmovns64.c (test for excess errors)
FAIL: gcc.target/arm/neon/vqmovnu16.c (test for excess errors)
FAIL: gcc.target/arm/neon/vqmovnu32.c (test for excess errors)
FAIL: gcc.target/arm/neon/vqmovnu64.c (test for excess errors)
FAIL: gcc.target/arm/neon/vqmovuns16.c (test for excess errors)
FAIL: gcc.target/arm/neon/vqmovuns32.c (test for excess errors)
FAIL: gcc.target/arm/neon/vqmovuns64.c (test for excess errors)
FAIL: gcc.target/arm/neon/vqnegQs16.c (test for excess errors)
FAIL: gcc.target/arm/neon/vqnegQs32.c (test for excess errors)
FAIL: gcc.target/arm/neon/vqnegQs8.c (test for excess errors)
FAIL: gcc.target/arm/neon/vqnegs16.c (test for excess errors)
FAIL: gcc.target/arm/neon/vqnegs32.c (test for excess errors)
FAIL: gcc.target/arm/neon/vqnegs8.c (test for excess errors)
FAIL: gcc.target/arm/neon/vqshlQ_ns16.c (test for excess errors)
FAIL: gcc.target/arm/neon/vqshlQ_ns32.c (test for excess errors)
FAIL: gcc.target/arm/neon/vqshlQ_ns64.c (test for excess errors)
FAIL: gcc.target/arm/neon/vqshlQ_ns8.c (test for excess errors)
FAIL: gcc.target/arm/neon/vqshlQ_nu16.c (test for excess errors)
FAIL: gcc.target/arm/neon/vqshlQ_nu32.c (test for excess errors)
FAIL: gcc.target/arm/neon/vqshlQ_nu64.c (test for excess errors)
FAIL: gcc.target/arm/neon/vqshlQ_nu8.c (test for excess errors)
FAIL: gcc.target/arm/neon/vqshlQs16.c (test for excess errors)
FAIL: gcc.target/arm/neon/vqshlQs32.c (test for excess errors)
FAIL: gcc.target/arm/neon/vqshlQs64.c (test for excess errors)
FAIL: gcc.target/arm/neon/vqshlQs8.c (test for excess errors)
FAIL: gcc.target/arm/neon/vqshlQu16.c (test for excess errors)
FAIL: gcc.target/arm/neon/vqshlQu32.c (test for excess errors)
FAIL: gcc.target/arm/neon/vqshlQu64.c (test for excess errors)
FAIL: gcc.target/arm/neon/vqshlQu8.c (test for excess errors)
FAIL: gcc.target/arm/neon/vqshl_ns16.c (test for excess errors)
FAIL: gcc.target/arm/neon/vqshl_ns32.c (test for excess errors)
FAIL: gcc.target/arm/neon/vqshl_ns64.c (test for excess errors)
FAIL: gcc.target/arm/neon/vqshl_ns8.c (test for excess errors)
FAIL: gcc.target/arm/neon/vqshl_nu16.c (test for excess errors)
FAIL: gcc.target/arm/neon/vqshl_nu32.c (test for excess errors)
FAIL: gcc.target/arm/neon/vqshl_nu64.c (test for excess errors)
FAIL: gcc.target/arm/neon/vqshl_nu8.c (test for excess errors)
FAIL: gcc.target/arm/neon/vqshls16.c (test for excess errors)
FAIL: gcc.target/arm/neon/vqshls32.c (test for excess errors)
FAIL: gcc.target/arm/neon/vqshls64.c (test for excess errors)
FAIL: gcc.target/arm/neon/vqshls8.c (test for excess errors)
FAIL: gcc.target/arm/neon/vqshlu16.c (test for excess errors)
FAIL: gcc.target/arm/neon/vqshlu32.c (test for excess errors)
FAIL: gcc.target/arm/neon/vqshlu64.c (test for excess errors)
FAIL: gcc.target/arm/neon/vqshlu8.c (test for excess errors)
FAIL: gcc.target/arm/neon/vqshluQ_ns16.c (test for excess errors)
FAIL: gcc.target/arm/neon/vqshluQ_ns32.c (test for excess errors)
FAIL: gcc.target/arm/neon/vqshluQ_ns64.c (test for excess errors)
FAIL: gcc.target/arm/neon/vqshluQ_ns8.c (test for excess errors)
FAIL: gcc.target/arm/neon/vqshlu_ns16.c (test for excess errors)
FAIL: gcc.target/arm/neon/vqshlu_ns32.c (test for excess errors)
FAIL: gcc.target/arm/neon/vqshlu_ns64.c (test for excess errors)
FAIL: gcc.target/arm/neon/vqshlu_ns8.c (test for excess errors)
FAIL: gcc.target/arm/neon/vqshrn_ns16.c (test for excess errors)
FAIL: gcc.target/arm/neon/vqshrn_ns32.c (test for excess errors)
FAIL: gcc.target/arm/neon/vqshrn_ns64.c (test for excess errors)
FAIL: gcc.target/arm/neon/vqshrn_nu16.c (test for excess errors)
FAIL: gcc.target/arm/neon/vqshrn_nu32.c (test for excess errors)
FAIL: gcc.target/arm/neon/vqshrn_nu64.c (test for excess errors)
FAIL: gcc.target/arm/neon/vqshrun_ns16.c (test for excess errors)
FAIL: gcc.target/arm/neon/vqshrun_ns32.c (test for excess errors)
FAIL: gcc.target/arm/neon/vqshrun_ns64.c (test for excess errors)
FAIL: gcc.target/arm/neon/vqsubQs16.c (test for excess errors)
FAIL: gcc.target/arm/neon/vqsubQs32.c (test for excess errors)
FAIL: gcc.target/arm/neon/vqsubQs64.c (test for excess errors)
FAIL: gcc.target/arm/neon/vqsubQs8.c (test for excess errors)
FAIL: gcc.target/arm/neon/vqsubQu16.c (test for excess errors)
FAIL: gcc.target/arm/neon/vqsubQu32.c (test for excess errors)
FAIL: gcc.target/arm/neon/vqsubQu64.c (test for excess errors)
FAIL: gcc.target/arm/neon/vqsubQu8.c (test for excess errors)
FAIL: gcc.target/arm/neon/vqsubs16.c (test for excess errors)
FAIL: gcc.target/arm/neon/vqsubs32.c (test for excess errors)
FAIL: gcc.target/arm/neon/vqsubs64.c (test for excess errors)
FAIL: gcc.target/arm/neon/vqsubs8.c (test for excess errors)
FAIL: gcc.target/arm/neon/vqsubu16.c (test for excess errors)
FAIL: gcc.target/arm/neon/vqsubu32.c (test for excess errors)
FAIL: gcc.target/arm/neon/vqsubu64.c (test for excess errors)
FAIL: gcc.target/arm/neon/vqsubu8.c (test for excess errors)
FAIL: gcc.target/arm/neon/vrecpeQf32.c (test for excess errors)
FAIL: gcc.target/arm/neon/vrecpeQu32.c (test for excess errors)
FAIL: gcc.target/arm/neon/vrecpef32.c (test for excess errors)
FAIL: gcc.target/arm/neon/vrecpeu32.c (test for excess errors)
FAIL: gcc.target/arm/neon/vrecpsQf32.c (test for excess errors)
FAIL: gcc.target/arm/neon/vrecpsf32.c (test for excess errors)
FAIL: gcc.target/arm/neon/vreinterpretQf32_p16.c (test for excess errors)
FAIL: gcc.target/arm/neon/vreinterpretQf32_p8.c (test for excess errors)
FAIL: gcc.target/arm/neon/vreinterpretQf32_s16.c (test for excess errors)
FAIL: gcc.target/arm/neon/vreinterpretQf32_s32.c (test for excess errors)
FAIL: gcc.target/arm/neon/vreinterpretQf32_s64.c (test for excess errors)
FAIL: gcc.target/arm/neon/vreinterpretQf32_s8.c (test for excess errors)
FAIL: gcc.target/arm/neon/vreinterpretQf32_u16.c (test for excess errors)
FAIL: gcc.target/arm/neon/vreinterpretQf32_u32.c (test for excess errors)
FAIL: gcc.target/arm/neon/vreinterpretQf32_u64.c (test for excess errors)
FAIL: gcc.target/arm/neon/vreinterpretQf32_u8.c (test for excess errors)
FAIL: gcc.target/arm/neon/vreinterpretQp16_f32.c (test for excess errors)
FAIL: gcc.target/arm/neon/vreinterpretQp16_p8.c (test for excess errors)
FAIL: gcc.target/arm/neon/vreinterpretQp16_s16.c (test for excess errors)
FAIL: gcc.target/arm/neon/vreinterpretQp16_s32.c (test for excess errors)
FAIL: gcc.target/arm/neon/vreinterpretQp16_s64.c (test for excess errors)
FAIL: gcc.target/arm/neon/vreinterpretQp16_s8.c (test for excess errors)
FAIL: gcc.target/arm/neon/vreinterpretQp16_u16.c (test for excess errors)
FAIL: gcc.target/arm/neon/vreinterpretQp16_u32.c (test for excess errors)
FAIL: gcc.target/arm/neon/vreinterpretQp16_u64.c (test for excess errors)
FAIL: gcc.target/arm/neon/vreinterpretQp16_u8.c (test for excess errors)
FAIL: gcc.target/arm/neon/vreinterpretQp8_f32.c (test for excess errors)
FAIL: gcc.target/arm/neon/vreinterpretQp8_p16.c (test for excess errors)
FAIL: gcc.target/arm/neon/vreinterpretQp8_s16.c (test for excess errors)
FAIL: gcc.target/arm/neon/vreinterpretQp8_s32.c (test for excess errors)
FAIL: gcc.target/arm/neon/vreinterpretQp8_s64.c (test for excess errors)
FAIL: gcc.target/arm/neon/vreinterpretQp8_s8.c (test for excess errors)
FAIL: gcc.target/arm/neon/vreinterpretQp8_u16.c (test for excess errors)
FAIL: gcc.target/arm/neon/vreinterpretQp8_u32.c (test for excess errors)
FAIL: gcc.target/arm/neon/vreinterpretQp8_u64.c (test for excess errors)
FAIL: gcc.target/arm/neon/vreinterpretQp8_u8.c (test for excess errors)
FAIL: gcc.target/arm/neon/vreinterpretQs16_f32.c (test for excess errors)
FAIL: gcc.target/arm/neon/vreinterpretQs16_p16.c (test for excess errors)
FAIL: gcc.target/arm/neon/vreinterpretQs16_p8.c (test for excess errors)
FAIL: gcc.target/arm/neon/vreinterpretQs16_s32.c (test for excess errors)
FAIL: gcc.target/arm/neon/vreinterpretQs16_s64.c (test for excess errors)
FAIL: gcc.target/arm/neon/vreinterpretQs16_s8.c (test for excess errors)
FAIL: gcc.target/arm/neon/vreinterpretQs16_u16.c (test for excess errors)
FAIL: gcc.target/arm/neon/vreinterpretQs16_u32.c (test for excess errors)
FAIL: gcc.target/arm/neon/vreinterpretQs16_u64.c (test for excess errors)
FAIL: gcc.target/arm/neon/vreinterpretQs16_u8.c (test for excess errors)
FAIL: gcc.target/arm/neon/vreinterpretQs32_f32.c (test for excess errors)
FAIL: gcc.target/arm/neon/vreinterpretQs32_p16.c (test for excess errors)
FAIL: gcc.target/arm/neon/vreinterpretQs32_p8.c (test for excess errors)
FAIL: gcc.target/arm/neon/vreinterpretQs32_s16.c (test for excess errors)
FAIL: gcc.target/arm/neon/vreinterpretQs32_s64.c (test for excess errors)
FAIL: gcc.target/arm/neon/vreinterpretQs32_s8.c (test for excess errors)
FAIL: gcc.target/arm/neon/vreinterpretQs32_u16.c (test for excess errors)
FAIL: gcc.target/arm/neon/vreinterpretQs32_u32.c (test for excess errors)
FAIL: gcc.target/arm/neon/vreinterpretQs32_u64.c (test for excess errors)
FAIL: gcc.target/arm/neon/vreinterpretQs32_u8.c (test for excess errors)
FAIL: gcc.target/arm/neon/vreinterpretQs64_f32.c (test for excess errors)
FAIL: gcc.target/arm/neon/vreinterpretQs64_p16.c (test for excess errors)
FAIL: gcc.target/arm/neon/vreinterpretQs64_p8.c (test for excess errors)
FAIL: gcc.target/arm/neon/vreinterpretQs64_s16.c (test for excess errors)
FAIL: gcc.target/arm/neon/vreinterpretQs64_s32.c (test for excess errors)
FAIL: gcc.target/arm/neon/vreinterpretQs64_s8.c (test for excess errors)
FAIL: gcc.target/arm/neon/vreinterpretQs64_u16.c (test for excess errors)
FAIL: gcc.target/arm/neon/vreinterpretQs64_u32.c (test for excess errors)
FAIL: gcc.target/arm/neon/vreinterpretQs64_u64.c (test for excess errors)
FAIL: gcc.target/arm/neon/vreinterpretQs64_u8.c (test for excess errors)
FAIL: gcc.target/arm/neon/vreinterpretQs8_f32.c (test for excess errors)
FAIL: gcc.target/arm/neon/vreinterpretQs8_p16.c (test for excess errors)
FAIL: gcc.target/arm/neon/vreinterpretQs8_p8.c (test for excess errors)
FAIL: gcc.target/arm/neon/vreinterpretQs8_s16.c (test for excess errors)
FAIL: gcc.target/arm/neon/vreinterpretQs8_s32.c (test for excess errors)
FAIL: gcc.target/arm/neon/vreinterpretQs8_s64.c (test for excess errors)
FAIL: gcc.target/arm/neon/vreinterpretQs8_u16.c (test for excess errors)
FAIL: gcc.target/arm/neon/vreinterpretQs8_u32.c (test for excess errors)
FAIL: gcc.target/arm/neon/vreinterpretQs8_u64.c (test for excess errors)
FAIL: gcc.target/arm/neon/vreinterpretQs8_u8.c (test for excess errors)
FAIL: gcc.target/arm/neon/vreinterpretQu16_f32.c (test for excess errors)
FAIL: gcc.target/arm/neon/vreinterpretQu16_p16.c (test for excess errors)
FAIL: gcc.target/arm/neon/vreinterpretQu16_p8.c (test for excess errors)
FAIL: gcc.target/arm/neon/vreinterpretQu16_s16.c (test for excess errors)
FAIL: gcc.target/arm/neon/vreinterpretQu16_s32.c (test for excess errors)
FAIL: gcc.target/arm/neon/vreinterpretQu16_s64.c (test for excess errors)
FAIL: gcc.target/arm/neon/vreinterpretQu16_s8.c (test for excess errors)
FAIL: gcc.target/arm/neon/vreinterpretQu16_u32.c (test for excess errors)
FAIL: gcc.target/arm/neon/vreinterpretQu16_u64.c (test for excess errors)
FAIL: gcc.target/arm/neon/vreinterpretQu16_u8.c (test for excess errors)
FAIL: gcc.target/arm/neon/vreinterpretQu32_f32.c (test for excess errors)
FAIL: gcc.target/arm/neon/vreinterpretQu32_p16.c (test for excess errors)
FAIL: gcc.target/arm/neon/vreinterpretQu32_p8.c (test for excess errors)
FAIL: gcc.target/arm/neon/vreinterpretQu32_s16.c (test for excess errors)
FAIL: gcc.target/arm/neon/vreinterpretQu32_s32.c (test for excess errors)
FAIL: gcc.target/arm/neon/vreinterpretQu32_s64.c (test for excess errors)
FAIL: gcc.target/arm/neon/vreinterpretQu32_s8.c (test for excess errors)
FAIL: gcc.target/arm/neon/vreinterpretQu32_u16.c (test for excess errors)
FAIL: gcc.target/arm/neon/vreinterpretQu32_u64.c (test for excess errors)
FAIL: gcc.target/arm/neon/vreinterpretQu32_u8.c (test for excess errors)
FAIL: gcc.target/arm/neon/vreinterpretQu64_f32.c (test for excess errors)
FAIL: gcc.target/arm/neon/vreinterpretQu64_p16.c (test for excess errors)
FAIL: gcc.target/arm/neon/vreinterpretQu64_p8.c (test for excess errors)
FAIL: gcc.target/arm/neon/vreinterpretQu64_s16.c (test for excess errors)
FAIL: gcc.target/arm/neon/vreinterpretQu64_s32.c (test for excess errors)
FAIL: gcc.target/arm/neon/vreinterpretQu64_s64.c (test for excess errors)
FAIL: gcc.target/arm/neon/vreinterpretQu64_s8.c (test for excess errors)
FAIL: gcc.target/arm/neon/vreinterpretQu64_u16.c (test for excess errors)
FAIL: gcc.target/arm/neon/vreinterpretQu64_u32.c (test for excess errors)
FAIL: gcc.target/arm/neon/vreinterpretQu64_u8.c (test for excess errors)
FAIL: gcc.target/arm/neon/vreinterpretQu8_f32.c (test for excess errors)
FAIL: gcc.target/arm/neon/vreinterpretQu8_p16.c (test for excess errors)
FAIL: gcc.target/arm/neon/vreinterpretQu8_p8.c (test for excess errors)
FAIL: gcc.target/arm/neon/vreinterpretQu8_s16.c (test for excess errors)
FAIL: gcc.target/arm/neon/vreinterpretQu8_s32.c (test for excess errors)
FAIL: gcc.target/arm/neon/vreinterpretQu8_s64.c (test for excess errors)
FAIL: gcc.target/arm/neon/vreinterpretQu8_s8.c (test for excess errors)
FAIL: gcc.target/arm/neon/vreinterpretQu8_u16.c (test for excess errors)
FAIL: gcc.target/arm/neon/vreinterpretQu8_u32.c (test for excess errors)
FAIL: gcc.target/arm/neon/vreinterpretQu8_u64.c (test for excess errors)
FAIL: gcc.target/arm/neon/vreinterpretf32_p16.c (test for excess errors)
FAIL: gcc.target/arm/neon/vreinterpretf32_p8.c (test for excess errors)
FAIL: gcc.target/arm/neon/vreinterpretf32_s16.c (test for excess errors)
FAIL: gcc.target/arm/neon/vreinterpretf32_s32.c (test for excess errors)
FAIL: gcc.target/arm/neon/vreinterpretf32_s64.c (test for excess errors)
FAIL: gcc.target/arm/neon/vreinterpretf32_s8.c (test for excess errors)
FAIL: gcc.target/arm/neon/vreinterpretf32_u16.c (test for excess errors)
FAIL: gcc.target/arm/neon/vreinterpretf32_u32.c (test for excess errors)
FAIL: gcc.target/arm/neon/vreinterpretf32_u64.c (test for excess errors)
FAIL: gcc.target/arm/neon/vreinterpretf32_u8.c (test for excess errors)
FAIL: gcc.target/arm/neon/vreinterpretp16_f32.c (test for excess errors)
FAIL: gcc.target/arm/neon/vreinterpretp16_p8.c (test for excess errors)
FAIL: gcc.target/arm/neon/vreinterpretp16_s16.c (test for excess errors)
FAIL: gcc.target/arm/neon/vreinterpretp16_s32.c (test for excess errors)
FAIL: gcc.target/arm/neon/vreinterpretp16_s64.c (test for excess errors)
FAIL: gcc.target/arm/neon/vreinterpretp16_s8.c (test for excess errors)
FAIL: gcc.target/arm/neon/vreinterpretp16_u16.c (test for excess errors)
FAIL: gcc.target/arm/neon/vreinterpretp16_u32.c (test for excess errors)
FAIL: gcc.target/arm/neon/vreinterpretp16_u64.c (test for excess errors)
FAIL: gcc.target/arm/neon/vreinterpretp16_u8.c (test for excess errors)
FAIL: gcc.target/arm/neon/vreinterpretp8_f32.c (test for excess errors)
FAIL: gcc.target/arm/neon/vreinterpretp8_p16.c (test for excess errors)
FAIL: gcc.target/arm/neon/vreinterpretp8_s16.c (test for excess errors)
FAIL: gcc.target/arm/neon/vreinterpretp8_s32.c (test for excess errors)
FAIL: gcc.target/arm/neon/vreinterpretp8_s64.c (test for excess errors)
FAIL: gcc.target/arm/neon/vreinterpretp8_s8.c (test for excess errors)
FAIL: gcc.target/arm/neon/vreinterpretp8_u16.c (test for excess errors)
FAIL: gcc.target/arm/neon/vreinterpretp8_u32.c (test for excess errors)
FAIL: gcc.target/arm/neon/vreinterpretp8_u64.c (test for excess errors)
FAIL: gcc.target/arm/neon/vreinterpretp8_u8.c (test for excess errors)
FAIL: gcc.target/arm/neon/vreinterprets16_f32.c (test for excess errors)
FAIL: gcc.target/arm/neon/vreinterprets16_p16.c (test for excess errors)
FAIL: gcc.target/arm/neon/vreinterprets16_p8.c (test for excess errors)
FAIL: gcc.target/arm/neon/vreinterprets16_s32.c (test for excess errors)
FAIL: gcc.target/arm/neon/vreinterprets16_s64.c (test for excess errors)
FAIL: gcc.target/arm/neon/vreinterprets16_s8.c (test for excess errors)
FAIL: gcc.target/arm/neon/vreinterprets16_u16.c (test for excess errors)
FAIL: gcc.target/arm/neon/vreinterprets16_u32.c (test for excess errors)
FAIL: gcc.target/arm/neon/vreinterprets16_u64.c (test for excess errors)
FAIL: gcc.target/arm/neon/vreinterprets16_u8.c (test for excess errors)
FAIL: gcc.target/arm/neon/vreinterprets32_f32.c (test for excess errors)
FAIL: gcc.target/arm/neon/vreinterprets32_p16.c (test for excess errors)
FAIL: gcc.target/arm/neon/vreinterprets32_p8.c (test for excess errors)
FAIL: gcc.target/arm/neon/vreinterprets32_s16.c (test for excess errors)
FAIL: gcc.target/arm/neon/vreinterprets32_s64.c (test for excess errors)
FAIL: gcc.target/arm/neon/vreinterprets32_s8.c (test for excess errors)
FAIL: gcc.target/arm/neon/vreinterprets32_u16.c (test for excess errors)
FAIL: gcc.target/arm/neon/vreinterprets32_u32.c (test for excess errors)
FAIL: gcc.target/arm/neon/vreinterprets32_u64.c (test for excess errors)
FAIL: gcc.target/arm/neon/vreinterprets32_u8.c (test for excess errors)
FAIL: gcc.target/arm/neon/vreinterprets64_f32.c (test for excess errors)
FAIL: gcc.target/arm/neon/vreinterprets64_p16.c (test for excess errors)
FAIL: gcc.target/arm/neon/vreinterprets64_p8.c (test for excess errors)
FAIL: gcc.target/arm/neon/vreinterprets64_s16.c (test for excess errors)
FAIL: gcc.target/arm/neon/vreinterprets64_s32.c (test for excess errors)
FAIL: gcc.target/arm/neon/vreinterprets64_s8.c (test for excess errors)
FAIL: gcc.target/arm/neon/vreinterprets64_u16.c (test for excess errors)
FAIL: gcc.target/arm/neon/vreinterprets64_u32.c (test for excess errors)
FAIL: gcc.target/arm/neon/vreinterprets64_u64.c (test for excess errors)
FAIL: gcc.target/arm/neon/vreinterprets64_u8.c (test for excess errors)
FAIL: gcc.target/arm/neon/vreinterprets8_f32.c (test for excess errors)
FAIL: gcc.target/arm/neon/vreinterprets8_p16.c (test for excess errors)
FAIL: gcc.target/arm/neon/vreinterprets8_p8.c (test for excess errors)
FAIL: gcc.target/arm/neon/vreinterprets8_s16.c (test for excess errors)
FAIL: gcc.target/arm/neon/vreinterprets8_s32.c (test for excess errors)
FAIL: gcc.target/arm/neon/vreinterprets8_s64.c (test for excess errors)
FAIL: gcc.target/arm/neon/vreinterprets8_u16.c (test for excess errors)
FAIL: gcc.target/arm/neon/vreinterprets8_u32.c (test for excess errors)
FAIL: gcc.target/arm/neon/vreinterprets8_u64.c (test for excess errors)
FAIL: gcc.target/arm/neon/vreinterprets8_u8.c (test for excess errors)
FAIL: gcc.target/arm/neon/vreinterpretu16_f32.c (test for excess errors)
FAIL: gcc.target/arm/neon/vreinterpretu16_p16.c (test for excess errors)
FAIL: gcc.target/arm/neon/vreinterpretu16_p8.c (test for excess errors)
FAIL: gcc.target/arm/neon/vreinterpretu16_s16.c (test for excess errors)
FAIL: gcc.target/arm/neon/vreinterpretu16_s32.c (test for excess errors)
FAIL: gcc.target/arm/neon/vreinterpretu16_s64.c (test for excess errors)
FAIL: gcc.target/arm/neon/vreinterpretu16_s8.c (test for excess errors)
FAIL: gcc.target/arm/neon/vreinterpretu16_u32.c (test for excess errors)
FAIL: gcc.target/arm/neon/vreinterpretu16_u64.c (test for excess errors)
FAIL: gcc.target/arm/neon/vreinterpretu16_u8.c (test for excess errors)
FAIL: gcc.target/arm/neon/vreinterpretu32_f32.c (test for excess errors)
FAIL: gcc.target/arm/neon/vreinterpretu32_p16.c (test for excess errors)
FAIL: gcc.target/arm/neon/vreinterpretu32_p8.c (test for excess errors)
FAIL: gcc.target/arm/neon/vreinterpretu32_s16.c (test for excess errors)
FAIL: gcc.target/arm/neon/vreinterpretu32_s32.c (test for excess errors)
FAIL: gcc.target/arm/neon/vreinterpretu32_s64.c (test for excess errors)
FAIL: gcc.target/arm/neon/vreinterpretu32_s8.c (test for excess errors)
FAIL: gcc.target/arm/neon/vreinterpretu32_u16.c (test for excess errors)
FAIL: gcc.target/arm/neon/vreinterpretu32_u64.c (test for excess errors)
FAIL: gcc.target/arm/neon/vreinterpretu32_u8.c (test for excess errors)
FAIL: gcc.target/arm/neon/vreinterpretu64_f32.c (test for excess errors)
FAIL: gcc.target/arm/neon/vreinterpretu64_p16.c (test for excess errors)
FAIL: gcc.target/arm/neon/vreinterpretu64_p8.c (test for excess errors)
FAIL: gcc.target/arm/neon/vreinterpretu64_s16.c (test for excess errors)
FAIL: gcc.target/arm/neon/vreinterpretu64_s32.c (test for excess errors)
FAIL: gcc.target/arm/neon/vreinterpretu64_s64.c (test for excess errors)
FAIL: gcc.target/arm/neon/vreinterpretu64_s8.c (test for excess errors)
FAIL: gcc.target/arm/neon/vreinterpretu64_u16.c (test for excess errors)
FAIL: gcc.target/arm/neon/vreinterpretu64_u32.c (test for excess errors)
FAIL: gcc.target/arm/neon/vreinterpretu64_u8.c (test for excess errors)
FAIL: gcc.target/arm/neon/vreinterpretu8_f32.c (test for excess errors)
FAIL: gcc.target/arm/neon/vreinterpretu8_p16.c (test for excess errors)
FAIL: gcc.target/arm/neon/vreinterpretu8_p8.c (test for excess errors)
FAIL: gcc.target/arm/neon/vreinterpretu8_s16.c (test for excess errors)
FAIL: gcc.target/arm/neon/vreinterpretu8_s32.c (test for excess errors)
FAIL: gcc.target/arm/neon/vreinterpretu8_s64.c (test for excess errors)
FAIL: gcc.target/arm/neon/vreinterpretu8_s8.c (test for excess errors)
FAIL: gcc.target/arm/neon/vreinterpretu8_u16.c (test for excess errors)
FAIL: gcc.target/arm/neon/vreinterpretu8_u32.c (test for excess errors)
FAIL: gcc.target/arm/neon/vreinterpretu8_u64.c (test for excess errors)
FAIL: gcc.target/arm/neon/vrev16Qp8.c (test for excess errors)
FAIL: gcc.target/arm/neon/vrev16Qs8.c (test for excess errors)
FAIL: gcc.target/arm/neon/vrev16Qu8.c (test for excess errors)
FAIL: gcc.target/arm/neon/vrev16p8.c (test for excess errors)
FAIL: gcc.target/arm/neon/vrev16s8.c (test for excess errors)
FAIL: gcc.target/arm/neon/vrev16u8.c (test for excess errors)
FAIL: gcc.target/arm/neon/vrev32Qp16.c (test for excess errors)
FAIL: gcc.target/arm/neon/vrev32Qp8.c (test for excess errors)
FAIL: gcc.target/arm/neon/vrev32Qs16.c (test for excess errors)
FAIL: gcc.target/arm/neon/vrev32Qs8.c (test for excess errors)
FAIL: gcc.target/arm/neon/vrev32Qu16.c (test for excess errors)
FAIL: gcc.target/arm/neon/vrev32Qu8.c (test for excess errors)
FAIL: gcc.target/arm/neon/vrev32p16.c (test for excess errors)
FAIL: gcc.target/arm/neon/vrev32p8.c (test for excess errors)
FAIL: gcc.target/arm/neon/vrev32s16.c (test for excess errors)
FAIL: gcc.target/arm/neon/vrev32s8.c (test for excess errors)
FAIL: gcc.target/arm/neon/vrev32u16.c (test for excess errors)
FAIL: gcc.target/arm/neon/vrev32u8.c (test for excess errors)
FAIL: gcc.target/arm/neon/vrev64Qf32.c (test for excess errors)
FAIL: gcc.target/arm/neon/vrev64Qp16.c (test for excess errors)
FAIL: gcc.target/arm/neon/vrev64Qp8.c (test for excess errors)
FAIL: gcc.target/arm/neon/vrev64Qs16.c (test for excess errors)
FAIL: gcc.target/arm/neon/vrev64Qs32.c (test for excess errors)
FAIL: gcc.target/arm/neon/vrev64Qs8.c (test for excess errors)
FAIL: gcc.target/arm/neon/vrev64Qu16.c (test for excess errors)
FAIL: gcc.target/arm/neon/vrev64Qu32.c (test for excess errors)
FAIL: gcc.target/arm/neon/vrev64Qu8.c (test for excess errors)
FAIL: gcc.target/arm/neon/vrev64f32.c (test for excess errors)
FAIL: gcc.target/arm/neon/vrev64p16.c (test for excess errors)
FAIL: gcc.target/arm/neon/vrev64p8.c (test for excess errors)
FAIL: gcc.target/arm/neon/vrev64s16.c (test for excess errors)
FAIL: gcc.target/arm/neon/vrev64s32.c (test for excess errors)
FAIL: gcc.target/arm/neon/vrev64s8.c (test for excess errors)
FAIL: gcc.target/arm/neon/vrev64u16.c (test for excess errors)
FAIL: gcc.target/arm/neon/vrev64u32.c (test for excess errors)
FAIL: gcc.target/arm/neon/vrev64u8.c (test for excess errors)
FAIL: gcc.target/arm/neon/vrsqrteQf32.c (test for excess errors)
FAIL: gcc.target/arm/neon/vrsqrteQu32.c (test for excess errors)
FAIL: gcc.target/arm/neon/vrsqrtef32.c (test for excess errors)
FAIL: gcc.target/arm/neon/vrsqrteu32.c (test for excess errors)
FAIL: gcc.target/arm/neon/vrsqrtsQf32.c (test for excess errors)
FAIL: gcc.target/arm/neon/vrsqrtsf32.c (test for excess errors)
FAIL: gcc.target/arm/neon/vsetQ_lanef32.c (test for excess errors)
FAIL: gcc.target/arm/neon/vsetQ_lanep16.c (internal compiler error)
FAIL: gcc.target/arm/neon/vsetQ_lanep16.c (test for excess errors)
FAIL: gcc.target/arm/neon/vsetQ_lanep16.c scan-assembler vmov.16[ \\t]+[dD][0-9]+\\\\[[0-9]+\\\\], [rR][0-9]+!?([ \\t]+@[a-zA-Z0-9 ]+)?\\n
FAIL: gcc.target/arm/neon/vsetQ_lanep8.c (internal compiler error)
FAIL: gcc.target/arm/neon/vsetQ_lanep8.c (test for excess errors)
FAIL: gcc.target/arm/neon/vsetQ_lanep8.c scan-assembler vmov.8[ \\t]+[dD][0-9]+\\\\[[0-9]+\\\\], [rR][0-9]+!?([ \\t]+@[a-zA-Z0-9 ]+)?\\n
FAIL: gcc.target/arm/neon/vsetQ_lanes16.c (internal compiler error)
FAIL: gcc.target/arm/neon/vsetQ_lanes16.c (test for excess errors)
FAIL: gcc.target/arm/neon/vsetQ_lanes16.c scan-assembler vmov.16[ \\t]+[dD][0-9]+\\\\[[0-9]+\\\\], [rR][0-9]+!?([ \\t]+@[a-zA-Z0-9 ]+)?\\n
FAIL: gcc.target/arm/neon/vsetQ_lanes32.c (test for excess errors)
FAIL: gcc.target/arm/neon/vsetQ_lanes64.c (test for excess errors)
FAIL: gcc.target/arm/neon/vsetQ_lanes8.c (internal compiler error)
FAIL: gcc.target/arm/neon/vsetQ_lanes8.c (test for excess errors)
FAIL: gcc.target/arm/neon/vsetQ_lanes8.c scan-assembler vmov.8[ \\t]+[dD][0-9]+\\\\[[0-9]+\\\\], [rR][0-9]+!?([ \\t]+@[a-zA-Z0-9 ]+)?\\n
FAIL: gcc.target/arm/neon/vsetQ_laneu16.c (internal compiler error)
FAIL: gcc.target/arm/neon/vsetQ_laneu16.c (test for excess errors)
FAIL: gcc.target/arm/neon/vsetQ_laneu16.c scan-assembler vmov.16[ \\t]+[dD][0-9]+\\\\[[0-9]+\\\\], [rR][0-9]+!?([ \\t]+@[a-zA-Z0-9 ]+)?\\n
FAIL: gcc.target/arm/neon/vsetQ_laneu32.c (test for excess errors)
FAIL: gcc.target/arm/neon/vsetQ_laneu64.c (test for excess errors)
FAIL: gcc.target/arm/neon/vsetQ_laneu8.c (internal compiler error)
FAIL: gcc.target/arm/neon/vsetQ_laneu8.c (test for excess errors)
FAIL: gcc.target/arm/neon/vsetQ_laneu8.c scan-assembler vmov.8[ \\t]+[dD][0-9]+\\\\[[0-9]+\\\\], [rR][0-9]+!?([ \\t]+@[a-zA-Z0-9 ]+)?\\n
FAIL: gcc.target/arm/neon/vset_lanef32.c (test for excess errors)
FAIL: gcc.target/arm/neon/vset_lanep16.c (internal compiler error)
FAIL: gcc.target/arm/neon/vset_lanep16.c (test for excess errors)
FAIL: gcc.target/arm/neon/vset_lanep16.c scan-assembler vmov.16[ \\t]+[dD][0-9]+\\\\[[0-9]+\\\\], [rR][0-9]+!?([ \\t]+@[a-zA-Z0-9 ]+)?\\n
FAIL: gcc.target/arm/neon/vset_lanep8.c (internal compiler error)
FAIL: gcc.target/arm/neon/vset_lanep8.c (test for excess errors)
FAIL: gcc.target/arm/neon/vset_lanep8.c scan-assembler vmov.8[ \\t]+[dD][0-9]+\\\\[[0-9]+\\\\], [rR][0-9]+!?([ \\t]+@[a-zA-Z0-9 ]+)?\\n
FAIL: gcc.target/arm/neon/vset_lanes16.c (internal compiler error)
FAIL: gcc.target/arm/neon/vset_lanes16.c (test for excess errors)
FAIL: gcc.target/arm/neon/vset_lanes16.c scan-assembler vmov.16[ \\t]+[dD][0-9]+\\\\[[0-9]+\\\\], [rR][0-9]+!?([ \\t]+@[a-zA-Z0-9 ]+)?\\n
FAIL: gcc.target/arm/neon/vset_lanes32.c (test for excess errors)
FAIL: gcc.target/arm/neon/vset_lanes64.c (test for excess errors)
FAIL: gcc.target/arm/neon/vset_lanes8.c (internal compiler error)
FAIL: gcc.target/arm/neon/vset_lanes8.c (test for excess errors)
FAIL: gcc.target/arm/neon/vset_lanes8.c scan-assembler vmov.8[ \\t]+[dD][0-9]+\\\\[[0-9]+\\\\], [rR][0-9]+!?([ \\t]+@[a-zA-Z0-9 ]+)?\\n
FAIL: gcc.target/arm/neon/vset_laneu16.c (internal compiler error)
FAIL: gcc.target/arm/neon/vset_laneu16.c (test for excess errors)
FAIL: gcc.target/arm/neon/vset_laneu16.c scan-assembler vmov.16[ \\t]+[dD][0-9]+\\\\[[0-9]+\\\\], [rR][0-9]+!?([ \\t]+@[a-zA-Z0-9 ]+)?\\n
FAIL: gcc.target/arm/neon/vset_laneu32.c (test for excess errors)
FAIL: gcc.target/arm/neon/vset_laneu64.c (test for excess errors)
FAIL: gcc.target/arm/neon/vset_laneu8.c (internal compiler error)
FAIL: gcc.target/arm/neon/vset_laneu8.c (test for excess errors)
FAIL: gcc.target/arm/neon/vset_laneu8.c scan-assembler vmov.8[ \\t]+[dD][0-9]+\\\\[[0-9]+\\\\], [rR][0-9]+!?([ \\t]+@[a-zA-Z0-9 ]+)?\\n
FAIL: gcc.target/arm/neon/vshlQ_ns16.c (test for excess errors)
FAIL: gcc.target/arm/neon/vshlQ_ns32.c (test for excess errors)
FAIL: gcc.target/arm/neon/vshlQ_ns64.c (test for excess errors)
FAIL: gcc.target/arm/neon/vshlQ_ns8.c (test for excess errors)
FAIL: gcc.target/arm/neon/vshlQ_nu16.c (test for excess errors)
FAIL: gcc.target/arm/neon/vshlQ_nu32.c (test for excess errors)
FAIL: gcc.target/arm/neon/vshlQ_nu64.c (test for excess errors)
FAIL: gcc.target/arm/neon/vshlQ_nu8.c (test for excess errors)
FAIL: gcc.target/arm/neon/vshlQs16.c (test for excess errors)
FAIL: gcc.target/arm/neon/vshlQs32.c (test for excess errors)
FAIL: gcc.target/arm/neon/vshlQs64.c (test for excess errors)
FAIL: gcc.target/arm/neon/vshlQs8.c (test for excess errors)
FAIL: gcc.target/arm/neon/vshlQu16.c (test for excess errors)
FAIL: gcc.target/arm/neon/vshlQu32.c (test for excess errors)
FAIL: gcc.target/arm/neon/vshlQu64.c (test for excess errors)
FAIL: gcc.target/arm/neon/vshlQu8.c (test for excess errors)
FAIL: gcc.target/arm/neon/vshl_ns16.c (test for excess errors)
FAIL: gcc.target/arm/neon/vshl_ns32.c (test for excess errors)
FAIL: gcc.target/arm/neon/vshl_ns64.c (test for excess errors)
FAIL: gcc.target/arm/neon/vshl_ns8.c (test for excess errors)
FAIL: gcc.target/arm/neon/vshl_nu16.c (test for excess errors)
FAIL: gcc.target/arm/neon/vshl_nu32.c (test for excess errors)
FAIL: gcc.target/arm/neon/vshl_nu64.c (test for excess errors)
FAIL: gcc.target/arm/neon/vshl_nu8.c (test for excess errors)
FAIL: gcc.target/arm/neon/vshll_ns16.c (test for excess errors)
FAIL: gcc.target/arm/neon/vshll_ns32.c (test for excess errors)
FAIL: gcc.target/arm/neon/vshll_ns8.c (test for excess errors)
FAIL: gcc.target/arm/neon/vshll_nu16.c (test for excess errors)
FAIL: gcc.target/arm/neon/vshll_nu32.c (test for excess errors)
FAIL: gcc.target/arm/neon/vshll_nu8.c (test for excess errors)
FAIL: gcc.target/arm/neon/vshls16.c (test for excess errors)
FAIL: gcc.target/arm/neon/vshls32.c (test for excess errors)
FAIL: gcc.target/arm/neon/vshls64.c (test for excess errors)
FAIL: gcc.target/arm/neon/vshls8.c (test for excess errors)
FAIL: gcc.target/arm/neon/vshlu16.c (test for excess errors)
FAIL: gcc.target/arm/neon/vshlu32.c (test for excess errors)
FAIL: gcc.target/arm/neon/vshlu64.c (test for excess errors)
FAIL: gcc.target/arm/neon/vshlu8.c (test for excess errors)
FAIL: gcc.target/arm/neon/vshrQ_ns16.c (test for excess errors)
FAIL: gcc.target/arm/neon/vshrQ_ns32.c (test for excess errors)
FAIL: gcc.target/arm/neon/vshrQ_ns64.c (test for excess errors)
FAIL: gcc.target/arm/neon/vshrQ_ns8.c (test for excess errors)
FAIL: gcc.target/arm/neon/vshrQ_nu16.c (test for excess errors)
FAIL: gcc.target/arm/neon/vshrQ_nu32.c (test for excess errors)
FAIL: gcc.target/arm/neon/vshrQ_nu64.c (test for excess errors)
FAIL: gcc.target/arm/neon/vshrQ_nu8.c (test for excess errors)
FAIL: gcc.target/arm/neon/vshr_ns16.c (test for excess errors)
FAIL: gcc.target/arm/neon/vshr_ns32.c (test for excess errors)
FAIL: gcc.target/arm/neon/vshr_ns64.c (test for excess errors)
FAIL: gcc.target/arm/neon/vshr_ns8.c (test for excess errors)
FAIL: gcc.target/arm/neon/vshr_nu16.c (test for excess errors)
FAIL: gcc.target/arm/neon/vshr_nu32.c (test for excess errors)
FAIL: gcc.target/arm/neon/vshr_nu64.c (test for excess errors)
FAIL: gcc.target/arm/neon/vshr_nu8.c (test for excess errors)
FAIL: gcc.target/arm/neon/vshrn_ns16.c (test for excess errors)
FAIL: gcc.target/arm/neon/vshrn_ns32.c (test for excess errors)
FAIL: gcc.target/arm/neon/vshrn_ns64.c (test for excess errors)
FAIL: gcc.target/arm/neon/vshrn_nu16.c (test for excess errors)
FAIL: gcc.target/arm/neon/vshrn_nu32.c (test for excess errors)
FAIL: gcc.target/arm/neon/vshrn_nu64.c (test for excess errors)
FAIL: gcc.target/arm/neon/vsliQ_np16.c (test for excess errors)
FAIL: gcc.target/arm/neon/vsliQ_np8.c (test for excess errors)
FAIL: gcc.target/arm/neon/vsliQ_ns16.c (test for excess errors)
FAIL: gcc.target/arm/neon/vsliQ_ns32.c (test for excess errors)
FAIL: gcc.target/arm/neon/vsliQ_ns64.c (test for excess errors)
FAIL: gcc.target/arm/neon/vsliQ_ns8.c (test for excess errors)
FAIL: gcc.target/arm/neon/vsliQ_nu16.c (test for excess errors)
FAIL: gcc.target/arm/neon/vsliQ_nu32.c (test for excess errors)
FAIL: gcc.target/arm/neon/vsliQ_nu64.c (test for excess errors)
FAIL: gcc.target/arm/neon/vsliQ_nu8.c (test for excess errors)
FAIL: gcc.target/arm/neon/vsli_np16.c (test for excess errors)
FAIL: gcc.target/arm/neon/vsli_np8.c (test for excess errors)
FAIL: gcc.target/arm/neon/vsli_ns16.c (test for excess errors)
FAIL: gcc.target/arm/neon/vsli_ns32.c (test for excess errors)
FAIL: gcc.target/arm/neon/vsli_ns64.c (test for excess errors)
FAIL: gcc.target/arm/neon/vsli_ns8.c (test for excess errors)
FAIL: gcc.target/arm/neon/vsli_nu16.c (test for excess errors)
FAIL: gcc.target/arm/neon/vsli_nu32.c (test for excess errors)
FAIL: gcc.target/arm/neon/vsli_nu64.c (test for excess errors)
FAIL: gcc.target/arm/neon/vsli_nu8.c (test for excess errors)
FAIL: gcc.target/arm/neon/vsraQ_ns16.c (test for excess errors)
FAIL: gcc.target/arm/neon/vsraQ_ns32.c (test for excess errors)
FAIL: gcc.target/arm/neon/vsraQ_ns64.c (test for excess errors)
FAIL: gcc.target/arm/neon/vsraQ_ns8.c (test for excess errors)
FAIL: gcc.target/arm/neon/vsraQ_nu16.c (test for excess errors)
FAIL: gcc.target/arm/neon/vsraQ_nu32.c (test for excess errors)
FAIL: gcc.target/arm/neon/vsraQ_nu64.c (test for excess errors)
FAIL: gcc.target/arm/neon/vsraQ_nu8.c (test for excess errors)
FAIL: gcc.target/arm/neon/vsra_ns16.c (test for excess errors)
FAIL: gcc.target/arm/neon/vsra_ns32.c (test for excess errors)
FAIL: gcc.target/arm/neon/vsra_ns64.c (test for excess errors)
FAIL: gcc.target/arm/neon/vsra_ns8.c (test for excess errors)
FAIL: gcc.target/arm/neon/vsra_nu16.c (test for excess errors)
FAIL: gcc.target/arm/neon/vsra_nu32.c (test for excess errors)
FAIL: gcc.target/arm/neon/vsra_nu64.c (test for excess errors)
FAIL: gcc.target/arm/neon/vsra_nu8.c (test for excess errors)
FAIL: gcc.target/arm/neon/vsriQ_np16.c (test for excess errors)
FAIL: gcc.target/arm/neon/vsriQ_np8.c (test for excess errors)
FAIL: gcc.target/arm/neon/vsriQ_ns16.c (test for excess errors)
FAIL: gcc.target/arm/neon/vsriQ_ns32.c (test for excess errors)
FAIL: gcc.target/arm/neon/vsriQ_ns64.c (test for excess errors)
FAIL: gcc.target/arm/neon/vsriQ_ns8.c (test for excess errors)
FAIL: gcc.target/arm/neon/vsriQ_nu16.c (test for excess errors)
FAIL: gcc.target/arm/neon/vsriQ_nu32.c (test for excess errors)
FAIL: gcc.target/arm/neon/vsriQ_nu64.c (test for excess errors)
FAIL: gcc.target/arm/neon/vsriQ_nu8.c (test for excess errors)
FAIL: gcc.target/arm/neon/vsri_np16.c (test for excess errors)
FAIL: gcc.target/arm/neon/vsri_np8.c (test for excess errors)
FAIL: gcc.target/arm/neon/vsri_ns16.c (test for excess errors)
FAIL: gcc.target/arm/neon/vsri_ns32.c (test for excess errors)
FAIL: gcc.target/arm/neon/vsri_ns64.c (test for excess errors)
FAIL: gcc.target/arm/neon/vsri_ns8.c (test for excess errors)
FAIL: gcc.target/arm/neon/vsri_nu16.c (test for excess errors)
FAIL: gcc.target/arm/neon/vsri_nu32.c (test for excess errors)
FAIL: gcc.target/arm/neon/vsri_nu64.c (test for excess errors)
FAIL: gcc.target/arm/neon/vsri_nu8.c (test for excess errors)
FAIL: gcc.target/arm/neon/vst1Q_lanef32.c (test for excess errors)
FAIL: gcc.target/arm/neon/vst1Q_lanep16.c (test for excess errors)
FAIL: gcc.target/arm/neon/vst1Q_lanep8.c (test for excess errors)
FAIL: gcc.target/arm/neon/vst1Q_lanes16.c (test for excess errors)
FAIL: gcc.target/arm/neon/vst1Q_lanes32.c (test for excess errors)
FAIL: gcc.target/arm/neon/vst1Q_lanes64.c (test for excess errors)
FAIL: gcc.target/arm/neon/vst1Q_lanes8.c (test for excess errors)
FAIL: gcc.target/arm/neon/vst1Q_laneu16.c (test for excess errors)
FAIL: gcc.target/arm/neon/vst1Q_laneu32.c (test for excess errors)
FAIL: gcc.target/arm/neon/vst1Q_laneu64.c (test for excess errors)
FAIL: gcc.target/arm/neon/vst1Q_laneu8.c (test for excess errors)
FAIL: gcc.target/arm/neon/vst1Qf32.c (test for excess errors)
FAIL: gcc.target/arm/neon/vst1Qp16.c (test for excess errors)
FAIL: gcc.target/arm/neon/vst1Qp8.c (test for excess errors)
FAIL: gcc.target/arm/neon/vst1Qs16.c (test for excess errors)
FAIL: gcc.target/arm/neon/vst1Qs32.c (test for excess errors)
FAIL: gcc.target/arm/neon/vst1Qs64.c (test for excess errors)
FAIL: gcc.target/arm/neon/vst1Qs8.c (test for excess errors)
FAIL: gcc.target/arm/neon/vst1Qu16.c (test for excess errors)
FAIL: gcc.target/arm/neon/vst1Qu32.c (test for excess errors)
FAIL: gcc.target/arm/neon/vst1Qu64.c (test for excess errors)
FAIL: gcc.target/arm/neon/vst1Qu8.c (test for excess errors)
FAIL: gcc.target/arm/neon/vst1_lanef32.c (test for excess errors)
FAIL: gcc.target/arm/neon/vst1_lanep16.c (test for excess errors)
FAIL: gcc.target/arm/neon/vst1_lanep8.c (test for excess errors)
FAIL: gcc.target/arm/neon/vst1_lanes16.c (test for excess errors)
FAIL: gcc.target/arm/neon/vst1_lanes32.c (test for excess errors)
FAIL: gcc.target/arm/neon/vst1_lanes64.c (test for excess errors)
FAIL: gcc.target/arm/neon/vst1_lanes8.c (test for excess errors)
FAIL: gcc.target/arm/neon/vst1_laneu16.c (test for excess errors)
FAIL: gcc.target/arm/neon/vst1_laneu32.c (test for excess errors)
FAIL: gcc.target/arm/neon/vst1_laneu64.c (test for excess errors)
FAIL: gcc.target/arm/neon/vst1_laneu8.c (test for excess errors)
FAIL: gcc.target/arm/neon/vst1f32.c (test for excess errors)
FAIL: gcc.target/arm/neon/vst1p16.c (test for excess errors)
FAIL: gcc.target/arm/neon/vst1p8.c (test for excess errors)
FAIL: gcc.target/arm/neon/vst1s16.c (test for excess errors)
FAIL: gcc.target/arm/neon/vst1s32.c (test for excess errors)
FAIL: gcc.target/arm/neon/vst1s64.c (test for excess errors)
FAIL: gcc.target/arm/neon/vst1s8.c (test for excess errors)
FAIL: gcc.target/arm/neon/vst1u16.c (test for excess errors)
FAIL: gcc.target/arm/neon/vst1u32.c (test for excess errors)
FAIL: gcc.target/arm/neon/vst1u64.c (test for excess errors)
FAIL: gcc.target/arm/neon/vst1u8.c (test for excess errors)
FAIL: gcc.target/arm/neon/vst2Q_lanef32.c (test for excess errors)
FAIL: gcc.target/arm/neon/vst2Q_lanep16.c (test for excess errors)
FAIL: gcc.target/arm/neon/vst2Q_lanes16.c (test for excess errors)
FAIL: gcc.target/arm/neon/vst2Q_lanes32.c (test for excess errors)
FAIL: gcc.target/arm/neon/vst2Q_laneu16.c (test for excess errors)
FAIL: gcc.target/arm/neon/vst2Q_laneu32.c (test for excess errors)
FAIL: gcc.target/arm/neon/vst2Qf32.c (test for excess errors)
FAIL: gcc.target/arm/neon/vst2Qp16.c (test for excess errors)
FAIL: gcc.target/arm/neon/vst2Qp8.c (test for excess errors)
FAIL: gcc.target/arm/neon/vst2Qs16.c (test for excess errors)
FAIL: gcc.target/arm/neon/vst2Qs32.c (test for excess errors)
FAIL: gcc.target/arm/neon/vst2Qs8.c (test for excess errors)
FAIL: gcc.target/arm/neon/vst2Qu16.c (test for excess errors)
FAIL: gcc.target/arm/neon/vst2Qu32.c (test for excess errors)
FAIL: gcc.target/arm/neon/vst2Qu8.c (test for excess errors)
FAIL: gcc.target/arm/neon/vst2_lanef32.c (test for excess errors)
FAIL: gcc.target/arm/neon/vst2_lanep16.c (test for excess errors)
FAIL: gcc.target/arm/neon/vst2_lanep8.c (test for excess errors)
FAIL: gcc.target/arm/neon/vst2_lanes16.c (test for excess errors)
FAIL: gcc.target/arm/neon/vst2_lanes32.c (test for excess errors)
FAIL: gcc.target/arm/neon/vst2_lanes8.c (test for excess errors)
FAIL: gcc.target/arm/neon/vst2_laneu16.c (test for excess errors)
FAIL: gcc.target/arm/neon/vst2_laneu32.c (test for excess errors)
FAIL: gcc.target/arm/neon/vst2_laneu8.c (test for excess errors)
FAIL: gcc.target/arm/neon/vst2f32.c (test for excess errors)
FAIL: gcc.target/arm/neon/vst2p16.c (test for excess errors)
FAIL: gcc.target/arm/neon/vst2p8.c (test for excess errors)
FAIL: gcc.target/arm/neon/vst2s16.c (test for excess errors)
FAIL: gcc.target/arm/neon/vst2s32.c (test for excess errors)
FAIL: gcc.target/arm/neon/vst2s64.c (test for excess errors)
FAIL: gcc.target/arm/neon/vst2s8.c (test for excess errors)
FAIL: gcc.target/arm/neon/vst2u16.c (test for excess errors)
FAIL: gcc.target/arm/neon/vst2u32.c (test for excess errors)
FAIL: gcc.target/arm/neon/vst2u64.c (test for excess errors)
FAIL: gcc.target/arm/neon/vst2u8.c (test for excess errors)
FAIL: gcc.target/arm/neon/vst3Q_lanef32.c (test for excess errors)
FAIL: gcc.target/arm/neon/vst3Q_lanep16.c (test for excess errors)
FAIL: gcc.target/arm/neon/vst3Q_lanes16.c (test for excess errors)
FAIL: gcc.target/arm/neon/vst3Q_lanes32.c (test for excess errors)
FAIL: gcc.target/arm/neon/vst3Q_laneu16.c (test for excess errors)
FAIL: gcc.target/arm/neon/vst3Q_laneu32.c (test for excess errors)
FAIL: gcc.target/arm/neon/vst3Qf32.c (test for excess errors)
FAIL: gcc.target/arm/neon/vst3Qp16.c (test for excess errors)
FAIL: gcc.target/arm/neon/vst3Qp8.c (test for excess errors)
FAIL: gcc.target/arm/neon/vst3Qs16.c (test for excess errors)
FAIL: gcc.target/arm/neon/vst3Qs32.c (test for excess errors)
FAIL: gcc.target/arm/neon/vst3Qs8.c (test for excess errors)
FAIL: gcc.target/arm/neon/vst3Qu16.c (test for excess errors)
FAIL: gcc.target/arm/neon/vst3Qu32.c (test for excess errors)
FAIL: gcc.target/arm/neon/vst3Qu8.c (test for excess errors)
FAIL: gcc.target/arm/neon/vst3_lanef32.c (test for excess errors)
FAIL: gcc.target/arm/neon/vst3_lanep16.c (test for excess errors)
FAIL: gcc.target/arm/neon/vst3_lanep8.c (test for excess errors)
FAIL: gcc.target/arm/neon/vst3_lanes16.c (test for excess errors)
FAIL: gcc.target/arm/neon/vst3_lanes32.c (test for excess errors)
FAIL: gcc.target/arm/neon/vst3_lanes8.c (test for excess errors)
FAIL: gcc.target/arm/neon/vst3_laneu16.c (test for excess errors)
FAIL: gcc.target/arm/neon/vst3_laneu32.c (test for excess errors)
FAIL: gcc.target/arm/neon/vst3_laneu8.c (test for excess errors)
FAIL: gcc.target/arm/neon/vst3f32.c (test for excess errors)
FAIL: gcc.target/arm/neon/vst3p16.c (test for excess errors)
FAIL: gcc.target/arm/neon/vst3p8.c (test for excess errors)
FAIL: gcc.target/arm/neon/vst3s16.c (test for excess errors)
FAIL: gcc.target/arm/neon/vst3s32.c (test for excess errors)
FAIL: gcc.target/arm/neon/vst3s64.c (test for excess errors)
FAIL: gcc.target/arm/neon/vst3s8.c (test for excess errors)
FAIL: gcc.target/arm/neon/vst3u16.c (test for excess errors)
FAIL: gcc.target/arm/neon/vst3u32.c (test for excess errors)
FAIL: gcc.target/arm/neon/vst3u64.c (test for excess errors)
FAIL: gcc.target/arm/neon/vst3u8.c (test for excess errors)
FAIL: gcc.target/arm/neon/vst4Q_lanef32.c (test for excess errors)
FAIL: gcc.target/arm/neon/vst4Q_lanep16.c (test for excess errors)
FAIL: gcc.target/arm/neon/vst4Q_lanes16.c (test for excess errors)
FAIL: gcc.target/arm/neon/vst4Q_lanes32.c (test for excess errors)
FAIL: gcc.target/arm/neon/vst4Q_laneu16.c (test for excess errors)
FAIL: gcc.target/arm/neon/vst4Q_laneu32.c (test for excess errors)
FAIL: gcc.target/arm/neon/vst4Qf32.c (test for excess errors)
FAIL: gcc.target/arm/neon/vst4Qp16.c (test for excess errors)
FAIL: gcc.target/arm/neon/vst4Qp8.c (test for excess errors)
FAIL: gcc.target/arm/neon/vst4Qs16.c (test for excess errors)
FAIL: gcc.target/arm/neon/vst4Qs32.c (test for excess errors)
FAIL: gcc.target/arm/neon/vst4Qs8.c (test for excess errors)
FAIL: gcc.target/arm/neon/vst4Qu16.c (test for excess errors)
FAIL: gcc.target/arm/neon/vst4Qu32.c (test for excess errors)
FAIL: gcc.target/arm/neon/vst4Qu8.c (test for excess errors)
FAIL: gcc.target/arm/neon/vst4_lanef32.c (test for excess errors)
FAIL: gcc.target/arm/neon/vst4_lanep16.c (test for excess errors)
FAIL: gcc.target/arm/neon/vst4_lanep8.c (test for excess errors)
FAIL: gcc.target/arm/neon/vst4_lanes16.c (test for excess errors)
FAIL: gcc.target/arm/neon/vst4_lanes32.c (test for excess errors)
FAIL: gcc.target/arm/neon/vst4_lanes8.c (test for excess errors)
FAIL: gcc.target/arm/neon/vst4_laneu16.c (test for excess errors)
FAIL: gcc.target/arm/neon/vst4_laneu32.c (test for excess errors)
FAIL: gcc.target/arm/neon/vst4_laneu8.c (test for excess errors)
FAIL: gcc.target/arm/neon/vst4f32.c (test for excess errors)
FAIL: gcc.target/arm/neon/vst4p16.c (test for excess errors)
FAIL: gcc.target/arm/neon/vst4p8.c (test for excess errors)
FAIL: gcc.target/arm/neon/vst4s16.c (test for excess errors)
FAIL: gcc.target/arm/neon/vst4s32.c (test for excess errors)
FAIL: gcc.target/arm/neon/vst4s64.c (test for excess errors)
FAIL: gcc.target/arm/neon/vst4s8.c (test for excess errors)
FAIL: gcc.target/arm/neon/vst4u16.c (test for excess errors)
FAIL: gcc.target/arm/neon/vst4u32.c (test for excess errors)
FAIL: gcc.target/arm/neon/vst4u64.c (test for excess errors)
FAIL: gcc.target/arm/neon/vst4u8.c (test for excess errors)
FAIL: gcc.target/arm/neon/vsubQf32.c (test for excess errors)
FAIL: gcc.target/arm/neon/vsubQs16.c (test for excess errors)
FAIL: gcc.target/arm/neon/vsubQs32.c (test for excess errors)
FAIL: gcc.target/arm/neon/vsubQs64.c (test for excess errors)
FAIL: gcc.target/arm/neon/vsubQs8.c (test for excess errors)
FAIL: gcc.target/arm/neon/vsubQu16.c (test for excess errors)
FAIL: gcc.target/arm/neon/vsubQu32.c (test for excess errors)
FAIL: gcc.target/arm/neon/vsubQu64.c (test for excess errors)
FAIL: gcc.target/arm/neon/vsubQu8.c (test for excess errors)
FAIL: gcc.target/arm/neon/vsubf32.c (test for excess errors)
FAIL: gcc.target/arm/neon/vsubhns16.c (test for excess errors)
FAIL: gcc.target/arm/neon/vsubhns32.c (test for excess errors)
FAIL: gcc.target/arm/neon/vsubhns64.c (test for excess errors)
FAIL: gcc.target/arm/neon/vsubhnu16.c (test for excess errors)
FAIL: gcc.target/arm/neon/vsubhnu32.c (test for excess errors)
FAIL: gcc.target/arm/neon/vsubhnu64.c (test for excess errors)
FAIL: gcc.target/arm/neon/vsubls16.c (test for excess errors)
FAIL: gcc.target/arm/neon/vsubls32.c (test for excess errors)
FAIL: gcc.target/arm/neon/vsubls8.c (test for excess errors)
FAIL: gcc.target/arm/neon/vsublu16.c (test for excess errors)
FAIL: gcc.target/arm/neon/vsublu32.c (test for excess errors)
FAIL: gcc.target/arm/neon/vsublu8.c (test for excess errors)
FAIL: gcc.target/arm/neon/vsubs16.c (test for excess errors)
FAIL: gcc.target/arm/neon/vsubs32.c (test for excess errors)
FAIL: gcc.target/arm/neon/vsubs64.c (test for excess errors)
FAIL: gcc.target/arm/neon/vsubs8.c (test for excess errors)
FAIL: gcc.target/arm/neon/vsubu16.c (test for excess errors)
FAIL: gcc.target/arm/neon/vsubu32.c (test for excess errors)
FAIL: gcc.target/arm/neon/vsubu64.c (test for excess errors)
FAIL: gcc.target/arm/neon/vsubu8.c (test for excess errors)
FAIL: gcc.target/arm/neon/vsubws16.c (test for excess errors)
FAIL: gcc.target/arm/neon/vsubws32.c (test for excess errors)
FAIL: gcc.target/arm/neon/vsubws8.c (test for excess errors)
FAIL: gcc.target/arm/neon/vsubwu16.c (test for excess errors)
FAIL: gcc.target/arm/neon/vsubwu32.c (test for excess errors)
FAIL: gcc.target/arm/neon/vsubwu8.c (test for excess errors)
FAIL: gcc.target/arm/neon/vtbl1p8.c (test for excess errors)
FAIL: gcc.target/arm/neon/vtbl1s8.c (test for excess errors)
FAIL: gcc.target/arm/neon/vtbl1u8.c (test for excess errors)
FAIL: gcc.target/arm/neon/vtbl2p8.c (test for excess errors)
FAIL: gcc.target/arm/neon/vtbl2s8.c (test for excess errors)
FAIL: gcc.target/arm/neon/vtbl2u8.c (test for excess errors)
FAIL: gcc.target/arm/neon/vtbl3p8.c (test for excess errors)
FAIL: gcc.target/arm/neon/vtbl3s8.c (test for excess errors)
FAIL: gcc.target/arm/neon/vtbl3u8.c (test for excess errors)
FAIL: gcc.target/arm/neon/vtbl4p8.c (test for excess errors)
FAIL: gcc.target/arm/neon/vtbl4s8.c (test for excess errors)
FAIL: gcc.target/arm/neon/vtbl4u8.c (test for excess errors)
FAIL: gcc.target/arm/neon/vtbx1p8.c (test for excess errors)
FAIL: gcc.target/arm/neon/vtbx1s8.c (test for excess errors)
FAIL: gcc.target/arm/neon/vtbx1u8.c (test for excess errors)
FAIL: gcc.target/arm/neon/vtbx2p8.c (test for excess errors)
FAIL: gcc.target/arm/neon/vtbx2s8.c (test for excess errors)
FAIL: gcc.target/arm/neon/vtbx2u8.c (test for excess errors)
FAIL: gcc.target/arm/neon/vtbx3p8.c (test for excess errors)
FAIL: gcc.target/arm/neon/vtbx3s8.c (test for excess errors)
FAIL: gcc.target/arm/neon/vtbx3u8.c (test for excess errors)
FAIL: gcc.target/arm/neon/vtbx4p8.c (test for excess errors)
FAIL: gcc.target/arm/neon/vtbx4s8.c (test for excess errors)
FAIL: gcc.target/arm/neon/vtbx4u8.c (test for excess errors)
FAIL: gcc.target/arm/neon/vtrnQf32.c (test for excess errors)
FAIL: gcc.target/arm/neon/vtrnQp16.c (test for excess errors)
FAIL: gcc.target/arm/neon/vtrnQp8.c (test for excess errors)
FAIL: gcc.target/arm/neon/vtrnQs16.c (test for excess errors)
FAIL: gcc.target/arm/neon/vtrnQs32.c (test for excess errors)
FAIL: gcc.target/arm/neon/vtrnQs8.c (test for excess errors)
FAIL: gcc.target/arm/neon/vtrnQu16.c (test for excess errors)
FAIL: gcc.target/arm/neon/vtrnQu32.c (test for excess errors)
FAIL: gcc.target/arm/neon/vtrnQu8.c (test for excess errors)
FAIL: gcc.target/arm/neon/vtrnf32.c (test for excess errors)
FAIL: gcc.target/arm/neon/vtrnp16.c (test for excess errors)
FAIL: gcc.target/arm/neon/vtrnp8.c (test for excess errors)
FAIL: gcc.target/arm/neon/vtrns16.c (test for excess errors)
FAIL: gcc.target/arm/neon/vtrns32.c (test for excess errors)
FAIL: gcc.target/arm/neon/vtrns8.c (test for excess errors)
FAIL: gcc.target/arm/neon/vtrnu16.c (test for excess errors)
FAIL: gcc.target/arm/neon/vtrnu32.c (test for excess errors)
FAIL: gcc.target/arm/neon/vtrnu8.c (test for excess errors)
FAIL: gcc.target/arm/neon/vtstQp8.c (test for excess errors)
FAIL: gcc.target/arm/neon/vtstQs16.c (test for excess errors)
FAIL: gcc.target/arm/neon/vtstQs32.c (test for excess errors)
FAIL: gcc.target/arm/neon/vtstQs8.c (test for excess errors)
FAIL: gcc.target/arm/neon/vtstQu16.c (test for excess errors)
FAIL: gcc.target/arm/neon/vtstQu32.c (test for excess errors)
FAIL: gcc.target/arm/neon/vtstQu8.c (test for excess errors)
FAIL: gcc.target/arm/neon/vtstp8.c (test for excess errors)
FAIL: gcc.target/arm/neon/vtsts16.c (test for excess errors)
FAIL: gcc.target/arm/neon/vtsts32.c (test for excess errors)
FAIL: gcc.target/arm/neon/vtsts8.c (test for excess errors)
FAIL: gcc.target/arm/neon/vtstu16.c (test for excess errors)
FAIL: gcc.target/arm/neon/vtstu32.c (test for excess errors)
FAIL: gcc.target/arm/neon/vtstu8.c (test for excess errors)
FAIL: gcc.target/arm/neon/vuzpQf32.c (test for excess errors)
FAIL: gcc.target/arm/neon/vuzpQp16.c (test for excess errors)
FAIL: gcc.target/arm/neon/vuzpQp8.c (test for excess errors)
FAIL: gcc.target/arm/neon/vuzpQs16.c (test for excess errors)
FAIL: gcc.target/arm/neon/vuzpQs32.c (test for excess errors)
FAIL: gcc.target/arm/neon/vuzpQs8.c (test for excess errors)
FAIL: gcc.target/arm/neon/vuzpQu16.c (test for excess errors)
FAIL: gcc.target/arm/neon/vuzpQu32.c (test for excess errors)
FAIL: gcc.target/arm/neon/vuzpQu8.c (test for excess errors)
FAIL: gcc.target/arm/neon/vuzpf32.c (test for excess errors)
FAIL: gcc.target/arm/neon/vuzpp16.c (test for excess errors)
FAIL: gcc.target/arm/neon/vuzpp8.c (test for excess errors)
FAIL: gcc.target/arm/neon/vuzps16.c (test for excess errors)
FAIL: gcc.target/arm/neon/vuzps32.c (test for excess errors)
FAIL: gcc.target/arm/neon/vuzps8.c (test for excess errors)
FAIL: gcc.target/arm/neon/vuzpu16.c (test for excess errors)
FAIL: gcc.target/arm/neon/vuzpu32.c (test for excess errors)
FAIL: gcc.target/arm/neon/vuzpu8.c (test for excess errors)
FAIL: gcc.target/arm/neon/vzipQf32.c (test for excess errors)
FAIL: gcc.target/arm/neon/vzipQp16.c (test for excess errors)
FAIL: gcc.target/arm/neon/vzipQp8.c (test for excess errors)
FAIL: gcc.target/arm/neon/vzipQs16.c (test for excess errors)
FAIL: gcc.target/arm/neon/vzipQs32.c (test for excess errors)
FAIL: gcc.target/arm/neon/vzipQs8.c (test for excess errors)
FAIL: gcc.target/arm/neon/vzipQu16.c (test for excess errors)
FAIL: gcc.target/arm/neon/vzipQu32.c (test for excess errors)
FAIL: gcc.target/arm/neon/vzipQu8.c (test for excess errors)
FAIL: gcc.target/arm/neon/vzipf32.c (test for excess errors)
FAIL: gcc.target/arm/neon/vzipp16.c (test for excess errors)
FAIL: gcc.target/arm/neon/vzipp8.c (test for excess errors)
FAIL: gcc.target/arm/neon/vzips16.c (test for excess errors)
FAIL: gcc.target/arm/neon/vzips32.c (test for excess errors)
FAIL: gcc.target/arm/neon/vzips8.c (test for excess errors)
FAIL: gcc.target/arm/neon/vzipu16.c (test for excess errors)
FAIL: gcc.target/arm/neon/vzipu32.c (test for excess errors)
FAIL: gcc.target/arm/neon/vzipu8.c (test for excess errors)

		=== gcc Summary ===

# of expected passes		49246
# of unexpected failures	2135
# of unexpected successes	1
# of expected failures		241
# of unresolved testcases	102
# of unsupported tests		627
/home/joel/work-gnat/svn/b-gcc1-arm/gcc/xgcc  version 4.4.0 20080910 (experimental) [trunk revision 140246] (GCC) 

Host   is i686-pc-linux-gnu

		=== g++ tests ===


Running target rtems-arm-edb7312
FAIL: g++.dg/bprob/g++-bprob-1.C execution: file g++-bprob-1.gcda does not exist,  -g  -fprofile-arcs
UNRESOLVED: g++.dg/bprob/g++-bprob-1.C compilation,  -g  -fprofile-use
UNRESOLVED: g++.dg/bprob/g++-bprob-1.C execution,    -g  -fprofile-use
FAIL: g++.dg/bprob/g++-bprob-1.C execution: file g++-bprob-1.gcda does not exist,  -O0  -fprofile-arcs
UNRESOLVED: g++.dg/bprob/g++-bprob-1.C compilation,  -O0  -fprofile-use
UNRESOLVED: g++.dg/bprob/g++-bprob-1.C execution,    -O0  -fprofile-use
FAIL: g++.dg/bprob/g++-bprob-1.C execution: file g++-bprob-1.gcda does not exist,  -O1  -fprofile-arcs
UNRESOLVED: g++.dg/bprob/g++-bprob-1.C compilation,  -O1  -fprofile-use
UNRESOLVED: g++.dg/bprob/g++-bprob-1.C execution,    -O1  -fprofile-use
FAIL: g++.dg/bprob/g++-bprob-1.C execution: file g++-bprob-1.gcda does not exist,  -O2  -fprofile-arcs
UNRESOLVED: g++.dg/bprob/g++-bprob-1.C compilation,  -O2  -fprofile-use
UNRESOLVED: g++.dg/bprob/g++-bprob-1.C execution,    -O2  -fprofile-use
FAIL: g++.dg/bprob/g++-bprob-1.C execution: file g++-bprob-1.gcda does not exist,  -O3  -fprofile-arcs
UNRESOLVED: g++.dg/bprob/g++-bprob-1.C compilation,  -O3  -fprofile-use
UNRESOLVED: g++.dg/bprob/g++-bprob-1.C execution,    -O3  -fprofile-use
FAIL: g++.dg/bprob/g++-bprob-1.C execution: file g++-bprob-1.gcda does not exist,  -O3 -g  -fprofile-arcs
UNRESOLVED: g++.dg/bprob/g++-bprob-1.C compilation,  -O3 -g  -fprofile-use
UNRESOLVED: g++.dg/bprob/g++-bprob-1.C execution,    -O3 -g  -fprofile-use
FAIL: g++.dg/bprob/g++-bprob-1.C execution: file g++-bprob-1.gcda does not exist,  -Os  -fprofile-arcs
UNRESOLVED: g++.dg/bprob/g++-bprob-1.C compilation,  -Os  -fprofile-use
UNRESOLVED: g++.dg/bprob/g++-bprob-1.C execution,    -Os  -fprofile-use
FAIL: g++.dg/bprob/g++-bprob-2.C execution: file g++-bprob-2.gcda does not exist,  -g  -fprofile-arcs
UNRESOLVED: g++.dg/bprob/g++-bprob-2.C compilation,  -g  -fprofile-use
UNRESOLVED: g++.dg/bprob/g++-bprob-2.C execution,    -g  -fprofile-use
FAIL: g++.dg/bprob/g++-bprob-2.C execution: file g++-bprob-2.gcda does not exist,  -O0  -fprofile-arcs
UNRESOLVED: g++.dg/bprob/g++-bprob-2.C compilation,  -O0  -fprofile-use
UNRESOLVED: g++.dg/bprob/g++-bprob-2.C execution,    -O0  -fprofile-use
FAIL: g++.dg/bprob/g++-bprob-2.C execution: file g++-bprob-2.gcda does not exist,  -O1  -fprofile-arcs
UNRESOLVED: g++.dg/bprob/g++-bprob-2.C compilation,  -O1  -fprofile-use
UNRESOLVED: g++.dg/bprob/g++-bprob-2.C execution,    -O1  -fprofile-use
FAIL: g++.dg/bprob/g++-bprob-2.C execution: file g++-bprob-2.gcda does not exist,  -O2  -fprofile-arcs
UNRESOLVED: g++.dg/bprob/g++-bprob-2.C compilation,  -O2  -fprofile-use
UNRESOLVED: g++.dg/bprob/g++-bprob-2.C execution,    -O2  -fprofile-use
FAIL: g++.dg/bprob/g++-bprob-2.C execution: file g++-bprob-2.gcda does not exist,  -O3  -fprofile-arcs
UNRESOLVED: g++.dg/bprob/g++-bprob-2.C compilation,  -O3  -fprofile-use
UNRESOLVED: g++.dg/bprob/g++-bprob-2.C execution,    -O3  -fprofile-use
FAIL: g++.dg/bprob/g++-bprob-2.C execution: file g++-bprob-2.gcda does not exist,  -O3 -g  -fprofile-arcs
UNRESOLVED: g++.dg/bprob/g++-bprob-2.C compilation,  -O3 -g  -fprofile-use
UNRESOLVED: g++.dg/bprob/g++-bprob-2.C execution,    -O3 -g  -fprofile-use
FAIL: g++.dg/bprob/g++-bprob-2.C execution: file g++-bprob-2.gcda does not exist,  -Os  -fprofile-arcs
UNRESOLVED: g++.dg/bprob/g++-bprob-2.C compilation,  -Os  -fprofile-use
UNRESOLVED: g++.dg/bprob/g++-bprob-2.C execution,    -Os  -fprofile-use
FAIL: g++.dg/cpp/_Pragma1.C (test for excess errors)
FAIL: g++.dg/cpp0x/cast.C (test for excess errors)
FAIL: g++.dg/cpp0x/iop.C (test for excess errors)
FAIL: g++.dg/cpp0x/named_refs.C (test for excess errors)
FAIL: g++.dg/cpp0x/rv1p.C (test for excess errors)
FAIL: g++.dg/cpp0x/rv2p.C (test for excess errors)
FAIL: g++.dg/cpp0x/rv3p.C (test for excess errors)
FAIL: g++.dg/cpp0x/rv4p.C (test for excess errors)
FAIL: g++.dg/cpp0x/rv5p.C (test for excess errors)
FAIL: g++.dg/cpp0x/rv6p.C (test for excess errors)
FAIL: g++.dg/cpp0x/rv7p.C (test for excess errors)
FAIL: g++.dg/cpp0x/rv8p.C (test for excess errors)
FAIL: g++.dg/cpp0x/unnamed_refs.C (test for excess errors)
FAIL: g++.dg/eh/gcsec1.C execution test
FAIL: g++.dg/eh/simd-2.C (test for excess errors)
WARNING: g++.dg/eh/simd-2.C compilation failed to produce executable
FAIL: g++.dg/init/ref15.C execution test
FAIL: g++.dg/ipa/iinline-1.C scan-ipa-dump inline "String::funcOne[^\\n]*inline copy in int main"
FAIL: g++.dg/other/PR23205.C scan-assembler .stabs.*foobar:c=i
XPASS: g++.dg/other/packed1.C execution test
FAIL: g++.dg/special/conpr-1.C (test for excess errors)
WARNING: g++.dg/special/conpr-1.C compilation failed to produce executable
FAIL: g++.dg/special/conpr-2.C (test for excess errors)
WARNING: g++.dg/special/conpr-2.C compilation failed to produce executable
FAIL: g++.dg/special/conpr-3.C (test for excess errors)
WARNING: g++.dg/special/conpr-3.C compilation failed to produce executable
FAIL: g++.dg/special/conpr-4.C (test for excess errors)
WARNING: g++.dg/special/conpr-4.C compilation failed to produce executable
FAIL: g++.dg/special/initp1.C (test for excess errors)
WARNING: g++.dg/special/initp1.C compilation failed to produce executable
FAIL: g++.dg/special/initpri1.C (test for excess errors)
WARNING: g++.dg/special/initpri1.C compilation failed to produce executable
FAIL: g++.dg/tree-prof/indir-call-prof.C compilation,  -g  -fprofile-generate
UNRESOLVED: g++.dg/tree-prof/indir-call-prof.C execution,    -g  -fprofile-generate
UNRESOLVED: g++.dg/tree-prof/indir-call-prof.C compilation,  -g  -fprofile-use
UNRESOLVED: g++.dg/tree-prof/indir-call-prof.C execution,    -g  -fprofile-use
FAIL: g++.dg/tree-prof/indir-call-prof.C compilation,  -O0  -fprofile-generate
UNRESOLVED: g++.dg/tree-prof/indir-call-prof.C execution,    -O0  -fprofile-generate
UNRESOLVED: g++.dg/tree-prof/indir-call-prof.C compilation,  -O0  -fprofile-use
UNRESOLVED: g++.dg/tree-prof/indir-call-prof.C execution,    -O0  -fprofile-use
FAIL: g++.dg/tree-prof/indir-call-prof.C compilation,  -O1  -fprofile-generate
UNRESOLVED: g++.dg/tree-prof/indir-call-prof.C execution,    -O1  -fprofile-generate
UNRESOLVED: g++.dg/tree-prof/indir-call-prof.C compilation,  -O1  -fprofile-use
UNRESOLVED: g++.dg/tree-prof/indir-call-prof.C execution,    -O1  -fprofile-use
FAIL: g++.dg/tree-prof/indir-call-prof.C compilation,  -O2  -fprofile-generate
UNRESOLVED: g++.dg/tree-prof/indir-call-prof.C execution,    -O2  -fprofile-generate
UNRESOLVED: g++.dg/tree-prof/indir-call-prof.C compilation,  -O2  -fprofile-use
UNRESOLVED: g++.dg/tree-prof/indir-call-prof.C execution,    -O2  -fprofile-use
FAIL: g++.dg/tree-prof/indir-call-prof.C compilation,  -O3  -fprofile-generate
UNRESOLVED: g++.dg/tree-prof/indir-call-prof.C execution,    -O3  -fprofile-generate
UNRESOLVED: g++.dg/tree-prof/indir-call-prof.C compilation,  -O3  -fprofile-use
UNRESOLVED: g++.dg/tree-prof/indir-call-prof.C execution,    -O3  -fprofile-use
FAIL: g++.dg/tree-prof/indir-call-prof.C compilation,  -O3 -g  -fprofile-generate
UNRESOLVED: g++.dg/tree-prof/indir-call-prof.C execution,    -O3 -g  -fprofile-generate
UNRESOLVED: g++.dg/tree-prof/indir-call-prof.C compilation,  -O3 -g  -fprofile-use
UNRESOLVED: g++.dg/tree-prof/indir-call-prof.C execution,    -O3 -g  -fprofile-use
FAIL: g++.dg/tree-prof/indir-call-prof.C compilation,  -Os  -fprofile-generate
UNRESOLVED: g++.dg/tree-prof/indir-call-prof.C execution,    -Os  -fprofile-generate
UNRESOLVED: g++.dg/tree-prof/indir-call-prof.C compilation,  -Os  -fprofile-use
UNRESOLVED: g++.dg/tree-prof/indir-call-prof.C execution,    -Os  -fprofile-use
FAIL: g++.old-deja/g++.jason/thunk2.C (test for excess errors)
WARNING: g++.old-deja/g++.jason/thunk2.C compilation failed to produce executable
FAIL: g++.old-deja/g++.law/profile1.C (test for excess errors)
WARNING: g++.old-deja/g++.law/profile1.C compilation failed to produce executable
WARNING: program timed out.
XPASS: g++.old-deja/g++.other/init19.C execution test
FAIL: g++.old-deja/g++.other/static14.C (test for excess errors)
FAIL: g++.old-deja/g++.other/static20.C (test for excess errors)

		=== g++ Summary ===

# of expected passes		17678
# of unexpected failures	49
# of unexpected successes	2
# of expected failures		81
# of unresolved testcases	49
# of unsupported tests		171
/home/joel/work-gnat/svn/b-gcc1-arm/gcc/testsuite/g++/../../g++  version 4.4.0 20080910 (experimental) [trunk revision 140246] (GCC) 


Compiler version: 4.4.0 20080910 (experimental) [trunk revision 140246] (GCC) 
Platform: arm-unknown-rtems4.9
configure flags: --enable-threads=rtems --with-gnu-as --enable-multilib --with-gnu-ld --with-newlib --verbose --with-system-zlib --disable-nls --enable-version-specific-runtime-libs --enable-languages=c,c++ --target=arm-rtems4.9 --prefix=/home/joel/work-gnat/svn//install


Index Nav: [Date Index] [Subject Index] [Author Index] [Thread Index]
Message Nav: [Date Prev] [Date Next] [Thread Prev] [Thread Next]