This is the mail archive of the gcc-testresults@gcc.gnu.org mailing list for the GCC project.


Index Nav: [Date Index] [Subject Index] [Author Index] [Thread Index]
Message Nav: [Date Prev] [Date Next] [Thread Prev] [Thread Next]
Other format: [Raw text]

Results for 4.4.0 20080912 (experimental) [trunk revision 140324] (GCC) gcc testsuite on powerpc-unknown-eabisim


Debian 4 on x86_64
cross tool versions:
GNU assembler (GNU Binutils) 2.18.50.20080809
GNU gdb (GDB) 6.8.50.20080809-cvs
GNU ld (GNU Binutils) 2.18.50.20080809

GNU Make 3.81
expect version 5.43.0
host gcc version: gcc (GCC) 4.4.0 20080823 (experimental) [trunk revision 139524]
LAST_UPDATED: Fri Sep 12 22:04:36 UTC 2008 (revision 140324)

Target is powerpc-unknown-eabisim
Host   is x86_64-unknown-linux-gnu

		=== gcc tests ===


Running target powerpc-sim
FAIL: gcc.c-torture/compile/pr11832.c  -O0  (internal compiler error)
FAIL: gcc.c-torture/compile/pr11832.c  -O1  (internal compiler error)
FAIL: gcc.c-torture/compile/pr11832.c  -O2  (internal compiler error)
FAIL: gcc.c-torture/compile/pr11832.c  -O3 -fomit-frame-pointer  (internal compiler error)
FAIL: gcc.c-torture/compile/pr11832.c  -O3 -fomit-frame-pointer -funroll-loops  (internal compiler error)
FAIL: gcc.c-torture/compile/pr11832.c  -O3 -fomit-frame-pointer -funroll-all-loops -finline-functions  (internal compiler error)
FAIL: gcc.c-torture/compile/pr11832.c  -O3 -g  (internal compiler error)
FAIL: gcc.c-torture/compile/pr11832.c  -Os  (internal compiler error)
FAIL: gcc.c-torture/compile/pr33009.c  -O0  (internal compiler error)
FAIL: gcc.c-torture/compile/pr33009.c  -O1  (internal compiler error)
FAIL: gcc.c-torture/compile/pr33009.c  -O2  (internal compiler error)
FAIL: gcc.c-torture/compile/pr33009.c  -O3 -fomit-frame-pointer  (internal compiler error)
FAIL: gcc.c-torture/compile/pr33009.c  -O3 -fomit-frame-pointer -funroll-loops  (internal compiler error)
FAIL: gcc.c-torture/compile/pr33009.c  -O3 -fomit-frame-pointer -funroll-all-loops -finline-functions  (internal compiler error)
FAIL: gcc.c-torture/compile/pr33009.c  -O3 -g  (internal compiler error)
FAIL: gcc.c-torture/compile/pr33009.c  -Os  (internal compiler error)
FAIL: gcc.c-torture/execute/nest-align-1.c execution,  -O0 
FAIL: gcc.c-torture/execute/nest-align-1.c execution,  -O1 
FAIL: gcc.c-torture/execute/nest-align-1.c execution,  -O2 
FAIL: gcc.c-torture/execute/nest-align-1.c execution,  -Os 
FAIL: gcc.c-torture/execute/pr28982b.c execution,  -O3 -fomit-frame-pointer -funroll-loops 
FAIL: gcc.c-torture/execute/pr28982b.c execution,  -O3 -fomit-frame-pointer -funroll-all-loops -finline-functions 
FAIL: gcc.c-torture/execute/ieee/inf-1.c execution,  -O0 
FAIL: gcc.dg/cpp/assert4.c -fno-show-column (test for excess errors)
FAIL: gcc.dg/debug/dwarf2/dwarf-die3.c scan-assembler-not DW_AT_inline
XPASS: gcc.dg/20020103-1.c scan-assembler-not LC[0-9]
FAIL: gcc.dg/and-1.c scan-assembler-not nand
FAIL: gcc.dg/ia64-sync-1.c execution test
FAIL: gcc.dg/memcpy-1.c scan-tree-dump-times optimized "nasty_local" 0
FAIL: gcc.dg/pr33645-3.c scan-assembler-not var1_t
FAIL: gcc.dg/pr34856.c (test for excess errors)
FAIL: gcc.dg/pr35729.c scan-rtl-dump-times loop2_invariant "Decided to move invariant" 0
FAIL: gcc.dg/visibility-16.c scan-hidden hidden[ \\t_]*foo
FAIL: gcc.dg/pch/valid-1b.c -O0 -g -I. (test for excess errors)
FAIL: gcc.dg/pch/valid-1b.c -O0 -g assembly comparison
FAIL: gcc.dg/pch/valid-1b.c  -O0  -I. (test for excess errors)
FAIL: gcc.dg/pch/valid-1b.c  -O0  assembly comparison
FAIL: gcc.dg/pch/valid-1b.c  -O1  -I. (test for excess errors)
FAIL: gcc.dg/pch/valid-1b.c  -O1  assembly comparison
FAIL: gcc.dg/pch/valid-1b.c  -O2  -I. (test for excess errors)
FAIL: gcc.dg/pch/valid-1b.c  -O2  assembly comparison
FAIL: gcc.dg/pch/valid-1b.c  -O3 -fomit-frame-pointer  -I. (test for excess errors)
FAIL: gcc.dg/pch/valid-1b.c  -O3 -fomit-frame-pointer  assembly comparison
FAIL: gcc.dg/pch/valid-1b.c  -O3 -g  -I. (test for excess errors)
FAIL: gcc.dg/pch/valid-1b.c  -O3 -g  assembly comparison
FAIL: gcc.dg/pch/valid-1b.c  -Os  -I. (test for excess errors)
FAIL: gcc.dg/pch/valid-1b.c  -Os  assembly comparison
FAIL: gcc.dg/tree-ssa/vrp47.c scan-tree-dump-times vrp1 "[xy][^ ]* !=" 0
FAIL: gcc.dg/tree-ssa/vrp47.c scan-tree-dump-times dom1 "x[^ ]* & y" 1
FAIL: gcc.dg/vect/costmodel/ppc/costmodel-slp-12.c scan-tree-dump-times vect "vectorized 1 loops" 1
FAIL: gcc.dg/vect/costmodel/ppc/costmodel-slp-12.c scan-tree-dump-times vect "vectorizing stmts using SLP" 1
FAIL: gcc.dg/vect/pr36493.c scan-tree-dump-times vect "vectorized 1 loops" 1
FAIL: gcc.dg/vect/vect-67.c scan-tree-dump-times vect "vectorized 1 loops" 1
FAIL: gcc.dg/vect/vect-82.c execution test
FAIL: gcc.dg/vect/vect-83.c execution test
FAIL: gcc.dg/weak/weak-1.c scan-assembler weak[^ \\t]*[ \\t]_?j
FAIL: gcc.target/powerpc/20020118-1.c execution test
FAIL: gcc.target/powerpc/20030218-1.c  (test for errors, line 14)
FAIL: gcc.target/powerpc/20030218-1.c  (test for errors, line 18)
FAIL: gcc.target/powerpc/20030218-1.c  (test for errors, line 21)
FAIL: gcc.target/powerpc/20030218-1.c (test for excess errors)
FAIL: gcc.target/powerpc/altivec-1.c execution test
FAIL: gcc.target/powerpc/altivec-12.c execution test
FAIL: gcc.target/powerpc/altivec-24.c execution test
FAIL: gcc.target/powerpc/altivec-3.c execution test
FAIL: gcc.target/powerpc/altivec-consts.c execution test
FAIL: gcc.target/powerpc/altivec-varargs-1.c execution test
FAIL: gcc.target/powerpc/altivec-vec-merge.c execution test
FAIL: gcc.target/powerpc/darwin-longlong.c execution test
FAIL: gcc.target/powerpc/ppc64-double-1.c scan-assembler-not stfd
FAIL: gcc.target/powerpc/pr18096-1.c stack frame too large (test for errors, line 8)
FAIL: gcc.target/powerpc/pr18096-1.c (test for excess errors)
FAIL: gcc.target/powerpc/pr35907.c execution test
FAIL: gcc.target/powerpc/spe1.c (test for excess errors)

		=== gcc Summary ===

# of expected passes		49282
# of unexpected failures	73
# of unexpected successes	1
# of expected failures		193
# of unsupported tests		622
/home/mstein/sim/trunk/powerpc-eabisim/build/gcc/xgcc  version 4.4.0 20080912 (experimental) [trunk revision 140324] (GCC) 


Compiler version: 4.4.0 20080912 (experimental) [trunk revision 140324] (GCC) gcc 
Platform: powerpc-unknown-eabisim
configure flags: --target=powerpc-eabisim --prefix=/home/mstein/cross-local/powerpc-eabisim --enable-languages=c --disable-nls --disable-build-warnings --with-sysroot=/home/mstein/cross-local/powerpc-eabisim --with-build-sysroot=/home/mstein/cross-local/powerpc-eabisim --with-ld=/home/mstein/cross-local/powerpc-eabisim/usr/bin/ld --with-as=/home/mstein/cross-local/powerpc-eabisim/usr/bin/as --disable-libssp --with-mpfr=/opt/cfarm/mpfr-2.3.1


Index Nav: [Date Index] [Subject Index] [Author Index] [Thread Index]
Message Nav: [Date Prev] [Date Next] [Thread Prev] [Thread Next]