This is the mail archive of the gcc-testresults@gcc.gnu.org mailing list for the GCC project.


Index Nav: [Date Index] [Subject Index] [Author Index] [Thread Index]
Message Nav: [Date Prev] [Date Next] [Thread Prev] [Thread Next]
Other format: [Raw text]

Results for 4.4.0 20080913 (experimental) [trunk revision 140333] (GCC) testsuite on hppa-unknown-linux-gnu


LAST_UPDATED: Sat Sep 13 01:50:44 UTC 2008 (revision 140333)

		=== acats tests ===
FAIL:	cd1c04e

		=== acats Summary ===
# of expected passes		2314
# of unexpected failures	1
Native configuration is hppa-unknown-linux-gnu

		=== gcc tests ===


Running target unix
FAIL: gcc.c-torture/execute/medce-1.c compilation,  -O2 
UNRESOLVED: gcc.c-torture/execute/medce-1.c execution,  -O2 
FAIL: gcc.dg/debug/dwarf2/dwarf-die3.c scan-assembler-not DW_AT_inline
FAIL: gcc.dg/pr33645-3.c scan-assembler-not var1_t
FAIL: gcc.dg/pr35729.c scan-rtl-dump-times loop2_invariant "Decided to move invariant" 0
FAIL: gcc.dg/visibility-16.c scan-hidden hidden[ \\t_]*foo
XPASS: gcc.dg/tree-ssa/loop-1.c scan-assembler-times foo 5
FAIL: gcc.dg/weak/weak-1.c scan-assembler weak[^ \\t]*[ \\t]_?j

		=== gcc Summary ===

# of expected passes		47487
# of unexpected failures	6
# of unexpected successes	1
# of expected failures		136
# of unresolved testcases	1
# of unsupported tests		512
/home/dave/gnu/gcc-4.4/objdir/gcc/xgcc  version 4.4.0 20080913 (experimental) [trunk revision 140333] (GCC) 

		=== gnat tests ===


Running target unix

		=== gnat Summary ===

# of expected passes		568
# of expected failures		6
		=== libgomp tests ===


Running target unix
FAIL: libgomp.c/reduction-2.c execution test
FAIL: libgomp.c/reduction-3.c execution test

		=== libgomp Summary ===

# of expected passes		225
# of unexpected failures	2
# of unsupported tests		7
		=== libmudflap tests ===


Running target unix

		=== libmudflap Summary ===

# of expected passes		1716
# of unsupported tests		2

Compiler version: 4.4.0 20080913 (experimental) [trunk revision 140333] (GCC) 
Platform: hppa-unknown-linux-gnu
configure flags: --with-gnu-as --with-gnu-ld --enable-shared --prefix=/home/dave/opt/gnu/gcc/gcc-4.4.0 --with-local-prefix=/home/dave/opt/gnu --enable-threads=posix --enable-__cxa_atexit --build=hppa-linux --enable-clocale=gnu --enable-java-gc=boehm --enable-java-awt=xlib --enable-languages=ada


Index Nav: [Date Index] [Subject Index] [Author Index] [Thread Index]
Message Nav: [Date Prev] [Date Next] [Thread Prev] [Thread Next]