This is the mail archive of the gcc-testresults@gcc.gnu.org mailing list for the GCC project.


Index Nav: [Date Index] [Subject Index] [Author Index] [Thread Index]
Message Nav: [Date Prev] [Date Next] [Thread Prev] [Thread Next]
Other format: [Raw text]

Results for 4.4.0 20080913 (experimental) [trunk revision 140333] (GCC) testsuite on powerpc-ibm-aix5.3.0.0


LAST_UPDATED: Sat Sep 13 01:05:11 UTC 2008 (revision 140333)

Native configuration is powerpc-ibm-aix5.3.0.0

		=== g++ tests ===


Running target unix
FAIL: tmpdir-g++.dg-struct-layout-1/t024 cp_compat_x_tst.o-cp_compat_y_tst.o execute 
FAIL: tmpdir-g++.dg-struct-layout-1/t030 cp_compat_x_tst.o-cp_compat_y_tst.o execute 
FAIL: g++.dg/abi/local1.C execution test
FAIL: g++.dg/cdce3.C (test for excess errors)
WARNING: g++.dg/cdce3.C compilation failed to produce executable
FAIL: g++.dg/cdce3.C scan-tree-dump cdce "cdce3.C:90: note: function call is shrink-wrapped into error conditions.": dump file does not exist
FAIL: g++.dg/cdce3.C scan-tree-dump cdce "cdce3.C:91: note: function call is shrink-wrapped into error conditions.": dump file does not exist
FAIL: g++.dg/cdce3.C scan-tree-dump cdce "cdce3.C:93: note: function call is shrink-wrapped into error conditions.": dump file does not exist
FAIL: g++.dg/cdce3.C scan-tree-dump cdce "cdce3.C:94: note: function call is shrink-wrapped into error conditions.": dump file does not exist
FAIL: g++.dg/cdce3.C scan-tree-dump cdce "cdce3.C:95: note: function call is shrink-wrapped into error conditions.": dump file does not exist
FAIL: g++.dg/cdce3.C scan-tree-dump cdce "cdce3.C:96: note: function call is shrink-wrapped into error conditions.": dump file does not exist
FAIL: g++.dg/cdce3.C scan-tree-dump cdce "cdce3.C:97: note: function call is shrink-wrapped into error conditions.": dump file does not exist
FAIL: g++.dg/cdce3.C scan-tree-dump cdce "cdce3.C:98: note: function call is shrink-wrapped into error conditions.": dump file does not exist
FAIL: g++.dg/cdce3.C scan-tree-dump cdce "cdce3.C:99: note: function call is shrink-wrapped into error conditions.": dump file does not exist
FAIL: g++.dg/cdce3.C scan-tree-dump cdce "cdce3.C:100: note: function call is shrink-wrapped into error conditions.": dump file does not exist
FAIL: g++.dg/cdce3.C scan-tree-dump cdce "cdce3.C:101: note: function call is shrink-wrapped into error conditions.": dump file does not exist
FAIL: g++.dg/cdce3.C scan-tree-dump cdce "cdce3.C:102: note: function call is shrink-wrapped into error conditions.": dump file does not exist
FAIL: g++.dg/cdce3.C scan-tree-dump cdce "cdce3.C:103: note: function call is shrink-wrapped into error conditions.": dump file does not exist
FAIL: g++.dg/cdce3.C scan-tree-dump cdce "cdce3.C:104: note: function call is shrink-wrapped into error conditions.": dump file does not exist
FAIL: g++.dg/cdce3.C scan-tree-dump cdce "cdce3.C:105: note: function call is shrink-wrapped into error conditions.": dump file does not exist
FAIL: g++.dg/cdce3.C scan-tree-dump cdce "cdce3.C:106: note: function call is shrink-wrapped into error conditions.": dump file does not exist
FAIL: g++.dg/conversion/simd1.C (test for excess errors)
FAIL: g++.dg/cpp0x/variadic-tuple.C (internal compiler error)
FAIL: g++.dg/cpp0x/variadic-tuple.C (test for excess errors)
WARNING: g++.dg/cpp0x/variadic-tuple.C compilation failed to produce executable
XPASS: g++.dg/eh/simd-2.C (test for excess errors)
FAIL: g++.dg/ext/alignof2.C execution test
FAIL: g++.dg/ext/attribute-test-1.C (test for excess errors)
FAIL: g++.dg/ext/attribute-test-2.C (test for excess errors)
FAIL: g++.dg/ext/attribute-test-3.C (test for excess errors)
FAIL: g++.dg/ext/attribute-test-4.C (test for excess errors)
FAIL: g++.dg/ext/visibility/anon1.C scan-assembler-not globl.*_ZN.*1fEv
FAIL: g++.dg/ext/visibility/anon2.C scan-assembler-not globl.*_Z1fv
FAIL: g++.dg/ipa/iinline-1.C scan-ipa-dump inline "String::funcOne[^\\n]*inline copy in int main"
FAIL: g++.dg/other/anon5.C undefined (test for errors, line )
FAIL: g++.dg/other/anon5.C (test for excess errors)
WARNING: g++.dg/other/ucnid-1.C compilation failed to produce executable
FAIL: g++.dg/other/unused1.C scan-assembler (string|ascii?)z?[\\t ]"printer("|\\\\\\\\0)
WARNING: program timed out.
XPASS: g++.old-deja/g++.other/init19.C execution test
FAIL: g++.old-deja/g++.other/static14.C (test for excess errors)
FAIL: g++.old-deja/g++.other/static20.C (test for excess errors)
FAIL: g++.old-deja/g++.pt/instantiate4.C (test for excess errors)
FAIL: g++.old-deja/g++.pt/repo4.C (test for excess errors)

		=== g++ Summary ===

# of expected passes		17017
# of unexpected failures	38
# of unexpected successes	2
# of expected failures		86
# of unsupported tests		230
/tmp/20080912/gcc/testsuite/g++/../../g++  version 4.4.0 20080913 (experimental) [trunk revision 140333] (GCC) 

		=== gcc tests ===


Running target unix
FAIL: gcc.c-torture/compile/pr11832.c  -O0  (internal compiler error)
FAIL: gcc.c-torture/compile/pr11832.c  -O1  (internal compiler error)
FAIL: gcc.c-torture/compile/pr11832.c  -O2  (internal compiler error)
FAIL: gcc.c-torture/compile/pr11832.c  -O3 -fomit-frame-pointer  (internal compiler error)
FAIL: gcc.c-torture/compile/pr11832.c  -O3 -fomit-frame-pointer -funroll-loops  (internal compiler error)
FAIL: gcc.c-torture/compile/pr11832.c  -O3 -fomit-frame-pointer -funroll-all-loops -finline-functions  (internal compiler error)
FAIL: gcc.c-torture/compile/pr11832.c  -O3 -g  (internal compiler error)
FAIL: gcc.c-torture/compile/pr11832.c  -Os  (internal compiler error)
FAIL: gcc.c-torture/compile/pr33009.c  -O0  (internal compiler error)
FAIL: gcc.c-torture/compile/pr33009.c  -O1  (internal compiler error)
FAIL: gcc.c-torture/compile/pr33009.c  -O2  (internal compiler error)
FAIL: gcc.c-torture/compile/pr33009.c  -O3 -fomit-frame-pointer  (internal compiler error)
FAIL: gcc.c-torture/compile/pr33009.c  -O3 -fomit-frame-pointer -funroll-loops  (internal compiler error)
FAIL: gcc.c-torture/compile/pr33009.c  -O3 -fomit-frame-pointer -funroll-all-loops -finline-functions  (internal compiler error)
FAIL: gcc.c-torture/compile/pr33009.c  -O3 -g  (internal compiler error)
FAIL: gcc.c-torture/compile/pr33009.c  -Os  (internal compiler error)
XPASS: gcc.dg/20020103-1.c scan-assembler-not LC[0-9]
FAIL: gcc.dg/alias-7.c execution test
FAIL: gcc.dg/asm-names.c scan-assembler-not ____frob14
FAIL: gcc.dg/memcpy-1.c scan-tree-dump-times optimized "nasty_local" 0
FAIL: gcc.dg/pr33645-3.c scan-assembler-not var1_t
FAIL: gcc.dg/pr34856.c (test for excess errors)
FAIL: gcc.dg/pr35729.c scan-rtl-dump-times loop2_invariant "Decided to move invariant" 0
FAIL: gcc.dg/pthread-init-1.c (test for excess errors)
FAIL: gcc.dg/pthread-init-2.c (test for excess errors)
WARNING: gcc.dg/ucnid-2.c compilation failed to produce executable
WARNING: gcc.dg/ucnid-3.c compilation failed to produce executable
WARNING: gcc.dg/ucnid-4.c compilation failed to produce executable
WARNING: gcc.dg/ucnid-5.c compilation failed to produce executable
XPASS: gcc.dg/ucnid-6.c (test for excess errors)
FAIL: gcc.dg/utf-array.c  (test for errors, line 19)
FAIL: gcc.dg/utf-array.c  (test for errors, line 39)
FAIL: gcc.dg/utf32-4.c  (test for warnings, line 18)
FAIL: gcc.dg/tree-ssa/vrp47.c scan-tree-dump-times vrp1 "[xy][^ ]* !=" 0
FAIL: gcc.dg/tree-ssa/vrp47.c scan-tree-dump-times dom1 "x[^ ]* & y" 1
FAIL: gcc.dg/vect/costmodel/ppc/costmodel-slp-12.c scan-tree-dump-times vect "vectorized 1 loops" 1
FAIL: gcc.dg/vect/costmodel/ppc/costmodel-slp-12.c scan-tree-dump-times vect "vectorizing stmts using SLP" 1
FAIL: gcc.dg/vect/pr36493.c scan-tree-dump-times vect "vectorized 1 loops" 1
FAIL: gcc.dg/vect/vect-44.c scan-tree-dump-times vect "Alignment of access forced using peeling" 1
FAIL: gcc.dg/vect/vect-50.c scan-tree-dump-times vect "Alignment of access forced using peeling" 1
FAIL: gcc.dg/vect/vect-67.c scan-tree-dump-times vect "vectorized 1 loops" 1
FAIL: gcc.dg/vect/vect-82_64.c (test for excess errors)
FAIL: gcc.dg/vect/vect-82_64.c scan-tree-dump-times vect "vectorized 1 loops" 1: dump file does not exist
FAIL: gcc.dg/vect/vect-83_64.c (test for excess errors)
FAIL: gcc.dg/vect/vect-83_64.c scan-tree-dump-times vect "vectorized 1 loops" 1: dump file does not exist
XPASS: gcc.target/powerpc/darwin-longlong.c (test for excess errors)
FAIL: gcc.target/powerpc/ppc64-double-1.c (test for excess errors)
ERROR: gcc.target/powerpc/ppc64-double-1.c: error executing dg-final: couldn't open "ppc64-double-1.s": no such file or directory
UNRESOLVED: gcc.target/powerpc/ppc64-double-1.c: error executing dg-final: couldn't open "ppc64-double-1.s": no such file or directory
FAIL: gcc.target/powerpc/pr18096-1.c stack frame too large (test for errors, line 8)
FAIL: gcc.target/powerpc/pr18096-1.c (test for excess errors)

		=== gcc Summary ===

# of expected passes		47326
# of unexpected failures	42
# of unexpected successes	3
# of expected failures		202
# of unresolved testcases	1
# of unsupported tests		685
/tmp/20080912/gcc/xgcc  version 4.4.0 20080913 (experimental) [trunk revision 140333] (GCC) 

		=== gfortran tests ===


Running target unix
FAIL: gfortran.dg/default_format_1.f90  -O0  execution test
FAIL: gfortran.dg/default_format_1.f90  -O1  execution test
FAIL: gfortran.dg/default_format_1.f90  -O2  execution test
FAIL: gfortran.dg/default_format_1.f90  -O3 -fomit-frame-pointer  execution test
FAIL: gfortran.dg/default_format_1.f90  -O3 -fomit-frame-pointer -funroll-loops  execution test
FAIL: gfortran.dg/default_format_1.f90  -O3 -fomit-frame-pointer -funroll-all-loops -finline-functions  execution test
FAIL: gfortran.dg/default_format_1.f90  -O3 -g  execution test
FAIL: gfortran.dg/default_format_1.f90  -Os  execution test
FAIL: gfortran.dg/default_format_denormal_1.f90  -O0  execution test
FAIL: gfortran.dg/default_format_denormal_1.f90  -O1  execution test
FAIL: gfortran.dg/default_format_denormal_1.f90  -O2  execution test
FAIL: gfortran.dg/default_format_denormal_1.f90  -O3 -fomit-frame-pointer  execution test
FAIL: gfortran.dg/default_format_denormal_1.f90  -O3 -fomit-frame-pointer -funroll-loops  execution test
FAIL: gfortran.dg/default_format_denormal_1.f90  -O3 -fomit-frame-pointer -funroll-all-loops -finline-functions  execution test
FAIL: gfortran.dg/default_format_denormal_1.f90  -O3 -g  execution test
FAIL: gfortran.dg/default_format_denormal_1.f90  -Os  execution test
FAIL: gfortran.dg/include_2.f90  -O  (test for excess errors)
FAIL: gfortran.dg/integer_exponentiation_4.f90  -O  (internal compiler error)
FAIL: gfortran.dg/integer_exponentiation_4.f90  -O   (test for errors, line 24)
FAIL: gfortran.dg/integer_exponentiation_4.f90  -O   (test for errors, line 25)
FAIL: gfortran.dg/integer_exponentiation_4.f90  -O   (test for errors, line 26)
FAIL: gfortran.dg/integer_exponentiation_4.f90  -O   (test for errors, line 27)
FAIL: gfortran.dg/integer_exponentiation_4.f90  -O   (test for errors, line 35)
FAIL: gfortran.dg/integer_exponentiation_4.f90  -O   (test for errors, line 36)
FAIL: gfortran.dg/integer_exponentiation_4.f90  -O   (test for errors, line 37)
FAIL: gfortran.dg/integer_exponentiation_4.f90  -O   (test for errors, line 38)
FAIL: gfortran.dg/integer_exponentiation_4.f90  -O   (test for errors, line 41)
FAIL: gfortran.dg/integer_exponentiation_4.f90  -O   (test for errors, line 42)
FAIL: gfortran.dg/integer_exponentiation_4.f90  -O  (test for excess errors)
FAIL: gfortran.dg/nint_2.f90  -O0  execution test
FAIL: gfortran.dg/pr19155.f  -O0  execution test
FAIL: gfortran.dg/pr19155.f  -O1  execution test
FAIL: gfortran.dg/pr19155.f  -O2  execution test
FAIL: gfortran.dg/pr19155.f  -O3 -fomit-frame-pointer  execution test
FAIL: gfortran.dg/pr19155.f  -O3 -fomit-frame-pointer -funroll-loops  execution test
FAIL: gfortran.dg/pr19155.f  -O3 -fomit-frame-pointer -funroll-all-loops -finline-functions  execution test
FAIL: gfortran.dg/pr19155.f  -O3 -g  execution test
FAIL: gfortran.dg/pr19155.f  -Os  execution test
FAIL: gfortran.fortran-torture/execute/intrinsic_nearest.f90 execution,  -O0 
FAIL: gfortran.fortran-torture/execute/intrinsic_nearest.f90 execution,  -O1 
FAIL: gfortran.fortran-torture/execute/intrinsic_nearest.f90 execution,  -O2 
FAIL: gfortran.fortran-torture/execute/intrinsic_nearest.f90 execution,  -O2 -fomit-frame-pointer -finline-functions 
FAIL: gfortran.fortran-torture/execute/intrinsic_nearest.f90 execution,  -O2 -fomit-frame-pointer -finline-functions -funroll-loops 
FAIL: gfortran.fortran-torture/execute/intrinsic_nearest.f90 execution,  -O2 -fbounds-check 
FAIL: gfortran.fortran-torture/execute/intrinsic_nearest.f90 execution,  -O3 -g 
FAIL: gfortran.fortran-torture/execute/intrinsic_nearest.f90 execution,  -Os 

		=== gfortran Summary ===

# of expected passes		26900
# of unexpected failures	46
# of expected failures		14
# of unsupported tests		265
/tmp/20080912/gcc/testsuite/gfortran/../../gfortran  version 4.4.0 20080913 (experimental) [trunk revision 140333] (GCC) 

		=== objc tests ===


Running target unix
FAIL: objc.dg/super-class-2.m (internal compiler error)
FAIL: objc.dg/super-class-2.m (test for excess errors)
FAIL: objc.dg/zero-link-1.m (internal compiler error)
FAIL: objc.dg/zero-link-1.m (test for excess errors)
ERROR: objc.dg/zero-link-1.m: error executing dg-final: couldn't open "zero-link-1.s": no such file or directory
UNRESOLVED: objc.dg/zero-link-1.m: error executing dg-final: couldn't open "zero-link-1.s": no such file or directory
FAIL: objc.dg/zero-link-2.m (internal compiler error)
FAIL: objc.dg/zero-link-2.m (test for excess errors)
ERROR: objc.dg/zero-link-2.m: error executing dg-final: couldn't open "zero-link-2.s": no such file or directory
UNRESOLVED: objc.dg/zero-link-2.m: error executing dg-final: couldn't open "zero-link-2.s": no such file or directory

		=== objc Summary ===

# of expected passes		1761
# of unexpected failures	6
# of expected failures		17
# of unresolved testcases	2
# of unsupported tests		28
/tmp/20080912/gcc/xgcc  version 4.4.0 20080913 (experimental) [trunk revision 140333] (GCC) 

		=== libgomp tests ===


Running target unix
FAIL: libgomp.c/sort-1.c execution test
FAIL: libgomp.c++/ctor-10.C  -O0  execution test
FAIL: libgomp.c++/ctor-10.C  -O3 -fomit-frame-pointer -funroll-loops  execution test
FAIL: libgomp.c++/ctor-10.C  -O3 -fomit-frame-pointer -funroll-all-loops -finline-functions  execution test
FAIL: libgomp.c++/ctor-8.C  -O0  execution test
FAIL: libgomp.c++/ctor-8.C  -O3 -fomit-frame-pointer  execution test
FAIL: libgomp.c++/ctor-8.C  -O3 -fomit-frame-pointer -funroll-loops  execution test
FAIL: libgomp.c++/ctor-8.C  -O3 -fomit-frame-pointer -funroll-all-loops -finline-functions  execution test
FAIL: libgomp.c++/ctor-8.C  -O3 -g  execution test
FAIL: libgomp.fortran/appendix-a/a.22.8.f90  -O3 -fomit-frame-pointer  execution test
FAIL: libgomp.fortran/appendix-a/a.22.8.f90  -O3 -g  execution test
FAIL: libgomp.fortran/crayptr2.f90  -O0  execution test
FAIL: libgomp.fortran/crayptr2.f90  -O3 -fomit-frame-pointer -funroll-all-loops -finline-functions  execution test
FAIL: libgomp.fortran/omp_parse3.f90  -O0  execution test
FAIL: libgomp.fortran/omp_parse3.f90  -O1  execution test
FAIL: libgomp.fortran/omp_parse3.f90  -O2  execution test
FAIL: libgomp.fortran/omp_parse3.f90  -O3 -fomit-frame-pointer  execution test
FAIL: libgomp.fortran/omp_parse3.f90  -O3 -fomit-frame-pointer -funroll-loops  execution test
FAIL: libgomp.fortran/omp_parse3.f90  -O3 -fomit-frame-pointer -funroll-all-loops -finline-functions  execution test
FAIL: libgomp.fortran/omp_parse3.f90  -O3 -g  execution test
FAIL: libgomp.fortran/omp_parse3.f90  -Os  execution test
FAIL: libgomp.fortran/pr25162.f  -O0  execution test
FAIL: libgomp.fortran/pr25162.f  -O1  execution test
FAIL: libgomp.fortran/pr25162.f  -O2  execution test
FAIL: libgomp.fortran/pr25162.f  -O3 -fomit-frame-pointer  execution test
FAIL: libgomp.fortran/pr25162.f  -O3 -fomit-frame-pointer -funroll-loops  execution test
FAIL: libgomp.fortran/pr25162.f  -O3 -fomit-frame-pointer -funroll-all-loops -finline-functions  execution test
FAIL: libgomp.fortran/pr25162.f  -O3 -g  execution test
FAIL: libgomp.fortran/pr25162.f  -Os  execution test
FAIL: libgomp.fortran/threadprivate1.f90  -O0  execution test
FAIL: libgomp.fortran/threadprivate1.f90  -O1  execution test
FAIL: libgomp.fortran/threadprivate1.f90  -O3 -g  execution test
FAIL: libgomp.fortran/threadprivate2.f90  -O0  execution test
FAIL: libgomp.fortran/threadprivate2.f90  -O1  execution test
FAIL: libgomp.fortran/threadprivate2.f90  -O2  execution test
FAIL: libgomp.fortran/threadprivate2.f90  -O3 -fomit-frame-pointer  execution test
FAIL: libgomp.fortran/threadprivate2.f90  -O3 -fomit-frame-pointer -funroll-loops  execution test
FAIL: libgomp.fortran/threadprivate2.f90  -O3 -fomit-frame-pointer -funroll-all-loops -finline-functions  execution test
FAIL: libgomp.fortran/threadprivate2.f90  -O3 -g  execution test
FAIL: libgomp.fortran/threadprivate2.f90  -Os  execution test
FAIL: libgomp.fortran/threadprivate3.f90  -O0  execution test
FAIL: libgomp.fortran/threadprivate3.f90  -O1  execution test
FAIL: libgomp.fortran/threadprivate3.f90  -O2  execution test
FAIL: libgomp.fortran/threadprivate3.f90  -O3 -fomit-frame-pointer  execution test
FAIL: libgomp.fortran/threadprivate3.f90  -O3 -fomit-frame-pointer -funroll-loops  execution test
FAIL: libgomp.fortran/threadprivate3.f90  -O3 -fomit-frame-pointer -funroll-all-loops -finline-functions  execution test
FAIL: libgomp.fortran/threadprivate3.f90  -O3 -g  execution test
FAIL: libgomp.fortran/threadprivate3.f90  -Os  execution test

		=== libgomp Summary ===

# of expected passes		2237
# of unexpected failures	48
# of unsupported tests		2
		=== libstdc++ tests ===


Running target unix
FAIL: 22_locale/ctype/is/char/3.cc execution test
XPASS: 23_containers/unordered_multimap/init-list.cc (test for excess errors)
FAIL: 27_io/ios_base/storage/11584.cc execution test
FAIL: 27_io/objects/char/6.cc execution test
FAIL: 27_io/objects/wchar_t/6.cc execution test
FAIL: ext/mt_allocator/check_new.cc execution test
FAIL: ext/pool_allocator/check_new.cc execution test

		=== libstdc++ Summary ===

# of expected passes		5280
# of unexpected failures	6
# of unexpected successes	1
# of expected failures		67
# of unsupported tests		332

Compiler version: 4.4.0 20080913 (experimental) [trunk revision 140333] (GCC) 
Platform: powerpc-ibm-aix5.3.0.0
configure flags: --prefix=/farm/dje/install/powerpc-ibm-aix5.3.0.0-20080912 --disable-werror --enable-languages=c,c++,fortran,objc --with-gmp=/usr/gnu --with-mpfr=/usr/gnu --with-ppl=/usr/gnu --with-cloog=/usr/gnu



Index Nav: [Date Index] [Subject Index] [Author Index] [Thread Index]
Message Nav: [Date Prev] [Date Next] [Thread Prev] [Thread Next]