This is the mail archive of the
gcc-testresults@gcc.gnu.org
mailing list for the GCC project.
Results for 4.4.0 20080912 (experimental) (GCC) testsuite on powerpc-apple-darwin8.5.0
- From: regress at apple dot com (regress)
- To: gcc-testresults at gcc dot gnu dot org
- Date: Fri, 12 Sep 2008 21:12:36 -0700 (PDT)
- Subject: Results for 4.4.0 20080912 (experimental) (GCC) testsuite on powerpc-apple-darwin8.5.0
This build run by an automatic regression tester.
See <http://gcc.gnu.org/regtest/HEAD/> for more information.
Date: 2008-09-12T19:58:56Z
Revision: 140323
URL: svn://gcc.gnu.org/svn/gcc/trunk
Status: regress-68
Prev-Endtime: 2008-09-12T19:54:50Z
LAST_UPDATED:
Native configuration is powerpc-apple-darwin8.5.0
=== g++ tests ===
Running target unix
FAIL: g++.dg/abi/key2.C scan-assembler .globl __ZTI1f\\\\n\\t.weak_definition __ZTI1f\\\\n\\t.section __DATA,__const_coal,coalesced
FAIL: g++.dg/cpp0x/variadic-tuple.C (internal compiler error)
FAIL: g++.dg/cpp0x/variadic-tuple.C (test for excess errors)
WARNING: g++.dg/cpp0x/variadic-tuple.C compilation failed to produce executable
FAIL: g++.dg/ext/alignof2.C execution test
FAIL: g++.dg/ext/weak2.C scan-assembler weak[^ \\t]*[ \\t]_?_Z3foov
FAIL: g++.dg/ipa/iinline-1.C scan-ipa-dump inline "String::funcOne[^\\n]*inline copy in int main"
FAIL: g++.dg/other/PR23205.C scan-assembler .stabs.*foobar:c=i
FAIL: g++.dg/other/anon5.C (test for excess errors)
FAIL: g++.dg/other/unused1.C scan-assembler (string|ascii?)z?[\\t ]"printer("|\\\\\\\\0)
FAIL: g++.dg/pubtypes.C scan-assembler long+[ \\t]+0x24+[ \\t]+[#;]+[ \\t]+Length of Public Type Names Info
FAIL: g++.dg/pch/pch.C -g assembly comparison
FAIL: g++.dg/pch/pch.C -O2 -g assembly comparison
FAIL: g++.dg/special/conpr-3.C execution test
FAIL: g++.dg/special/initpri1.C execution test
WARNING: program timed out.
=== g++ Summary ===
# of expected passes 18167
# of unexpected failures 14
# of expected failures 81
# of unsupported tests 158
/Users/regress/tbox/native/build/gcc/testsuite/g++/../../g++ version 4.4.0 20080912 (experimental) (GCC)
=== gcc tests ===
Running target unix
FAIL: gcc.c-torture/compile/limits-exprparen.c -O0 (test for excess errors)
FAIL: gcc.c-torture/compile/limits-exprparen.c -O1 (test for excess errors)
FAIL: gcc.c-torture/compile/limits-exprparen.c -O2 (test for excess errors)
FAIL: gcc.c-torture/compile/limits-exprparen.c -O3 -fomit-frame-pointer (test for excess errors)
FAIL: gcc.c-torture/compile/limits-exprparen.c -O3 -g (test for excess errors)
FAIL: gcc.c-torture/compile/limits-exprparen.c -Os (test for excess errors)
FAIL: gcc.c-torture/compile/pr11832.c -O0 (internal compiler error)
FAIL: gcc.c-torture/compile/pr11832.c -O1 (internal compiler error)
FAIL: gcc.c-torture/compile/pr11832.c -O2 (internal compiler error)
FAIL: gcc.c-torture/compile/pr11832.c -O3 -fomit-frame-pointer (internal compiler error)
FAIL: gcc.c-torture/compile/pr11832.c -O3 -fomit-frame-pointer -funroll-loops (internal compiler error)
FAIL: gcc.c-torture/compile/pr11832.c -O3 -fomit-frame-pointer -funroll-all-loops -finline-functions (internal compiler error)
FAIL: gcc.c-torture/compile/pr11832.c -O3 -g (internal compiler error)
FAIL: gcc.c-torture/compile/pr11832.c -Os (internal compiler error)
FAIL: gcc.c-torture/compile/pr33009.c -O0 (internal compiler error)
FAIL: gcc.c-torture/compile/pr33009.c -O1 (internal compiler error)
FAIL: gcc.c-torture/compile/pr33009.c -O2 (internal compiler error)
FAIL: gcc.c-torture/compile/pr33009.c -O3 -fomit-frame-pointer (internal compiler error)
FAIL: gcc.c-torture/compile/pr33009.c -O3 -fomit-frame-pointer -funroll-loops (internal compiler error)
FAIL: gcc.c-torture/compile/pr33009.c -O3 -fomit-frame-pointer -funroll-all-loops -finline-functions (internal compiler error)
FAIL: gcc.c-torture/compile/pr33009.c -O3 -g (internal compiler error)
FAIL: gcc.c-torture/compile/pr33009.c -Os (internal compiler error)
FAIL: gcc.dg/cpp/subframework1.c -fno-show-column (test for excess errors)
FAIL: gcc.dg/debug/dwarf2/dwarf-die3.c scan-assembler-not DW_AT_inline
XPASS: gcc.dg/20020103-1.c scan-assembler-not LC[0-9]
FAIL: gcc.dg/and-1.c scan-assembler-not nand
FAIL: gcc.dg/darwin-weakimport-1.c scan-assembler weak_reference _a
FAIL: gcc.dg/darwin-weakimport-2.c scan-assembler weak_reference _foo
FAIL: gcc.dg/initpri1.c execution test
FAIL: gcc.dg/memcpy-1.c scan-tree-dump-times optimized "nasty_local" 0
FAIL: gcc.dg/pr33645-3.c scan-assembler-not var1_t
FAIL: gcc.dg/pr35729.c scan-rtl-dump-times loop2_invariant "Decided to move invariant" 0
FAIL: gcc.dg/ssp-2.c (test for excess errors)
FAIL: gcc.dg/visibility-14.c scan-hidden private_extern[ \\t_]*_?foo
FAIL: gcc.dg/visibility-15.c scan-hidden private_extern[ \\t_]*_?foo
FAIL: gcc.dg/visibility-16.c scan-hidden private_extern[ \\t_]*_?foo
FAIL: gcc.dg/visibility-17.c scan-hidden private_extern[ \\t_]*_?foo
FAIL: gcc.dg/visibility-18.c scan-hidden private_extern[ \\t_]*_?foo
FAIL: gcc.dg/visibility-19.c scan-hidden private_extern[ \\t_]*_?foo
FAIL: gcc.dg/pch/save-temps-1.c -O0 -g assembly comparison
FAIL: gcc.dg/pch/save-temps-1.c -O3 -g assembly comparison
FAIL: gcc.dg/torture/builtin-math-4.c -O0 (test for excess errors)
FAIL: gcc.dg/torture/builtin-math-4.c -O1 (test for excess errors)
FAIL: gcc.dg/torture/builtin-math-4.c -O2 (test for excess errors)
FAIL: gcc.dg/torture/builtin-math-4.c -O3 -fomit-frame-pointer (test for excess errors)
FAIL: gcc.dg/torture/builtin-math-4.c -O3 -fomit-frame-pointer -funroll-loops (test for excess errors)
FAIL: gcc.dg/torture/builtin-math-4.c -O3 -fomit-frame-pointer -funroll-all-loops -finline-functions (test for excess errors)
FAIL: gcc.dg/torture/builtin-math-4.c -O3 -g (test for excess errors)
FAIL: gcc.dg/torture/builtin-math-4.c -Os (test for excess errors)
FAIL: gcc.dg/tree-ssa/vrp47.c scan-tree-dump-times vrp1 "[xy][^ ]* !=" 0
FAIL: gcc.dg/tree-ssa/vrp47.c scan-tree-dump-times dom1 "x[^ ]* & y" 1
FAIL: gcc.dg/vect/costmodel/ppc/costmodel-slp-12.c scan-tree-dump-times vect "vectorized 1 loops" 1
FAIL: gcc.dg/vect/costmodel/ppc/costmodel-slp-12.c scan-tree-dump-times vect "vectorizing stmts using SLP" 1
FAIL: gcc.dg/vect/pr36493.c scan-tree-dump-times vect "vectorized 1 loops" 1
FAIL: gcc.dg/vect/vect-67.c scan-tree-dump-times vect "vectorized 1 loops" 1
FAIL: gcc.dg/vect/section-anchors-pr27770.c (test for excess errors)
FAIL: gcc.dg/vect/section-anchors-vect-69.c (test for excess errors)
FAIL: gcc.dg/vect/section-anchors-vect-69.c scan-tree-dump-times vect "Alignment of access forced using peeling" 4
FAIL: gcc.dg/weak/weak-1.c scan-assembler weak[^ \\t]*[ \\t]_?j
FAIL: gcc.dg/weak/weak-12.c scan-assembler weak[^ \\t]*[ \\t]_?foo
FAIL: gcc.dg/weak/weak-2.c scan-assembler weak[^ \\t]*[ \\t]_?ffoo1a
FAIL: gcc.dg/weak/weak-2.c scan-assembler weak[^ \\t]*[ \\t]_?ffoo1b
FAIL: gcc.dg/weak/weak-2.c scan-assembler weak[^ \\t]*[ \\t]_?ffoo1c
FAIL: gcc.dg/weak/weak-2.c scan-assembler weak[^ \\t]*[ \\t]_?ffoo1e
FAIL: gcc.dg/weak/weak-4.c scan-assembler weak[^ \\t]*[ \\t]_?vfoo1a
FAIL: gcc.dg/weak/weak-4.c scan-assembler weak[^ \\t]*[ \\t]_?vfoo1b
FAIL: gcc.dg/weak/weak-4.c scan-assembler weak[^ \\t]*[ \\t]_?vfoo1c
FAIL: gcc.target/powerpc/ppc64-double-1.c scan-assembler-not stfd
FAIL: gcc.target/powerpc/pr18096-1.c stack frame too large (test for errors, line 8)
FAIL: gcc.target/powerpc/pr18096-1.c (test for excess errors)
=== gcc Summary ===
# of expected passes 50277
# of unexpected failures 69
# of unexpected successes 1
# of expected failures 192
# of unsupported tests 612
/Users/regress/tbox/native/build/gcc/xgcc version 4.4.0 20080912 (experimental) (GCC)
=== gfortran tests ===
Running target unix
FAIL: gfortran.dg/bessel_2.f90 -O (test for excess errors)
FAIL: gfortran.dg/large_real_kind_3.F90 -O0 execution test
=== gfortran Summary ===
# of expected passes 27711
# of unexpected failures 2
# of expected failures 42
# of unsupported tests 132
/Users/regress/tbox/native/build/gcc/testsuite/gfortran/../../gfortran version 4.4.0 20080912 (experimental) (GCC)
=== objc tests ===
Running target unix
FAIL: objc/execute/accessing_ivars.m compilation, -O0 -fnext-runtime (internal compiler error)
UNRESOLVED: objc/execute/accessing_ivars.m execution, -O0 -fnext-runtime
FAIL: objc/execute/accessing_ivars.m compilation, -O1 -fnext-runtime (internal compiler error)
UNRESOLVED: objc/execute/accessing_ivars.m execution, -O1 -fnext-runtime
FAIL: objc/execute/accessing_ivars.m compilation, -O2 -fnext-runtime (internal compiler error)
UNRESOLVED: objc/execute/accessing_ivars.m execution, -O2 -fnext-runtime
FAIL: objc/execute/accessing_ivars.m compilation, -O3 -fomit-frame-pointer -fnext-runtime (internal compiler error)
UNRESOLVED: objc/execute/accessing_ivars.m execution, -O3 -fomit-frame-pointer -fnext-runtime
FAIL: objc/execute/accessing_ivars.m compilation, -O3 -g -fnext-runtime (internal compiler error)
UNRESOLVED: objc/execute/accessing_ivars.m execution, -O3 -g -fnext-runtime
FAIL: objc/execute/accessing_ivars.m compilation, -Os -fnext-runtime (internal compiler error)
UNRESOLVED: objc/execute/accessing_ivars.m execution, -Os -fnext-runtime
FAIL: objc/execute/class-10.m compilation, -O0 -fnext-runtime (internal compiler error)
UNRESOLVED: objc/execute/class-10.m execution, -O0 -fnext-runtime
FAIL: objc/execute/class-10.m compilation, -O1 -fnext-runtime (internal compiler error)
UNRESOLVED: objc/execute/class-10.m execution, -O1 -fnext-runtime
FAIL: objc/execute/class-10.m compilation, -O2 -fnext-runtime (internal compiler error)
UNRESOLVED: objc/execute/class-10.m execution, -O2 -fnext-runtime
FAIL: objc/execute/class-10.m compilation, -O3 -fomit-frame-pointer -fnext-runtime (internal compiler error)
UNRESOLVED: objc/execute/class-10.m execution, -O3 -fomit-frame-pointer -fnext-runtime
FAIL: objc/execute/class-10.m compilation, -O3 -g -fnext-runtime (internal compiler error)
UNRESOLVED: objc/execute/class-10.m execution, -O3 -g -fnext-runtime
FAIL: objc/execute/class-10.m compilation, -Os -fnext-runtime (internal compiler error)
UNRESOLVED: objc/execute/class-10.m execution, -Os -fnext-runtime
FAIL: objc/execute/class-11.m compilation, -O0 -fnext-runtime (internal compiler error)
UNRESOLVED: objc/execute/class-11.m execution, -O0 -fnext-runtime
FAIL: objc/execute/class-11.m compilation, -O1 -fnext-runtime (internal compiler error)
UNRESOLVED: objc/execute/class-11.m execution, -O1 -fnext-runtime
FAIL: objc/execute/class-11.m compilation, -O2 -fnext-runtime (internal compiler error)
UNRESOLVED: objc/execute/class-11.m execution, -O2 -fnext-runtime
FAIL: objc/execute/class-11.m compilation, -O3 -fomit-frame-pointer -fnext-runtime (internal compiler error)
UNRESOLVED: objc/execute/class-11.m execution, -O3 -fomit-frame-pointer -fnext-runtime
FAIL: objc/execute/class-11.m compilation, -O3 -g -fnext-runtime (internal compiler error)
UNRESOLVED: objc/execute/class-11.m execution, -O3 -g -fnext-runtime
FAIL: objc/execute/class-11.m compilation, -Os -fnext-runtime (internal compiler error)
UNRESOLVED: objc/execute/class-11.m execution, -Os -fnext-runtime
FAIL: objc/execute/class-12.m compilation, -O0 -fnext-runtime (internal compiler error)
UNRESOLVED: objc/execute/class-12.m execution, -O0 -fnext-runtime
FAIL: objc/execute/class-12.m compilation, -O1 -fnext-runtime (internal compiler error)
UNRESOLVED: objc/execute/class-12.m execution, -O1 -fnext-runtime
FAIL: objc/execute/class-12.m compilation, -O2 -fnext-runtime (internal compiler error)
UNRESOLVED: objc/execute/class-12.m execution, -O2 -fnext-runtime
FAIL: objc/execute/class-12.m compilation, -O3 -fomit-frame-pointer -fnext-runtime (internal compiler error)
UNRESOLVED: objc/execute/class-12.m execution, -O3 -fomit-frame-pointer -fnext-runtime
FAIL: objc/execute/class-12.m compilation, -O3 -g -fnext-runtime (internal compiler error)
UNRESOLVED: objc/execute/class-12.m execution, -O3 -g -fnext-runtime
FAIL: objc/execute/class-12.m compilation, -Os -fnext-runtime (internal compiler error)
UNRESOLVED: objc/execute/class-12.m execution, -Os -fnext-runtime
FAIL: objc/execute/class-13.m compilation, -O0 -fnext-runtime (internal compiler error)
UNRESOLVED: objc/execute/class-13.m execution, -O0 -fnext-runtime
FAIL: objc/execute/class-13.m compilation, -O1 -fnext-runtime (internal compiler error)
UNRESOLVED: objc/execute/class-13.m execution, -O1 -fnext-runtime
FAIL: objc/execute/class-13.m compilation, -O2 -fnext-runtime (internal compiler error)
UNRESOLVED: objc/execute/class-13.m execution, -O2 -fnext-runtime
FAIL: objc/execute/class-13.m compilation, -O3 -fomit-frame-pointer -fnext-runtime (internal compiler error)
UNRESOLVED: objc/execute/class-13.m execution, -O3 -fomit-frame-pointer -fnext-runtime
FAIL: objc/execute/class-13.m compilation, -O3 -g -fnext-runtime (internal compiler error)
UNRESOLVED: objc/execute/class-13.m execution, -O3 -g -fnext-runtime
FAIL: objc/execute/class-13.m compilation, -Os -fnext-runtime (internal compiler error)
UNRESOLVED: objc/execute/class-13.m execution, -Os -fnext-runtime
FAIL: objc/execute/class-14.m compilation, -O0 -fnext-runtime (internal compiler error)
UNRESOLVED: objc/execute/class-14.m execution, -O0 -fnext-runtime
FAIL: objc/execute/class-14.m compilation, -O1 -fnext-runtime (internal compiler error)
UNRESOLVED: objc/execute/class-14.m execution, -O1 -fnext-runtime
FAIL: objc/execute/class-14.m compilation, -O2 -fnext-runtime (internal compiler error)
UNRESOLVED: objc/execute/class-14.m execution, -O2 -fnext-runtime
FAIL: objc/execute/class-14.m compilation, -O3 -fomit-frame-pointer -fnext-runtime (internal compiler error)
UNRESOLVED: objc/execute/class-14.m execution, -O3 -fomit-frame-pointer -fnext-runtime
FAIL: objc/execute/class-14.m compilation, -O3 -g -fnext-runtime (internal compiler error)
UNRESOLVED: objc/execute/class-14.m execution, -O3 -g -fnext-runtime
FAIL: objc/execute/class-14.m compilation, -Os -fnext-runtime (internal compiler error)
UNRESOLVED: objc/execute/class-14.m execution, -Os -fnext-runtime
FAIL: objc/execute/class-4.m compilation, -O0 -fnext-runtime (internal compiler error)
UNRESOLVED: objc/execute/class-4.m execution, -O0 -fnext-runtime
FAIL: objc/execute/class-4.m compilation, -O1 -fnext-runtime (internal compiler error)
UNRESOLVED: objc/execute/class-4.m execution, -O1 -fnext-runtime
FAIL: objc/execute/class-4.m compilation, -O2 -fnext-runtime (internal compiler error)
UNRESOLVED: objc/execute/class-4.m execution, -O2 -fnext-runtime
FAIL: objc/execute/class-4.m compilation, -O3 -fomit-frame-pointer -fnext-runtime (internal compiler error)
UNRESOLVED: objc/execute/class-4.m execution, -O3 -fomit-frame-pointer -fnext-runtime
FAIL: objc/execute/class-4.m compilation, -O3 -g -fnext-runtime (internal compiler error)
UNRESOLVED: objc/execute/class-4.m execution, -O3 -g -fnext-runtime
FAIL: objc/execute/class-4.m compilation, -Os -fnext-runtime (internal compiler error)
UNRESOLVED: objc/execute/class-4.m execution, -Os -fnext-runtime
FAIL: objc/execute/class-5.m compilation, -O0 -fnext-runtime (internal compiler error)
UNRESOLVED: objc/execute/class-5.m execution, -O0 -fnext-runtime
FAIL: objc/execute/class-5.m compilation, -O1 -fnext-runtime (internal compiler error)
UNRESOLVED: objc/execute/class-5.m execution, -O1 -fnext-runtime
FAIL: objc/execute/class-5.m compilation, -O2 -fnext-runtime (internal compiler error)
UNRESOLVED: objc/execute/class-5.m execution, -O2 -fnext-runtime
FAIL: objc/execute/class-5.m compilation, -O3 -fomit-frame-pointer -fnext-runtime (internal compiler error)
UNRESOLVED: objc/execute/class-5.m execution, -O3 -fomit-frame-pointer -fnext-runtime
FAIL: objc/execute/class-5.m compilation, -O3 -g -fnext-runtime (internal compiler error)
UNRESOLVED: objc/execute/class-5.m execution, -O3 -g -fnext-runtime
FAIL: objc/execute/class-5.m compilation, -Os -fnext-runtime (internal compiler error)
UNRESOLVED: objc/execute/class-5.m execution, -Os -fnext-runtime
FAIL: objc/execute/class-6.m compilation, -O0 -fnext-runtime (internal compiler error)
UNRESOLVED: objc/execute/class-6.m execution, -O0 -fnext-runtime
FAIL: objc/execute/class-6.m compilation, -O1 -fnext-runtime (internal compiler error)
UNRESOLVED: objc/execute/class-6.m execution, -O1 -fnext-runtime
FAIL: objc/execute/class-6.m compilation, -O2 -fnext-runtime (internal compiler error)
UNRESOLVED: objc/execute/class-6.m execution, -O2 -fnext-runtime
FAIL: objc/execute/class-6.m compilation, -O3 -fomit-frame-pointer -fnext-runtime (internal compiler error)
UNRESOLVED: objc/execute/class-6.m execution, -O3 -fomit-frame-pointer -fnext-runtime
FAIL: objc/execute/class-6.m compilation, -O3 -g -fnext-runtime (internal compiler error)
UNRESOLVED: objc/execute/class-6.m execution, -O3 -g -fnext-runtime
FAIL: objc/execute/class-6.m compilation, -Os -fnext-runtime (internal compiler error)
UNRESOLVED: objc/execute/class-6.m execution, -Os -fnext-runtime
FAIL: objc/execute/class-7.m compilation, -O0 -fnext-runtime (internal compiler error)
UNRESOLVED: objc/execute/class-7.m execution, -O0 -fnext-runtime
FAIL: objc/execute/class-7.m compilation, -O1 -fnext-runtime (internal compiler error)
UNRESOLVED: objc/execute/class-7.m execution, -O1 -fnext-runtime
FAIL: objc/execute/class-7.m compilation, -O2 -fnext-runtime (internal compiler error)
UNRESOLVED: objc/execute/class-7.m execution, -O2 -fnext-runtime
FAIL: objc/execute/class-7.m compilation, -O3 -fomit-frame-pointer -fnext-runtime (internal compiler error)
UNRESOLVED: objc/execute/class-7.m execution, -O3 -fomit-frame-pointer -fnext-runtime
FAIL: objc/execute/class-7.m compilation, -O3 -g -fnext-runtime (internal compiler error)
UNRESOLVED: objc/execute/class-7.m execution, -O3 -g -fnext-runtime
FAIL: objc/execute/class-7.m compilation, -Os -fnext-runtime (internal compiler error)
UNRESOLVED: objc/execute/class-7.m execution, -Os -fnext-runtime
FAIL: objc/execute/class-8.m compilation, -O0 -fnext-runtime (internal compiler error)
UNRESOLVED: objc/execute/class-8.m execution, -O0 -fnext-runtime
FAIL: objc/execute/class-8.m compilation, -O1 -fnext-runtime (internal compiler error)
UNRESOLVED: objc/execute/class-8.m execution, -O1 -fnext-runtime
FAIL: objc/execute/class-8.m compilation, -O2 -fnext-runtime (internal compiler error)
UNRESOLVED: objc/execute/class-8.m execution, -O2 -fnext-runtime
FAIL: objc/execute/class-8.m compilation, -O3 -fomit-frame-pointer -fnext-runtime (internal compiler error)
UNRESOLVED: objc/execute/class-8.m execution, -O3 -fomit-frame-pointer -fnext-runtime
FAIL: objc/execute/class-8.m compilation, -O3 -g -fnext-runtime (internal compiler error)
UNRESOLVED: objc/execute/class-8.m execution, -O3 -g -fnext-runtime
FAIL: objc/execute/class-8.m compilation, -Os -fnext-runtime (internal compiler error)
UNRESOLVED: objc/execute/class-8.m execution, -Os -fnext-runtime
FAIL: objc/execute/class-9.m compilation, -O0 -fnext-runtime (internal compiler error)
UNRESOLVED: objc/execute/class-9.m execution, -O0 -fnext-runtime
FAIL: objc/execute/class-9.m compilation, -O1 -fnext-runtime (internal compiler error)
UNRESOLVED: objc/execute/class-9.m execution, -O1 -fnext-runtime
FAIL: objc/execute/class-9.m compilation, -O2 -fnext-runtime (internal compiler error)
UNRESOLVED: objc/execute/class-9.m execution, -O2 -fnext-runtime
FAIL: objc/execute/class-9.m compilation, -O3 -fomit-frame-pointer -fnext-runtime (internal compiler error)
UNRESOLVED: objc/execute/class-9.m execution, -O3 -fomit-frame-pointer -fnext-runtime
FAIL: objc/execute/class-9.m compilation, -O3 -g -fnext-runtime (internal compiler error)
UNRESOLVED: objc/execute/class-9.m execution, -O3 -g -fnext-runtime
FAIL: objc/execute/class-9.m compilation, -Os -fnext-runtime (internal compiler error)
UNRESOLVED: objc/execute/class-9.m execution, -Os -fnext-runtime
FAIL: objc/execute/class_self-1.m compilation, -O0 -fnext-runtime (internal compiler error)
UNRESOLVED: objc/execute/class_self-1.m execution, -O0 -fnext-runtime
FAIL: objc/execute/class_self-1.m compilation, -O1 -fnext-runtime (internal compiler error)
UNRESOLVED: objc/execute/class_self-1.m execution, -O1 -fnext-runtime
FAIL: objc/execute/class_self-1.m compilation, -O2 -fnext-runtime (internal compiler error)
UNRESOLVED: objc/execute/class_self-1.m execution, -O2 -fnext-runtime
FAIL: objc/execute/class_self-1.m compilation, -O3 -fomit-frame-pointer -fnext-runtime (internal compiler error)
UNRESOLVED: objc/execute/class_self-1.m execution, -O3 -fomit-frame-pointer -fnext-runtime
FAIL: objc/execute/class_self-1.m compilation, -O3 -g -fnext-runtime (internal compiler error)
UNRESOLVED: objc/execute/class_self-1.m execution, -O3 -g -fnext-runtime
FAIL: objc/execute/class_self-1.m compilation, -Os -fnext-runtime (internal compiler error)
UNRESOLVED: objc/execute/class_self-1.m execution, -Os -fnext-runtime
FAIL: objc/execute/class_self-2.m compilation, -O0 -fnext-runtime (internal compiler error)
UNRESOLVED: objc/execute/class_self-2.m execution, -O0 -fnext-runtime
FAIL: objc/execute/class_self-2.m compilation, -O1 -fnext-runtime (internal compiler error)
UNRESOLVED: objc/execute/class_self-2.m execution, -O1 -fnext-runtime
FAIL: objc/execute/class_self-2.m compilation, -O2 -fnext-runtime (internal compiler error)
UNRESOLVED: objc/execute/class_self-2.m execution, -O2 -fnext-runtime
FAIL: objc/execute/class_self-2.m compilation, -O3 -fomit-frame-pointer -fnext-runtime (internal compiler error)
UNRESOLVED: objc/execute/class_self-2.m execution, -O3 -fomit-frame-pointer -fnext-runtime
FAIL: objc/execute/class_self-2.m compilation, -O3 -g -fnext-runtime (internal compiler error)
UNRESOLVED: objc/execute/class_self-2.m execution, -O3 -g -fnext-runtime
FAIL: objc/execute/class_self-2.m compilation, -Os -fnext-runtime (internal compiler error)
UNRESOLVED: objc/execute/class_self-2.m execution, -Os -fnext-runtime
FAIL: objc/execute/enumeration-1.m compilation, -O0 -fnext-runtime (internal compiler error)
UNRESOLVED: objc/execute/enumeration-1.m execution, -O0 -fnext-runtime
FAIL: objc/execute/enumeration-1.m compilation, -O1 -fnext-runtime (internal compiler error)
UNRESOLVED: objc/execute/enumeration-1.m execution, -O1 -fnext-runtime
FAIL: objc/execute/enumeration-1.m compilation, -O2 -fnext-runtime (internal compiler error)
UNRESOLVED: objc/execute/enumeration-1.m execution, -O2 -fnext-runtime
FAIL: objc/execute/enumeration-1.m compilation, -O3 -fomit-frame-pointer -fnext-runtime (internal compiler error)
UNRESOLVED: objc/execute/enumeration-1.m execution, -O3 -fomit-frame-pointer -fnext-runtime
FAIL: objc/execute/enumeration-1.m compilation, -O3 -g -fnext-runtime (internal compiler error)
UNRESOLVED: objc/execute/enumeration-1.m execution, -O3 -g -fnext-runtime
FAIL: objc/execute/enumeration-1.m compilation, -Os -fnext-runtime (internal compiler error)
UNRESOLVED: objc/execute/enumeration-1.m execution, -Os -fnext-runtime
FAIL: objc/execute/formal_protocol-1.m compilation, -O0 -fnext-runtime (internal compiler error)
UNRESOLVED: objc/execute/formal_protocol-1.m execution, -O0 -fnext-runtime
FAIL: objc/execute/formal_protocol-1.m compilation, -O1 -fnext-runtime (internal compiler error)
UNRESOLVED: objc/execute/formal_protocol-1.m execution, -O1 -fnext-runtime
FAIL: objc/execute/formal_protocol-1.m compilation, -O2 -fnext-runtime (internal compiler error)
UNRESOLVED: objc/execute/formal_protocol-1.m execution, -O2 -fnext-runtime
FAIL: objc/execute/formal_protocol-1.m compilation, -O3 -fomit-frame-pointer -fnext-runtime (internal compiler error)
UNRESOLVED: objc/execute/formal_protocol-1.m execution, -O3 -fomit-frame-pointer -fnext-runtime
FAIL: objc/execute/formal_protocol-1.m compilation, -O3 -g -fnext-runtime (internal compiler error)
UNRESOLVED: objc/execute/formal_protocol-1.m execution, -O3 -g -fnext-runtime
FAIL: objc/execute/formal_protocol-1.m compilation, -Os -fnext-runtime (internal compiler error)
UNRESOLVED: objc/execute/formal_protocol-1.m execution, -Os -fnext-runtime
FAIL: objc/execute/formal_protocol-2.m compilation, -O0 -fnext-runtime (internal compiler error)
UNRESOLVED: objc/execute/formal_protocol-2.m execution, -O0 -fnext-runtime
FAIL: objc/execute/formal_protocol-2.m compilation, -O1 -fnext-runtime (internal compiler error)
UNRESOLVED: objc/execute/formal_protocol-2.m execution, -O1 -fnext-runtime
FAIL: objc/execute/formal_protocol-2.m compilation, -O2 -fnext-runtime (internal compiler error)
UNRESOLVED: objc/execute/formal_protocol-2.m execution, -O2 -fnext-runtime
FAIL: objc/execute/formal_protocol-2.m compilation, -O3 -fomit-frame-pointer -fnext-runtime (internal compiler error)
UNRESOLVED: objc/execute/formal_protocol-2.m execution, -O3 -fomit-frame-pointer -fnext-runtime
FAIL: objc/execute/formal_protocol-2.m compilation, -O3 -g -fnext-runtime (internal compiler error)
UNRESOLVED: objc/execute/formal_protocol-2.m execution, -O3 -g -fnext-runtime
FAIL: objc/execute/formal_protocol-2.m compilation, -Os -fnext-runtime (internal compiler error)
UNRESOLVED: objc/execute/formal_protocol-2.m execution, -Os -fnext-runtime
FAIL: objc/execute/formal_protocol-3.m compilation, -O0 -fnext-runtime (internal compiler error)
UNRESOLVED: objc/execute/formal_protocol-3.m execution, -O0 -fnext-runtime
FAIL: objc/execute/formal_protocol-3.m compilation, -O1 -fnext-runtime (internal compiler error)
UNRESOLVED: objc/execute/formal_protocol-3.m execution, -O1 -fnext-runtime
FAIL: objc/execute/formal_protocol-3.m compilation, -O2 -fnext-runtime (internal compiler error)
UNRESOLVED: objc/execute/formal_protocol-3.m execution, -O2 -fnext-runtime
FAIL: objc/execute/formal_protocol-3.m compilation, -O3 -fomit-frame-pointer -fnext-runtime (internal compiler error)
UNRESOLVED: objc/execute/formal_protocol-3.m execution, -O3 -fomit-frame-pointer -fnext-runtime
FAIL: objc/execute/formal_protocol-3.m compilation, -O3 -g -fnext-runtime (internal compiler error)
UNRESOLVED: objc/execute/formal_protocol-3.m execution, -O3 -g -fnext-runtime
FAIL: objc/execute/formal_protocol-3.m compilation, -Os -fnext-runtime (internal compiler error)
UNRESOLVED: objc/execute/formal_protocol-3.m execution, -Os -fnext-runtime
FAIL: objc/execute/formal_protocol-4.m compilation, -O0 -fnext-runtime (internal compiler error)
UNRESOLVED: objc/execute/formal_protocol-4.m execution, -O0 -fnext-runtime
FAIL: objc/execute/formal_protocol-4.m compilation, -O1 -fnext-runtime (internal compiler error)
UNRESOLVED: objc/execute/formal_protocol-4.m execution, -O1 -fnext-runtime
FAIL: objc/execute/formal_protocol-4.m compilation, -O2 -fnext-runtime (internal compiler error)
UNRESOLVED: objc/execute/formal_protocol-4.m execution, -O2 -fnext-runtime
FAIL: objc/execute/formal_protocol-4.m compilation, -O3 -fomit-frame-pointer -fnext-runtime (internal compiler error)
UNRESOLVED: objc/execute/formal_protocol-4.m execution, -O3 -fomit-frame-pointer -fnext-runtime
FAIL: objc/execute/formal_protocol-4.m compilation, -O3 -g -fnext-runtime (internal compiler error)
UNRESOLVED: objc/execute/formal_protocol-4.m execution, -O3 -g -fnext-runtime
FAIL: objc/execute/formal_protocol-4.m compilation, -Os -fnext-runtime (internal compiler error)
UNRESOLVED: objc/execute/formal_protocol-4.m execution, -Os -fnext-runtime
FAIL: objc/execute/initialize.m compilation, -O0 -fnext-runtime (internal compiler error)
UNRESOLVED: objc/execute/initialize.m execution, -O0 -fnext-runtime
FAIL: objc/execute/initialize.m compilation, -O1 -fnext-runtime (internal compiler error)
UNRESOLVED: objc/execute/initialize.m execution, -O1 -fnext-runtime
FAIL: objc/execute/initialize.m compilation, -O2 -fnext-runtime (internal compiler error)
UNRESOLVED: objc/execute/initialize.m execution, -O2 -fnext-runtime
FAIL: objc/execute/initialize.m compilation, -O3 -fomit-frame-pointer -fnext-runtime (internal compiler error)
UNRESOLVED: objc/execute/initialize.m execution, -O3 -fomit-frame-pointer -fnext-runtime
FAIL: objc/execute/initialize.m compilation, -O3 -g -fnext-runtime (internal compiler error)
UNRESOLVED: objc/execute/initialize.m execution, -O3 -g -fnext-runtime
FAIL: objc/execute/initialize.m compilation, -Os -fnext-runtime (internal compiler error)
UNRESOLVED: objc/execute/initialize.m execution, -Os -fnext-runtime
FAIL: objc/execute/many_args_method.m compilation, -O0 -fnext-runtime (internal compiler error)
UNRESOLVED: objc/execute/many_args_method.m execution, -O0 -fnext-runtime
FAIL: objc/execute/many_args_method.m compilation, -O1 -fnext-runtime (internal compiler error)
UNRESOLVED: objc/execute/many_args_method.m execution, -O1 -fnext-runtime
FAIL: objc/execute/many_args_method.m compilation, -O2 -fnext-runtime (internal compiler error)
UNRESOLVED: objc/execute/many_args_method.m execution, -O2 -fnext-runtime
FAIL: objc/execute/many_args_method.m compilation, -O3 -fomit-frame-pointer -fnext-runtime (internal compiler error)
UNRESOLVED: objc/execute/many_args_method.m execution, -O3 -fomit-frame-pointer -fnext-runtime
FAIL: objc/execute/many_args_method.m compilation, -O3 -g -fnext-runtime (internal compiler error)
UNRESOLVED: objc/execute/many_args_method.m execution, -O3 -g -fnext-runtime
FAIL: objc/execute/many_args_method.m compilation, -Os -fnext-runtime (internal compiler error)
UNRESOLVED: objc/execute/many_args_method.m execution, -Os -fnext-runtime
FAIL: objc/execute/nested-3.m compilation, -O0 -fnext-runtime (internal compiler error)
UNRESOLVED: objc/execute/nested-3.m execution, -O0 -fnext-runtime
FAIL: objc/execute/nested-3.m compilation, -O1 -fnext-runtime (internal compiler error)
UNRESOLVED: objc/execute/nested-3.m execution, -O1 -fnext-runtime
FAIL: objc/execute/nested-3.m compilation, -O2 -fnext-runtime (internal compiler error)
UNRESOLVED: objc/execute/nested-3.m execution, -O2 -fnext-runtime
FAIL: objc/execute/nested-3.m compilation, -O3 -fomit-frame-pointer -fnext-runtime (internal compiler error)
UNRESOLVED: objc/execute/nested-3.m execution, -O3 -fomit-frame-pointer -fnext-runtime
FAIL: objc/execute/nested-3.m compilation, -O3 -g -fnext-runtime (internal compiler error)
UNRESOLVED: objc/execute/nested-3.m execution, -O3 -g -fnext-runtime
FAIL: objc/execute/nested-3.m compilation, -Os -fnext-runtime (internal compiler error)
UNRESOLVED: objc/execute/nested-3.m execution, -Os -fnext-runtime
FAIL: objc/execute/nested-func-1.m compilation, -O0 -fnext-runtime (internal compiler error)
UNRESOLVED: objc/execute/nested-func-1.m execution, -O0 -fnext-runtime
FAIL: objc/execute/nested-func-1.m compilation, -O1 -fnext-runtime (internal compiler error)
UNRESOLVED: objc/execute/nested-func-1.m execution, -O1 -fnext-runtime
FAIL: objc/execute/nested-func-1.m compilation, -O2 -fnext-runtime (internal compiler error)
UNRESOLVED: objc/execute/nested-func-1.m execution, -O2 -fnext-runtime
FAIL: objc/execute/nested-func-1.m compilation, -O3 -fomit-frame-pointer -fnext-runtime (internal compiler error)
UNRESOLVED: objc/execute/nested-func-1.m execution, -O3 -fomit-frame-pointer -fnext-runtime
FAIL: objc/execute/nested-func-1.m compilation, -O3 -g -fnext-runtime (internal compiler error)
UNRESOLVED: objc/execute/nested-func-1.m execution, -O3 -g -fnext-runtime
FAIL: objc/execute/nested-func-1.m compilation, -Os -fnext-runtime (internal compiler error)
UNRESOLVED: objc/execute/nested-func-1.m execution, -Os -fnext-runtime
FAIL: objc/execute/no_clash.m compilation, -O0 -fnext-runtime (internal compiler error)
UNRESOLVED: objc/execute/no_clash.m execution, -O0 -fnext-runtime
FAIL: objc/execute/no_clash.m compilation, -O1 -fnext-runtime (internal compiler error)
UNRESOLVED: objc/execute/no_clash.m execution, -O1 -fnext-runtime
FAIL: objc/execute/no_clash.m compilation, -O2 -fnext-runtime (internal compiler error)
UNRESOLVED: objc/execute/no_clash.m execution, -O2 -fnext-runtime
FAIL: objc/execute/no_clash.m compilation, -O3 -fomit-frame-pointer -fnext-runtime (internal compiler error)
UNRESOLVED: objc/execute/no_clash.m execution, -O3 -fomit-frame-pointer -fnext-runtime
FAIL: objc/execute/no_clash.m compilation, -O3 -g -fnext-runtime (internal compiler error)
UNRESOLVED: objc/execute/no_clash.m execution, -O3 -g -fnext-runtime
FAIL: objc/execute/no_clash.m compilation, -Os -fnext-runtime (internal compiler error)
UNRESOLVED: objc/execute/no_clash.m execution, -Os -fnext-runtime
FAIL: objc/execute/protocol-isEqual-1.m compilation, -O0 -fnext-runtime (internal compiler error)
UNRESOLVED: objc/execute/protocol-isEqual-1.m execution, -O0 -fnext-runtime
FAIL: objc/execute/protocol-isEqual-1.m compilation, -O1 -fnext-runtime (internal compiler error)
UNRESOLVED: objc/execute/protocol-isEqual-1.m execution, -O1 -fnext-runtime
FAIL: objc/execute/protocol-isEqual-1.m compilation, -O2 -fnext-runtime (internal compiler error)
UNRESOLVED: objc/execute/protocol-isEqual-1.m execution, -O2 -fnext-runtime
FAIL: objc/execute/protocol-isEqual-1.m compilation, -O3 -fomit-frame-pointer -fnext-runtime (internal compiler error)
UNRESOLVED: objc/execute/protocol-isEqual-1.m execution, -O3 -fomit-frame-pointer -fnext-runtime
FAIL: objc/execute/protocol-isEqual-1.m compilation, -O3 -g -fnext-runtime (internal compiler error)
UNRESOLVED: objc/execute/protocol-isEqual-1.m execution, -O3 -g -fnext-runtime
FAIL: objc/execute/protocol-isEqual-1.m compilation, -Os -fnext-runtime (internal compiler error)
UNRESOLVED: objc/execute/protocol-isEqual-1.m execution, -Os -fnext-runtime
FAIL: objc/execute/protocol-isEqual-2.m compilation, -O0 -fnext-runtime (internal compiler error)
UNRESOLVED: objc/execute/protocol-isEqual-2.m execution, -O0 -fnext-runtime
FAIL: objc/execute/protocol-isEqual-2.m compilation, -O1 -fnext-runtime (internal compiler error)
UNRESOLVED: objc/execute/protocol-isEqual-2.m execution, -O1 -fnext-runtime
FAIL: objc/execute/protocol-isEqual-2.m compilation, -O2 -fnext-runtime (internal compiler error)
UNRESOLVED: objc/execute/protocol-isEqual-2.m execution, -O2 -fnext-runtime
FAIL: objc/execute/protocol-isEqual-2.m compilation, -O3 -fomit-frame-pointer -fnext-runtime (internal compiler error)
UNRESOLVED: objc/execute/protocol-isEqual-2.m execution, -O3 -fomit-frame-pointer -fnext-runtime
FAIL: objc/execute/protocol-isEqual-2.m compilation, -O3 -g -fnext-runtime (internal compiler error)
UNRESOLVED: objc/execute/protocol-isEqual-2.m execution, -O3 -g -fnext-runtime
FAIL: objc/execute/protocol-isEqual-2.m compilation, -Os -fnext-runtime (internal compiler error)
UNRESOLVED: objc/execute/protocol-isEqual-2.m execution, -Os -fnext-runtime
FAIL: objc/execute/protocol-isEqual-3.m compilation, -O0 -fnext-runtime (internal compiler error)
UNRESOLVED: objc/execute/protocol-isEqual-3.m execution, -O0 -fnext-runtime
FAIL: objc/execute/protocol-isEqual-3.m compilation, -O1 -fnext-runtime (internal compiler error)
UNRESOLVED: objc/execute/protocol-isEqual-3.m execution, -O1 -fnext-runtime
FAIL: objc/execute/protocol-isEqual-3.m compilation, -O2 -fnext-runtime (internal compiler error)
UNRESOLVED: objc/execute/protocol-isEqual-3.m execution, -O2 -fnext-runtime
FAIL: objc/execute/protocol-isEqual-3.m compilation, -O3 -fomit-frame-pointer -fnext-runtime (internal compiler error)
UNRESOLVED: objc/execute/protocol-isEqual-3.m execution, -O3 -fomit-frame-pointer -fnext-runtime
FAIL: objc/execute/protocol-isEqual-3.m compilation, -O3 -g -fnext-runtime (internal compiler error)
UNRESOLVED: objc/execute/protocol-isEqual-3.m execution, -O3 -g -fnext-runtime
FAIL: objc/execute/protocol-isEqual-3.m compilation, -Os -fnext-runtime (internal compiler error)
UNRESOLVED: objc/execute/protocol-isEqual-3.m execution, -Os -fnext-runtime
FAIL: objc/execute/protocol-isEqual-4.m compilation, -O0 -fnext-runtime (internal compiler error)
UNRESOLVED: objc/execute/protocol-isEqual-4.m execution, -O0 -fnext-runtime
FAIL: objc/execute/protocol-isEqual-4.m compilation, -O1 -fnext-runtime (internal compiler error)
UNRESOLVED: objc/execute/protocol-isEqual-4.m execution, -O1 -fnext-runtime
FAIL: objc/execute/protocol-isEqual-4.m compilation, -O2 -fnext-runtime (internal compiler error)
UNRESOLVED: objc/execute/protocol-isEqual-4.m execution, -O2 -fnext-runtime
FAIL: objc/execute/protocol-isEqual-4.m compilation, -O3 -fomit-frame-pointer -fnext-runtime (internal compiler error)
UNRESOLVED: objc/execute/protocol-isEqual-4.m execution, -O3 -fomit-frame-pointer -fnext-runtime
FAIL: objc/execute/protocol-isEqual-4.m compilation, -O3 -g -fnext-runtime (internal compiler error)
UNRESOLVED: objc/execute/protocol-isEqual-4.m execution, -O3 -g -fnext-runtime
FAIL: objc/execute/protocol-isEqual-4.m compilation, -Os -fnext-runtime (internal compiler error)
UNRESOLVED: objc/execute/protocol-isEqual-4.m execution, -Os -fnext-runtime
FAIL: objc/execute/static-1.m compilation, -O0 -fnext-runtime (internal compiler error)
UNRESOLVED: objc/execute/static-1.m execution, -O0 -fnext-runtime
FAIL: objc/execute/static-1.m compilation, -O1 -fnext-runtime (internal compiler error)
UNRESOLVED: objc/execute/static-1.m execution, -O1 -fnext-runtime
FAIL: objc/execute/static-1.m compilation, -O2 -fnext-runtime (internal compiler error)
UNRESOLVED: objc/execute/static-1.m execution, -O2 -fnext-runtime
FAIL: objc/execute/static-1.m compilation, -O3 -fomit-frame-pointer -fnext-runtime (internal compiler error)
UNRESOLVED: objc/execute/static-1.m execution, -O3 -fomit-frame-pointer -fnext-runtime
FAIL: objc/execute/static-1.m compilation, -O3 -g -fnext-runtime (internal compiler error)
UNRESOLVED: objc/execute/static-1.m execution, -O3 -g -fnext-runtime
FAIL: objc/execute/static-1.m compilation, -Os -fnext-runtime (internal compiler error)
UNRESOLVED: objc/execute/static-1.m execution, -Os -fnext-runtime
FAIL: objc/execute/static-2.m compilation, -O0 -fnext-runtime (internal compiler error)
UNRESOLVED: objc/execute/static-2.m execution, -O0 -fnext-runtime
FAIL: objc/execute/static-2.m compilation, -O1 -fnext-runtime (internal compiler error)
UNRESOLVED: objc/execute/static-2.m execution, -O1 -fnext-runtime
FAIL: objc/execute/static-2.m compilation, -O2 -fnext-runtime (internal compiler error)
UNRESOLVED: objc/execute/static-2.m execution, -O2 -fnext-runtime
FAIL: objc/execute/static-2.m compilation, -O3 -fomit-frame-pointer -fnext-runtime (internal compiler error)
UNRESOLVED: objc/execute/static-2.m execution, -O3 -fomit-frame-pointer -fnext-runtime
FAIL: objc/execute/static-2.m compilation, -O3 -g -fnext-runtime (internal compiler error)
UNRESOLVED: objc/execute/static-2.m execution, -O3 -g -fnext-runtime
FAIL: objc/execute/static-2.m compilation, -Os -fnext-runtime (internal compiler error)
UNRESOLVED: objc/execute/static-2.m execution, -Os -fnext-runtime
FAIL: objc/execute/string4.m compilation, -O0 -fnext-runtime (internal compiler error)
UNRESOLVED: objc/execute/string4.m execution, -O0 -fnext-runtime
FAIL: objc/execute/string4.m compilation, -O1 -fnext-runtime (internal compiler error)
UNRESOLVED: objc/execute/string4.m execution, -O1 -fnext-runtime
FAIL: objc/execute/string4.m compilation, -O2 -fnext-runtime (internal compiler error)
UNRESOLVED: objc/execute/string4.m execution, -O2 -fnext-runtime
FAIL: objc/execute/string4.m compilation, -O3 -fomit-frame-pointer -fnext-runtime (internal compiler error)
UNRESOLVED: objc/execute/string4.m execution, -O3 -fomit-frame-pointer -fnext-runtime
FAIL: objc/execute/string4.m compilation, -O3 -g -fnext-runtime (internal compiler error)
UNRESOLVED: objc/execute/string4.m execution, -O3 -g -fnext-runtime
FAIL: objc/execute/string4.m compilation, -Os -fnext-runtime (internal compiler error)
UNRESOLVED: objc/execute/string4.m execution, -Os -fnext-runtime
FAIL: objc/execute/va_method.m compilation, -O0 -fnext-runtime (internal compiler error)
UNRESOLVED: objc/execute/va_method.m execution, -O0 -fnext-runtime
FAIL: objc/execute/va_method.m compilation, -O1 -fnext-runtime (internal compiler error)
UNRESOLVED: objc/execute/va_method.m execution, -O1 -fnext-runtime
FAIL: objc/execute/va_method.m compilation, -O2 -fnext-runtime (internal compiler error)
UNRESOLVED: objc/execute/va_method.m execution, -O2 -fnext-runtime
FAIL: objc/execute/va_method.m compilation, -O3 -fomit-frame-pointer -fnext-runtime (internal compiler error)
UNRESOLVED: objc/execute/va_method.m execution, -O3 -fomit-frame-pointer -fnext-runtime
FAIL: objc/execute/va_method.m compilation, -O3 -fomit-frame-pointer -funroll-loops -fnext-runtime (internal compiler error)
UNRESOLVED: objc/execute/va_method.m execution, -O3 -fomit-frame-pointer -funroll-loops -fnext-runtime
FAIL: objc/execute/va_method.m compilation, -O3 -fomit-frame-pointer -funroll-all-loops -finline-functions -fnext-runtime (internal compiler error)
UNRESOLVED: objc/execute/va_method.m execution, -O3 -fomit-frame-pointer -funroll-all-loops -finline-functions -fnext-runtime
FAIL: objc/execute/va_method.m compilation, -O3 -g -fnext-runtime (internal compiler error)
UNRESOLVED: objc/execute/va_method.m execution, -O3 -g -fnext-runtime
FAIL: objc/execute/va_method.m compilation, -Os -fnext-runtime (internal compiler error)
UNRESOLVED: objc/execute/va_method.m execution, -Os -fnext-runtime
FAIL: objc.dg/call-super-2.m (internal compiler error)
FAIL: objc.dg/call-super-2.m (test for warnings, line 68)
FAIL: objc.dg/call-super-2.m (test for warnings, line 69)
FAIL: objc.dg/call-super-2.m (test for warnings, line 73)
FAIL: objc.dg/call-super-2.m (test for warnings, line 81)
FAIL: objc.dg/call-super-2.m (test for warnings, line 82)
FAIL: objc.dg/call-super-2.m (test for warnings, line 98)
FAIL: objc.dg/call-super-2.m (test for warnings, line 99)
FAIL: objc.dg/call-super-2.m (test for warnings, line 103)
FAIL: objc.dg/call-super-2.m (test for warnings, line 114)
FAIL: objc.dg/call-super-2.m (test for warnings, line 117)
FAIL: objc.dg/call-super-2.m (test for warnings, line 118)
FAIL: objc.dg/call-super-2.m (test for warnings, line 122)
FAIL: objc.dg/call-super-2.m (test for warnings, line 123)
FAIL: objc.dg/call-super-2.m (test for warnings, line 129)
FAIL: objc.dg/call-super-2.m (test for warnings, line 131)
FAIL: objc.dg/call-super-2.m (test for warnings, line 131)
FAIL: objc.dg/call-super-2.m (test for warnings, line 133)
FAIL: objc.dg/call-super-2.m (test for warnings, line 135)
FAIL: objc.dg/call-super-2.m (test for excess errors)
FAIL: objc.dg/call-super-3.m (internal compiler error)
FAIL: objc.dg/call-super-3.m (test for excess errors)
WARNING: objc.dg/call-super-3.m compilation failed to produce executable
FAIL: objc.dg/desig-init-1.m (internal compiler error)
FAIL: objc.dg/desig-init-1.m (test for excess errors)
WARNING: objc.dg/desig-init-1.m compilation failed to produce executable
FAIL: objc.dg/func-ptr-2.m (internal compiler error)
FAIL: objc.dg/func-ptr-2.m (test for excess errors)
WARNING: objc.dg/func-ptr-2.m compilation failed to produce executable
FAIL: objc.dg/lookup-1.m (internal compiler error)
FAIL: objc.dg/lookup-1.m (test for excess errors)
WARNING: objc.dg/lookup-1.m compilation failed to produce executable
FAIL: objc.dg/method-3.m (internal compiler error)
FAIL: objc.dg/method-3.m (test for excess errors)
WARNING: objc.dg/method-3.m compilation failed to produce executable
FAIL: objc.dg/proto-lossage-1.m (internal compiler error)
FAIL: objc.dg/proto-lossage-1.m (test for excess errors)
FAIL: objc.dg/proto-lossage-4.m (internal compiler error)
FAIL: objc.dg/proto-lossage-4.m (test for excess errors)
FAIL: objc.dg/stret-1.m (internal compiler error)
FAIL: objc.dg/stret-1.m (test for excess errors)
WARNING: objc.dg/stret-1.m compilation failed to produce executable
FAIL: objc.dg/stret-2.m (internal compiler error)
FAIL: objc.dg/stret-2.m (test for excess errors)
ERROR: objc.dg/stret-2.m: error executing dg-final: couldn't open "stret-2.s": no such file or directory
UNRESOLVED: objc.dg/stret-2.m: error executing dg-final: couldn't open "stret-2.s": no such file or directory
FAIL: objc.dg/super-class-2.m (internal compiler error)
FAIL: objc.dg/super-class-2.m (test for excess errors)
FAIL: objc.dg/super-class-3.m (internal compiler error)
FAIL: objc.dg/super-class-3.m (test for excess errors)
WARNING: objc.dg/super-class-3.m compilation failed to produce executable
FAIL: objc.dg/va-meth-1.m (internal compiler error)
FAIL: objc.dg/va-meth-1.m (test for excess errors)
WARNING: objc.dg/va-meth-1.m compilation failed to produce executable
FAIL: objc.dg/zero-link-1.m (internal compiler error)
FAIL: objc.dg/zero-link-1.m (test for excess errors)
ERROR: objc.dg/zero-link-1.m: error executing dg-final: couldn't open "zero-link-1.s": no such file or directory
UNRESOLVED: objc.dg/zero-link-1.m: error executing dg-final: couldn't open "zero-link-1.s": no such file or directory
FAIL: objc.dg/zero-link-2.m (internal compiler error)
FAIL: objc.dg/zero-link-2.m (test for excess errors)
ERROR: objc.dg/zero-link-2.m: error executing dg-final: couldn't open "zero-link-2.s": no such file or directory
UNRESOLVED: objc.dg/zero-link-2.m: error executing dg-final: couldn't open "zero-link-2.s": no such file or directory
FAIL: objc.dg/zero-link-3.m (internal compiler error)
FAIL: objc.dg/zero-link-3.m (test for excess errors)
WARNING: objc.dg/zero-link-3.m compilation failed to produce executable
FAIL: objc.dg-struct-layout-encoding-1/t001_main.m execution test
FAIL: objc.dg-struct-layout-encoding-1/t005_main.m execution test
FAIL: objc.dg-struct-layout-encoding-1/t009_main.m execution test
FAIL: objc.dg-struct-layout-encoding-1/t010_main.m execution test
FAIL: objc.dg-struct-layout-encoding-1/t013_main.m execution test
FAIL: objc.dg-struct-layout-encoding-1/t014_main.m execution test
FAIL: objc.dg-struct-layout-encoding-1/t016_main.m execution test
FAIL: objc.dg-struct-layout-encoding-1/t017_main.m execution test
FAIL: objc.dg-struct-layout-encoding-1/t018_main.m execution test
FAIL: objc.dg-struct-layout-encoding-1/t019_main.m execution test
FAIL: objc.dg-struct-layout-encoding-1/t020_main.m execution test
FAIL: objc.dg-struct-layout-encoding-1/t021_main.m execution test
FAIL: objc.dg-struct-layout-encoding-1/t023_main.m execution test
FAIL: objc.dg-struct-layout-encoding-1/t024_main.m execution test
FAIL: objc.dg/pch/interface-1.m -O0 -g -I. (internal compiler error)
FAIL: objc.dg/pch/interface-1.m -O0 -g -I. (test for excess errors)
FAIL: objc.dg/pch/interface-1.m -O0 -g assembly comparison
FAIL: objc.dg/pch/interface-1.m -O0 -I. (internal compiler error)
FAIL: objc.dg/pch/interface-1.m -O0 -I. (test for excess errors)
FAIL: objc.dg/pch/interface-1.m -O0 assembly comparison
FAIL: objc.dg/pch/interface-1.m -O1 -I. (internal compiler error)
FAIL: objc.dg/pch/interface-1.m -O1 -I. (test for excess errors)
FAIL: objc.dg/pch/interface-1.m -O1 assembly comparison
FAIL: objc.dg/pch/interface-1.m -O2 -I. (internal compiler error)
FAIL: objc.dg/pch/interface-1.m -O2 -I. (test for excess errors)
FAIL: objc.dg/pch/interface-1.m -O2 assembly comparison
FAIL: objc.dg/pch/interface-1.m -O3 -fomit-frame-pointer -I. (internal compiler error)
FAIL: objc.dg/pch/interface-1.m -O3 -fomit-frame-pointer -I. (test for excess errors)
FAIL: objc.dg/pch/interface-1.m -O3 -fomit-frame-pointer assembly comparison
FAIL: objc.dg/pch/interface-1.m -O3 -g -I. (internal compiler error)
FAIL: objc.dg/pch/interface-1.m -O3 -g -I. (test for excess errors)
FAIL: objc.dg/pch/interface-1.m -O3 -g assembly comparison
FAIL: objc.dg/pch/interface-1.m -Os -I. (internal compiler error)
FAIL: objc.dg/pch/interface-1.m -Os -I. (test for excess errors)
FAIL: objc.dg/pch/interface-1.m -Os assembly comparison
FAIL: objc.dg/special/unclaimed-category-1.m unclaimed-category-1a.o (internal compiler error)
FAIL: objc.dg/special/unclaimed-category-1.m unclaimed-category-1a.o (test for excess errors)
WARNING: objc.dg/special/unclaimed-category-1.m unclaimed-category-1a.o compilation failed to produce executable
=== objc Summary ===
# of expected passes 2579
# of unexpected failures 281
# of expected failures 17
# of unresolved testcases 197
# of unsupported tests 1
/Users/regress/tbox/native/build/gcc/xgcc version 4.4.0 20080912 (experimental) (GCC)
=== libffi tests ===
Running target unix
=== libffi Summary ===
# of expected passes 1389
# of unsupported tests 10
=== libgomp tests ===
Running target unix
=== libgomp Summary ===
# of expected passes 2033
# of unsupported tests 128
=== libjava tests ===
Running target unix
FAIL: Thread_Sleep_2 output - source compiled test
FAIL: Thread_Sleep_2 -findirect-dispatch output - source compiled test
FAIL: Thread_Sleep_2 -O3 output - source compiled test
FAIL: Thread_Sleep_2 -O3 -findirect-dispatch output - source compiled test
=== libjava Summary ===
# of expected passes 2570
# of unexpected failures 4
=== libstdc++ tests ===
Running target unix
XPASS: 21_strings/basic_string/element_access/char/21674.cc execution test
XPASS: 21_strings/basic_string/element_access/wchar_t/21674.cc execution test
XPASS: 23_containers/unordered_multimap/init-list.cc (test for excess errors)
XPASS: 26_numerics/headers/cmath/c99_classification_macros_c.cc (test for excess errors)
FAIL: ext/mt_allocator/deallocate_local_thread-5.cc execution test
FAIL: ext/mt_allocator/deallocate_local_thread-7.cc execution test
=== libstdc++ Summary ===
# of expected passes 5339
# of unexpected failures 2
# of unexpected successes 4
# of expected failures 69
# of unsupported tests 405
Compiler version: 4.4.0 20080912 (experimental) (GCC)
Platform: powerpc-apple-darwin8.5.0
configure flags: --prefix=/Users/regress/tbox/objs --target=powerpc-apple-darwin8.5.0