This is the mail archive of the gcc-testresults@gcc.gnu.org mailing list for the GCC project.


Index Nav: [Date Index] [Subject Index] [Author Index] [Thread Index]
Message Nav: [Date Prev] [Date Next] [Thread Prev] [Thread Next]
Other format: [Raw text]

Results for 4.4.0 20080912 (experimental) (GCC) testsuite on i686-apple-darwin9


LAST_UPDATED: 
Native configuration is i686-apple-darwin9

		=== g++ tests ===


Running target unix
FAIL: g++.dg/abi/key2.C scan-assembler .globl __ZTI1f\\\\n\\t.weak_definition __ZTI1f\\\\n\\t.section __DATA,__const_coal,coalesced
FAIL: g++.dg/cpp0x/variadic-tuple.C (internal compiler error)
FAIL: g++.dg/cpp0x/variadic-tuple.C (test for excess errors)
WARNING: g++.dg/cpp0x/variadic-tuple.C compilation failed to produce executable
FAIL: g++.dg/ext/weak2.C scan-assembler weak[^ \\t]*[ \\t]_?_Z3foov
FAIL: g++.dg/other/PR23205.C scan-assembler .stabs.*foobar:c=i
FAIL: g++.dg/other/anon5.C (test for excess errors)
FAIL: g++.dg/pubtypes.C scan-assembler long+[ \\t]+0x24+[ \\t]+[#;]+[ \\t]+Length of Public Type Names Info
FAIL: g++.dg/special/conpr-3.C execution test
FAIL: g++.dg/special/initpri1.C execution test
FAIL: g++.dg/torture/stackalign/eh-alloca-1.C  -O3 -g  execution test
FAIL: g++.dg/torture/stackalign/eh-vararg-1.C  -O3 -g  execution test
FAIL: g++.dg/torture/stackalign/eh-vararg-2.C  -O3 -g  execution test
FAIL: g++.dg/torture/stackalign/throw-1.C  -O3 -g  execution test
FAIL: g++.dg/torture/stackalign/throw-2.C  -O3 -g  execution test
FAIL: g++.dg/torture/stackalign/throw-3.C  -O3 -g  execution test
FAIL: g++.dg/torture/stackalign/eh-alloca-1.C  -O3 -g  execution test
FAIL: g++.dg/torture/stackalign/eh-vararg-1.C  -O3 -g  execution test
FAIL: g++.dg/torture/stackalign/eh-vararg-2.C  -O3 -g  execution test
FAIL: g++.dg/torture/stackalign/throw-1.C  -O3 -g  execution test
FAIL: g++.dg/torture/stackalign/throw-2.C  -O3 -g  execution test
FAIL: g++.dg/torture/stackalign/throw-3.C  -O3 -g  execution test
WARNING: program timed out.
FAIL: g++.old-deja/g++.pt/const2.C (test for excess errors)

		=== g++ Summary ===

# of expected passes		18691
# of unexpected failures	22
# of expected failures		81
# of unsupported tests		131
/sw/src/fink.build/gcc44-4.3.999-20080912/darwin_objdir/gcc/testsuite/g++/../../g++  version 4.4.0 20080912 (experimental) (GCC) 

		=== gcc tests ===


Running target unix
FAIL: gcc.c-torture/compile/vector-4.c  -O0  (test for excess errors)
FAIL: gcc.c-torture/compile/vector-4.c  -O1  (test for excess errors)
FAIL: gcc.c-torture/compile/vector-4.c  -O2  (test for excess errors)
FAIL: gcc.c-torture/compile/vector-4.c  -O3 -fomit-frame-pointer  (test for excess errors)
FAIL: gcc.c-torture/compile/vector-4.c  -O3 -g  (test for excess errors)
FAIL: gcc.c-torture/compile/vector-4.c  -Os  (test for excess errors)
FAIL: tmpdir-gcc.dg-struct-layout-1/t027 c_compat_x_tst.o-c_compat_y_tst.o execute 
FAIL: gcc.dg/cpp/subframework1.c -fno-show-column (test for excess errors)
FAIL: gcc.dg/debug/dwarf2/dwarf-die3.c scan-assembler-not DW_AT_inline
FAIL: gcc.dg/darwin-weakimport-1.c scan-assembler weak_reference _a
FAIL: gcc.dg/darwin-weakimport-2.c scan-assembler weak_reference _foo
FAIL: gcc.dg/initpri1.c execution test
FAIL: gcc.dg/pr30286.c execution test
FAIL: gcc.dg/pr33645-3.c scan-assembler-not var1_t
FAIL: gcc.dg/pr35729.c scan-rtl-dump-times loop2_invariant "Decided to move invariant" 0
FAIL: gcc.dg/visibility-14.c scan-hidden private_extern[ \\t_]*_?foo
FAIL: gcc.dg/visibility-15.c scan-hidden private_extern[ \\t_]*_?foo
FAIL: gcc.dg/visibility-16.c scan-hidden private_extern[ \\t_]*_?foo
FAIL: gcc.dg/visibility-17.c scan-hidden private_extern[ \\t_]*_?foo
FAIL: gcc.dg/visibility-18.c scan-hidden private_extern[ \\t_]*_?foo
FAIL: gcc.dg/visibility-19.c scan-hidden private_extern[ \\t_]*_?foo
FAIL: gcc.dg/vect/pr36493.c scan-tree-dump-times vect "vectorized 1 loops" 1
FAIL: gcc.dg/vect/vect-67.c scan-tree-dump-times vect "vectorized 1 loops" 1
FAIL: gcc.dg/vect/no-scevccp-outer-13.c scan-tree-dump-times vect "OUTER LOOP VECTORIZED." 1
FAIL: gcc.dg/vect/no-scevccp-outer-7.c scan-tree-dump-times vect "OUTER LOOP VECTORIZED." 1
FAIL: gcc.dg/weak/weak-1.c scan-assembler weak[^ \\t]*[ \\t]_?j
FAIL: gcc.dg/weak/weak-12.c scan-assembler weak[^ \\t]*[ \\t]_?foo
FAIL: gcc.dg/weak/weak-2.c scan-assembler weak[^ \\t]*[ \\t]_?ffoo1a
FAIL: gcc.dg/weak/weak-2.c scan-assembler weak[^ \\t]*[ \\t]_?ffoo1b
FAIL: gcc.dg/weak/weak-2.c scan-assembler weak[^ \\t]*[ \\t]_?ffoo1c
FAIL: gcc.dg/weak/weak-2.c scan-assembler weak[^ \\t]*[ \\t]_?ffoo1e
FAIL: gcc.dg/weak/weak-4.c scan-assembler weak[^ \\t]*[ \\t]_?vfoo1a
FAIL: gcc.dg/weak/weak-4.c scan-assembler weak[^ \\t]*[ \\t]_?vfoo1b
FAIL: gcc.dg/weak/weak-4.c scan-assembler weak[^ \\t]*[ \\t]_?vfoo1c
FAIL: gcc.target/i386/quad-sse.c scan-assembler-not call
FAIL: gcc.target/i386/sse4_2-popcntl.c (test for excess errors)
WARNING: gcc.target/i386/sse4_2-popcntl.c compilation failed to produce executable
FAIL: gcc.target/i386/vectorize2.c scan-assembler cvtpd2dq
FAIL: gcc.target/i386/vectorize3.c scan-assembler cvtps2dq

		=== gcc Summary ===

# of expected passes		52670
# of unexpected failures	38
# of expected failures		210
# of unsupported tests		1046
/sw/src/fink.build/gcc44-4.3.999-20080912/darwin_objdir/gcc/xgcc  version 4.4.0 20080912 (experimental) (GCC) 

		=== gfortran tests ===


Running target unix

		=== gfortran Summary ===

# of expected passes		27784
# of expected failures		22
# of unsupported tests		111
/sw/src/fink.build/gcc44-4.3.999-20080912/darwin_objdir/gcc/testsuite/gfortran/../../gfortran  version 4.4.0 20080912 (experimental) (GCC) 

		=== objc tests ===


Running target unix
FAIL: objc/execute/accessing_ivars.m compilation,  -O0 -fnext-runtime (internal compiler error)
UNRESOLVED: objc/execute/accessing_ivars.m execution,  -O0 -fnext-runtime
FAIL: objc/execute/accessing_ivars.m compilation,  -O1 -fnext-runtime (internal compiler error)
UNRESOLVED: objc/execute/accessing_ivars.m execution,  -O1 -fnext-runtime
FAIL: objc/execute/accessing_ivars.m compilation,  -O2 -fnext-runtime (internal compiler error)
UNRESOLVED: objc/execute/accessing_ivars.m execution,  -O2 -fnext-runtime
FAIL: objc/execute/accessing_ivars.m compilation,  -O3 -fomit-frame-pointer -fnext-runtime (internal compiler error)
UNRESOLVED: objc/execute/accessing_ivars.m execution,  -O3 -fomit-frame-pointer -fnext-runtime
FAIL: objc/execute/accessing_ivars.m compilation,  -O3 -g -fnext-runtime (internal compiler error)
UNRESOLVED: objc/execute/accessing_ivars.m execution,  -O3 -g -fnext-runtime
FAIL: objc/execute/accessing_ivars.m compilation,  -Os -fnext-runtime (internal compiler error)
UNRESOLVED: objc/execute/accessing_ivars.m execution,  -Os -fnext-runtime
FAIL: objc/execute/bycopy-1.m compilation,  -O0 -fnext-runtime
UNRESOLVED: objc/execute/bycopy-1.m execution,  -O0 -fnext-runtime
FAIL: objc/execute/bycopy-1.m compilation,  -O1 -fnext-runtime
UNRESOLVED: objc/execute/bycopy-1.m execution,  -O1 -fnext-runtime
FAIL: objc/execute/bycopy-1.m compilation,  -O2 -fnext-runtime
UNRESOLVED: objc/execute/bycopy-1.m execution,  -O2 -fnext-runtime
FAIL: objc/execute/bycopy-1.m compilation,  -O3 -fomit-frame-pointer -fnext-runtime
UNRESOLVED: objc/execute/bycopy-1.m execution,  -O3 -fomit-frame-pointer -fnext-runtime
FAIL: objc/execute/bycopy-1.m compilation,  -O3 -g -fnext-runtime
UNRESOLVED: objc/execute/bycopy-1.m execution,  -O3 -g -fnext-runtime
FAIL: objc/execute/bycopy-1.m compilation,  -Os -fnext-runtime
UNRESOLVED: objc/execute/bycopy-1.m execution,  -Os -fnext-runtime
FAIL: objc/execute/bycopy-2.m compilation,  -O0 -fnext-runtime
UNRESOLVED: objc/execute/bycopy-2.m execution,  -O0 -fnext-runtime
FAIL: objc/execute/bycopy-2.m compilation,  -O1 -fnext-runtime
UNRESOLVED: objc/execute/bycopy-2.m execution,  -O1 -fnext-runtime
FAIL: objc/execute/bycopy-2.m compilation,  -O2 -fnext-runtime
UNRESOLVED: objc/execute/bycopy-2.m execution,  -O2 -fnext-runtime
FAIL: objc/execute/bycopy-2.m compilation,  -O3 -fomit-frame-pointer -fnext-runtime
UNRESOLVED: objc/execute/bycopy-2.m execution,  -O3 -fomit-frame-pointer -fnext-runtime
FAIL: objc/execute/bycopy-2.m compilation,  -O3 -g -fnext-runtime
UNRESOLVED: objc/execute/bycopy-2.m execution,  -O3 -g -fnext-runtime
FAIL: objc/execute/bycopy-2.m compilation,  -Os -fnext-runtime
UNRESOLVED: objc/execute/bycopy-2.m execution,  -Os -fnext-runtime
FAIL: objc/execute/bycopy-3.m compilation,  -O0 -fnext-runtime
UNRESOLVED: objc/execute/bycopy-3.m execution,  -O0 -fnext-runtime
FAIL: objc/execute/bycopy-3.m compilation,  -O1 -fnext-runtime
UNRESOLVED: objc/execute/bycopy-3.m execution,  -O1 -fnext-runtime
FAIL: objc/execute/bycopy-3.m compilation,  -O2 -fnext-runtime
UNRESOLVED: objc/execute/bycopy-3.m execution,  -O2 -fnext-runtime
FAIL: objc/execute/bycopy-3.m compilation,  -O3 -fomit-frame-pointer -fnext-runtime
UNRESOLVED: objc/execute/bycopy-3.m execution,  -O3 -fomit-frame-pointer -fnext-runtime
FAIL: objc/execute/bycopy-3.m compilation,  -O3 -g -fnext-runtime
UNRESOLVED: objc/execute/bycopy-3.m execution,  -O3 -g -fnext-runtime
FAIL: objc/execute/bycopy-3.m compilation,  -Os -fnext-runtime
UNRESOLVED: objc/execute/bycopy-3.m execution,  -Os -fnext-runtime
FAIL: objc/execute/class-10.m compilation,  -O0 -fnext-runtime (internal compiler error)
UNRESOLVED: objc/execute/class-10.m execution,  -O0 -fnext-runtime
FAIL: objc/execute/class-10.m compilation,  -O1 -fnext-runtime (internal compiler error)
UNRESOLVED: objc/execute/class-10.m execution,  -O1 -fnext-runtime
FAIL: objc/execute/class-10.m compilation,  -O2 -fnext-runtime (internal compiler error)
UNRESOLVED: objc/execute/class-10.m execution,  -O2 -fnext-runtime
FAIL: objc/execute/class-10.m compilation,  -O3 -fomit-frame-pointer -fnext-runtime (internal compiler error)
UNRESOLVED: objc/execute/class-10.m execution,  -O3 -fomit-frame-pointer -fnext-runtime
FAIL: objc/execute/class-10.m compilation,  -O3 -g -fnext-runtime (internal compiler error)
UNRESOLVED: objc/execute/class-10.m execution,  -O3 -g -fnext-runtime
FAIL: objc/execute/class-10.m compilation,  -Os -fnext-runtime (internal compiler error)
UNRESOLVED: objc/execute/class-10.m execution,  -Os -fnext-runtime
FAIL: objc/execute/class-11.m compilation,  -O0 -fnext-runtime (internal compiler error)
UNRESOLVED: objc/execute/class-11.m execution,  -O0 -fnext-runtime
FAIL: objc/execute/class-11.m compilation,  -O1 -fnext-runtime (internal compiler error)
UNRESOLVED: objc/execute/class-11.m execution,  -O1 -fnext-runtime
FAIL: objc/execute/class-11.m compilation,  -O2 -fnext-runtime (internal compiler error)
UNRESOLVED: objc/execute/class-11.m execution,  -O2 -fnext-runtime
FAIL: objc/execute/class-11.m compilation,  -O3 -fomit-frame-pointer -fnext-runtime (internal compiler error)
UNRESOLVED: objc/execute/class-11.m execution,  -O3 -fomit-frame-pointer -fnext-runtime
FAIL: objc/execute/class-11.m compilation,  -O3 -g -fnext-runtime (internal compiler error)
UNRESOLVED: objc/execute/class-11.m execution,  -O3 -g -fnext-runtime
FAIL: objc/execute/class-11.m compilation,  -Os -fnext-runtime (internal compiler error)
UNRESOLVED: objc/execute/class-11.m execution,  -Os -fnext-runtime
FAIL: objc/execute/class-12.m compilation,  -O0 -fnext-runtime (internal compiler error)
UNRESOLVED: objc/execute/class-12.m execution,  -O0 -fnext-runtime
FAIL: objc/execute/class-12.m compilation,  -O1 -fnext-runtime (internal compiler error)
UNRESOLVED: objc/execute/class-12.m execution,  -O1 -fnext-runtime
FAIL: objc/execute/class-12.m compilation,  -O2 -fnext-runtime (internal compiler error)
UNRESOLVED: objc/execute/class-12.m execution,  -O2 -fnext-runtime
FAIL: objc/execute/class-12.m compilation,  -O3 -fomit-frame-pointer -fnext-runtime (internal compiler error)
UNRESOLVED: objc/execute/class-12.m execution,  -O3 -fomit-frame-pointer -fnext-runtime
FAIL: objc/execute/class-12.m compilation,  -O3 -g -fnext-runtime (internal compiler error)
UNRESOLVED: objc/execute/class-12.m execution,  -O3 -g -fnext-runtime
FAIL: objc/execute/class-12.m compilation,  -Os -fnext-runtime (internal compiler error)
UNRESOLVED: objc/execute/class-12.m execution,  -Os -fnext-runtime
FAIL: objc/execute/class-13.m compilation,  -O0 -fnext-runtime (internal compiler error)
UNRESOLVED: objc/execute/class-13.m execution,  -O0 -fnext-runtime
FAIL: objc/execute/class-13.m compilation,  -O1 -fnext-runtime (internal compiler error)
UNRESOLVED: objc/execute/class-13.m execution,  -O1 -fnext-runtime
FAIL: objc/execute/class-13.m compilation,  -O2 -fnext-runtime (internal compiler error)
UNRESOLVED: objc/execute/class-13.m execution,  -O2 -fnext-runtime
FAIL: objc/execute/class-13.m compilation,  -O3 -fomit-frame-pointer -fnext-runtime (internal compiler error)
UNRESOLVED: objc/execute/class-13.m execution,  -O3 -fomit-frame-pointer -fnext-runtime
FAIL: objc/execute/class-13.m compilation,  -O3 -g -fnext-runtime (internal compiler error)
UNRESOLVED: objc/execute/class-13.m execution,  -O3 -g -fnext-runtime
FAIL: objc/execute/class-13.m compilation,  -Os -fnext-runtime (internal compiler error)
UNRESOLVED: objc/execute/class-13.m execution,  -Os -fnext-runtime
FAIL: objc/execute/class-14.m compilation,  -O0 -fnext-runtime (internal compiler error)
UNRESOLVED: objc/execute/class-14.m execution,  -O0 -fnext-runtime
FAIL: objc/execute/class-14.m compilation,  -O1 -fnext-runtime (internal compiler error)
UNRESOLVED: objc/execute/class-14.m execution,  -O1 -fnext-runtime
FAIL: objc/execute/class-14.m compilation,  -O2 -fnext-runtime (internal compiler error)
UNRESOLVED: objc/execute/class-14.m execution,  -O2 -fnext-runtime
FAIL: objc/execute/class-14.m compilation,  -O3 -fomit-frame-pointer -fnext-runtime (internal compiler error)
UNRESOLVED: objc/execute/class-14.m execution,  -O3 -fomit-frame-pointer -fnext-runtime
FAIL: objc/execute/class-14.m compilation,  -O3 -g -fnext-runtime (internal compiler error)
UNRESOLVED: objc/execute/class-14.m execution,  -O3 -g -fnext-runtime
FAIL: objc/execute/class-14.m compilation,  -Os -fnext-runtime (internal compiler error)
UNRESOLVED: objc/execute/class-14.m execution,  -Os -fnext-runtime
FAIL: objc/execute/class-4.m compilation,  -O0 -fnext-runtime (internal compiler error)
UNRESOLVED: objc/execute/class-4.m execution,  -O0 -fnext-runtime
FAIL: objc/execute/class-4.m compilation,  -O1 -fnext-runtime (internal compiler error)
UNRESOLVED: objc/execute/class-4.m execution,  -O1 -fnext-runtime
FAIL: objc/execute/class-4.m compilation,  -O2 -fnext-runtime (internal compiler error)
UNRESOLVED: objc/execute/class-4.m execution,  -O2 -fnext-runtime
FAIL: objc/execute/class-4.m compilation,  -O3 -fomit-frame-pointer -fnext-runtime (internal compiler error)
UNRESOLVED: objc/execute/class-4.m execution,  -O3 -fomit-frame-pointer -fnext-runtime
FAIL: objc/execute/class-4.m compilation,  -O3 -g -fnext-runtime (internal compiler error)
UNRESOLVED: objc/execute/class-4.m execution,  -O3 -g -fnext-runtime
FAIL: objc/execute/class-4.m compilation,  -Os -fnext-runtime (internal compiler error)
UNRESOLVED: objc/execute/class-4.m execution,  -Os -fnext-runtime
FAIL: objc/execute/class-5.m compilation,  -O0 -fnext-runtime (internal compiler error)
UNRESOLVED: objc/execute/class-5.m execution,  -O0 -fnext-runtime
FAIL: objc/execute/class-5.m compilation,  -O1 -fnext-runtime (internal compiler error)
UNRESOLVED: objc/execute/class-5.m execution,  -O1 -fnext-runtime
FAIL: objc/execute/class-5.m compilation,  -O2 -fnext-runtime (internal compiler error)
UNRESOLVED: objc/execute/class-5.m execution,  -O2 -fnext-runtime
FAIL: objc/execute/class-5.m compilation,  -O3 -fomit-frame-pointer -fnext-runtime (internal compiler error)
UNRESOLVED: objc/execute/class-5.m execution,  -O3 -fomit-frame-pointer -fnext-runtime
FAIL: objc/execute/class-5.m compilation,  -O3 -g -fnext-runtime (internal compiler error)
UNRESOLVED: objc/execute/class-5.m execution,  -O3 -g -fnext-runtime
FAIL: objc/execute/class-5.m compilation,  -Os -fnext-runtime (internal compiler error)
UNRESOLVED: objc/execute/class-5.m execution,  -Os -fnext-runtime
FAIL: objc/execute/class-6.m compilation,  -O0 -fnext-runtime (internal compiler error)
UNRESOLVED: objc/execute/class-6.m execution,  -O0 -fnext-runtime
FAIL: objc/execute/class-6.m compilation,  -O1 -fnext-runtime (internal compiler error)
UNRESOLVED: objc/execute/class-6.m execution,  -O1 -fnext-runtime
FAIL: objc/execute/class-6.m compilation,  -O2 -fnext-runtime (internal compiler error)
UNRESOLVED: objc/execute/class-6.m execution,  -O2 -fnext-runtime
FAIL: objc/execute/class-6.m compilation,  -O3 -fomit-frame-pointer -fnext-runtime (internal compiler error)
UNRESOLVED: objc/execute/class-6.m execution,  -O3 -fomit-frame-pointer -fnext-runtime
FAIL: objc/execute/class-6.m compilation,  -O3 -g -fnext-runtime (internal compiler error)
UNRESOLVED: objc/execute/class-6.m execution,  -O3 -g -fnext-runtime
FAIL: objc/execute/class-6.m compilation,  -Os -fnext-runtime (internal compiler error)
UNRESOLVED: objc/execute/class-6.m execution,  -Os -fnext-runtime
FAIL: objc/execute/class-7.m compilation,  -O0 -fnext-runtime (internal compiler error)
UNRESOLVED: objc/execute/class-7.m execution,  -O0 -fnext-runtime
FAIL: objc/execute/class-7.m compilation,  -O1 -fnext-runtime (internal compiler error)
UNRESOLVED: objc/execute/class-7.m execution,  -O1 -fnext-runtime
FAIL: objc/execute/class-7.m compilation,  -O2 -fnext-runtime (internal compiler error)
UNRESOLVED: objc/execute/class-7.m execution,  -O2 -fnext-runtime
FAIL: objc/execute/class-7.m compilation,  -O3 -fomit-frame-pointer -fnext-runtime (internal compiler error)
UNRESOLVED: objc/execute/class-7.m execution,  -O3 -fomit-frame-pointer -fnext-runtime
FAIL: objc/execute/class-7.m compilation,  -O3 -g -fnext-runtime (internal compiler error)
UNRESOLVED: objc/execute/class-7.m execution,  -O3 -g -fnext-runtime
FAIL: objc/execute/class-7.m compilation,  -Os -fnext-runtime (internal compiler error)
UNRESOLVED: objc/execute/class-7.m execution,  -Os -fnext-runtime
FAIL: objc/execute/class-8.m compilation,  -O0 -fnext-runtime (internal compiler error)
UNRESOLVED: objc/execute/class-8.m execution,  -O0 -fnext-runtime
FAIL: objc/execute/class-8.m compilation,  -O1 -fnext-runtime (internal compiler error)
UNRESOLVED: objc/execute/class-8.m execution,  -O1 -fnext-runtime
FAIL: objc/execute/class-8.m compilation,  -O2 -fnext-runtime (internal compiler error)
UNRESOLVED: objc/execute/class-8.m execution,  -O2 -fnext-runtime
FAIL: objc/execute/class-8.m compilation,  -O3 -fomit-frame-pointer -fnext-runtime (internal compiler error)
UNRESOLVED: objc/execute/class-8.m execution,  -O3 -fomit-frame-pointer -fnext-runtime
FAIL: objc/execute/class-8.m compilation,  -O3 -g -fnext-runtime (internal compiler error)
UNRESOLVED: objc/execute/class-8.m execution,  -O3 -g -fnext-runtime
FAIL: objc/execute/class-8.m compilation,  -Os -fnext-runtime (internal compiler error)
UNRESOLVED: objc/execute/class-8.m execution,  -Os -fnext-runtime
FAIL: objc/execute/class-9.m compilation,  -O0 -fnext-runtime (internal compiler error)
UNRESOLVED: objc/execute/class-9.m execution,  -O0 -fnext-runtime
FAIL: objc/execute/class-9.m compilation,  -O1 -fnext-runtime (internal compiler error)
UNRESOLVED: objc/execute/class-9.m execution,  -O1 -fnext-runtime
FAIL: objc/execute/class-9.m compilation,  -O2 -fnext-runtime (internal compiler error)
UNRESOLVED: objc/execute/class-9.m execution,  -O2 -fnext-runtime
FAIL: objc/execute/class-9.m compilation,  -O3 -fomit-frame-pointer -fnext-runtime (internal compiler error)
UNRESOLVED: objc/execute/class-9.m execution,  -O3 -fomit-frame-pointer -fnext-runtime
FAIL: objc/execute/class-9.m compilation,  -O3 -g -fnext-runtime (internal compiler error)
UNRESOLVED: objc/execute/class-9.m execution,  -O3 -g -fnext-runtime
FAIL: objc/execute/class-9.m compilation,  -Os -fnext-runtime (internal compiler error)
UNRESOLVED: objc/execute/class-9.m execution,  -Os -fnext-runtime
FAIL: objc/execute/class_self-1.m compilation,  -O0 -fnext-runtime (internal compiler error)
UNRESOLVED: objc/execute/class_self-1.m execution,  -O0 -fnext-runtime
FAIL: objc/execute/class_self-1.m compilation,  -O1 -fnext-runtime (internal compiler error)
UNRESOLVED: objc/execute/class_self-1.m execution,  -O1 -fnext-runtime
FAIL: objc/execute/class_self-1.m compilation,  -O2 -fnext-runtime (internal compiler error)
UNRESOLVED: objc/execute/class_self-1.m execution,  -O2 -fnext-runtime
FAIL: objc/execute/class_self-1.m compilation,  -O3 -fomit-frame-pointer -fnext-runtime (internal compiler error)
UNRESOLVED: objc/execute/class_self-1.m execution,  -O3 -fomit-frame-pointer -fnext-runtime
FAIL: objc/execute/class_self-1.m compilation,  -O3 -g -fnext-runtime (internal compiler error)
UNRESOLVED: objc/execute/class_self-1.m execution,  -O3 -g -fnext-runtime
FAIL: objc/execute/class_self-1.m compilation,  -Os -fnext-runtime (internal compiler error)
UNRESOLVED: objc/execute/class_self-1.m execution,  -Os -fnext-runtime
FAIL: objc/execute/class_self-2.m compilation,  -O0 -fnext-runtime (internal compiler error)
UNRESOLVED: objc/execute/class_self-2.m execution,  -O0 -fnext-runtime
FAIL: objc/execute/class_self-2.m compilation,  -O1 -fnext-runtime (internal compiler error)
UNRESOLVED: objc/execute/class_self-2.m execution,  -O1 -fnext-runtime
FAIL: objc/execute/class_self-2.m compilation,  -O2 -fnext-runtime (internal compiler error)
UNRESOLVED: objc/execute/class_self-2.m execution,  -O2 -fnext-runtime
FAIL: objc/execute/class_self-2.m compilation,  -O3 -fomit-frame-pointer -fnext-runtime (internal compiler error)
UNRESOLVED: objc/execute/class_self-2.m execution,  -O3 -fomit-frame-pointer -fnext-runtime
FAIL: objc/execute/class_self-2.m compilation,  -O3 -g -fnext-runtime (internal compiler error)
UNRESOLVED: objc/execute/class_self-2.m execution,  -O3 -g -fnext-runtime
FAIL: objc/execute/class_self-2.m compilation,  -Os -fnext-runtime (internal compiler error)
UNRESOLVED: objc/execute/class_self-2.m execution,  -Os -fnext-runtime
FAIL: objc/execute/enumeration-1.m compilation,  -O0 -fnext-runtime (internal compiler error)
UNRESOLVED: objc/execute/enumeration-1.m execution,  -O0 -fnext-runtime
FAIL: objc/execute/enumeration-1.m compilation,  -O1 -fnext-runtime (internal compiler error)
UNRESOLVED: objc/execute/enumeration-1.m execution,  -O1 -fnext-runtime
FAIL: objc/execute/enumeration-1.m compilation,  -O2 -fnext-runtime (internal compiler error)
UNRESOLVED: objc/execute/enumeration-1.m execution,  -O2 -fnext-runtime
FAIL: objc/execute/enumeration-1.m compilation,  -O3 -fomit-frame-pointer -fnext-runtime (internal compiler error)
UNRESOLVED: objc/execute/enumeration-1.m execution,  -O3 -fomit-frame-pointer -fnext-runtime
FAIL: objc/execute/enumeration-1.m compilation,  -O3 -g -fnext-runtime (internal compiler error)
UNRESOLVED: objc/execute/enumeration-1.m execution,  -O3 -g -fnext-runtime
FAIL: objc/execute/enumeration-1.m compilation,  -Os -fnext-runtime (internal compiler error)
UNRESOLVED: objc/execute/enumeration-1.m execution,  -Os -fnext-runtime
FAIL: objc/execute/formal_protocol-1.m compilation,  -O0 -fnext-runtime (internal compiler error)
UNRESOLVED: objc/execute/formal_protocol-1.m execution,  -O0 -fnext-runtime
FAIL: objc/execute/formal_protocol-1.m compilation,  -O1 -fnext-runtime (internal compiler error)
UNRESOLVED: objc/execute/formal_protocol-1.m execution,  -O1 -fnext-runtime
FAIL: objc/execute/formal_protocol-1.m compilation,  -O2 -fnext-runtime (internal compiler error)
UNRESOLVED: objc/execute/formal_protocol-1.m execution,  -O2 -fnext-runtime
FAIL: objc/execute/formal_protocol-1.m compilation,  -O3 -fomit-frame-pointer -fnext-runtime (internal compiler error)
UNRESOLVED: objc/execute/formal_protocol-1.m execution,  -O3 -fomit-frame-pointer -fnext-runtime
FAIL: objc/execute/formal_protocol-1.m compilation,  -O3 -g -fnext-runtime (internal compiler error)
UNRESOLVED: objc/execute/formal_protocol-1.m execution,  -O3 -g -fnext-runtime
FAIL: objc/execute/formal_protocol-1.m compilation,  -Os -fnext-runtime (internal compiler error)
UNRESOLVED: objc/execute/formal_protocol-1.m execution,  -Os -fnext-runtime
FAIL: objc/execute/formal_protocol-2.m compilation,  -O0 -fnext-runtime (internal compiler error)
UNRESOLVED: objc/execute/formal_protocol-2.m execution,  -O0 -fnext-runtime
FAIL: objc/execute/formal_protocol-2.m compilation,  -O1 -fnext-runtime (internal compiler error)
UNRESOLVED: objc/execute/formal_protocol-2.m execution,  -O1 -fnext-runtime
FAIL: objc/execute/formal_protocol-2.m compilation,  -O2 -fnext-runtime (internal compiler error)
UNRESOLVED: objc/execute/formal_protocol-2.m execution,  -O2 -fnext-runtime
FAIL: objc/execute/formal_protocol-2.m compilation,  -O3 -fomit-frame-pointer -fnext-runtime (internal compiler error)
UNRESOLVED: objc/execute/formal_protocol-2.m execution,  -O3 -fomit-frame-pointer -fnext-runtime
FAIL: objc/execute/formal_protocol-2.m compilation,  -O3 -g -fnext-runtime (internal compiler error)
UNRESOLVED: objc/execute/formal_protocol-2.m execution,  -O3 -g -fnext-runtime
FAIL: objc/execute/formal_protocol-2.m compilation,  -Os -fnext-runtime (internal compiler error)
UNRESOLVED: objc/execute/formal_protocol-2.m execution,  -Os -fnext-runtime
FAIL: objc/execute/formal_protocol-3.m compilation,  -O0 -fnext-runtime (internal compiler error)
UNRESOLVED: objc/execute/formal_protocol-3.m execution,  -O0 -fnext-runtime
FAIL: objc/execute/formal_protocol-3.m compilation,  -O1 -fnext-runtime (internal compiler error)
UNRESOLVED: objc/execute/formal_protocol-3.m execution,  -O1 -fnext-runtime
FAIL: objc/execute/formal_protocol-3.m compilation,  -O2 -fnext-runtime (internal compiler error)
UNRESOLVED: objc/execute/formal_protocol-3.m execution,  -O2 -fnext-runtime
FAIL: objc/execute/formal_protocol-3.m compilation,  -O3 -fomit-frame-pointer -fnext-runtime (internal compiler error)
UNRESOLVED: objc/execute/formal_protocol-3.m execution,  -O3 -fomit-frame-pointer -fnext-runtime
FAIL: objc/execute/formal_protocol-3.m compilation,  -O3 -g -fnext-runtime (internal compiler error)
UNRESOLVED: objc/execute/formal_protocol-3.m execution,  -O3 -g -fnext-runtime
FAIL: objc/execute/formal_protocol-3.m compilation,  -Os -fnext-runtime (internal compiler error)
UNRESOLVED: objc/execute/formal_protocol-3.m execution,  -Os -fnext-runtime
FAIL: objc/execute/formal_protocol-4.m compilation,  -O0 -fnext-runtime (internal compiler error)
UNRESOLVED: objc/execute/formal_protocol-4.m execution,  -O0 -fnext-runtime
FAIL: objc/execute/formal_protocol-4.m compilation,  -O1 -fnext-runtime (internal compiler error)
UNRESOLVED: objc/execute/formal_protocol-4.m execution,  -O1 -fnext-runtime
FAIL: objc/execute/formal_protocol-4.m compilation,  -O2 -fnext-runtime (internal compiler error)
UNRESOLVED: objc/execute/formal_protocol-4.m execution,  -O2 -fnext-runtime
FAIL: objc/execute/formal_protocol-4.m compilation,  -O3 -fomit-frame-pointer -fnext-runtime (internal compiler error)
UNRESOLVED: objc/execute/formal_protocol-4.m execution,  -O3 -fomit-frame-pointer -fnext-runtime
FAIL: objc/execute/formal_protocol-4.m compilation,  -O3 -g -fnext-runtime (internal compiler error)
UNRESOLVED: objc/execute/formal_protocol-4.m execution,  -O3 -g -fnext-runtime
FAIL: objc/execute/formal_protocol-4.m compilation,  -Os -fnext-runtime (internal compiler error)
UNRESOLVED: objc/execute/formal_protocol-4.m execution,  -Os -fnext-runtime
FAIL: objc/execute/formal_protocol-5.m compilation,  -O0 -fnext-runtime
UNRESOLVED: objc/execute/formal_protocol-5.m execution,  -O0 -fnext-runtime
FAIL: objc/execute/formal_protocol-5.m compilation,  -O1 -fnext-runtime
UNRESOLVED: objc/execute/formal_protocol-5.m execution,  -O1 -fnext-runtime
FAIL: objc/execute/formal_protocol-5.m compilation,  -O2 -fnext-runtime
UNRESOLVED: objc/execute/formal_protocol-5.m execution,  -O2 -fnext-runtime
FAIL: objc/execute/formal_protocol-5.m compilation,  -O3 -fomit-frame-pointer -fnext-runtime
UNRESOLVED: objc/execute/formal_protocol-5.m execution,  -O3 -fomit-frame-pointer -fnext-runtime
FAIL: objc/execute/formal_protocol-5.m compilation,  -O3 -g -fnext-runtime
UNRESOLVED: objc/execute/formal_protocol-5.m execution,  -O3 -g -fnext-runtime
FAIL: objc/execute/formal_protocol-5.m compilation,  -Os -fnext-runtime
UNRESOLVED: objc/execute/formal_protocol-5.m execution,  -Os -fnext-runtime
FAIL: objc/execute/formal_protocol-6.m compilation,  -O0 -fnext-runtime
UNRESOLVED: objc/execute/formal_protocol-6.m execution,  -O0 -fnext-runtime
FAIL: objc/execute/formal_protocol-6.m compilation,  -O1 -fnext-runtime
UNRESOLVED: objc/execute/formal_protocol-6.m execution,  -O1 -fnext-runtime
FAIL: objc/execute/formal_protocol-6.m compilation,  -O2 -fnext-runtime
UNRESOLVED: objc/execute/formal_protocol-6.m execution,  -O2 -fnext-runtime
FAIL: objc/execute/formal_protocol-6.m compilation,  -O3 -fomit-frame-pointer -fnext-runtime
UNRESOLVED: objc/execute/formal_protocol-6.m execution,  -O3 -fomit-frame-pointer -fnext-runtime
FAIL: objc/execute/formal_protocol-6.m compilation,  -O3 -g -fnext-runtime
UNRESOLVED: objc/execute/formal_protocol-6.m execution,  -O3 -g -fnext-runtime
FAIL: objc/execute/formal_protocol-6.m compilation,  -Os -fnext-runtime
UNRESOLVED: objc/execute/formal_protocol-6.m execution,  -Os -fnext-runtime
FAIL: objc/execute/formal_protocol-7.m compilation,  -O0 -fnext-runtime
UNRESOLVED: objc/execute/formal_protocol-7.m execution,  -O0 -fnext-runtime
FAIL: objc/execute/formal_protocol-7.m compilation,  -O1 -fnext-runtime
UNRESOLVED: objc/execute/formal_protocol-7.m execution,  -O1 -fnext-runtime
FAIL: objc/execute/formal_protocol-7.m compilation,  -O2 -fnext-runtime
UNRESOLVED: objc/execute/formal_protocol-7.m execution,  -O2 -fnext-runtime
FAIL: objc/execute/formal_protocol-7.m compilation,  -O3 -fomit-frame-pointer -fnext-runtime
UNRESOLVED: objc/execute/formal_protocol-7.m execution,  -O3 -fomit-frame-pointer -fnext-runtime
FAIL: objc/execute/formal_protocol-7.m compilation,  -O3 -g -fnext-runtime
UNRESOLVED: objc/execute/formal_protocol-7.m execution,  -O3 -g -fnext-runtime
FAIL: objc/execute/formal_protocol-7.m compilation,  -Os -fnext-runtime
UNRESOLVED: objc/execute/formal_protocol-7.m execution,  -Os -fnext-runtime
FAIL: objc/execute/initialize.m compilation,  -O0 -fnext-runtime (internal compiler error)
UNRESOLVED: objc/execute/initialize.m execution,  -O0 -fnext-runtime
FAIL: objc/execute/initialize.m compilation,  -O1 -fnext-runtime (internal compiler error)
UNRESOLVED: objc/execute/initialize.m execution,  -O1 -fnext-runtime
FAIL: objc/execute/initialize.m compilation,  -O2 -fnext-runtime (internal compiler error)
UNRESOLVED: objc/execute/initialize.m execution,  -O2 -fnext-runtime
FAIL: objc/execute/initialize.m compilation,  -O3 -fomit-frame-pointer -fnext-runtime (internal compiler error)
UNRESOLVED: objc/execute/initialize.m execution,  -O3 -fomit-frame-pointer -fnext-runtime
FAIL: objc/execute/initialize.m compilation,  -O3 -g -fnext-runtime (internal compiler error)
UNRESOLVED: objc/execute/initialize.m execution,  -O3 -g -fnext-runtime
FAIL: objc/execute/initialize.m compilation,  -Os -fnext-runtime (internal compiler error)
UNRESOLVED: objc/execute/initialize.m execution,  -Os -fnext-runtime
FAIL: objc/execute/many_args_method.m compilation,  -O0 -fnext-runtime (internal compiler error)
UNRESOLVED: objc/execute/many_args_method.m execution,  -O0 -fnext-runtime
FAIL: objc/execute/many_args_method.m compilation,  -O1 -fnext-runtime (internal compiler error)
UNRESOLVED: objc/execute/many_args_method.m execution,  -O1 -fnext-runtime
FAIL: objc/execute/many_args_method.m compilation,  -O2 -fnext-runtime (internal compiler error)
UNRESOLVED: objc/execute/many_args_method.m execution,  -O2 -fnext-runtime
FAIL: objc/execute/many_args_method.m compilation,  -O3 -fomit-frame-pointer -fnext-runtime (internal compiler error)
UNRESOLVED: objc/execute/many_args_method.m execution,  -O3 -fomit-frame-pointer -fnext-runtime
FAIL: objc/execute/many_args_method.m compilation,  -O3 -g -fnext-runtime (internal compiler error)
UNRESOLVED: objc/execute/many_args_method.m execution,  -O3 -g -fnext-runtime
FAIL: objc/execute/many_args_method.m compilation,  -Os -fnext-runtime (internal compiler error)
UNRESOLVED: objc/execute/many_args_method.m execution,  -Os -fnext-runtime
FAIL: objc/execute/nested-3.m compilation,  -O0 -fnext-runtime (internal compiler error)
UNRESOLVED: objc/execute/nested-3.m execution,  -O0 -fnext-runtime
FAIL: objc/execute/nested-3.m compilation,  -O1 -fnext-runtime (internal compiler error)
UNRESOLVED: objc/execute/nested-3.m execution,  -O1 -fnext-runtime
FAIL: objc/execute/nested-3.m compilation,  -O2 -fnext-runtime (internal compiler error)
UNRESOLVED: objc/execute/nested-3.m execution,  -O2 -fnext-runtime
FAIL: objc/execute/nested-3.m compilation,  -O3 -fomit-frame-pointer -fnext-runtime (internal compiler error)
UNRESOLVED: objc/execute/nested-3.m execution,  -O3 -fomit-frame-pointer -fnext-runtime
FAIL: objc/execute/nested-3.m compilation,  -O3 -g -fnext-runtime (internal compiler error)
UNRESOLVED: objc/execute/nested-3.m execution,  -O3 -g -fnext-runtime
FAIL: objc/execute/nested-3.m compilation,  -Os -fnext-runtime (internal compiler error)
UNRESOLVED: objc/execute/nested-3.m execution,  -Os -fnext-runtime
FAIL: objc/execute/nested-func-1.m compilation,  -O0 -fnext-runtime (internal compiler error)
UNRESOLVED: objc/execute/nested-func-1.m execution,  -O0 -fnext-runtime
FAIL: objc/execute/nested-func-1.m compilation,  -O1 -fnext-runtime (internal compiler error)
UNRESOLVED: objc/execute/nested-func-1.m execution,  -O1 -fnext-runtime
FAIL: objc/execute/nested-func-1.m compilation,  -O2 -fnext-runtime (internal compiler error)
UNRESOLVED: objc/execute/nested-func-1.m execution,  -O2 -fnext-runtime
FAIL: objc/execute/nested-func-1.m compilation,  -O3 -fomit-frame-pointer -fnext-runtime (internal compiler error)
UNRESOLVED: objc/execute/nested-func-1.m execution,  -O3 -fomit-frame-pointer -fnext-runtime
FAIL: objc/execute/nested-func-1.m compilation,  -O3 -g -fnext-runtime (internal compiler error)
UNRESOLVED: objc/execute/nested-func-1.m execution,  -O3 -g -fnext-runtime
FAIL: objc/execute/nested-func-1.m compilation,  -Os -fnext-runtime (internal compiler error)
UNRESOLVED: objc/execute/nested-func-1.m execution,  -Os -fnext-runtime
FAIL: objc/execute/no_clash.m compilation,  -O0 -fnext-runtime (internal compiler error)
UNRESOLVED: objc/execute/no_clash.m execution,  -O0 -fnext-runtime
FAIL: objc/execute/no_clash.m compilation,  -O1 -fnext-runtime (internal compiler error)
UNRESOLVED: objc/execute/no_clash.m execution,  -O1 -fnext-runtime
FAIL: objc/execute/no_clash.m compilation,  -O2 -fnext-runtime (internal compiler error)
UNRESOLVED: objc/execute/no_clash.m execution,  -O2 -fnext-runtime
FAIL: objc/execute/no_clash.m compilation,  -O3 -fomit-frame-pointer -fnext-runtime (internal compiler error)
UNRESOLVED: objc/execute/no_clash.m execution,  -O3 -fomit-frame-pointer -fnext-runtime
FAIL: objc/execute/no_clash.m compilation,  -O3 -g -fnext-runtime (internal compiler error)
UNRESOLVED: objc/execute/no_clash.m execution,  -O3 -g -fnext-runtime
FAIL: objc/execute/no_clash.m compilation,  -Os -fnext-runtime (internal compiler error)
UNRESOLVED: objc/execute/no_clash.m execution,  -Os -fnext-runtime
FAIL: objc/execute/np-1.m compilation,  -O0 -fnext-runtime
UNRESOLVED: objc/execute/np-1.m execution,  -O0 -fnext-runtime
FAIL: objc/execute/np-1.m compilation,  -O1 -fnext-runtime
UNRESOLVED: objc/execute/np-1.m execution,  -O1 -fnext-runtime
FAIL: objc/execute/np-1.m compilation,  -O2 -fnext-runtime
UNRESOLVED: objc/execute/np-1.m execution,  -O2 -fnext-runtime
FAIL: objc/execute/np-1.m compilation,  -O3 -fomit-frame-pointer -fnext-runtime
UNRESOLVED: objc/execute/np-1.m execution,  -O3 -fomit-frame-pointer -fnext-runtime
FAIL: objc/execute/np-1.m compilation,  -O3 -g -fnext-runtime
UNRESOLVED: objc/execute/np-1.m execution,  -O3 -g -fnext-runtime
FAIL: objc/execute/np-1.m compilation,  -Os -fnext-runtime
UNRESOLVED: objc/execute/np-1.m execution,  -Os -fnext-runtime
FAIL: objc/execute/np-2.m compilation,  -O0 -fnext-runtime
UNRESOLVED: objc/execute/np-2.m execution,  -O0 -fnext-runtime
FAIL: objc/execute/np-2.m compilation,  -O1 -fnext-runtime
UNRESOLVED: objc/execute/np-2.m execution,  -O1 -fnext-runtime
FAIL: objc/execute/np-2.m compilation,  -O2 -fnext-runtime
UNRESOLVED: objc/execute/np-2.m execution,  -O2 -fnext-runtime
FAIL: objc/execute/np-2.m compilation,  -O3 -fomit-frame-pointer -fnext-runtime
UNRESOLVED: objc/execute/np-2.m execution,  -O3 -fomit-frame-pointer -fnext-runtime
FAIL: objc/execute/np-2.m compilation,  -O3 -g -fnext-runtime
UNRESOLVED: objc/execute/np-2.m execution,  -O3 -g -fnext-runtime
FAIL: objc/execute/np-2.m compilation,  -Os -fnext-runtime
UNRESOLVED: objc/execute/np-2.m execution,  -Os -fnext-runtime
FAIL: objc/execute/protocol-isEqual-1.m compilation,  -O0 -fnext-runtime
UNRESOLVED: objc/execute/protocol-isEqual-1.m execution,  -O0 -fnext-runtime
FAIL: objc/execute/protocol-isEqual-1.m compilation,  -O1 -fnext-runtime
UNRESOLVED: objc/execute/protocol-isEqual-1.m execution,  -O1 -fnext-runtime
FAIL: objc/execute/protocol-isEqual-1.m compilation,  -O2 -fnext-runtime
UNRESOLVED: objc/execute/protocol-isEqual-1.m execution,  -O2 -fnext-runtime
FAIL: objc/execute/protocol-isEqual-1.m compilation,  -O3 -fomit-frame-pointer -fnext-runtime
UNRESOLVED: objc/execute/protocol-isEqual-1.m execution,  -O3 -fomit-frame-pointer -fnext-runtime
FAIL: objc/execute/protocol-isEqual-1.m compilation,  -O3 -g -fnext-runtime
UNRESOLVED: objc/execute/protocol-isEqual-1.m execution,  -O3 -g -fnext-runtime
FAIL: objc/execute/protocol-isEqual-1.m compilation,  -Os -fnext-runtime
UNRESOLVED: objc/execute/protocol-isEqual-1.m execution,  -Os -fnext-runtime
FAIL: objc/execute/protocol-isEqual-2.m compilation,  -O0 -fnext-runtime
UNRESOLVED: objc/execute/protocol-isEqual-2.m execution,  -O0 -fnext-runtime
FAIL: objc/execute/protocol-isEqual-2.m compilation,  -O1 -fnext-runtime
UNRESOLVED: objc/execute/protocol-isEqual-2.m execution,  -O1 -fnext-runtime
FAIL: objc/execute/protocol-isEqual-2.m compilation,  -O2 -fnext-runtime
UNRESOLVED: objc/execute/protocol-isEqual-2.m execution,  -O2 -fnext-runtime
FAIL: objc/execute/protocol-isEqual-2.m compilation,  -O3 -fomit-frame-pointer -fnext-runtime
UNRESOLVED: objc/execute/protocol-isEqual-2.m execution,  -O3 -fomit-frame-pointer -fnext-runtime
FAIL: objc/execute/protocol-isEqual-2.m compilation,  -O3 -g -fnext-runtime
UNRESOLVED: objc/execute/protocol-isEqual-2.m execution,  -O3 -g -fnext-runtime
FAIL: objc/execute/protocol-isEqual-2.m compilation,  -Os -fnext-runtime
UNRESOLVED: objc/execute/protocol-isEqual-2.m execution,  -Os -fnext-runtime
FAIL: objc/execute/protocol-isEqual-3.m compilation,  -O0 -fnext-runtime
UNRESOLVED: objc/execute/protocol-isEqual-3.m execution,  -O0 -fnext-runtime
FAIL: objc/execute/protocol-isEqual-3.m compilation,  -O1 -fnext-runtime
UNRESOLVED: objc/execute/protocol-isEqual-3.m execution,  -O1 -fnext-runtime
FAIL: objc/execute/protocol-isEqual-3.m compilation,  -O2 -fnext-runtime
UNRESOLVED: objc/execute/protocol-isEqual-3.m execution,  -O2 -fnext-runtime
FAIL: objc/execute/protocol-isEqual-3.m compilation,  -O3 -fomit-frame-pointer -fnext-runtime
UNRESOLVED: objc/execute/protocol-isEqual-3.m execution,  -O3 -fomit-frame-pointer -fnext-runtime
FAIL: objc/execute/protocol-isEqual-3.m compilation,  -O3 -g -fnext-runtime
UNRESOLVED: objc/execute/protocol-isEqual-3.m execution,  -O3 -g -fnext-runtime
FAIL: objc/execute/protocol-isEqual-3.m compilation,  -Os -fnext-runtime
UNRESOLVED: objc/execute/protocol-isEqual-3.m execution,  -Os -fnext-runtime
FAIL: objc/execute/protocol-isEqual-4.m compilation,  -O0 -fnext-runtime
UNRESOLVED: objc/execute/protocol-isEqual-4.m execution,  -O0 -fnext-runtime
FAIL: objc/execute/protocol-isEqual-4.m compilation,  -O1 -fnext-runtime
UNRESOLVED: objc/execute/protocol-isEqual-4.m execution,  -O1 -fnext-runtime
FAIL: objc/execute/protocol-isEqual-4.m compilation,  -O2 -fnext-runtime
UNRESOLVED: objc/execute/protocol-isEqual-4.m execution,  -O2 -fnext-runtime
FAIL: objc/execute/protocol-isEqual-4.m compilation,  -O3 -fomit-frame-pointer -fnext-runtime
UNRESOLVED: objc/execute/protocol-isEqual-4.m execution,  -O3 -fomit-frame-pointer -fnext-runtime
FAIL: objc/execute/protocol-isEqual-4.m compilation,  -O3 -g -fnext-runtime
UNRESOLVED: objc/execute/protocol-isEqual-4.m execution,  -O3 -g -fnext-runtime
FAIL: objc/execute/protocol-isEqual-4.m compilation,  -Os -fnext-runtime
UNRESOLVED: objc/execute/protocol-isEqual-4.m execution,  -Os -fnext-runtime
FAIL: objc/execute/static-1.m compilation,  -O0 -fnext-runtime (internal compiler error)
UNRESOLVED: objc/execute/static-1.m execution,  -O0 -fnext-runtime
FAIL: objc/execute/static-1.m compilation,  -O1 -fnext-runtime (internal compiler error)
UNRESOLVED: objc/execute/static-1.m execution,  -O1 -fnext-runtime
FAIL: objc/execute/static-1.m compilation,  -O2 -fnext-runtime (internal compiler error)
UNRESOLVED: objc/execute/static-1.m execution,  -O2 -fnext-runtime
FAIL: objc/execute/static-1.m compilation,  -O3 -fomit-frame-pointer -fnext-runtime (internal compiler error)
UNRESOLVED: objc/execute/static-1.m execution,  -O3 -fomit-frame-pointer -fnext-runtime
FAIL: objc/execute/static-1.m compilation,  -O3 -g -fnext-runtime (internal compiler error)
UNRESOLVED: objc/execute/static-1.m execution,  -O3 -g -fnext-runtime
FAIL: objc/execute/static-1.m compilation,  -Os -fnext-runtime (internal compiler error)
UNRESOLVED: objc/execute/static-1.m execution,  -Os -fnext-runtime
FAIL: objc/execute/static-2.m compilation,  -O0 -fnext-runtime (internal compiler error)
UNRESOLVED: objc/execute/static-2.m execution,  -O0 -fnext-runtime
FAIL: objc/execute/static-2.m compilation,  -O1 -fnext-runtime (internal compiler error)
UNRESOLVED: objc/execute/static-2.m execution,  -O1 -fnext-runtime
FAIL: objc/execute/static-2.m compilation,  -O2 -fnext-runtime (internal compiler error)
UNRESOLVED: objc/execute/static-2.m execution,  -O2 -fnext-runtime
FAIL: objc/execute/static-2.m compilation,  -O3 -fomit-frame-pointer -fnext-runtime (internal compiler error)
UNRESOLVED: objc/execute/static-2.m execution,  -O3 -fomit-frame-pointer -fnext-runtime
FAIL: objc/execute/static-2.m compilation,  -O3 -g -fnext-runtime (internal compiler error)
UNRESOLVED: objc/execute/static-2.m execution,  -O3 -g -fnext-runtime
FAIL: objc/execute/static-2.m compilation,  -Os -fnext-runtime (internal compiler error)
UNRESOLVED: objc/execute/static-2.m execution,  -Os -fnext-runtime
FAIL: objc/execute/string4.m compilation,  -O0 -fnext-runtime (internal compiler error)
UNRESOLVED: objc/execute/string4.m execution,  -O0 -fnext-runtime
FAIL: objc/execute/string4.m compilation,  -O1 -fnext-runtime (internal compiler error)
UNRESOLVED: objc/execute/string4.m execution,  -O1 -fnext-runtime
FAIL: objc/execute/string4.m compilation,  -O2 -fnext-runtime (internal compiler error)
UNRESOLVED: objc/execute/string4.m execution,  -O2 -fnext-runtime
FAIL: objc/execute/string4.m compilation,  -O3 -fomit-frame-pointer -fnext-runtime (internal compiler error)
UNRESOLVED: objc/execute/string4.m execution,  -O3 -fomit-frame-pointer -fnext-runtime
FAIL: objc/execute/string4.m compilation,  -O3 -g -fnext-runtime (internal compiler error)
UNRESOLVED: objc/execute/string4.m execution,  -O3 -g -fnext-runtime
FAIL: objc/execute/string4.m compilation,  -Os -fnext-runtime (internal compiler error)
UNRESOLVED: objc/execute/string4.m execution,  -Os -fnext-runtime
FAIL: objc/execute/va_method.m compilation,  -O0 -fnext-runtime (internal compiler error)
UNRESOLVED: objc/execute/va_method.m execution,  -O0 -fnext-runtime
FAIL: objc/execute/va_method.m compilation,  -O1 -fnext-runtime (internal compiler error)
UNRESOLVED: objc/execute/va_method.m execution,  -O1 -fnext-runtime
FAIL: objc/execute/va_method.m compilation,  -O2 -fnext-runtime (internal compiler error)
UNRESOLVED: objc/execute/va_method.m execution,  -O2 -fnext-runtime
FAIL: objc/execute/va_method.m compilation,  -O3 -fomit-frame-pointer -fnext-runtime (internal compiler error)
UNRESOLVED: objc/execute/va_method.m execution,  -O3 -fomit-frame-pointer -fnext-runtime
FAIL: objc/execute/va_method.m compilation,  -O3 -fomit-frame-pointer -funroll-loops -fnext-runtime (internal compiler error)
UNRESOLVED: objc/execute/va_method.m execution,  -O3 -fomit-frame-pointer -funroll-loops -fnext-runtime
FAIL: objc/execute/va_method.m compilation,  -O3 -fomit-frame-pointer -funroll-all-loops -finline-functions -fnext-runtime (internal compiler error)
UNRESOLVED: objc/execute/va_method.m execution,  -O3 -fomit-frame-pointer -funroll-all-loops -finline-functions -fnext-runtime
FAIL: objc/execute/va_method.m compilation,  -O3 -g -fnext-runtime (internal compiler error)
UNRESOLVED: objc/execute/va_method.m execution,  -O3 -g -fnext-runtime
FAIL: objc/execute/va_method.m compilation,  -Os -fnext-runtime (internal compiler error)
UNRESOLVED: objc/execute/va_method.m execution,  -Os -fnext-runtime
FAIL: objc.dg/call-super-2.m (internal compiler error)
FAIL: objc.dg/call-super-2.m  (test for warnings, line 68)
FAIL: objc.dg/call-super-2.m  (test for warnings, line 69)
FAIL: objc.dg/call-super-2.m  (test for warnings, line 73)
FAIL: objc.dg/call-super-2.m  (test for warnings, line 81)
FAIL: objc.dg/call-super-2.m  (test for warnings, line 82)
FAIL: objc.dg/call-super-2.m  (test for warnings, line 98)
FAIL: objc.dg/call-super-2.m  (test for warnings, line 99)
FAIL: objc.dg/call-super-2.m  (test for warnings, line 103)
FAIL: objc.dg/call-super-2.m  (test for warnings, line 114)
FAIL: objc.dg/call-super-2.m  (test for warnings, line 117)
FAIL: objc.dg/call-super-2.m  (test for warnings, line 118)
FAIL: objc.dg/call-super-2.m  (test for warnings, line 122)
FAIL: objc.dg/call-super-2.m  (test for warnings, line 123)
FAIL: objc.dg/call-super-2.m  (test for warnings, line 129)
FAIL: objc.dg/call-super-2.m  (test for warnings, line 131)
FAIL: objc.dg/call-super-2.m  (test for warnings, line 131)
FAIL: objc.dg/call-super-2.m  (test for warnings, line 133)
FAIL: objc.dg/call-super-2.m  (test for warnings, line 135)
FAIL: objc.dg/call-super-2.m (test for excess errors)
FAIL: objc.dg/call-super-3.m (internal compiler error)
FAIL: objc.dg/call-super-3.m (test for excess errors)
WARNING: objc.dg/call-super-3.m compilation failed to produce executable
FAIL: objc.dg/category-1.m (test for excess errors)
FAIL: objc.dg/const-str-10.m (test for excess errors)
FAIL: objc.dg/const-str-11.m (test for excess errors)
FAIL: objc.dg/const-str-3.m (test for excess errors)
FAIL: objc.dg/const-str-7.m (test for excess errors)
FAIL: objc.dg/const-str-8.m (test for excess errors)
FAIL: objc.dg/const-str-9.m (test for excess errors)
FAIL: objc.dg/desig-init-1.m (internal compiler error)
FAIL: objc.dg/desig-init-1.m (test for excess errors)
WARNING: objc.dg/desig-init-1.m compilation failed to produce executable
FAIL: objc.dg/encode-2.m (test for excess errors)
FAIL: objc.dg/encode-3.m (test for excess errors)
WARNING: objc.dg/encode-3.m compilation failed to produce executable
FAIL: objc.dg/encode-4.m (test for excess errors)
FAIL: objc.dg/encode-5.m (test for excess errors)
FAIL: objc.dg/func-ptr-2.m (internal compiler error)
FAIL: objc.dg/func-ptr-2.m (test for excess errors)
WARNING: objc.dg/func-ptr-2.m compilation failed to produce executable
FAIL: objc.dg/headers.m (test for excess errors)
FAIL: objc.dg/lookup-1.m (internal compiler error)
FAIL: objc.dg/lookup-1.m (test for excess errors)
WARNING: objc.dg/lookup-1.m compilation failed to produce executable
FAIL: objc.dg/method-3.m (internal compiler error)
FAIL: objc.dg/method-3.m (test for excess errors)
WARNING: objc.dg/method-3.m compilation failed to produce executable
FAIL: objc.dg/method-6.m (test for excess errors)
FAIL: objc.dg/no-extra-load.m (test for excess errors)
ERROR: objc.dg/no-extra-load.m: error executing dg-final: couldn't open "no-extra-load.s": no such file or directory
UNRESOLVED: objc.dg/no-extra-load.m: error executing dg-final: couldn't open "no-extra-load.s": no such file or directory
FAIL: objc.dg/proto-lossage-1.m (internal compiler error)
FAIL: objc.dg/proto-lossage-1.m (test for excess errors)
FAIL: objc.dg/proto-lossage-3.m (test for excess errors)
WARNING: objc.dg/proto-lossage-3.m compilation failed to produce executable
FAIL: objc.dg/proto-lossage-4.m (internal compiler error)
FAIL: objc.dg/proto-lossage-4.m (test for excess errors)
FAIL: objc.dg/proto-qual-1.m (test for excess errors)
WARNING: objc.dg/proto-qual-1.m compilation failed to produce executable
FAIL: objc.dg/stret-1.m (internal compiler error)
FAIL: objc.dg/stret-1.m (test for excess errors)
WARNING: objc.dg/stret-1.m compilation failed to produce executable
FAIL: objc.dg/stret-2.m (internal compiler error)
FAIL: objc.dg/stret-2.m (test for excess errors)
ERROR: objc.dg/stret-2.m: error executing dg-final: couldn't open "stret-2.s": no such file or directory
UNRESOLVED: objc.dg/stret-2.m: error executing dg-final: couldn't open "stret-2.s": no such file or directory
FAIL: objc.dg/stubify-1.m (test for excess errors)
ERROR: objc.dg/stubify-1.m: error executing dg-final: couldn't open "stubify-1.s": no such file or directory
UNRESOLVED: objc.dg/stubify-1.m: error executing dg-final: couldn't open "stubify-1.s": no such file or directory
FAIL: objc.dg/stubify-2.m (test for excess errors)
FAIL: objc.dg/stubify-2.m scan-rtl-dump-not jump "symbol_ref.*"objc_msgSend"": dump file does not exist
FAIL: objc.dg/super-class-2.m (internal compiler error)
FAIL: objc.dg/super-class-2.m (test for excess errors)
FAIL: objc.dg/super-class-3.m (internal compiler error)
FAIL: objc.dg/super-class-3.m (test for excess errors)
WARNING: objc.dg/super-class-3.m compilation failed to produce executable
FAIL: objc.dg/symtab-1.m scan-assembler L_OBJC_SYMBOLS.*:\\n\\t.long\\t0\\n\\t.long\\t0\\n\\t.short\\t2\\n\\t.short\\t0\\n\\t.long\\tL_OBJC_CLASS_Derived.*\\n\\t.long\\tL_OBJC_CLASS_Base.*\\n
FAIL: objc.dg/type-size-2.m (test for excess errors)
FAIL: objc.dg/va-meth-1.m (internal compiler error)
FAIL: objc.dg/va-meth-1.m (test for excess errors)
WARNING: objc.dg/va-meth-1.m compilation failed to produce executable
FAIL: objc.dg/zero-link-1.m (internal compiler error)
FAIL: objc.dg/zero-link-1.m (test for excess errors)
ERROR: objc.dg/zero-link-1.m: error executing dg-final: couldn't open "zero-link-1.s": no such file or directory
UNRESOLVED: objc.dg/zero-link-1.m: error executing dg-final: couldn't open "zero-link-1.s": no such file or directory
FAIL: objc.dg/zero-link-2.m (internal compiler error)
FAIL: objc.dg/zero-link-2.m (test for excess errors)
ERROR: objc.dg/zero-link-2.m: error executing dg-final: couldn't open "zero-link-2.s": no such file or directory
UNRESOLVED: objc.dg/zero-link-2.m: error executing dg-final: couldn't open "zero-link-2.s": no such file or directory
FAIL: objc.dg/zero-link-3.m (internal compiler error)
FAIL: objc.dg/zero-link-3.m (test for excess errors)
WARNING: objc.dg/zero-link-3.m compilation failed to produce executable
FAIL: objc.dg/pch/interface-1.m -O0 -g -I. (internal compiler error)
FAIL: objc.dg/pch/interface-1.m -O0 -g -I. (test for excess errors)
FAIL: objc.dg/pch/interface-1.m -O0 -g assembly comparison
FAIL: objc.dg/pch/interface-1.m  -O0  -I. (internal compiler error)
FAIL: objc.dg/pch/interface-1.m  -O0  -I. (test for excess errors)
FAIL: objc.dg/pch/interface-1.m  -O0  assembly comparison
FAIL: objc.dg/pch/interface-1.m  -O1  -I. (internal compiler error)
FAIL: objc.dg/pch/interface-1.m  -O1  -I. (test for excess errors)
FAIL: objc.dg/pch/interface-1.m  -O1  assembly comparison
FAIL: objc.dg/pch/interface-1.m  -O2  -I. (internal compiler error)
FAIL: objc.dg/pch/interface-1.m  -O2  -I. (test for excess errors)
FAIL: objc.dg/pch/interface-1.m  -O2  assembly comparison
FAIL: objc.dg/pch/interface-1.m  -O3 -fomit-frame-pointer  -I. (internal compiler error)
FAIL: objc.dg/pch/interface-1.m  -O3 -fomit-frame-pointer  -I. (test for excess errors)
FAIL: objc.dg/pch/interface-1.m  -O3 -fomit-frame-pointer  assembly comparison
FAIL: objc.dg/pch/interface-1.m  -O3 -g  -I. (internal compiler error)
FAIL: objc.dg/pch/interface-1.m  -O3 -g  -I. (test for excess errors)
FAIL: objc.dg/pch/interface-1.m  -O3 -g  assembly comparison
FAIL: objc.dg/pch/interface-1.m  -Os  -I. (internal compiler error)
FAIL: objc.dg/pch/interface-1.m  -Os  -I. (test for excess errors)
FAIL: objc.dg/pch/interface-1.m  -Os  assembly comparison
FAIL: objc.dg/special/unclaimed-category-1.m unclaimed-category-1a.o (internal compiler error)
FAIL: objc.dg/special/unclaimed-category-1.m unclaimed-category-1a.o (test for excess errors)
WARNING: objc.dg/special/unclaimed-category-1.m unclaimed-category-1a.o compilation failed to produce executable

		=== objc Summary ===

# of expected passes		2474
# of unexpected failures	336
# of expected failures		7
# of unresolved testcases	247
# of unsupported tests		2
/sw/src/fink.build/gcc44-4.3.999-20080912/darwin_objdir/gcc/xgcc  version 4.4.0 20080912 (experimental) (GCC) 

		=== libffi tests ===


Running target unix

		=== libffi Summary ===

# of expected passes		1389
# of unsupported tests		10
		=== libgomp tests ===


Running target unix
FAIL: libgomp.c++/for-4.C  -O0  (internal compiler error)
FAIL: libgomp.c++/for-4.C  -O0  (test for excess errors)
WARNING: libgomp.c++/for-4.C  -O0  compilation failed to produce executable

		=== libgomp Summary ===

# of expected passes		2031
# of unexpected failures	2
# of unsupported tests		128
		=== libjava tests ===


Running target unix

		=== libjava Summary ===

# of expected passes		2574
		=== libstdc++ tests ===


Running target unix
XPASS: 21_strings/basic_string/element_access/char/21674.cc execution test
XPASS: 21_strings/basic_string/element_access/wchar_t/21674.cc execution test
XPASS: 23_containers/unordered_multimap/init-list.cc (test for excess errors)
XPASS: 26_numerics/headers/cmath/c99_classification_macros_c.cc (test for excess errors)
FAIL: ext/mt_allocator/deallocate_local_thread-5.cc execution test
FAIL: ext/mt_allocator/deallocate_local_thread-7.cc execution test

		=== libstdc++ Summary ===

# of expected passes		5323
# of unexpected failures	2
# of unexpected successes	4
# of expected failures		69
# of unsupported tests		413

Compiler version: 4.4.0 20080912 (experimental) (GCC) 
Platform: i686-apple-darwin9
configure flags: --prefix=/sw --prefix=/sw/lib/gcc4.4 --mandir=/sw/share/man --infodir=/sw/share/info --enable-languages=c,c++,fortran,objc,java --with-arch=nocona --with-tune=generic --build=i686-apple-darwin9 --with-gmp=/sw --with-libiconv-prefix=/sw --with-system-zlib --x-includes=/usr/X11R6/include --x-libraries=/usr/X11R6/lib --with-cloog=/sw --with-ppl=/sw --disable-libjava-multilib


Index Nav: [Date Index] [Subject Index] [Author Index] [Thread Index]
Message Nav: [Date Prev] [Date Next] [Thread Prev] [Thread Next]