This is the mail archive of the gcc-testresults@gcc.gnu.org mailing list for the GCC project.


Index Nav: [Date Index] [Subject Index] [Author Index] [Thread Index]
Message Nav: [Date Prev] [Date Next] [Thread Prev] [Thread Next]
Other format: [Raw text]

Results for 4.4.0 20080910 (experimental) [trunk revision 140246] (GCC) testsuite on i386-pc-rtems4.9


LAST_UPDATED: Wed Sep 10 20:14:39 UTC 2008 (revision 140246)

Target is i386-pc-rtems4.9
Host   is i686-pc-linux-gnu

		=== gcc tests ===


Running target rtems-i386-qemu
FAIL: gcc.c-torture/compile/vector-4.c  -O0  (test for excess errors)
FAIL: gcc.c-torture/compile/vector-4.c  -O1  (test for excess errors)
FAIL: gcc.c-torture/compile/vector-4.c  -O2  (test for excess errors)
FAIL: gcc.c-torture/compile/vector-4.c  -O3 -fomit-frame-pointer  (test for excess errors)
FAIL: gcc.c-torture/compile/vector-4.c  -O3 -g  (test for excess errors)
FAIL: gcc.c-torture/compile/vector-4.c  -Os  (test for excess errors)
FAIL: gcc.c-torture/execute/builtins/20010124-1.c execution,  -Os 
FAIL: gcc.c-torture/execute/builtins/strlen-3.c execution,  -O2 
FAIL: gcc.c-torture/execute/20000205-1.c execution,  -O2 
FAIL: gcc.c-torture/execute/20000227-1.c execution,  -O1 
FAIL: gcc.c-torture/execute/20000412-2.c execution,  -O3 -g 
FAIL: gcc.c-torture/execute/20000412-4.c execution,  -Os 
FAIL: gcc.c-torture/execute/20000605-2.c execution,  -O3 -g 
FAIL: gcc.c-torture/execute/20000731-2.c execution,  -O2 
FAIL: gcc.c-torture/execute/20000731-2.c execution,  -O3 -fomit-frame-pointer 
FAIL: gcc.c-torture/execute/20000731-2.c execution,  -O3 -fomit-frame-pointer -funroll-loops 
FAIL: gcc.c-torture/execute/20000819-1.c execution,  -O0 
FAIL: gcc.c-torture/execute/20001011-1.c execution,  -O0 
FAIL: gcc.c-torture/execute/20001130-1.c execution,  -O3 -fomit-frame-pointer 
FAIL: gcc.c-torture/execute/20010114-1.c execution,  -O3 -g 
FAIL: gcc.c-torture/execute/20010119-1.c execution,  -O0 
FAIL: gcc.c-torture/execute/20010123-1.c execution,  -O3 -g 
FAIL: gcc.c-torture/execute/20010403-1.c execution,  -O2 
FAIL: gcc.c-torture/execute/20010422-1.c execution,  -Os 
FAIL: gcc.c-torture/execute/20010604-1.c execution,  -O1 
FAIL: gcc.c-torture/execute/20010605-2.c execution,  -O3 -fomit-frame-pointer 
FAIL: gcc.c-torture/execute/20010925-1.c execution,  -O3 -fomit-frame-pointer 
FAIL: gcc.c-torture/execute/20020107-1.c execution,  -O0 
FAIL: gcc.c-torture/execute/20020118-1.c execution,  -O3 -fomit-frame-pointer -funroll-loops 
FAIL: gcc.c-torture/execute/20020225-1.c execution,  -Os 
FAIL: gcc.c-torture/execute/20020508-1.c execution,  -O3 -g 
FAIL: gcc.c-torture/execute/20021010-1.c execution,  -O2 
FAIL: gcc.c-torture/execute/20021010-1.c execution,  -O3 -g 
WARNING: program timed out.
FAIL: gcc.c-torture/execute/20021011-1.c execution,  -O1 
FAIL: gcc.c-torture/execute/20021118-1.c execution,  -Os 
FAIL: gcc.c-torture/execute/20030216-1.c execution,  -O2 
FAIL: gcc.c-torture/execute/20030218-1.c execution,  -Os 
FAIL: gcc.c-torture/execute/20030307-1.c execution,  -Os 
WARNING: program timed out.
FAIL: gcc.c-torture/execute/20030313-1.c execution,  -O0 
WARNING: program timed out.
FAIL: gcc.c-torture/execute/20030313-1.c execution,  -O3 -fomit-frame-pointer 
FAIL: gcc.c-torture/execute/20030408-1.c execution,  -O3 -g 
WARNING: program timed out.
FAIL: gcc.c-torture/execute/20030717-1.c execution,  -O0 
WARNING: program timed out.
FAIL: gcc.c-torture/execute/20030916-1.c execution,  -O2 
WARNING: program timed out.
FAIL: gcc.c-torture/execute/20031204-1.c execution,  -O3 -fomit-frame-pointer 
WARNING: program timed out.
FAIL: gcc.c-torture/execute/20040302-1.c execution,  -O0 
WARNING: program timed out.
FAIL: gcc.c-torture/execute/20040308-1.c execution,  -O2 
WARNING: program timed out.
FAIL: gcc.c-torture/execute/20040308-1.c execution,  -O3 -g 
WARNING: program timed out.
FAIL: gcc.c-torture/execute/20040409-3.c execution,  -O2 
WARNING: program timed out.
FAIL: gcc.c-torture/execute/20040705-2.c execution,  -Os 
WARNING: program timed out.
FAIL: gcc.c-torture/execute/20050215-1.c execution,  -O1 
WARNING: program timed out.
FAIL: gcc.c-torture/execute/20050613-1.c execution,  -O0 
WARNING: program timed out.
FAIL: gcc.c-torture/execute/20051110-2.c execution,  -O2 
WARNING: program timed out.
FAIL: gcc.c-torture/execute/20060102-1.c execution,  -Os 
WARNING: program timed out.
FAIL: gcc.c-torture/execute/921019-1.c execution,  -O3 -g 
WARNING: program timed out.
FAIL: gcc.c-torture/execute/921208-2.c execution,  -O0 
WARNING: program timed out.
FAIL: gcc.c-torture/execute/930123-1.c execution,  -O3 -g 
WARNING: program timed out.
FAIL: gcc.c-torture/execute/930408-1.c execution,  -O3 -fomit-frame-pointer 
WARNING: program timed out.
FAIL: gcc.c-torture/execute/930429-1.c execution,  -O3 -g 
FAIL: gcc.c-torture/execute/930429-2.c execution,  -O3 -fomit-frame-pointer 
WARNING: program timed out.
FAIL: gcc.c-torture/execute/930513-1.c execution,  -O3 -g 
WARNING: program timed out.
FAIL: gcc.c-torture/execute/930518-1.c execution,  -Os 
WARNING: program timed out.
FAIL: gcc.c-torture/execute/930603-1.c execution,  -O2 
WARNING: program timed out.
FAIL: gcc.c-torture/execute/931018-1.c execution,  -O3 -g 
WARNING: program timed out.
FAIL: gcc.c-torture/execute/941014-2.c execution,  -O3 -g 
WARNING: program timed out.
FAIL: gcc.c-torture/execute/960219-1.c execution,  -O1 
WARNING: program timed out.
FAIL: gcc.c-torture/execute/960419-1.c execution,  -O1 
WARNING: program timed out.
FAIL: gcc.c-torture/execute/960513-1.c execution,  -O2 
WARNING: program timed out.
FAIL: gcc.c-torture/execute/961223-1.c execution,  -O2 
WARNING: program timed out.
FAIL: gcc.c-torture/execute/990106-1.c execution,  -O0 
WARNING: program timed out.
FAIL: gcc.c-torture/execute/990211-1.c execution,  -O0 
WARNING: program timed out.
FAIL: gcc.c-torture/execute/990525-2.c execution,  -O1 
WARNING: program timed out.
FAIL: gcc.c-torture/execute/991016-1.c execution,  -O1 
WARNING: program timed out.
FAIL: gcc.c-torture/execute/991228-1.c execution,  -O3 -g 
WARNING: program timed out.
FAIL: gcc.c-torture/execute/complex-4.c execution,  -O1 
FAIL: gcc.c-torture/execute/complex-4.c execution,  -O2 
FAIL: gcc.c-torture/execute/complex-4.c execution,  -O3 -fomit-frame-pointer 
WARNING: program timed out.
FAIL: gcc.c-torture/execute/float-floor.c execution,  -Os 
WARNING: program timed out.
FAIL: gcc.c-torture/execute/loop-14.c execution,  -O1 
WARNING: program timed out.
FAIL: gcc.c-torture/execute/loop-3c.c execution,  -O2 
WARNING: program timed out.
FAIL: gcc.c-torture/execute/lshrdi-1.c execution,  -O3 -fomit-frame-pointer -funroll-loops 
FAIL: gcc.c-torture/execute/lshrdi-1.c execution,  -O3 -fomit-frame-pointer -funroll-all-loops -finline-functions 
WARNING: program timed out.
FAIL: gcc.c-torture/execute/mayalias-2.c execution,  -O0 
WARNING: program timed out.
FAIL: gcc.c-torture/execute/mode-dependent-address.c execution,  -Os 
FAIL: gcc.c-torture/execute/pr28982b.c execution,  -O0 
FAIL: gcc.c-torture/execute/pr28982b.c execution,  -O1 
FAIL: gcc.c-torture/execute/pr28982b.c execution,  -O3 -fomit-frame-pointer 
FAIL: gcc.c-torture/execute/pr28982b.c execution,  -O3 -fomit-frame-pointer -funroll-loops 
FAIL: gcc.c-torture/execute/pr28982b.c execution,  -O3 -fomit-frame-pointer -funroll-all-loops -finline-functions 
FAIL: gcc.c-torture/execute/pr32500.c execution,  -O3 -fomit-frame-pointer 
FAIL: gcc.c-torture/execute/pr34971.c execution,  -O0 
FAIL: gcc.c-torture/execute/pr7284-1.c execution,  -O3 -g 
FAIL: gcc.c-torture/execute/shiftopt-1.c execution,  -O0 
FAIL: gcc.c-torture/execute/simd-2.c execution,  -Os 
FAIL: gcc.c-torture/execute/stdarg-2.c execution,  -Os 
FAIL: gcc.c-torture/execute/va-arg-12.c execution,  -O2 
FAIL: gcc.c-torture/execute/vrp-3.c execution,  -O0 
FAIL: gcc.c-torture/execute/zero-struct-2.c execution,  -O2 
FAIL: gcc.c-torture/execute/ieee/compare-fp-2.c execution,  -Os 
FAIL: gcc.c-torture/execute/ieee/pr29302-1.c execution,  -O0 
FAIL: tmpdir-gcc.dg-struct-layout-1/t021 c_compat_x_tst.o-c_compat_y_tst.o execute 
FAIL: gcc.dg/cpp/_Pragma6.c -fno-show-column (test for excess errors)
FAIL: gcc.dg/cpp/trad/builtins.c -fno-show-column execution test
FAIL: gcc.dg/debug/trivial.c -gstabs1 -O3 execution test
FAIL: gcc.dg/debug/trivial.c -gstabs+3 -O execution test
FAIL: gcc.dg/debug/dwarf2/dwarf-die3.c scan-assembler-not DW_AT_inline
FAIL: gcc.dg/20021014-1.c (test for excess errors)
WARNING: gcc.dg/20021014-1.c compilation failed to produce executable
FAIL: gcc.dg/duff-4.c execution test
FAIL: gcc.dg/nest.c (test for excess errors)
WARNING: gcc.dg/nest.c compilation failed to produce executable
FAIL: gcc.dg/nested-func-4.c (test for excess errors)
WARNING: gcc.dg/nested-func-4.c compilation failed to produce executable
FAIL: gcc.dg/pr32450.c (test for excess errors)
WARNING: gcc.dg/pr32450.c compilation failed to produce executable
FAIL: gcc.dg/pr33645-3.c scan-assembler-not var1_t
FAIL: gcc.dg/ucnid-4.c execution test
FAIL: gcc.dg/matrix/transpose-1.c compilation,  -fprofile-generate -O3
UNRESOLVED: gcc.dg/matrix/transpose-1.c execution,    -fprofile-generate -O3
UNRESOLVED: gcc.dg/matrix/transpose-1.c compilation,  -fprofile-use -fipa-matrix-reorg -fdump-ipa-matrix-reorg -O3 -fwhole-program -combine
UNRESOLVED: gcc.dg/matrix/transpose-1.c execution,    -fprofile-use -fipa-matrix-reorg -fdump-ipa-matrix-reorg -O3 -fwhole-program -combine
FAIL: gcc.dg/matrix/transpose-2.c compilation,  -fprofile-generate -O3
UNRESOLVED: gcc.dg/matrix/transpose-2.c execution,    -fprofile-generate -O3
UNRESOLVED: gcc.dg/matrix/transpose-2.c compilation,  -fprofile-use -fipa-matrix-reorg -fdump-ipa-matrix-reorg -O3 -fwhole-program -combine
UNRESOLVED: gcc.dg/matrix/transpose-2.c execution,    -fprofile-use -fipa-matrix-reorg -fdump-ipa-matrix-reorg -O3 -fwhole-program -combine
FAIL: gcc.dg/matrix/transpose-3.c compilation,  -fprofile-generate -O3
UNRESOLVED: gcc.dg/matrix/transpose-3.c execution,    -fprofile-generate -O3
UNRESOLVED: gcc.dg/matrix/transpose-3.c compilation,  -fprofile-use -fipa-matrix-reorg -fdump-ipa-matrix-reorg -O3 -fwhole-program -combine
UNRESOLVED: gcc.dg/matrix/transpose-3.c execution,    -fprofile-use -fipa-matrix-reorg -fdump-ipa-matrix-reorg -O3 -fwhole-program -combine
FAIL: gcc.dg/matrix/transpose-4.c compilation,  -fprofile-generate -O3
UNRESOLVED: gcc.dg/matrix/transpose-4.c execution,    -fprofile-generate -O3
UNRESOLVED: gcc.dg/matrix/transpose-4.c compilation,  -fprofile-use -fipa-matrix-reorg -fdump-ipa-matrix-reorg -O3 -fwhole-program -combine
UNRESOLVED: gcc.dg/matrix/transpose-4.c execution,    -fprofile-use -fipa-matrix-reorg -fdump-ipa-matrix-reorg -O3 -fwhole-program -combine
FAIL: gcc.dg/matrix/transpose-5.c compilation,  -fprofile-generate -O3
UNRESOLVED: gcc.dg/matrix/transpose-5.c execution,    -fprofile-generate -O3
UNRESOLVED: gcc.dg/matrix/transpose-5.c compilation,  -fprofile-use -fipa-matrix-reorg -fdump-ipa-matrix-reorg -O3 -fwhole-program -combine
UNRESOLVED: gcc.dg/matrix/transpose-5.c execution,    -fprofile-use -fipa-matrix-reorg -fdump-ipa-matrix-reorg -O3 -fwhole-program -combine
FAIL: gcc.dg/matrix/transpose-6.c compilation,  -fprofile-generate -O3
UNRESOLVED: gcc.dg/matrix/transpose-6.c execution,    -fprofile-generate -O3
UNRESOLVED: gcc.dg/matrix/transpose-6.c compilation,  -fprofile-use -fipa-matrix-reorg -fdump-ipa-matrix-reorg -O3 -fwhole-program -combine
UNRESOLVED: gcc.dg/matrix/transpose-6.c execution,    -fprofile-use -fipa-matrix-reorg -fdump-ipa-matrix-reorg -O3 -fwhole-program -combine
FAIL: gcc.dg/struct/wo_prof_single_str_global.c execution test
FAIL: gcc.dg/struct/wo_prof_single_str_local.c execution test
FAIL: gcc.dg/struct/wo_prof_single_str_pointer.c execution test
FAIL: gcc.dg/struct/w_prof_global_array.c compilation,  -O3 -fwhole-program -combine -fipa-type-escape -fprofile-generate
UNRESOLVED: gcc.dg/struct/w_prof_global_array.c execution,    -O3 -fwhole-program -combine -fipa-type-escape -fprofile-generate
UNRESOLVED: gcc.dg/struct/w_prof_global_array.c compilation,  -O3 -fwhole-program -combine -fipa-type-escape -fprofile-use -fipa-struct-reorg -fdump-ipa-all
UNRESOLVED: gcc.dg/struct/w_prof_global_array.c execution,    -O3 -fwhole-program -combine -fipa-type-escape -fprofile-use -fipa-struct-reorg -fdump-ipa-all
FAIL: gcc.dg/struct/w_prof_global_var.c compilation,  -O3 -fwhole-program -combine -fipa-type-escape -fprofile-generate
UNRESOLVED: gcc.dg/struct/w_prof_global_var.c execution,    -O3 -fwhole-program -combine -fipa-type-escape -fprofile-generate
UNRESOLVED: gcc.dg/struct/w_prof_global_var.c compilation,  -O3 -fwhole-program -combine -fipa-type-escape -fprofile-use -fipa-struct-reorg -fdump-ipa-all
UNRESOLVED: gcc.dg/struct/w_prof_global_var.c execution,    -O3 -fwhole-program -combine -fipa-type-escape -fprofile-use -fipa-struct-reorg -fdump-ipa-all
FAIL: gcc.dg/struct/w_prof_local_array.c compilation,  -O3 -fwhole-program -combine -fipa-type-escape -fprofile-generate
UNRESOLVED: gcc.dg/struct/w_prof_local_array.c execution,    -O3 -fwhole-program -combine -fipa-type-escape -fprofile-generate
UNRESOLVED: gcc.dg/struct/w_prof_local_array.c compilation,  -O3 -fwhole-program -combine -fipa-type-escape -fprofile-use -fipa-struct-reorg -fdump-ipa-all
UNRESOLVED: gcc.dg/struct/w_prof_local_array.c execution,    -O3 -fwhole-program -combine -fipa-type-escape -fprofile-use -fipa-struct-reorg -fdump-ipa-all
FAIL: gcc.dg/struct/w_prof_local_var.c compilation,  -O3 -fwhole-program -combine -fipa-type-escape -fprofile-generate
UNRESOLVED: gcc.dg/struct/w_prof_local_var.c execution,    -O3 -fwhole-program -combine -fipa-type-escape -fprofile-generate
UNRESOLVED: gcc.dg/struct/w_prof_local_var.c compilation,  -O3 -fwhole-program -combine -fipa-type-escape -fprofile-use -fipa-struct-reorg -fdump-ipa-all
UNRESOLVED: gcc.dg/struct/w_prof_local_var.c execution,    -O3 -fwhole-program -combine -fipa-type-escape -fprofile-use -fipa-struct-reorg -fdump-ipa-all
FAIL: gcc.dg/struct/w_prof_single_str_global.c compilation,  -O3 -fwhole-program -combine -fipa-type-escape -fprofile-generate
UNRESOLVED: gcc.dg/struct/w_prof_single_str_global.c execution,    -O3 -fwhole-program -combine -fipa-type-escape -fprofile-generate
UNRESOLVED: gcc.dg/struct/w_prof_single_str_global.c compilation,  -O3 -fwhole-program -combine -fipa-type-escape -fprofile-use -fipa-struct-reorg -fdump-ipa-all
UNRESOLVED: gcc.dg/struct/w_prof_single_str_global.c execution,    -O3 -fwhole-program -combine -fipa-type-escape -fprofile-use -fipa-struct-reorg -fdump-ipa-all
FAIL: gcc.dg/struct/w_prof_two_strs.c compilation,  -O3 -fwhole-program -combine -fipa-type-escape -fprofile-generate
UNRESOLVED: gcc.dg/struct/w_prof_two_strs.c execution,    -O3 -fwhole-program -combine -fipa-type-escape -fprofile-generate
UNRESOLVED: gcc.dg/struct/w_prof_two_strs.c compilation,  -O3 -fwhole-program -combine -fipa-type-escape -fprofile-use -fipa-struct-reorg -fdump-ipa-all
UNRESOLVED: gcc.dg/struct/w_prof_two_strs.c execution,    -O3 -fwhole-program -combine -fipa-type-escape -fprofile-use -fipa-struct-reorg -fdump-ipa-all
FAIL: gcc.dg/struct/w_ratio_cold_str.c compilation,  -O3 -fwhole-program -combine -fipa-type-escape -fprofile-generate
UNRESOLVED: gcc.dg/struct/w_ratio_cold_str.c execution,    -O3 -fwhole-program -combine -fipa-type-escape -fprofile-generate
UNRESOLVED: gcc.dg/struct/w_ratio_cold_str.c compilation,  -O3 -fwhole-program -combine -fipa-type-escape -fprofile-use -fipa-struct-reorg -fdump-ipa-all --param struct-reorg-cold-struct-ratio=30
UNRESOLVED: gcc.dg/struct/w_ratio_cold_str.c execution,    -O3 -fwhole-program -combine -fipa-type-escape -fprofile-use -fipa-struct-reorg -fdump-ipa-all --param struct-reorg-cold-struct-ratio=30
FAIL: gcc.dg/torture/fp-int-convert-float128.c  -O0  (test for excess errors)
WARNING: gcc.dg/torture/fp-int-convert-float128.c  -O0  compilation failed to produce executable
FAIL: gcc.dg/torture/fp-int-convert-float128.c  -O1  (test for excess errors)
WARNING: gcc.dg/torture/fp-int-convert-float128.c  -O1  compilation failed to produce executable
FAIL: gcc.dg/torture/fp-int-convert-float128.c  -O2  (test for excess errors)
WARNING: gcc.dg/torture/fp-int-convert-float128.c  -O2  compilation failed to produce executable
FAIL: gcc.dg/torture/fp-int-convert-float128.c  -O3 -fomit-frame-pointer  (test for excess errors)
WARNING: gcc.dg/torture/fp-int-convert-float128.c  -O3 -fomit-frame-pointer  compilation failed to produce executable
FAIL: gcc.dg/torture/fp-int-convert-float128.c  -O3 -g  (test for excess errors)
WARNING: gcc.dg/torture/fp-int-convert-float128.c  -O3 -g  compilation failed to produce executable
FAIL: gcc.dg/torture/fp-int-convert-float128.c  -Os  (test for excess errors)
WARNING: gcc.dg/torture/fp-int-convert-float128.c  -Os  compilation failed to produce executable
FAIL: gcc.dg/torture/pr28230.c  -O3 -fomit-frame-pointer -funroll-loops  execution test
FAIL: gcc.dg/torture/stackalign/alloca-2.c  -O0  execution test
FAIL: gcc.dg/torture/stackalign/alloca-3.c  -O0  execution test
FAIL: gcc.dg/torture/stackalign/fastcall-1.c  -O0  execution test
FAIL: gcc.dg/torture/stackalign/fastcall-1.c  -Os  execution test
FAIL: gcc.dg/torture/stackalign/push-1.c  -O0  execution test
FAIL: gcc.dg/torture/stackalign/setjmp-1.c  -O3 -fomit-frame-pointer -funroll-loops  execution test
FAIL: gcc.dg/torture/stackalign/setjmp-1.c  -O3 -g  execution test
FAIL: gcc.dg/torture/stackalign/struct-1.c  -O2  execution test
FAIL: gcc.dg/torture/stackalign/vararg-3.c  -O0  execution test
FAIL: gcc.dg/torture/stackalign/alloca-2.c  -O0  execution test
FAIL: gcc.dg/torture/stackalign/alloca-3.c  -O0  execution test
FAIL: gcc.dg/torture/stackalign/alloca-3.c  -O3 -fomit-frame-pointer  execution test
FAIL: gcc.dg/torture/stackalign/non-local-goto-1.c  -O3 -g  execution test
FAIL: gcc.dg/torture/stackalign/push-1.c  -O0  execution test
FAIL: gcc.dg/torture/stackalign/vararg-3.c  -O0  execution test
FAIL: gcc.dg/torture/stackalign/alloca-2.c  -O0  execution test
FAIL: gcc.dg/torture/stackalign/alloca-3.c  -O0  execution test
FAIL: gcc.dg/torture/stackalign/fastcall-1.c  -O3 -fomit-frame-pointer  execution test
FAIL: gcc.dg/torture/stackalign/pr16660-1.c  -Os  execution test
FAIL: gcc.dg/torture/stackalign/push-1.c  -O0  execution test
FAIL: gcc.dg/torture/stackalign/vararg-3.c  -O0  execution test
FAIL: gcc.dg/torture/stackalign/alloca-2.c  -O0  execution test
FAIL: gcc.dg/torture/stackalign/alloca-3.c  -O0  execution test
FAIL: gcc.dg/torture/stackalign/global-1.c  -O1  execution test
FAIL: gcc.dg/torture/stackalign/push-1.c  -O0  execution test
FAIL: gcc.dg/torture/stackalign/vararg-3.c  -O0  execution test
FAIL: gcc.dg/tree-prof/bb-reorg.c compilation,  -fprofile-generate -D_PROFILE_GENERATE
UNRESOLVED: gcc.dg/tree-prof/bb-reorg.c execution,    -fprofile-generate -D_PROFILE_GENERATE
UNRESOLVED: gcc.dg/tree-prof/bb-reorg.c compilation,  -fprofile-use -D_PROFILE_USE
UNRESOLVED: gcc.dg/tree-prof/bb-reorg.c execution,    -fprofile-use -D_PROFILE_USE
FAIL: gcc.dg/tree-prof/ic-misattribution-1.c compilation,  -fprofile-generate -D_PROFILE_GENERATE
UNRESOLVED: gcc.dg/tree-prof/ic-misattribution-1.c execution,    -fprofile-generate -D_PROFILE_GENERATE
UNRESOLVED: gcc.dg/tree-prof/ic-misattribution-1.c compilation,  -fprofile-use -D_PROFILE_USE
UNRESOLVED: gcc.dg/tree-prof/ic-misattribution-1.c execution,    -fprofile-use -D_PROFILE_USE
FAIL: gcc.dg/tree-prof/ic-misattribution-1a.c compilation,  -fprofile-generate -D_PROFILE_GENERATE
UNRESOLVED: gcc.dg/tree-prof/ic-misattribution-1a.c execution,    -fprofile-generate -D_PROFILE_GENERATE
UNRESOLVED: gcc.dg/tree-prof/ic-misattribution-1a.c compilation,  -fprofile-use -D_PROFILE_USE
UNRESOLVED: gcc.dg/tree-prof/ic-misattribution-1a.c execution,    -fprofile-use -D_PROFILE_USE
FAIL: gcc.dg/tree-prof/indir-call-prof.c compilation,  -fprofile-generate -D_PROFILE_GENERATE
UNRESOLVED: gcc.dg/tree-prof/indir-call-prof.c execution,    -fprofile-generate -D_PROFILE_GENERATE
UNRESOLVED: gcc.dg/tree-prof/indir-call-prof.c compilation,  -fprofile-use -D_PROFILE_USE
UNRESOLVED: gcc.dg/tree-prof/indir-call-prof.c execution,    -fprofile-use -D_PROFILE_USE
FAIL: gcc.dg/tree-prof/inliner-1.c compilation,  -fprofile-generate -D_PROFILE_GENERATE
UNRESOLVED: gcc.dg/tree-prof/inliner-1.c execution,    -fprofile-generate -D_PROFILE_GENERATE
UNRESOLVED: gcc.dg/tree-prof/inliner-1.c compilation,  -fprofile-use -D_PROFILE_USE
UNRESOLVED: gcc.dg/tree-prof/inliner-1.c execution,    -fprofile-use -D_PROFILE_USE
FAIL: gcc.dg/tree-prof/pr34999.c compilation,  -fprofile-generate -D_PROFILE_GENERATE
UNRESOLVED: gcc.dg/tree-prof/pr34999.c execution,    -fprofile-generate -D_PROFILE_GENERATE
UNRESOLVED: gcc.dg/tree-prof/pr34999.c compilation,  -fprofile-use -D_PROFILE_USE
UNRESOLVED: gcc.dg/tree-prof/pr34999.c execution,    -fprofile-use -D_PROFILE_USE
FAIL: gcc.dg/tree-prof/stringop-1.c compilation,  -fprofile-generate -D_PROFILE_GENERATE
UNRESOLVED: gcc.dg/tree-prof/stringop-1.c execution,    -fprofile-generate -D_PROFILE_GENERATE
UNRESOLVED: gcc.dg/tree-prof/stringop-1.c compilation,  -fprofile-use -D_PROFILE_USE
UNRESOLVED: gcc.dg/tree-prof/stringop-1.c execution,    -fprofile-use -D_PROFILE_USE
FAIL: gcc.dg/tree-prof/stringop-2.c compilation,  -fprofile-generate -D_PROFILE_GENERATE
UNRESOLVED: gcc.dg/tree-prof/stringop-2.c execution,    -fprofile-generate -D_PROFILE_GENERATE
UNRESOLVED: gcc.dg/tree-prof/stringop-2.c compilation,  -fprofile-use -D_PROFILE_USE
UNRESOLVED: gcc.dg/tree-prof/stringop-2.c execution,    -fprofile-use -D_PROFILE_USE
FAIL: gcc.dg/tree-prof/tracer-1.c compilation,  -fprofile-generate -D_PROFILE_GENERATE
UNRESOLVED: gcc.dg/tree-prof/tracer-1.c execution,    -fprofile-generate -D_PROFILE_GENERATE
UNRESOLVED: gcc.dg/tree-prof/tracer-1.c compilation,  -fprofile-use -D_PROFILE_USE
UNRESOLVED: gcc.dg/tree-prof/tracer-1.c execution,    -fprofile-use -D_PROFILE_USE
FAIL: gcc.dg/tree-prof/update-cunroll-2.c compilation,  -fprofile-generate -D_PROFILE_GENERATE
UNRESOLVED: gcc.dg/tree-prof/update-cunroll-2.c execution,    -fprofile-generate -D_PROFILE_GENERATE
UNRESOLVED: gcc.dg/tree-prof/update-cunroll-2.c compilation,  -fprofile-use -D_PROFILE_USE
UNRESOLVED: gcc.dg/tree-prof/update-cunroll-2.c execution,    -fprofile-use -D_PROFILE_USE
FAIL: gcc.dg/tree-prof/update-loopch.c compilation,  -fprofile-generate -D_PROFILE_GENERATE
UNRESOLVED: gcc.dg/tree-prof/update-loopch.c execution,    -fprofile-generate -D_PROFILE_GENERATE
UNRESOLVED: gcc.dg/tree-prof/update-loopch.c compilation,  -fprofile-use -D_PROFILE_USE
UNRESOLVED: gcc.dg/tree-prof/update-loopch.c execution,    -fprofile-use -D_PROFILE_USE
FAIL: gcc.dg/tree-prof/update-tailcall.c compilation,  -fprofile-generate -D_PROFILE_GENERATE
UNRESOLVED: gcc.dg/tree-prof/update-tailcall.c execution,    -fprofile-generate -D_PROFILE_GENERATE
UNRESOLVED: gcc.dg/tree-prof/update-tailcall.c compilation,  -fprofile-use -D_PROFILE_USE
UNRESOLVED: gcc.dg/tree-prof/update-tailcall.c execution,    -fprofile-use -D_PROFILE_USE
FAIL: gcc.dg/tree-prof/val-prof-1.c compilation,  -fprofile-generate -D_PROFILE_GENERATE
UNRESOLVED: gcc.dg/tree-prof/val-prof-1.c execution,    -fprofile-generate -D_PROFILE_GENERATE
UNRESOLVED: gcc.dg/tree-prof/val-prof-1.c compilation,  -fprofile-use -D_PROFILE_USE
UNRESOLVED: gcc.dg/tree-prof/val-prof-1.c execution,    -fprofile-use -D_PROFILE_USE
FAIL: gcc.dg/tree-prof/val-prof-2.c compilation,  -fprofile-generate -D_PROFILE_GENERATE
UNRESOLVED: gcc.dg/tree-prof/val-prof-2.c execution,    -fprofile-generate -D_PROFILE_GENERATE
UNRESOLVED: gcc.dg/tree-prof/val-prof-2.c compilation,  -fprofile-use -D_PROFILE_USE
UNRESOLVED: gcc.dg/tree-prof/val-prof-2.c execution,    -fprofile-use -D_PROFILE_USE
FAIL: gcc.dg/tree-prof/val-prof-3.c compilation,  -fprofile-generate -D_PROFILE_GENERATE
UNRESOLVED: gcc.dg/tree-prof/val-prof-3.c execution,    -fprofile-generate -D_PROFILE_GENERATE
UNRESOLVED: gcc.dg/tree-prof/val-prof-3.c compilation,  -fprofile-use -D_PROFILE_USE
UNRESOLVED: gcc.dg/tree-prof/val-prof-3.c execution,    -fprofile-use -D_PROFILE_USE
FAIL: gcc.dg/tree-prof/val-prof-4.c compilation,  -fprofile-generate -D_PROFILE_GENERATE
UNRESOLVED: gcc.dg/tree-prof/val-prof-4.c execution,    -fprofile-generate -D_PROFILE_GENERATE
UNRESOLVED: gcc.dg/tree-prof/val-prof-4.c compilation,  -fprofile-use -D_PROFILE_USE
UNRESOLVED: gcc.dg/tree-prof/val-prof-4.c execution,    -fprofile-use -D_PROFILE_USE
FAIL: gcc.dg/tree-prof/val-prof-5.c compilation,  -fprofile-generate -D_PROFILE_GENERATE
UNRESOLVED: gcc.dg/tree-prof/val-prof-5.c execution,    -fprofile-generate -D_PROFILE_GENERATE
UNRESOLVED: gcc.dg/tree-prof/val-prof-5.c compilation,  -fprofile-use -D_PROFILE_USE
UNRESOLVED: gcc.dg/tree-prof/val-prof-5.c execution,    -fprofile-use -D_PROFILE_USE
FAIL: gcc.dg/tree-prof/val-prof-6.c compilation,  -fprofile-generate -D_PROFILE_GENERATE
UNRESOLVED: gcc.dg/tree-prof/val-prof-6.c execution,    -fprofile-generate -D_PROFILE_GENERATE
UNRESOLVED: gcc.dg/tree-prof/val-prof-6.c compilation,  -fprofile-use -D_PROFILE_USE
UNRESOLVED: gcc.dg/tree-prof/val-prof-6.c execution,    -fprofile-use -D_PROFILE_USE
FAIL: gcc.dg/tree-prof/wcoverage-mismatch.c compilation,  -fprofile-generate -D_PROFILE_GENERATE
UNRESOLVED: gcc.dg/tree-prof/wcoverage-mismatch.c execution,    -fprofile-generate -D_PROFILE_GENERATE
UNRESOLVED: gcc.dg/tree-prof/wcoverage-mismatch.c compilation,  -fprofile-use -D_PROFILE_USE
UNRESOLVED: gcc.dg/tree-prof/wcoverage-mismatch.c execution,    -fprofile-use -D_PROFILE_USE
XPASS: gcc.dg/tree-ssa/20040204-1.c scan-tree-dump-times optimized "link_error" 0
FAIL: gcc.dg/tree-ssa/20041008-1.c execution test
FAIL: gcc.dg/tree-ssa/ltrans-1.c scan-tree-dump-times ltrans "converted loop nest to perfect loop nest" 1
FAIL: gcc.dg/tree-ssa/ltrans-1.c scan-tree-dump-times ltrans "transformed loop" 1
FAIL: gcc.dg/tree-ssa/ltrans-3.c scan-tree-dump-times ltrans "transformed loop" 1
FAIL: gcc.dg/tree-ssa/ltrans-4.c scan-tree-dump-times ltrans "transformed loop" 1
FAIL: gcc.dg/tree-ssa/ltrans-5.c scan-tree-dump-times ltrans "transformed loop" 1
FAIL: gcc.dg/tree-ssa/ltrans-6.c scan-tree-dump-times ltrans "transformed loop" 1
FAIL: gcc.dg/tree-ssa/ltrans-8.c scan-tree-dump-times ltrans "transformed loop" 1
FAIL: gcc.dg/vect/vect-67.c scan-tree-dump-times vect "vectorized 1 loops" 1
FAIL: gcc.dg/vect/no-scevccp-outer-13.c scan-tree-dump-times vect "OUTER LOOP VECTORIZED." 1
FAIL: gcc.dg/vect/no-scevccp-outer-7.c scan-tree-dump-times vect "OUTER LOOP VECTORIZED." 1
FAIL: gcc.misc-tests/bprob-1.c execution: file bprob-1.gcda does not exist,  -fprofile-arcs
UNRESOLVED: gcc.misc-tests/bprob-1.c compilation,  -fprofile-use
UNRESOLVED: gcc.misc-tests/bprob-1.c execution,    -fprofile-use
FAIL: gcc.misc-tests/bprob-2.c execution: file bprob-2.gcda does not exist,  -fprofile-arcs
UNRESOLVED: gcc.misc-tests/bprob-2.c compilation,  -fprofile-use
UNRESOLVED: gcc.misc-tests/bprob-2.c execution,    -fprofile-use
FAIL: gcc.target/i386/980211-1.c execution test
FAIL: gcc.target/i386/abi-1.c scan-assembler xmm0
FAIL: gcc.target/i386/bitfield1.c execution test
XPASS: gcc.target/i386/builtin-apply-mmx.c execution test
FAIL: gcc.target/i386/pr22076.c scan-assembler-times movq 3
FAIL: gcc.target/i386/pr22076.c scan-assembler-times movl 1
FAIL: gcc.target/i386/sse2-pcmpgtd-1.c execution test
FAIL: gcc.target/i386/sse2-psubsb-1.c execution test
FAIL: gcc.target/i386/sse2-sqrtpd-1.c execution test
FAIL: gcc.target/i386/sse3-addsubps.c execution test
FAIL: gcc.target/i386/sse4_1-init-v4si-1.c execution test
FAIL: gcc.target/i386/sse4_1-roundsd-2.c execution test

		=== gcc Summary ===

# of expected passes		51500
# of unexpected failures	204
# of unexpected successes	2
# of expected failures		187
# of unresolved testcases	100
# of unsupported tests		1023
/home/joel/work-gnat/svn/b-gcc1-i386/gcc/xgcc  version 4.4.0 20080910 (experimental) [trunk revision 140246] (GCC) 

Host   is i686-pc-linux-gnu

		=== g++ tests ===


Running target rtems-i386-qemu
FAIL: g++.dg/bprob/g++-bprob-1.C execution: file g++-bprob-1.gcda does not exist,  -g  -fprofile-arcs
UNRESOLVED: g++.dg/bprob/g++-bprob-1.C compilation,  -g  -fprofile-use
UNRESOLVED: g++.dg/bprob/g++-bprob-1.C execution,    -g  -fprofile-use
FAIL: g++.dg/bprob/g++-bprob-1.C execution: file g++-bprob-1.gcda does not exist,  -O0  -fprofile-arcs
UNRESOLVED: g++.dg/bprob/g++-bprob-1.C compilation,  -O0  -fprofile-use
UNRESOLVED: g++.dg/bprob/g++-bprob-1.C execution,    -O0  -fprofile-use
FAIL: g++.dg/bprob/g++-bprob-1.C execution: file g++-bprob-1.gcda does not exist,  -O1  -fprofile-arcs
UNRESOLVED: g++.dg/bprob/g++-bprob-1.C compilation,  -O1  -fprofile-use
UNRESOLVED: g++.dg/bprob/g++-bprob-1.C execution,    -O1  -fprofile-use
FAIL: g++.dg/bprob/g++-bprob-1.C execution: file g++-bprob-1.gcda does not exist,  -O2  -fprofile-arcs
UNRESOLVED: g++.dg/bprob/g++-bprob-1.C compilation,  -O2  -fprofile-use
UNRESOLVED: g++.dg/bprob/g++-bprob-1.C execution,    -O2  -fprofile-use
FAIL: g++.dg/bprob/g++-bprob-1.C execution: file g++-bprob-1.gcda does not exist,  -O3  -fprofile-arcs
UNRESOLVED: g++.dg/bprob/g++-bprob-1.C compilation,  -O3  -fprofile-use
UNRESOLVED: g++.dg/bprob/g++-bprob-1.C execution,    -O3  -fprofile-use
FAIL: g++.dg/bprob/g++-bprob-1.C execution: file g++-bprob-1.gcda does not exist,  -O3 -g  -fprofile-arcs
UNRESOLVED: g++.dg/bprob/g++-bprob-1.C compilation,  -O3 -g  -fprofile-use
UNRESOLVED: g++.dg/bprob/g++-bprob-1.C execution,    -O3 -g  -fprofile-use
FAIL: g++.dg/bprob/g++-bprob-1.C execution: file g++-bprob-1.gcda does not exist,  -Os  -fprofile-arcs
UNRESOLVED: g++.dg/bprob/g++-bprob-1.C compilation,  -Os  -fprofile-use
UNRESOLVED: g++.dg/bprob/g++-bprob-1.C execution,    -Os  -fprofile-use
FAIL: g++.dg/bprob/g++-bprob-2.C execution: file g++-bprob-2.gcda does not exist,  -g  -fprofile-arcs
UNRESOLVED: g++.dg/bprob/g++-bprob-2.C compilation,  -g  -fprofile-use
UNRESOLVED: g++.dg/bprob/g++-bprob-2.C execution,    -g  -fprofile-use
FAIL: g++.dg/bprob/g++-bprob-2.C execution: file g++-bprob-2.gcda does not exist,  -O0  -fprofile-arcs
UNRESOLVED: g++.dg/bprob/g++-bprob-2.C compilation,  -O0  -fprofile-use
UNRESOLVED: g++.dg/bprob/g++-bprob-2.C execution,    -O0  -fprofile-use
FAIL: g++.dg/bprob/g++-bprob-2.C execution: file g++-bprob-2.gcda does not exist,  -O1  -fprofile-arcs
UNRESOLVED: g++.dg/bprob/g++-bprob-2.C compilation,  -O1  -fprofile-use
UNRESOLVED: g++.dg/bprob/g++-bprob-2.C execution,    -O1  -fprofile-use
FAIL: g++.dg/bprob/g++-bprob-2.C execution: file g++-bprob-2.gcda does not exist,  -O2  -fprofile-arcs
UNRESOLVED: g++.dg/bprob/g++-bprob-2.C compilation,  -O2  -fprofile-use
UNRESOLVED: g++.dg/bprob/g++-bprob-2.C execution,    -O2  -fprofile-use
FAIL: g++.dg/bprob/g++-bprob-2.C execution: file g++-bprob-2.gcda does not exist,  -O3  -fprofile-arcs
UNRESOLVED: g++.dg/bprob/g++-bprob-2.C compilation,  -O3  -fprofile-use
UNRESOLVED: g++.dg/bprob/g++-bprob-2.C execution,    -O3  -fprofile-use
FAIL: g++.dg/bprob/g++-bprob-2.C execution: file g++-bprob-2.gcda does not exist,  -O3 -g  -fprofile-arcs
UNRESOLVED: g++.dg/bprob/g++-bprob-2.C compilation,  -O3 -g  -fprofile-use
UNRESOLVED: g++.dg/bprob/g++-bprob-2.C execution,    -O3 -g  -fprofile-use
FAIL: g++.dg/bprob/g++-bprob-2.C execution: file g++-bprob-2.gcda does not exist,  -Os  -fprofile-arcs
UNRESOLVED: g++.dg/bprob/g++-bprob-2.C compilation,  -Os  -fprofile-use
UNRESOLVED: g++.dg/bprob/g++-bprob-2.C execution,    -Os  -fprofile-use
FAIL: g++.dg/cpp/_Pragma1.C (test for excess errors)
FAIL: g++.dg/eh/simd-2.C (test for excess errors)
WARNING: g++.dg/eh/simd-2.C compilation failed to produce executable
FAIL: g++.dg/init/array15.C execution test
FAIL: g++.dg/init/array16.C execution test
FAIL: g++.dg/init/ref15.C execution test
FAIL: g++.dg/other/PR23205.C scan-assembler .stabs.*foobar:c=i
FAIL: g++.dg/other/unused1.C scan-assembler (string|ascii?)z?[\\t ]"printer("|\\\\\\\\0)
FAIL: g++.dg/tree-ssa/pr19786.C execution test
FAIL: g++.dg/pch/array-1.C -g assembly comparison
FAIL: g++.dg/pch/array-1.C -O2 -g assembly comparison
FAIL: g++.dg/pch/externc-1.C -g assembly comparison
FAIL: g++.dg/pch/externc-1.C -O2 -g assembly comparison
FAIL: g++.dg/pch/static-1.C -g assembly comparison
FAIL: g++.dg/pch/static-1.C -O2 -g assembly comparison
FAIL: g++.dg/pch/system-1.C -g assembly comparison
FAIL: g++.dg/pch/system-1.C -O2 -g assembly comparison
FAIL: g++.dg/pch/system-2.C -g assembly comparison
FAIL: g++.dg/pch/system-2.C -O2 -g assembly comparison
FAIL: g++.dg/pch/uninst.C -g assembly comparison
FAIL: g++.dg/pch/uninst.C -O2 -g assembly comparison
FAIL: g++.dg/pch/wchar-1.C -g assembly comparison
FAIL: g++.dg/pch/wchar-1.C -O2 -g assembly comparison
FAIL: g++.dg/torture/pr34099.C  -O2  execution test
FAIL: g++.dg/tree-prof/indir-call-prof.C compilation,  -g  -fprofile-generate
UNRESOLVED: g++.dg/tree-prof/indir-call-prof.C execution,    -g  -fprofile-generate
UNRESOLVED: g++.dg/tree-prof/indir-call-prof.C compilation,  -g  -fprofile-use
UNRESOLVED: g++.dg/tree-prof/indir-call-prof.C execution,    -g  -fprofile-use
FAIL: g++.dg/tree-prof/indir-call-prof.C compilation,  -O0  -fprofile-generate
UNRESOLVED: g++.dg/tree-prof/indir-call-prof.C execution,    -O0  -fprofile-generate
UNRESOLVED: g++.dg/tree-prof/indir-call-prof.C compilation,  -O0  -fprofile-use
UNRESOLVED: g++.dg/tree-prof/indir-call-prof.C execution,    -O0  -fprofile-use
FAIL: g++.dg/tree-prof/indir-call-prof.C compilation,  -O1  -fprofile-generate
UNRESOLVED: g++.dg/tree-prof/indir-call-prof.C execution,    -O1  -fprofile-generate
UNRESOLVED: g++.dg/tree-prof/indir-call-prof.C compilation,  -O1  -fprofile-use
UNRESOLVED: g++.dg/tree-prof/indir-call-prof.C execution,    -O1  -fprofile-use
FAIL: g++.dg/tree-prof/indir-call-prof.C compilation,  -O2  -fprofile-generate
UNRESOLVED: g++.dg/tree-prof/indir-call-prof.C execution,    -O2  -fprofile-generate
UNRESOLVED: g++.dg/tree-prof/indir-call-prof.C compilation,  -O2  -fprofile-use
UNRESOLVED: g++.dg/tree-prof/indir-call-prof.C execution,    -O2  -fprofile-use
FAIL: g++.dg/tree-prof/indir-call-prof.C compilation,  -O3  -fprofile-generate
UNRESOLVED: g++.dg/tree-prof/indir-call-prof.C execution,    -O3  -fprofile-generate
UNRESOLVED: g++.dg/tree-prof/indir-call-prof.C compilation,  -O3  -fprofile-use
UNRESOLVED: g++.dg/tree-prof/indir-call-prof.C execution,    -O3  -fprofile-use
FAIL: g++.dg/tree-prof/indir-call-prof.C compilation,  -O3 -g  -fprofile-generate
UNRESOLVED: g++.dg/tree-prof/indir-call-prof.C execution,    -O3 -g  -fprofile-generate
UNRESOLVED: g++.dg/tree-prof/indir-call-prof.C compilation,  -O3 -g  -fprofile-use
UNRESOLVED: g++.dg/tree-prof/indir-call-prof.C execution,    -O3 -g  -fprofile-use
FAIL: g++.dg/tree-prof/indir-call-prof.C compilation,  -Os  -fprofile-generate
UNRESOLVED: g++.dg/tree-prof/indir-call-prof.C execution,    -Os  -fprofile-generate
UNRESOLVED: g++.dg/tree-prof/indir-call-prof.C compilation,  -Os  -fprofile-use
UNRESOLVED: g++.dg/tree-prof/indir-call-prof.C execution,    -Os  -fprofile-use
FAIL: g++.old-deja/g++.abi/primary3.C execution test
FAIL: g++.old-deja/g++.brendan/copy8.C execution test
FAIL: g++.old-deja/g++.bugs/900324_03.C execution test
FAIL: g++.old-deja/g++.law/profile1.C (test for excess errors)
WARNING: g++.old-deja/g++.law/profile1.C compilation failed to produce executable
FAIL: g++.old-deja/g++.martin/pmf2.C execution test
FAIL: g++.old-deja/g++.mike/eh44.C execution test
FAIL: g++.old-deja/g++.mike/eh56.C execution test
FAIL: g++.old-deja/g++.mike/p6311.C execution test
WARNING: program timed out.
XPASS: g++.old-deja/g++.other/init19.C execution test
FAIL: g++.old-deja/g++.other/static14.C (test for excess errors)
FAIL: g++.old-deja/g++.other/static20.C (test for excess errors)
FAIL: g++.old-deja/g++.other/store-expr2.C execution test
FAIL: g++.old-deja/g++.other/temporary1.C execution test
FAIL: g++.old-deja/g++.pt/stmtexpr.C execution test
FAIL: g++.old-deja/g++.pt/t16.C execution test

		=== g++ Summary ===

# of expected passes		18227
# of unexpected failures	58
# of unexpected successes	1
# of expected failures		81
# of unresolved testcases	49
# of unsupported tests		129
/home/joel/work-gnat/svn/b-gcc1-i386/gcc/testsuite/g++/../../g++  version 4.4.0 20080910 (experimental) [trunk revision 140246] (GCC) 


Compiler version: 4.4.0 20080910 (experimental) [trunk revision 140246] (GCC) 
Platform: i386-pc-rtems4.9
configure flags: --enable-threads=rtems --with-gnu-as --enable-multilib --with-gnu-ld --with-newlib --verbose --with-system-zlib --disable-nls --enable-version-specific-runtime-libs --enable-languages=c,c++ --target=i386-rtems4.9 --prefix=/home/joel/work-gnat/svn//install


Index Nav: [Date Index] [Subject Index] [Author Index] [Thread Index]
Message Nav: [Date Prev] [Date Next] [Thread Prev] [Thread Next]