This is the mail archive of the
gcc-testresults@gcc.gnu.org
mailing list for the GCC project.
Results for 4.4.0 20080831 (experimental) (GCC) gfortran testsuite on x86_64-pc-mingw32
- From: nightstrike at gcc14 dot fsffrance dot org
- To: gcc-testresults at gcc dot gnu dot org
- Date: Wed, 10 Sep 2008 21:11:22 +0200
- Subject: Results for 4.4.0 20080831 (experimental) (GCC) gfortran testsuite on x86_64-pc-mingw32
Target is x86_64-pc-mingw32
Host is x86_64-unknown-linux-gnu
=== gfortran tests ===
Running target mingw
FAIL: gfortran.dg/debug/pr35154-dwarf2.f -gdwarf-2 scan-assembler DW_AT_name: "__BLNK__"
FAIL: gfortran.dg/debug/pr35154-dwarf2.f -gdwarf-2 scan-assembler DW_AT_name: "label"
FAIL: gfortran.dg/auto_char_dummy_array_1.f90 -O3 -fomit-frame-pointer -funroll-loops execution test
FAIL: gfortran.dg/auto_char_dummy_array_1.f90 -O3 -fomit-frame-pointer -funroll-all-loops -finline-functions execution test
FAIL: gfortran.dg/auto_save_1.f90 -O3 -fomit-frame-pointer -funroll-loops execution test
FAIL: gfortran.dg/auto_save_1.f90 -O3 -fomit-frame-pointer -funroll-all-loops -finline-functions execution test
WARNING: program timed out.
UNRESOLVED: gfortran.dg/common_2.f90 -Os execution test
FAIL: gfortran.dg/der_array_io_1.f90 -O3 -fomit-frame-pointer execution test
WARNING: program timed out.
WARNING: program timed out.
UNRESOLVED: gfortran.dg/derived_comp_array_ref_1.f90 -O1 execution test
FAIL: gfortran.dg/dev_null.F90 -O0 execution test
FAIL: gfortran.dg/dev_null.F90 -O1 execution test
FAIL: gfortran.dg/dev_null.F90 -O2 execution test
FAIL: gfortran.dg/dev_null.F90 -O3 -fomit-frame-pointer execution test
FAIL: gfortran.dg/dev_null.F90 -O3 -fomit-frame-pointer -funroll-loops execution test
FAIL: gfortran.dg/dev_null.F90 -O3 -fomit-frame-pointer -funroll-all-loops -finline-functions execution test
FAIL: gfortran.dg/dev_null.F90 -O3 -g execution test
FAIL: gfortran.dg/dev_null.F90 -Os execution test
WARNING: program timed out.
WARNING: program timed out.
WARNING: program timed out.
UNRESOLVED: gfortran.dg/f2003_io_4.f03 -O3 -fomit-frame-pointer execution test
WARNING: program timed out.
FAIL: gfortran.dg/float_1.f90 -Os execution test
FAIL: gfortran.dg/fmt_g0_1.f08 -O0 execution test
FAIL: gfortran.dg/fmt_g0_1.f08 -O1 execution test
FAIL: gfortran.dg/fmt_g0_1.f08 -O2 execution test
FAIL: gfortran.dg/fmt_g0_1.f08 -O3 -fomit-frame-pointer execution test
FAIL: gfortran.dg/fmt_g0_1.f08 -O3 -fomit-frame-pointer -funroll-loops execution test
FAIL: gfortran.dg/fmt_g0_1.f08 -O3 -fomit-frame-pointer -funroll-all-loops -finline-functions execution test
FAIL: gfortran.dg/fmt_g0_1.f08 -O3 -g execution test
FAIL: gfortran.dg/fmt_g0_1.f08 -Os execution test
FAIL: gfortran.dg/fmt_g0_2.f08 -O0 execution test
FAIL: gfortran.dg/fmt_g0_2.f08 -O1 execution test
FAIL: gfortran.dg/fmt_g0_2.f08 -O2 execution test
FAIL: gfortran.dg/fmt_g0_2.f08 -O3 -fomit-frame-pointer execution test
FAIL: gfortran.dg/fmt_g0_2.f08 -O3 -fomit-frame-pointer -funroll-loops execution test
FAIL: gfortran.dg/fmt_g0_2.f08 -O3 -fomit-frame-pointer -funroll-all-loops -finline-functions execution test
FAIL: gfortran.dg/fmt_g0_2.f08 -O3 -g execution test
WARNING: program timed out.
FAIL: gfortran.dg/fmt_g0_2.f08 -Os output pattern test, is ssh to mingw failed for /tmp/fmt_g0_2.exe.10125, , should match Fortran runtime error: Zero width in format descriptor(
FAIL: gfortran.dg/fmt_l.f90 -O0 output pattern test, is At line 14 of file /var/tmp/build/gcc-svn/gcc/gcc/testsuite/gfortran.dg/fmt_l.f90
FAIL: gfortran.dg/fmt_l.f90 -O1 output pattern test, is At line 14 of file /var/tmp/build/gcc-svn/gcc/gcc/testsuite/gfortran.dg/fmt_l.f90
FAIL: gfortran.dg/fmt_l.f90 -O2 output pattern test, is At line 14 of file /var/tmp/build/gcc-svn/gcc/gcc/testsuite/gfortran.dg/fmt_l.f90
FAIL: gfortran.dg/fmt_l.f90 -O3 -fomit-frame-pointer output pattern test, is At line 14 of file /var/tmp/build/gcc-svn/gcc/gcc/testsuite/gfortran.dg/fmt_l.f90
FAIL: gfortran.dg/fmt_l.f90 -O3 -fomit-frame-pointer -funroll-loops output pattern test, is At line 14 of file /var/tmp/build/gcc-svn/gcc/gcc/testsuite/gfortran.dg/fmt_l.f90
FAIL: gfortran.dg/fmt_l.f90 -O3 -fomit-frame-pointer -funroll-all-loops -finline-functions output pattern test, is At line 14 of file /var/tmp/build/gcc-svn/gcc/gcc/testsuite/gfortran.dg/fmt_l.f90
FAIL: gfortran.dg/fmt_l.f90 -O3 -g output pattern test, is At line 14 of file /var/tmp/build/gcc-svn/gcc/gcc/testsuite/gfortran.dg/fmt_l.f90
FAIL: gfortran.dg/fmt_l.f90 -Os output pattern test, is At line 14 of file /var/tmp/build/gcc-svn/gcc/gcc/testsuite/gfortran.dg/fmt_l.f90
WARNING: program timed out.
WARNING: program timed out.
UNRESOLVED: gfortran.dg/ftell_1.f90 -O0 execution test
WARNING: program timed out.
UNRESOLVED: gfortran.dg/isnan_1.f90 -O3 -fomit-frame-pointer -funroll-all-loops -finline-functions execution test
FAIL: gfortran.dg/large_integer_kind_1.f90 -O3 -fomit-frame-pointer -funroll-loops execution test
FAIL: gfortran.dg/large_integer_kind_1.f90 -O3 -fomit-frame-pointer -funroll-all-loops -finline-functions execution test
FAIL: gfortran.dg/large_real_kind_1.f90 -O3 -fomit-frame-pointer -funroll-loops execution test
FAIL: gfortran.dg/large_real_kind_1.f90 -O3 -fomit-frame-pointer -funroll-all-loops -finline-functions execution test
FAIL: gfortran.dg/large_real_kind_2.F90 -O0 execution test
FAIL: gfortran.dg/large_real_kind_2.F90 -O1 execution test
FAIL: gfortran.dg/large_real_kind_2.F90 -O2 execution test
WARNING: program timed out.
WARNING: program timed out.
UNRESOLVED: gfortran.dg/large_real_kind_2.F90 -O3 -fomit-frame-pointer execution test
FAIL: gfortran.dg/large_real_kind_2.F90 -O3 -fomit-frame-pointer -funroll-loops execution test
FAIL: gfortran.dg/large_real_kind_2.F90 -O3 -fomit-frame-pointer -funroll-all-loops -finline-functions execution test
FAIL: gfortran.dg/large_real_kind_2.F90 -O3 -g execution test
FAIL: gfortran.dg/large_real_kind_2.F90 -Os execution test
FAIL: gfortran.dg/mvbits_3.f90 -O3 -g execution test
FAIL: gfortran.dg/negative_automatic_size.f90 -O3 -fomit-frame-pointer -funroll-all-loops -finline-functions execution test
WARNING: program timed out.
WARNING: program timed out.
UNRESOLVED: gfortran.dg/parent_result_ref_1.f90 -O3 -g execution test
WARNING: program timed out.
WARNING: program timed out.
UNRESOLVED: gfortran.dg/parent_result_ref_1.f90 -Os execution test
UNRESOLVED: gfortran.dg/parent_result_ref_3.f90 -O3 -fomit-frame-pointer -funroll-loops execution test
FAIL: gfortran.dg/secnds-1.f -O0 execution test
FAIL: gfortran.dg/secnds-1.f -O1 execution test
FAIL: gfortran.dg/secnds-1.f -O2 execution test
FAIL: gfortran.dg/secnds-1.f -O3 -fomit-frame-pointer execution test
FAIL: gfortran.dg/secnds-1.f -O3 -fomit-frame-pointer -funroll-loops execution test
FAIL: gfortran.dg/secnds-1.f -O3 -fomit-frame-pointer -funroll-all-loops -finline-functions execution test
FAIL: gfortran.dg/secnds-1.f -O3 -g execution test
FAIL: gfortran.dg/secnds-1.f -Os execution test
FAIL: gfortran.dg/secnds.f -O0 execution test
FAIL: gfortran.dg/secnds.f -O1 execution test
FAIL: gfortran.dg/secnds.f -O2 execution test
FAIL: gfortran.dg/secnds.f -O3 -fomit-frame-pointer execution test
FAIL: gfortran.dg/secnds.f -O3 -fomit-frame-pointer -funroll-loops execution test
FAIL: gfortran.dg/secnds.f -O3 -fomit-frame-pointer -funroll-all-loops -finline-functions execution test
FAIL: gfortran.dg/secnds.f -O3 -g execution test
FAIL: gfortran.dg/secnds.f -Os execution test
FAIL: gfortran.dg/widechar_2.f90 -O3 -fomit-frame-pointer -funroll-loops execution test
FAIL: gfortran.dg/widechar_2.f90 -O3 -fomit-frame-pointer -funroll-all-loops -finline-functions execution test
FAIL: gfortran.dg/widechar_intrinsics_4.f90 -O3 -fomit-frame-pointer -funroll-loops execution test
FAIL: gfortran.dg/widechar_intrinsics_4.f90 -O3 -fomit-frame-pointer -funroll-all-loops -finline-functions execution test
FAIL: gfortran.dg/widechar_intrinsics_9.f90 -O3 -fomit-frame-pointer -funroll-loops execution test
FAIL: gfortran.dg/widechar_intrinsics_9.f90 -O3 -fomit-frame-pointer -funroll-all-loops -finline-functions execution test
FAIL: gfortran.dg/write_to_null.F90 -O0 execution test
FAIL: gfortran.dg/write_to_null.F90 -O1 execution test
FAIL: gfortran.dg/write_to_null.F90 -O2 execution test
FAIL: gfortran.dg/write_to_null.F90 -O3 -fomit-frame-pointer execution test
FAIL: gfortran.dg/write_to_null.F90 -O3 -fomit-frame-pointer -funroll-loops execution test
FAIL: gfortran.dg/write_to_null.F90 -O3 -fomit-frame-pointer -funroll-all-loops -finline-functions execution test
FAIL: gfortran.dg/write_to_null.F90 -O3 -g execution test
FAIL: gfortran.dg/write_to_null.F90 -Os execution test
FAIL: gfortran.fortran-torture/execute/common.f90 execution, -O2 -fomit-frame-pointer -finline-functions
FAIL: gfortran.fortran-torture/execute/date_time_1.f90 execution, -O0
FAIL: gfortran.fortran-torture/execute/date_time_1.f90 execution, -O1
FAIL: gfortran.fortran-torture/execute/date_time_1.f90 execution, -O2
FAIL: gfortran.fortran-torture/execute/date_time_1.f90 execution, -O2 -fomit-frame-pointer -finline-functions
FAIL: gfortran.fortran-torture/execute/date_time_1.f90 execution, -O2 -fomit-frame-pointer -finline-functions -funroll-loops
FAIL: gfortran.fortran-torture/execute/date_time_1.f90 execution, -O2 -fbounds-check
FAIL: gfortran.fortran-torture/execute/date_time_1.f90 execution, -O3 -g
FAIL: gfortran.fortran-torture/execute/date_time_1.f90 execution, -Os
FAIL: gfortran.fortran-torture/execute/date_time_1.f90 execution, -O2 -ftree-vectorize -msse2
FAIL: gfortran.fortran-torture/execute/hollerith.f90 execution, -Os
WARNING: program timed out.
UNRESOLVED: gfortran.fortran-torture/execute/intrinsic_anyall.f90 execution, -O2 -fomit-frame-pointer -finline-functions -funroll-loops
WARNING: program timed out.
WARNING: program timed out.
WARNING: program timed out.
UNRESOLVED: gfortran.fortran-torture/execute/mystery_proc.f90 execution, -Os
WARNING: program timed out.
UNRESOLVED: gfortran.fortran-torture/execute/random_1.f90 execution, -O2 -fomit-frame-pointer -finline-functions -funroll-loops
WARNING: program timed out.
FAIL: gfortran.fortran-torture/execute/random_init.f90 execution, -O3 -g
WARNING: program timed out.
FAIL: gfortran.fortran-torture/execute/read_null_string.f90 execution, -O2 -fbounds-check
WARNING: program timed out.
WARNING: program timed out.
FAIL: gfortran.fortran-torture/execute/save_1.f90 execution, -O2
WARNING: program timed out.
WARNING: program timed out.
UNRESOLVED: gfortran.fortran-torture/execute/scalarize.f90 execution, -O0
FAIL: gfortran.fortran-torture/execute/strlen.f90 execution, -O2 -fomit-frame-pointer -finline-functions -funroll-loops
=== gfortran Summary ===
# of expected passes 27385
# of unexpected failures 98
# of expected failures 18
# of unresolved testcases 13
# of unsupported tests 102
/var/tmp/build/gcc-svn/build-x86_64-pc-linux/gcc/testsuite/gfortran/../../gfortran version 4.4.0 20080831 (experimental) (GCC)
Compiler version: 4.4.0 20080831 (experimental) (GCC) gfortran
Platform: x86_64-pc-mingw32