This is the mail archive of the gcc-testresults@gcc.gnu.org mailing list for the GCC project.


Index Nav: [Date Index] [Subject Index] [Author Index] [Thread Index]
Message Nav: [Date Prev] [Date Next] [Thread Prev] [Thread Next]
Other format: [Raw text]

Results for 4.4.0 20080908 (experimental) [trunk revision 140107] (GCC) testsuite on hppa2.0w-hp-hpux11.11


LAST_UPDATED: Mon Sep  8 14:20:41 UTC 2008 (revision 140107)

		=== acats tests ===
FAIL:	c93006a
FAIL:	c95008a
FAIL:	c954025
FAIL:	c954026
FAIL:	c954a01
FAIL:	c954a02
FAIL:	c954a03
FAIL:	c97201a
FAIL:	c97201e
FAIL:	c97201g
FAIL:	c97201h
FAIL:	c97201x
FAIL:	c97202a
FAIL:	c97203a
FAIL:	c97203b
FAIL:	c97204b
FAIL:	c97205a
FAIL:	c97205b
FAIL:	c97301a
FAIL:	c97301b
FAIL:	c97301c
FAIL:	c97301d
FAIL:	c97301e
FAIL:	c97302a
FAIL:	c97303a
FAIL:	c97303b
FAIL:	c97303c
FAIL:	c97304a
FAIL:	c97304b
FAIL:	c97305a
FAIL:	c97305b
FAIL:	c97305c
FAIL:	c97305d
FAIL:	c97307a
FAIL:	c9a011b
FAIL:	ca5004a
FAIL:	cd1c04e

		=== acats Summary ===
# of expected passes		2276
# of unexpected failures	37
Native configuration is hppa2.0w-hp-hpux11.11

		=== g++ tests ===


Running target unix
FAIL: g++.dg/other/PR23205.C scan-assembler .stabs.*foobar:c=i
FAIL: g++.old-deja/g++.other/static14.C (test for excess errors)
FAIL: g++.old-deja/g++.other/static20.C (test for excess errors)
XPASS: g++.old-deja/g++.pt/static6.C (test for excess errors)

		=== g++ Summary ===

# of expected passes		17124
# of unexpected failures	3
# of unexpected successes	1
# of expected failures		85
# of unsupported tests		234
/test/gnu/gcc/objdir/gcc/testsuite/g++/../../g++  version 4.4.0 20080908 (experimental) [trunk revision 140107] (GCC) 

		=== gcc tests ===


Running target unix
WARNING: program timed out.
FAIL: gcc.dg/20020425-1.c (test for excess errors)
FAIL: gcc.dg/pr33645-3.c scan-assembler-not var1_t
FAIL: gcc.dg/pr35729.c scan-rtl-dump-times loop2_invariant "Decided to move invariant" 0
FAIL: gcc.dg/utf-array.c  (test for errors, line 30)
FAIL: gcc.dg/utf-array.c  (test for errors, line 40)

		=== gcc Summary ===

# of expected passes		46383
# of unexpected failures	5
# of expected failures		136
# of unsupported tests		641
/test/gnu/gcc/objdir/gcc/xgcc  version 4.4.0 20080908 (experimental) [trunk revision 140107] (GCC) 

		=== gfortran tests ===


Running target unix
FAIL: gfortran.dg/nint_2.f90  -O0  execution test

		=== gfortran Summary ===

# of expected passes		26876
# of unexpected failures	1
# of expected failures		10
# of unsupported tests		263
/test/gnu/gcc/objdir/gcc/testsuite/gfortran/../../gfortran  version 4.4.0 20080908 (experimental) [trunk revision 140107] (GCC) 

		=== gnat tests ===


Running target unix
FAIL: gnat.dg/requeue1.adb (test for excess errors)
WARNING: gnat.dg/requeue1.adb compilation failed to produce executable

		=== gnat Summary ===

# of expected passes		566
# of unexpected failures	1
# of expected failures		6
		=== obj-c++ tests ===


Running target unix
WARNING: obj-c++.dg/bitfield-1.mm compilation failed to produce executable
WARNING: obj-c++.dg/lookup-2.mm compilation failed to produce executable
WARNING: obj-c++.dg/try-catch-2.mm compilation failed to produce executable
WARNING: obj-c++.dg/try-catch-9.mm compilation failed to produce executable

		=== obj-c++ Summary ===

# of expected passes		435
# of expected failures		11
# of unsupported tests		14
/test/gnu/gcc/objdir/gcc/testsuite/obj-c++/../../g++  version 4.4.0 20080908 (experimental) [trunk revision 140107] (GCC) 

		=== objc tests ===


Running target unix

		=== objc Summary ===

# of expected passes		1808
# of expected failures		7
# of unsupported tests		27
/test/gnu/gcc/objdir/gcc/xgcc  version 4.4.0 20080908 (experimental) [trunk revision 140107] (GCC) 

		=== libffi tests ===


Running target unix

		=== libffi Summary ===

# of expected passes		1389
# of unsupported tests		10
		=== libgomp tests ===


Running target unix
FAIL: libgomp.c++/ctor-10.C  -O3 -fomit-frame-pointer  execution test
FAIL: libgomp.c++/ctor-10.C  -O3 -fomit-frame-pointer -funroll-all-loops -finline-functions  execution test
FAIL: libgomp.fortran/crayptr2.f90  -O3 -fomit-frame-pointer  execution test
FAIL: libgomp.fortran/crayptr2.f90  -O3 -fomit-frame-pointer -funroll-loops  execution test
FAIL: libgomp.fortran/pr25162.f  -O0  execution test
FAIL: libgomp.fortran/pr25162.f  -O1  execution test
FAIL: libgomp.fortran/pr25162.f  -O2  execution test
FAIL: libgomp.fortran/pr25162.f  -O3 -fomit-frame-pointer  execution test
FAIL: libgomp.fortran/pr25162.f  -O3 -fomit-frame-pointer -funroll-loops  execution test
FAIL: libgomp.fortran/pr25162.f  -O3 -fomit-frame-pointer -funroll-all-loops -finline-functions  execution test
FAIL: libgomp.fortran/pr25162.f  -O3 -g  execution test
FAIL: libgomp.fortran/pr25162.f  -Os  execution test
FAIL: libgomp.fortran/threadprivate1.f90  -O2  execution test
FAIL: libgomp.fortran/threadprivate1.f90  -O3 -fomit-frame-pointer -funroll-loops  execution test
FAIL: libgomp.fortran/threadprivate1.f90  -Os  execution test
FAIL: libgomp.fortran/threadprivate2.f90  -O0  execution test
FAIL: libgomp.fortran/threadprivate2.f90  -O1  execution test
FAIL: libgomp.fortran/threadprivate2.f90  -O2  execution test
FAIL: libgomp.fortran/threadprivate2.f90  -O3 -fomit-frame-pointer  execution test
FAIL: libgomp.fortran/threadprivate2.f90  -O3 -fomit-frame-pointer -funroll-loops  execution test
FAIL: libgomp.fortran/threadprivate2.f90  -O3 -fomit-frame-pointer -funroll-all-loops -finline-functions  execution test
FAIL: libgomp.fortran/threadprivate2.f90  -O3 -g  execution test
FAIL: libgomp.fortran/threadprivate2.f90  -Os  execution test
FAIL: libgomp.fortran/threadprivate3.f90  -O0  execution test
FAIL: libgomp.fortran/threadprivate3.f90  -O1  execution test
FAIL: libgomp.fortran/threadprivate3.f90  -O2  execution test
FAIL: libgomp.fortran/threadprivate3.f90  -O3 -fomit-frame-pointer  execution test
FAIL: libgomp.fortran/threadprivate3.f90  -O3 -fomit-frame-pointer -funroll-loops  execution test
FAIL: libgomp.fortran/threadprivate3.f90  -O3 -fomit-frame-pointer -funroll-all-loops -finline-functions  execution test
FAIL: libgomp.fortran/threadprivate3.f90  -O3 -g  execution test
FAIL: libgomp.fortran/threadprivate3.f90  -Os  execution test
FAIL: libgomp.fortran/vla6.f90  -O3 -g  execution test
FAIL: libgomp.fortran/vla6.f90  -Os  execution test

		=== libgomp Summary ===

# of expected passes		2238
# of unexpected failures	33
# of unsupported tests		9
		=== libjava tests ===


Running target unix
FAIL: PR9577 run
FAIL: longfield run
FAIL: shortfield run
FAIL: TestClosureGC run
FAIL: /test/gnu/gcc/gcc/libjava/testsuite/libjava.jar/TestClosureGC.jar execution - gij test
FAIL: simple run
FAIL: /test/gnu/gcc/gcc/libjava/testsuite/libjava.jar/simple.jar execution - gij test
FAIL: PR15133 run
FAIL: PR18116 run
FAIL: PR28178 run
FAIL: bytebuffer run
FAIL: calls run
FAIL: cxxtest run
FAIL: directbuffer run
FAIL: field run
FAIL: final_method run
FAIL: findclass run
FAIL: findclass2 run
FAIL: iface run
FAIL: init run
FAIL: invoke run
FAIL: jniutf run
FAIL: martin run
FAIL: noclass run
FAIL: overload run
FAIL: pr11951 run
FAIL: pr18278 run
FAIL: pr23739 run
FAIL: register run
FAIL: register2 run
FAIL: simple_int run
FAIL: throwit run
FAIL: virtual run
FAIL: PR16923 run
FAIL: pr29812 execution - gij test
FAIL: getargssize run
FAIL: getlocalvartable run
FAIL: getstacktrace run
FAIL: events run
FAIL: getallthreads run
FAIL: geterrorname run
FAIL: getmethodname run
FAIL: ArrayStore execution - source compiled test
FAIL: ArrayStore -findirect-dispatch execution - source compiled test
FAIL: ArrayStore -O3 execution - source compiled test
FAIL: ArrayStore -O3 -findirect-dispatch execution - source compiled test
FAIL: ArrayStore2 execution - source compiled test
FAIL: ArrayStore2 -findirect-dispatch execution - source compiled test
FAIL: ArrayStore2 -O3 execution - source compiled test
FAIL: ArrayStore2 -O3 -findirect-dispatch execution - source compiled test
FAIL: Array_1 execution - source compiled test
FAIL: Array_1 -findirect-dispatch execution - source compiled test
FAIL: Array_1 -O3 execution - source compiled test
FAIL: Array_1 -O3 -findirect-dispatch execution - source compiled test
FAIL: Array_2 execution - source compiled test
FAIL: Array_2 -findirect-dispatch execution - source compiled test
FAIL: Array_2 -O3 execution - source compiled test
FAIL: Array_2 -O3 -findirect-dispatch execution - source compiled test
FAIL: Array_3 execution - source compiled test
FAIL: Array_3 -findirect-dispatch execution - source compiled test
FAIL: Array_3 -O3 execution - source compiled test
FAIL: Array_3 -O3 -findirect-dispatch execution - source compiled test
FAIL: Class_1 execution - source compiled test
FAIL: Class_1 -findirect-dispatch execution - source compiled test
FAIL: Class_1 -O3 execution - source compiled test
FAIL: Class_1 -O3 -findirect-dispatch execution - source compiled test
FAIL: CompareNaN execution - source compiled test
FAIL: CompareNaN -findirect-dispatch execution - source compiled test
FAIL: CompareNaN -O3 execution - source compiled test
FAIL: CompareNaN -O3 -findirect-dispatch execution - source compiled test
FAIL: Divide_1 execution - source compiled test
FAIL: Divide_1 -findirect-dispatch execution - source compiled test
FAIL: Divide_1 -O3 execution - source compiled test
FAIL: Divide_1 -O3 -findirect-dispatch execution - source compiled test
FAIL: Divide_2 execution - source compiled test
FAIL: Divide_2 -findirect-dispatch execution - source compiled test
FAIL: Divide_2 -O3 execution - source compiled test
FAIL: Divide_2 -O3 -findirect-dispatch execution - source compiled test
FAIL: EvaluationOrder execution - source compiled test
FAIL: EvaluationOrder -findirect-dispatch execution - source compiled test
FAIL: EvaluationOrder -O3 execution - source compiled test
FAIL: EvaluationOrder -O3 -findirect-dispatch execution - source compiled test
FAIL: ExtraClassLoader execution - source compiled test
FAIL: ExtraClassLoader -findirect-dispatch execution - source compiled test
FAIL: ExtraClassLoader -O3 execution - source compiled test
FAIL: ExtraClassLoader -O3 -findirect-dispatch execution - source compiled test
FAIL: FileHandleGcTest execution - source compiled test
FAIL: FileHandleGcTest -findirect-dispatch execution - source compiled test
FAIL: FileHandleGcTest -O3 execution - source compiled test
FAIL: FileHandleGcTest -O3 -findirect-dispatch execution - source compiled test
FAIL: Final execution - source compiled test
FAIL: Final -findirect-dispatch execution - source compiled test
FAIL: Final -O3 execution - source compiled test
FAIL: Final -O3 -findirect-dispatch execution - source compiled test
FAIL: Float_1 execution - source compiled test
FAIL: Float_1 -findirect-dispatch execution - source compiled test
FAIL: Float_1 -O3 execution - source compiled test
FAIL: Float_1 -O3 -findirect-dispatch execution - source compiled test
FAIL: Float_2 execution - source compiled test
FAIL: Float_2 -findirect-dispatch execution - source compiled test
FAIL: Float_2 -O3 execution - source compiled test
FAIL: Float_2 -O3 -findirect-dispatch execution - source compiled test
FAIL: G19990301_01 execution - source compiled test
FAIL: G19990301_01 -findirect-dispatch execution - source compiled test
FAIL: G19990301_01 -O3 execution - source compiled test
FAIL: G19990301_01 -O3 -findirect-dispatch execution - source compiled test
FAIL: G19990302_02 execution - source compiled test
FAIL: G19990302_02 -findirect-dispatch execution - source compiled test
FAIL: G19990302_02 -O3 execution - source compiled test
FAIL: G19990302_02 -O3 -findirect-dispatch execution - source compiled test
FAIL: G19990303_01 execution - source compiled test
FAIL: G19990303_01 -findirect-dispatch execution - source compiled test
FAIL: G19990303_01 -O3 execution - source compiled test
FAIL: G19990303_01 -O3 -findirect-dispatch execution - source compiled test
FAIL: G19990303_02 execution - source compiled test
FAIL: G19990303_02 -findirect-dispatch execution - source compiled test
FAIL: G19990303_02 -O3 execution - source compiled test
FAIL: G19990303_02 -O3 -findirect-dispatch execution - source compiled test
FAIL: G19990304_01 execution - source compiled test
FAIL: G19990304_01 -findirect-dispatch execution - source compiled test
FAIL: G19990304_01 -O3 execution - source compiled test
FAIL: G19990304_01 -O3 -findirect-dispatch execution - source compiled test
FAIL: G19990310_01 execution - source compiled test
FAIL: G19990310_01 -findirect-dispatch execution - source compiled test
FAIL: G19990310_01 -O3 execution - source compiled test
FAIL: G19990310_01 -O3 -findirect-dispatch execution - source compiled test
FAIL: II execution - source compiled test
FAIL: II -findirect-dispatch execution - source compiled test
FAIL: II -O3 execution - source compiled test
FAIL: II -O3 -findirect-dispatch execution - source compiled test
FAIL: InterfaceDispatch execution - source compiled test
FAIL: InterfaceDispatch -findirect-dispatch execution - source compiled test
FAIL: InterfaceDispatch -O3 execution - source compiled test
FAIL: InterfaceDispatch -O3 -findirect-dispatch execution - source compiled test
FAIL: InvokeInterface execution - source compiled test
FAIL: InvokeInterface -findirect-dispatch execution - source compiled test
FAIL: InvokeInterface -O3 execution - source compiled test
FAIL: InvokeInterface -O3 -findirect-dispatch execution - source compiled test
FAIL: InvokeReturn execution - source compiled test
FAIL: InvokeReturn -findirect-dispatch execution - source compiled test
FAIL: InvokeReturn -O3 execution - source compiled test
FAIL: InvokeReturn -O3 -findirect-dispatch execution - source compiled test
FAIL: Invoke_1 execution - source compiled test
FAIL: Invoke_1 -findirect-dispatch execution - source compiled test
FAIL: Invoke_1 -O3 execution - source compiled test
FAIL: Invoke_1 -O3 -findirect-dispatch execution - source compiled test
FAIL: Invoke_2 execution - source compiled test
FAIL: Invoke_2 -findirect-dispatch execution - source compiled test
FAIL: Invoke_2 -O3 execution - source compiled test
FAIL: Invoke_2 -O3 -findirect-dispatch execution - source compiled test
FAIL: KeepInline execution - source compiled test
FAIL: KeepInline -findirect-dispatch execution - source compiled test
FAIL: KeepInline -O3 execution - source compiled test
FAIL: KeepInline -O3 -findirect-dispatch execution - source compiled test
FAIL: LargeFile execution - source compiled test
FAIL: LargeFile -findirect-dispatch execution - source compiled test
FAIL: LargeFile -O3 execution - source compiled test
FAIL: LargeFile -O3 -findirect-dispatch execution - source compiled test
FAIL: MathBuiltin execution - source compiled test
FAIL: MathBuiltin -findirect-dispatch execution - source compiled test
FAIL: MathBuiltin -O3 execution - source compiled test
FAIL: MathBuiltin -O3 -findirect-dispatch execution - source compiled test
FAIL: Matrix4f execution - source compiled test
FAIL: Matrix4f -findirect-dispatch execution - source compiled test
FAIL: Matrix4f -O3 execution - source compiled test
FAIL: Matrix4f -O3 -findirect-dispatch execution - source compiled test
FAIL: N19990310_02 execution - source compiled test
FAIL: N19990310_02 -findirect-dispatch execution - source compiled test
FAIL: N19990310_02 -O3 execution - source compiled test
FAIL: N19990310_02 -O3 -findirect-dispatch execution - source compiled test
FAIL: N19990310_3 execution - source compiled test
FAIL: N19990310_3 -findirect-dispatch execution - source compiled test
FAIL: N19990310_3 -O3 execution - source compiled test
FAIL: N19990310_3 -O3 -findirect-dispatch execution - source compiled test
FAIL: N19990310_4 execution - source compiled test
FAIL: N19990310_4 -findirect-dispatch execution - source compiled test
FAIL: N19990310_4 -O3 execution - source compiled test
FAIL: N19990310_4 -O3 -findirect-dispatch execution - source compiled test
FAIL: N19990310_5 execution - source compiled test
FAIL: N19990310_5 -findirect-dispatch execution - source compiled test
FAIL: N19990310_5 -O3 execution - source compiled test
FAIL: N19990310_5 -O3 -findirect-dispatch execution - source compiled test
FAIL: Overflow execution - source compiled test
FAIL: Overflow -findirect-dispatch execution - source compiled test
FAIL: Overflow -O3 execution - source compiled test
FAIL: Overflow -O3 -findirect-dispatch execution - source compiled test
FAIL: PR12350 execution - source compiled test
FAIL: PR12350 -findirect-dispatch execution - source compiled test
FAIL: PR12350 -O3 execution - source compiled test
FAIL: PR12350 -O3 -findirect-dispatch execution - source compiled test
FAIL: PR12416 execution - source compiled test
FAIL: PR12416 -findirect-dispatch execution - source compiled test
FAIL: PR12416 -O3 execution - source compiled test
FAIL: PR12416 -O3 -findirect-dispatch execution - source compiled test
FAIL: PR12656 execution - source compiled test
FAIL: PR12656 -findirect-dispatch execution - source compiled test
FAIL: PR12656 -O3 execution - source compiled test
FAIL: PR12656 -O3 -findirect-dispatch execution - source compiled test
FAIL: PR12915 execution - source compiled test
FAIL: PR12915 -findirect-dispatch execution - source compiled test
FAIL: PR12915 -O3 execution - source compiled test
FAIL: PR12915 -O3 -findirect-dispatch execution - source compiled test
FAIL: PR141 execution - source compiled test
FAIL: PR141 -findirect-dispatch execution - source compiled test
FAIL: PR141 -O3 execution - source compiled test
FAIL: PR141 -O3 -findirect-dispatch execution - source compiled test
FAIL: PR160 execution - source compiled test
FAIL: PR160 -findirect-dispatch execution - source compiled test
FAIL: PR160 -O3 execution - source compiled test
FAIL: PR160 -O3 -findirect-dispatch execution - source compiled test
FAIL: PR162 execution - source compiled test
FAIL: PR162 -findirect-dispatch execution - source compiled test
FAIL: PR162 -O3 execution - source compiled test
FAIL: PR162 -O3 -findirect-dispatch execution - source compiled test
FAIL: PR16867 execution - source compiled test
FAIL: PR16867 -findirect-dispatch execution - source compiled test
FAIL: PR16867 -O3 execution - source compiled test
FAIL: PR16867 -O3 -findirect-dispatch execution - source compiled test
FAIL: PR18699 execution - source compiled test
FAIL: PR18699 -findirect-dispatch execution - source compiled test
FAIL: PR18699 -O3 execution - source compiled test
FAIL: PR18699 -O3 -findirect-dispatch execution - source compiled test
FAIL: PR19870 execution - source compiled test
FAIL: PR19870 -findirect-dispatch execution - source compiled test
FAIL: PR19870 -O3 execution - source compiled test
FAIL: PR19870 -O3 -findirect-dispatch execution - source compiled test
FAIL: PR19870_2 execution - source compiled test
FAIL: PR19870_2 -findirect-dispatch execution - source compiled test
FAIL: PR19870_2 -O3 execution - source compiled test
FAIL: PR19870_2 -O3 -findirect-dispatch execution - source compiled test
FAIL: PR19921 execution - source compiled test
FAIL: PR19921 -findirect-dispatch execution - source compiled test
FAIL: PR19921 -O3 execution - source compiled test
FAIL: PR19921 -O3 -findirect-dispatch execution - source compiled test
FAIL: PR20056 execution - source compiled test
FAIL: PR20056 -findirect-dispatch execution - source compiled test
FAIL: PR20056 -O3 execution - source compiled test
FAIL: PR20056 -O3 -findirect-dispatch execution - source compiled test
FAIL: PR218 execution - source compiled test
FAIL: PR218 -findirect-dispatch execution - source compiled test
FAIL: PR218 -O3 execution - source compiled test
FAIL: PR218 -O3 -findirect-dispatch execution - source compiled test
FAIL: PR242 execution - source compiled test
FAIL: PR242 -findirect-dispatch execution - source compiled test
FAIL: PR242 -O3 execution - source compiled test
FAIL: PR242 -O3 -findirect-dispatch execution - source compiled test
FAIL: PR25535 execution - source compiled test
FAIL: PR25535 -findirect-dispatch execution - source compiled test
FAIL: PR25535 -O3 execution - source compiled test
FAIL: PR25535 -O3 -findirect-dispatch execution - source compiled test
FAIL: PR260 execution - source compiled test
FAIL: PR260 -findirect-dispatch execution - source compiled test
FAIL: PR260 -O3 execution - source compiled test
FAIL: PR260 -O3 -findirect-dispatch execution - source compiled test
FAIL: PR26858 execution - source compiled test
FAIL: PR26858 -findirect-dispatch execution - source compiled test
FAIL: PR26858 -O3 execution - source compiled test
FAIL: PR26858 -O3 -findirect-dispatch execution - source compiled test
FAIL: PR27908 execution - source compiled test
FAIL: PR27908 -findirect-dispatch execution - source compiled test
FAIL: PR27908 -O3 execution - source compiled test
FAIL: PR27908 -O3 -findirect-dispatch execution - source compiled test
FAIL: PR29013 execution - source compiled test
FAIL: PR29013 -findirect-dispatch execution - source compiled test
FAIL: PR29013 -O3 execution - source compiled test
FAIL: PR29013 -O3 -findirect-dispatch execution - source compiled test
FAIL: PR29495 execution - source compiled test
FAIL: PR29495 -findirect-dispatch execution - source compiled test
FAIL: PR29495 -O3 execution - source compiled test
FAIL: PR29495 -O3 -findirect-dispatch execution - source compiled test
FAIL: PR3096 execution - source compiled test
FAIL: PR3096 -findirect-dispatch execution - source compiled test
FAIL: PR3096 -O3 execution - source compiled test
FAIL: PR3096 -O3 -findirect-dispatch execution - source compiled test
FAIL: PR31264 execution - source compiled test
FAIL: PR31264 -findirect-dispatch execution - source compiled test
FAIL: PR31264 -O3 execution - source compiled test
FAIL: PR31264 -O3 -findirect-dispatch execution - source compiled test
FAIL: PR35020 execution - source compiled test
FAIL: PR35020 -findirect-dispatch execution - source compiled test
FAIL: PR35020 -O3 execution - source compiled test
FAIL: PR35020 -O3 -findirect-dispatch execution - source compiled test
FAIL: PR36252 execution - source compiled test
FAIL: PR36252 -findirect-dispatch execution - source compiled test
FAIL: PR36252 -O3 execution - source compiled test
FAIL: PR36252 -O3 -findirect-dispatch execution - source compiled test
FAIL: PR3731 execution - source compiled test
FAIL: PR3731 -findirect-dispatch execution - source compiled test
FAIL: PR3731 -O3 execution - source compiled test
FAIL: PR3731 -O3 -findirect-dispatch execution - source compiled test
FAIL: PR5057 execution - source compiled test
FAIL: PR5057 -findirect-dispatch execution - source compiled test
FAIL: PR5057 -O3 execution - source compiled test
FAIL: PR5057 -O3 -findirect-dispatch execution - source compiled test
FAIL: PR5057_2 execution - source compiled test
FAIL: PR5057_2 -findirect-dispatch execution - source compiled test
FAIL: PR5057_2 -O3 execution - source compiled test
FAIL: PR5057_2 -O3 -findirect-dispatch execution - source compiled test
FAIL: PR55 execution - source compiled test
FAIL: PR55 -findirect-dispatch execution - source compiled test
FAIL: PR55 -O3 execution - source compiled test
FAIL: PR55 -O3 -findirect-dispatch execution - source compiled test
FAIL: PR56 execution - source compiled test
FAIL: PR56 -findirect-dispatch execution - source compiled test
FAIL: PR56 -O3 execution - source compiled test
FAIL: PR56 -O3 -findirect-dispatch execution - source compiled test
FAIL: PR6085 execution - source compiled test
FAIL: PR6085 -findirect-dispatch execution - source compiled test
FAIL: PR6085 -O3 execution - source compiled test
FAIL: PR6085 -O3 -findirect-dispatch execution - source compiled test
FAIL: PR6204 execution - source compiled test
FAIL: PR6204 -findirect-dispatch execution - source compiled test
FAIL: PR6204 -O3 execution - source compiled test
FAIL: PR6204 -O3 -findirect-dispatch execution - source compiled test
FAIL: PR6729 execution - source compiled test
FAIL: PR6729 -findirect-dispatch execution - source compiled test
FAIL: PR6729 -O3 execution - source compiled test
FAIL: PR6729 -O3 -findirect-dispatch execution - source compiled test
FAIL: PR6820 execution - source compiled test
FAIL: PR6820 -findirect-dispatch execution - source compiled test
FAIL: PR6820 -O3 execution - source compiled test
FAIL: PR6820 -O3 -findirect-dispatch execution - source compiled test
FAIL: PR7482 execution - source compiled test
FAIL: PR7482 -findirect-dispatch execution - source compiled test
FAIL: PR7482 -O3 execution - source compiled test
FAIL: PR7482 -O3 -findirect-dispatch execution - source compiled test
FAIL: Process_1 execution - source compiled test
FAIL: Process_1 -findirect-dispatch execution - source compiled test
FAIL: Process_1 -O3 execution - source compiled test
FAIL: Process_1 -O3 -findirect-dispatch execution - source compiled test
FAIL: Process_2 execution - source compiled test
FAIL: Process_2 -findirect-dispatch execution - source compiled test
FAIL: Process_2 -O3 execution - source compiled test
FAIL: Process_2 -O3 -findirect-dispatch execution - source compiled test
FAIL: Process_3 execution - source compiled test
FAIL: Process_3 -findirect-dispatch execution - source compiled test
FAIL: Process_3 -O3 execution - source compiled test
FAIL: Process_3 -O3 -findirect-dispatch execution - source compiled test
FAIL: Process_4 execution - source compiled test
FAIL: Process_4 -findirect-dispatch execution - source compiled test
FAIL: Process_4 -O3 execution - source compiled test
FAIL: Process_4 -O3 -findirect-dispatch execution - source compiled test
FAIL: Process_5 execution - source compiled test
FAIL: Process_5 -findirect-dispatch execution - source compiled test
FAIL: Process_5 -O3 execution - source compiled test
FAIL: Process_5 -O3 -findirect-dispatch execution - source compiled test
FAIL: Process_6 execution - source compiled test
FAIL: Process_6 -findirect-dispatch execution - source compiled test
FAIL: Process_6 -O3 execution - source compiled test
FAIL: Process_6 -O3 -findirect-dispatch execution - source compiled test
FAIL: Process_7 execution - source compiled test
FAIL: Process_7 -findirect-dispatch execution - source compiled test
FAIL: Process_7 -O3 execution - source compiled test
FAIL: Process_7 -O3 -findirect-dispatch execution - source compiled test
FAIL: ProxyTest execution - source compiled test
FAIL: ProxyTest -findirect-dispatch execution - source compiled test
FAIL: ProxyTest -O3 execution - source compiled test
FAIL: ProxyTest -O3 -findirect-dispatch execution - source compiled test
FAIL: RH194522 execution - source compiled test
FAIL: RH194522 -findirect-dispatch execution - source compiled test
FAIL: RH194522 -O3 execution - source compiled test
FAIL: RH194522 -O3 -findirect-dispatch execution - source compiled test
FAIL: Serialization execution - source compiled test
FAIL: Serialization -findirect-dispatch execution - source compiled test
FAIL: Serialization -O3 execution - source compiled test
FAIL: Serialization -O3 -findirect-dispatch execution - source compiled test
FAIL: Shazam execution - source compiled test
FAIL: Shazam -findirect-dispatch execution - source compiled test
FAIL: Shazam -O3 execution - source compiled test
FAIL: Shazam -O3 -findirect-dispatch execution - source compiled test
FAIL: StackTrace2 execution - source compiled test
FAIL: StackTrace2 -findirect-dispatch execution - source compiled test
FAIL: StackTrace2 -O3 execution - source compiled test
FAIL: StackTrace2 -O3 -findirect-dispatch execution - source compiled test
FAIL: StaticConstructor execution - source compiled test
FAIL: StaticConstructor -findirect-dispatch execution - source compiled test
FAIL: StaticConstructor -O3 execution - source compiled test
FAIL: StaticConstructor -O3 -findirect-dispatch execution - source compiled test
FAIL: StringBuffer_1 execution - source compiled test
FAIL: StringBuffer_1 -findirect-dispatch execution - source compiled test
FAIL: StringBuffer_1 -O3 execution - source compiled test
FAIL: StringBuffer_1 -O3 -findirect-dispatch execution - source compiled test
FAIL: StringBuffer_overflow execution - source compiled test
FAIL: StringBuffer_overflow -findirect-dispatch execution - source compiled test
FAIL: StringBuffer_overflow -O3 execution - source compiled test
FAIL: StringBuffer_overflow -O3 -findirect-dispatch execution - source compiled test
FAIL: String_overflow execution - source compiled test
FAIL: String_overflow -findirect-dispatch execution - source compiled test
FAIL: String_overflow -O3 execution - source compiled test
FAIL: String_overflow -O3 -findirect-dispatch execution - source compiled test
FAIL: SyncGlobal execution - source compiled test
FAIL: SyncGlobal -findirect-dispatch execution - source compiled test
FAIL: SyncGlobal -O3 execution - source compiled test
FAIL: SyncGlobal -O3 -findirect-dispatch execution - source compiled test
FAIL: SyncTest execution - source compiled test
FAIL: SyncTest -findirect-dispatch execution - source compiled test
FAIL: SyncTest -O3 execution - source compiled test
FAIL: SyncTest -O3 -findirect-dispatch execution - source compiled test
FAIL: Synch execution - source compiled test
FAIL: Synch -findirect-dispatch execution - source compiled test
FAIL: Synch -O3 execution - source compiled test
FAIL: Synch -O3 -findirect-dispatch execution - source compiled test
FAIL: TLtest execution - source compiled test
FAIL: TLtest -findirect-dispatch execution - source compiled test
FAIL: TLtest -O3 execution - source compiled test
FAIL: TLtest -O3 -findirect-dispatch execution - source compiled test
FAIL: TestProxy execution - source compiled test
FAIL: TestProxy -findirect-dispatch execution - source compiled test
FAIL: TestProxy -O3 execution - source compiled test
FAIL: TestProxy -O3 -findirect-dispatch execution - source compiled test
FAIL: Thread_Alive execution - source compiled test
FAIL: Thread_Alive -findirect-dispatch execution - source compiled test
FAIL: Thread_Alive -O3 execution - source compiled test
FAIL: Thread_Alive -O3 -findirect-dispatch execution - source compiled test
FAIL: Thread_HoldsLock execution - source compiled test
FAIL: Thread_HoldsLock -findirect-dispatch execution - source compiled test
FAIL: Thread_HoldsLock -O3 execution - source compiled test
FAIL: Thread_HoldsLock -O3 -findirect-dispatch execution - source compiled test
FAIL: Thread_Interrupt execution - source compiled test
FAIL: Thread_Interrupt -findirect-dispatch execution - source compiled test
FAIL: Thread_Interrupt -O3 execution - source compiled test
FAIL: Thread_Interrupt -O3 -findirect-dispatch execution - source compiled test
FAIL: Thread_Join execution - source compiled test
FAIL: Thread_Join -findirect-dispatch execution - source compiled test
FAIL: Thread_Join -O3 execution - source compiled test
FAIL: Thread_Join -O3 -findirect-dispatch execution - source compiled test
FAIL: Thread_Monitor execution - source compiled test
FAIL: Thread_Monitor -findirect-dispatch execution - source compiled test
FAIL: Thread_Monitor -O3 execution - source compiled test
FAIL: Thread_Monitor -O3 -findirect-dispatch execution - source compiled test
FAIL: Thread_Sleep execution - source compiled test
FAIL: Thread_Sleep -findirect-dispatch execution - source compiled test
FAIL: Thread_Sleep -O3 execution - source compiled test
FAIL: Thread_Sleep -O3 -findirect-dispatch execution - source compiled test
FAIL: Thread_Sleep_2 execution - source compiled test
FAIL: Thread_Sleep_2 -findirect-dispatch execution - source compiled test
FAIL: Thread_Sleep_2 -O3 execution - source compiled test
FAIL: Thread_Sleep_2 -O3 -findirect-dispatch execution - source compiled test
FAIL: Thread_Wait execution - source compiled test
FAIL: Thread_Wait -findirect-dispatch execution - source compiled test
FAIL: Thread_Wait -O3 execution - source compiled test
FAIL: Thread_Wait -O3 -findirect-dispatch execution - source compiled test
FAIL: Thread_Wait_2 execution - source compiled test
FAIL: Thread_Wait_2 -findirect-dispatch execution - source compiled test
FAIL: Thread_Wait_2 -O3 execution - source compiled test
FAIL: Thread_Wait_2 -O3 -findirect-dispatch execution - source compiled test
FAIL: Thread_Wait_Interrupt execution - source compiled test
FAIL: Thread_Wait_Interrupt -findirect-dispatch execution - source compiled test
FAIL: Thread_Wait_Interrupt -O3 execution - source compiled test
FAIL: Thread_Wait_Interrupt -O3 -findirect-dispatch execution - source compiled test
FAIL: Throw_1 execution - source compiled test
FAIL: Throw_1 -findirect-dispatch execution - source compiled test
FAIL: Throw_1 -O3 execution - source compiled test
FAIL: Throw_1 -O3 -findirect-dispatch execution - source compiled test
FAIL: Throw_2 execution - source compiled test
FAIL: Throw_2 -findirect-dispatch execution - source compiled test
FAIL: Throw_2 -O3 execution - source compiled test
FAIL: Throw_2 -O3 -findirect-dispatch execution - source compiled test
FAIL: Throw_3 execution - source compiled test
FAIL: Throw_3 -findirect-dispatch execution - source compiled test
FAIL: Throw_3 -O3 execution - source compiled test
FAIL: Throw_3 -O3 -findirect-dispatch execution - source compiled test
FAIL: WalkerTest execution - source compiled test
FAIL: WalkerTest -findirect-dispatch execution - source compiled test
FAIL: WalkerTest -O3 execution - source compiled test
FAIL: WalkerTest -O3 -findirect-dispatch execution - source compiled test
FAIL: anfi execution - source compiled test
FAIL: anfi -findirect-dispatch execution - source compiled test
FAIL: anfi -O3 execution - source compiled test
FAIL: anfi -O3 -findirect-dispatch execution - source compiled test
FAIL: anon execution - source compiled test
FAIL: anon -findirect-dispatch execution - source compiled test
FAIL: anon -O3 execution - source compiled test
FAIL: anon -O3 -findirect-dispatch execution - source compiled test
FAIL: anon2 execution - source compiled test
FAIL: anon2 -findirect-dispatch execution - source compiled test
FAIL: anon2 -O3 execution - source compiled test
FAIL: anon2 -O3 -findirect-dispatch execution - source compiled test
FAIL: anon3 execution - source compiled test
FAIL: anon3 -findirect-dispatch execution - source compiled test
FAIL: anon3 -O3 execution - source compiled test
FAIL: anon3 -O3 -findirect-dispatch execution - source compiled test
FAIL: anon4 execution - source compiled test
FAIL: anon4 -findirect-dispatch execution - source compiled test
FAIL: anon4 -O3 execution - source compiled test
FAIL: anon4 -O3 -findirect-dispatch execution - source compiled test
FAIL: anon_ctor_itf_arg execution - source compiled test
FAIL: anon_ctor_itf_arg -findirect-dispatch execution - source compiled test
FAIL: anon_ctor_itf_arg -O3 execution - source compiled test
FAIL: anon_ctor_itf_arg -O3 -findirect-dispatch execution - source compiled test
FAIL: anonarray execution - source compiled test
FAIL: anonarray -findirect-dispatch execution - source compiled test
FAIL: anonarray -O3 execution - source compiled test
FAIL: anonarray -O3 -findirect-dispatch execution - source compiled test
FAIL: anonarray2 execution - source compiled test
FAIL: anonarray2 -findirect-dispatch execution - source compiled test
FAIL: anonarray2 -O3 execution - source compiled test
FAIL: anonarray2 -O3 -findirect-dispatch execution - source compiled test
FAIL: anonarray3 execution - source compiled test
FAIL: anonarray3 -findirect-dispatch execution - source compiled test
FAIL: anonarray3 -O3 execution - source compiled test
FAIL: anonarray3 -O3 -findirect-dispatch execution - source compiled test
FAIL: assign execution - source compiled test
FAIL: assign -findirect-dispatch execution - source compiled test
FAIL: assign -O3 execution - source compiled test
FAIL: assign -O3 -findirect-dispatch execution - source compiled test
FAIL: assign2 execution - source compiled test
FAIL: assign2 -findirect-dispatch execution - source compiled test
FAIL: assign2 -O3 execution - source compiled test
FAIL: assign2 -O3 -findirect-dispatch execution - source compiled test
FAIL: bclink execution - source compiled test
FAIL: bclink -findirect-dispatch execution - source compiled test
FAIL: bclink -O3 execution - source compiled test
FAIL: bclink -O3 -findirect-dispatch execution - source compiled test
FAIL: bytearray execution - source compiled test
FAIL: bytearray -findirect-dispatch execution - source compiled test
FAIL: bytearray -O3 execution - source compiled test
FAIL: bytearray -O3 -findirect-dispatch execution - source compiled test
FAIL: direct_read execution - source compiled test
FAIL: direct_read -findirect-dispatch execution - source compiled test
FAIL: direct_read -O3 execution - source compiled test
FAIL: direct_read -O3 -findirect-dispatch execution - source compiled test
FAIL: direct_write execution - source compiled test
FAIL: direct_write -findirect-dispatch execution - source compiled test
FAIL: direct_write -O3 execution - source compiled test
FAIL: direct_write -O3 -findirect-dispatch execution - source compiled test
FAIL: emptystring execution - source compiled test
FAIL: emptystring -findirect-dispatch execution - source compiled test
FAIL: emptystring -O3 execution - source compiled test
FAIL: emptystring -O3 -findirect-dispatch execution - source compiled test
FAIL: err1 execution - source compiled test
FAIL: err1 -findirect-dispatch execution - source compiled test
FAIL: err1 -O3 execution - source compiled test
FAIL: err1 -O3 -findirect-dispatch execution - source compiled test
FAIL: err10 execution - source compiled test
FAIL: err10 -findirect-dispatch execution - source compiled test
FAIL: err10 -O3 execution - source compiled test
FAIL: err10 -O3 -findirect-dispatch execution - source compiled test
FAIL: err11 execution - source compiled test
FAIL: err11 -findirect-dispatch execution - source compiled test
FAIL: err11 -O3 execution - source compiled test
FAIL: err11 -O3 -findirect-dispatch execution - source compiled test
FAIL: err12 execution - source compiled test
FAIL: err12 -findirect-dispatch execution - source compiled test
FAIL: err12 -O3 execution - source compiled test
FAIL: err12 -O3 -findirect-dispatch execution - source compiled test
FAIL: err13 execution - source compiled test
FAIL: err13 -findirect-dispatch execution - source compiled test
FAIL: err13 -O3 execution - source compiled test
FAIL: err13 -O3 -findirect-dispatch execution - source compiled test
FAIL: err14 execution - source compiled test
FAIL: err14 -findirect-dispatch execution - source compiled test
FAIL: err14 -O3 execution - source compiled test
FAIL: err14 -O3 -findirect-dispatch execution - source compiled test
FAIL: err2 execution - source compiled test
FAIL: err2 -findirect-dispatch execution - source compiled test
FAIL: err2 -O3 execution - source compiled test
FAIL: err2 -O3 -findirect-dispatch execution - source compiled test
FAIL: err3 execution - source compiled test
FAIL: err3 -findirect-dispatch execution - source compiled test
FAIL: err3 -O3 execution - source compiled test
FAIL: err3 -O3 -findirect-dispatch execution - source compiled test
FAIL: err4 execution - source compiled test
FAIL: err4 -findirect-dispatch execution - source compiled test
FAIL: err4 -O3 execution - source compiled test
FAIL: err4 -O3 -findirect-dispatch execution - source compiled test
FAIL: err5 execution - source compiled test
FAIL: err5 -findirect-dispatch execution - source compiled test
FAIL: err5 -O3 execution - source compiled test
FAIL: err5 -O3 -findirect-dispatch execution - source compiled test
FAIL: err6 execution - source compiled test
FAIL: err6 -findirect-dispatch execution - source compiled test
FAIL: err6 -O3 execution - source compiled test
FAIL: err6 -O3 -findirect-dispatch execution - source compiled test
FAIL: err7 execution - source compiled test
FAIL: err7 -findirect-dispatch execution - source compiled test
FAIL: err7 -O3 execution - source compiled test
FAIL: err7 -O3 -findirect-dispatch execution - source compiled test
FAIL: err8 execution - source compiled test
FAIL: err8 -findirect-dispatch execution - source compiled test
FAIL: err8 -O3 execution - source compiled test
FAIL: err8 -O3 -findirect-dispatch execution - source compiled test
FAIL: err9 execution - source compiled test
FAIL: err9 -findirect-dispatch execution - source compiled test
FAIL: err9 -O3 execution - source compiled test
FAIL: err9 -O3 -findirect-dispatch execution - source compiled test
FAIL: final_inner execution - source compiled test
FAIL: final_inner -findirect-dispatch execution - source compiled test
FAIL: final_inner -O3 execution - source compiled test
FAIL: final_inner -O3 -findirect-dispatch execution - source compiled test
FAIL: final_int execution - source compiled test
FAIL: final_int -findirect-dispatch execution - source compiled test
FAIL: final_int -O3 execution - source compiled test
FAIL: final_int -O3 -findirect-dispatch execution - source compiled test
FAIL: final_static_and_friend execution - source compiled test
FAIL: final_static_and_friend -findirect-dispatch execution - source compiled test
FAIL: final_static_and_friend -O3 execution - source compiled test
FAIL: final_static_and_friend -O3 -findirect-dispatch execution - source compiled test
FAIL: indirect execution - source compiled test
FAIL: indirect -findirect-dispatch execution - source compiled test
FAIL: indirect -O3 execution - source compiled test
FAIL: indirect -O3 -findirect-dispatch execution - source compiled test
FAIL: indirect_read execution - source compiled test
FAIL: indirect_read -findirect-dispatch execution - source compiled test
FAIL: indirect_read -O3 execution - source compiled test
FAIL: indirect_read -O3 -findirect-dispatch execution - source compiled test
FAIL: indirect_write execution - source compiled test
FAIL: indirect_write -findirect-dispatch execution - source compiled test
FAIL: indirect_write -O3 execution - source compiled test
FAIL: indirect_write -O3 -findirect-dispatch execution - source compiled test
FAIL: initexc execution - source compiled test
FAIL: initexc -findirect-dispatch execution - source compiled test
FAIL: initexc -O3 execution - source compiled test
FAIL: initexc -O3 -findirect-dispatch execution - source compiled test
FAIL: initfield execution - source compiled test
FAIL: initfield -findirect-dispatch execution - source compiled test
FAIL: initfield -O3 execution - source compiled test
FAIL: initfield -O3 -findirect-dispatch execution - source compiled test
FAIL: inline execution - source compiled test
FAIL: inline -findirect-dispatch execution - source compiled test
FAIL: inline -O3 execution - source compiled test
FAIL: inline -O3 -findirect-dispatch execution - source compiled test
FAIL: inner1 execution - source compiled test
FAIL: inner1 -findirect-dispatch execution - source compiled test
FAIL: inner1 -O3 execution - source compiled test
FAIL: inner1 -O3 -findirect-dispatch execution - source compiled test
FAIL: inner2 execution - source compiled test
FAIL: inner2 -findirect-dispatch execution - source compiled test
FAIL: inner2 -O3 execution - source compiled test
FAIL: inner2 -O3 -findirect-dispatch execution - source compiled test
FAIL: inner3 execution - source compiled test
FAIL: inner3 -findirect-dispatch execution - source compiled test
FAIL: inner3 -O3 execution - source compiled test
FAIL: inner3 -O3 -findirect-dispatch execution - source compiled test
FAIL: inner4 execution - source compiled test
FAIL: inner4 -findirect-dispatch execution - source compiled test
FAIL: inner4 -O3 execution - source compiled test
FAIL: inner4 -O3 -findirect-dispatch execution - source compiled test
FAIL: inner_array execution - source compiled test
FAIL: inner_array -findirect-dispatch execution - source compiled test
FAIL: inner_array -O3 execution - source compiled test
FAIL: inner_array -O3 -findirect-dispatch execution - source compiled test
FAIL: inner_interface execution - source compiled test
FAIL: inner_interface -findirect-dispatch execution - source compiled test
FAIL: inner_interface -O3 execution - source compiled test
FAIL: inner_interface -O3 -findirect-dispatch execution - source compiled test
FAIL: instance execution - source compiled test
FAIL: instance -findirect-dispatch execution - source compiled test
FAIL: instance -O3 execution - source compiled test
FAIL: instance -O3 -findirect-dispatch execution - source compiled test
FAIL: instinit execution - source compiled test
FAIL: instinit -findirect-dispatch execution - source compiled test
FAIL: instinit -O3 execution - source compiled test
FAIL: instinit -O3 -findirect-dispatch execution - source compiled test
FAIL: instinit2 execution - source compiled test
FAIL: instinit2 -findirect-dispatch execution - source compiled test
FAIL: instinit2 -O3 execution - source compiled test
FAIL: instinit2 -O3 -findirect-dispatch execution - source compiled test
FAIL: invoke_from_inner execution - source compiled test
FAIL: invoke_from_inner -findirect-dispatch execution - source compiled test
FAIL: invoke_from_inner -O3 execution - source compiled test
FAIL: invoke_from_inner -O3 -findirect-dispatch execution - source compiled test
FAIL: invokethrow execution - source compiled test
FAIL: invokethrow -findirect-dispatch execution - source compiled test
FAIL: invokethrow -O3 execution - source compiled test
FAIL: invokethrow -O3 -findirect-dispatch execution - source compiled test
FAIL: klass execution - source compiled test
FAIL: klass -findirect-dispatch execution - source compiled test
FAIL: klass -O3 execution - source compiled test
FAIL: klass -O3 -findirect-dispatch execution - source compiled test
FAIL: md5test execution - source compiled test
FAIL: md5test -findirect-dispatch execution - source compiled test
FAIL: md5test -O3 execution - source compiled test
FAIL: md5test -O3 -findirect-dispatch execution - source compiled test
FAIL: multiple_finit execution - source compiled test
FAIL: multiple_finit -findirect-dispatch execution - source compiled test
FAIL: multiple_finit -O3 execution - source compiled test
FAIL: multiple_finit -O3 -findirect-dispatch execution - source compiled test
FAIL: negzero execution - source compiled test
FAIL: negzero -findirect-dispatch execution - source compiled test
FAIL: negzero -O3 execution - source compiled test
FAIL: negzero -O3 -findirect-dispatch execution - source compiled test
FAIL: nested_with_ctor execution - source compiled test
FAIL: nested_with_ctor -findirect-dispatch execution - source compiled test
FAIL: nested_with_ctor -O3 execution - source compiled test
FAIL: nested_with_ctor -O3 -findirect-dispatch execution - source compiled test
FAIL: newarray_overflow execution - source compiled test
FAIL: newarray_overflow -findirect-dispatch execution - source compiled test
FAIL: newarray_overflow -O3 execution - source compiled test
FAIL: newarray_overflow -O3 -findirect-dispatch execution - source compiled test
FAIL: override execution - source compiled test
FAIL: override -findirect-dispatch execution - source compiled test
FAIL: override -O3 execution - source compiled test
FAIL: override -O3 -findirect-dispatch execution - source compiled test
FAIL: pr109 execution - source compiled test
FAIL: pr109 -findirect-dispatch execution - source compiled test
FAIL: pr109 -O3 execution - source compiled test
FAIL: pr109 -O3 -findirect-dispatch execution - source compiled test
FAIL: pr13107 execution - source compiled test
FAIL: pr13107 -findirect-dispatch execution - source compiled test
FAIL: pr13107 -O3 execution - source compiled test
FAIL: pr13107 -O3 -findirect-dispatch execution - source compiled test
FAIL: pr13107_2 execution - source compiled test
FAIL: pr13107_2 -findirect-dispatch execution - source compiled test
FAIL: pr13107_2 -O3 execution - source compiled test
FAIL: pr13107_2 -O3 -findirect-dispatch execution - source compiled test
FAIL: pr13107_3 execution - source compiled test
FAIL: pr13107_3 -findirect-dispatch execution - source compiled test
FAIL: pr13107_3 -O3 execution - source compiled test
FAIL: pr13107_3 -O3 -findirect-dispatch execution - source compiled test
FAIL: pr133 execution - source compiled test
FAIL: pr133 -findirect-dispatch execution - source compiled test
FAIL: pr133 -O3 execution - source compiled test
FAIL: pr133 -O3 -findirect-dispatch execution - source compiled test
FAIL: pr16789 execution - source compiled test
FAIL: pr16789 -findirect-dispatch execution - source compiled test
FAIL: pr16789 -O3 execution - source compiled test
FAIL: pr16789 -O3 -findirect-dispatch execution - source compiled test
FAIL: pr17536 execution - source compiled test
FAIL: pr17536 -findirect-dispatch execution - source compiled test
FAIL: pr17536 -O3 execution - source compiled test
FAIL: pr17536 -O3 -findirect-dispatch execution - source compiled test
FAIL: pr179 execution - source compiled test
FAIL: pr179 -findirect-dispatch execution - source compiled test
FAIL: pr179 -O3 execution - source compiled test
FAIL: pr179 -O3 -findirect-dispatch execution - source compiled test
FAIL: pr184 execution - source compiled test
FAIL: pr184 -findirect-dispatch execution - source compiled test
FAIL: pr184 -O3 execution - source compiled test
FAIL: pr184 -O3 -findirect-dispatch execution - source compiled test
FAIL: pr21785 execution - source compiled test
FAIL: pr21785 -findirect-dispatch execution - source compiled test
FAIL: pr21785 -O3 execution - source compiled test
FAIL: pr21785 -O3 -findirect-dispatch execution - source compiled test
FAIL: pr21844 execution - source compiled test
FAIL: pr21844 -findirect-dispatch execution - source compiled test
FAIL: pr21844 -O3 execution - source compiled test
FAIL: pr21844 -O3 -findirect-dispatch execution - source compiled test
FAIL: pr24321 execution - source compiled test
FAIL: pr24321 -findirect-dispatch execution - source compiled test
FAIL: pr24321 -O3 execution - source compiled test
FAIL: pr24321 -O3 -findirect-dispatch execution - source compiled test
FAIL: pr25676 execution - source compiled test
FAIL: pr25676 -findirect-dispatch execution - source compiled test
FAIL: pr25676 -O3 execution - source compiled test
FAIL: pr25676 -O3 -findirect-dispatch execution - source compiled test
FAIL: pr26390 execution - source compiled test
FAIL: pr26390 -findirect-dispatch execution - source compiled test
FAIL: pr26390 -O3 execution - source compiled test
FAIL: pr26390 -O3 -findirect-dispatch execution - source compiled test
FAIL: pr26990 execution - source compiled test
FAIL: pr26990 -findirect-dispatch execution - source compiled test
FAIL: pr26990 -O3 execution - source compiled test
FAIL: pr26990 -O3 -findirect-dispatch execution - source compiled test
FAIL: pr27171 execution - source compiled test
FAIL: pr27171 -findirect-dispatch execution - source compiled test
FAIL: pr27171 -O3 execution - source compiled test
FAIL: pr27171 -O3 -findirect-dispatch execution - source compiled test
FAIL: pr6388 execution - source compiled test
FAIL: pr6388 -findirect-dispatch execution - source compiled test
FAIL: pr6388 -O3 execution - source compiled test
FAIL: pr6388 -O3 -findirect-dispatch execution - source compiled test
FAIL: pr83 execution - source compiled test
FAIL: pr83 -findirect-dispatch execution - source compiled test
FAIL: pr83 -O3 execution - source compiled test
FAIL: pr83 -O3 -findirect-dispatch execution - source compiled test
FAIL: pr8415 execution - source compiled test
FAIL: pr8415 -findirect-dispatch execution - source compiled test
FAIL: pr8415 -O3 execution - source compiled test
FAIL: pr8415 -O3 -findirect-dispatch execution - source compiled test
FAIL: pr8676 execution - source compiled test
FAIL: pr8676 -findirect-dispatch execution - source compiled test
FAIL: pr8676 -O3 execution - source compiled test
FAIL: pr8676 -O3 -findirect-dispatch execution - source compiled test
FAIL: pr8823 execution - source compiled test
FAIL: pr8823 -findirect-dispatch execution - source compiled test
FAIL: pr8823 -O3 execution - source compiled test
FAIL: pr8823 -O3 -findirect-dispatch execution - source compiled test
FAIL: pr8945 execution - source compiled test
FAIL: pr8945 -findirect-dispatch execution - source compiled test
FAIL: pr8945 -O3 execution - source compiled test
FAIL: pr8945 -O3 -findirect-dispatch execution - source compiled test
FAIL: private_direct_read execution - source compiled test
FAIL: private_direct_read -findirect-dispatch execution - source compiled test
FAIL: private_direct_read -O3 execution - source compiled test
FAIL: private_direct_read -O3 -findirect-dispatch execution - source compiled test
FAIL: search_outer execution - source compiled test
FAIL: search_outer -findirect-dispatch execution - source compiled test
FAIL: search_outer -O3 execution - source compiled test
FAIL: search_outer -O3 -findirect-dispatch execution - source compiled test
FAIL: shatest execution - source compiled test
FAIL: shatest -findirect-dispatch execution - source compiled test
FAIL: shatest -O3 execution - source compiled test
FAIL: shatest -O3 -findirect-dispatch execution - source compiled test
FAIL: stacktrace execution - source compiled test
FAIL: stacktrace -findirect-dispatch execution - source compiled test
FAIL: stacktrace -O3 execution - source compiled test
FAIL: stacktrace -O3 -findirect-dispatch execution - source compiled test
FAIL: stringconst execution - source compiled test
FAIL: stringconst -findirect-dispatch execution - source compiled test
FAIL: stringconst -O3 execution - source compiled test
FAIL: stringconst -O3 -findirect-dispatch execution - source compiled test
FAIL: stringconst2 execution - source compiled test
FAIL: stringconst2 -findirect-dispatch execution - source compiled test
FAIL: stringconst2 -O3 execution - source compiled test
FAIL: stringconst2 -O3 -findirect-dispatch execution - source compiled test
FAIL: stub execution - source compiled test
FAIL: stub -findirect-dispatch execution - source compiled test
FAIL: stub -O3 execution - source compiled test
FAIL: stub -O3 -findirect-dispatch execution - source compiled test
FAIL: test_long execution - source compiled test
FAIL: test_long -findirect-dispatch execution - source compiled test
FAIL: test_long -O3 execution - source compiled test
FAIL: test_long -O3 -findirect-dispatch execution - source compiled test
FAIL: tmi execution - source compiled test
FAIL: tmi -findirect-dispatch execution - source compiled test
FAIL: tmi -O3 execution - source compiled test
FAIL: tmi -O3 -findirect-dispatch execution - source compiled test
FAIL: tp execution - source compiled test
FAIL: tp -findirect-dispatch execution - source compiled test
FAIL: tp -O3 execution - source compiled test
FAIL: tp -O3 -findirect-dispatch execution - source compiled test
FAIL: update_outer execution - source compiled test
FAIL: update_outer -findirect-dispatch execution - source compiled test
FAIL: update_outer -O3 execution - source compiled test
FAIL: update_outer -O3 -findirect-dispatch execution - source compiled test
FAIL: utf8concat execution - source compiled test
FAIL: utf8concat -findirect-dispatch execution - source compiled test
FAIL: utf8concat -O3 execution - source compiled test
FAIL: utf8concat -O3 -findirect-dispatch execution - source compiled test
FAIL: utilTest execution - source compiled test
FAIL: utilTest -findirect-dispatch execution - source compiled test
FAIL: utilTest -O3 execution - source compiled test
FAIL: utilTest -O3 -findirect-dispatch execution - source compiled test
FAIL: verify execution - source compiled test
FAIL: verify -findirect-dispatch execution - source compiled test
FAIL: verify -O3 execution - source compiled test
FAIL: verify -O3 -findirect-dispatch execution - source compiled test
FAIL: /test/gnu/gcc/objdir/hppa2.0w-hp-hpux11.11/libjava/testsuite/TestEarlyGC.exe execution - /test/gnu/gcc/objdir/hppa2.0w-hp-hpux11.11/libjava/testsuite/TestEarlyGC.exe
FAIL: /test/gnu/gcc/objdir/hppa2.0w-hp-hpux11.11/libjava/testsuite/TestLeak.exe execution - /test/gnu/gcc/objdir/hppa2.0w-hp-hpux11.11/libjava/testsuite/TestLeak.exe
FAIL: /test/gnu/gcc/objdir/hppa2.0w-hp-hpux11.11/libjava/testsuite/TestMultiple.exe execution - /test/gnu/gcc/objdir/hppa2.0w-hp-hpux11.11/libjava/testsuite/TestMultiple.exe
FAIL: /test/gnu/gcc/objdir/hppa2.0w-hp-hpux11.11/libjava/testsuite/TestParent.exe execution - /test/gnu/gcc/objdir/hppa2.0w-hp-hpux11.11/libjava/testsuite/TestParent.exe

		=== libjava Summary ===

# of expected passes		877
# of unexpected failures	842
# of untested testcases		842
		=== libstdc++ tests ===


Running target unix
XPASS: 23_containers/unordered_multimap/init-list.cc (test for excess errors)

		=== libstdc++ Summary ===

# of expected passes		5219
# of unexpected successes	1
# of expected failures		65
# of unsupported tests		468

Compiler version: 4.4.0 20080908 (experimental) [trunk revision 140107] (GCC) 
Platform: hppa2.0w-hp-hpux11.11
configure flags: --with-gnu-as --with-as=/opt/gnu/bin/as --enable-shared --disable-nls --with-local-prefix=/opt/gnu --prefix=/opt/gnu/gcc/gcc-4.4.0 --enable-debug=no --enable-threads=posix --with-mpfr=/opt/gnu/gcc/gcc-4.4.0 --with-gmp=/opt/gnu/gcc/gcc-4.4.0 --disable-libmudflap --enable-languages=c,c++,objc,obj-c++,fortran,java,ada


Index Nav: [Date Index] [Subject Index] [Author Index] [Thread Index]
Message Nav: [Date Prev] [Date Next] [Thread Prev] [Thread Next]