This is the mail archive of the gcc-testresults@gcc.gnu.org mailing list for the GCC project.


Index Nav: [Date Index] [Subject Index] [Author Index] [Thread Index]
Message Nav: [Date Prev] [Date Next] [Thread Prev] [Thread Next]
Other format: [Raw text]

Results for 4.4.0 20080907 (experimental) [trunk revision 140088] (GCC) testsuite on hppa-unknown-linux-gnu


LAST_UPDATED: Sun Sep  7 16:20:10 UTC 2008 (revision 140088)

		=== acats tests ===
FAIL:	c93006a
FAIL:	c95008a
FAIL:	c954025
FAIL:	c954026
FAIL:	c954a01
FAIL:	c954a02
FAIL:	c954a03
FAIL:	c97201a
FAIL:	c97201e
FAIL:	c97201g
FAIL:	c97201h
FAIL:	c97201x
FAIL:	c97202a
FAIL:	c97203a
FAIL:	c97203b
FAIL:	c97204b
FAIL:	c97205a
FAIL:	c97205b
FAIL:	c97301a
FAIL:	c97301b
FAIL:	c97301c
FAIL:	c97301d
FAIL:	c97301e
FAIL:	c97302a
FAIL:	c97303a
FAIL:	c97303b
FAIL:	c97303c
FAIL:	c97304a
FAIL:	c97304b
FAIL:	c97305a
FAIL:	c97305b
FAIL:	c97305c
FAIL:	c97305d
FAIL:	c97307a
FAIL:	c9a011b
FAIL:	ca5004a
FAIL:	cd1c04e

		=== acats Summary ===
# of expected passes		2278
# of unexpected failures	37
Native configuration is hppa-unknown-linux-gnu

		=== g++ tests ===


Running target unix
FAIL: g++.dg/eh/pr29166.C execution test
FAIL: g++.dg/other/PR23205.C scan-assembler .stabs.*foobar:c=i

		=== g++ Summary ===

# of expected passes		18200
# of unexpected failures	2
# of expected failures		83
# of unsupported tests		146
/home/dave/gnu/gcc/objdir/gcc/testsuite/g++/../../g++  version 4.4.0 20080907 (experimental) [trunk revision 140088] (GCC) 

		=== gcc tests ===


Running target unix
WARNING: program timed out.
FAIL: gcc.c-torture/execute/gofast.c compilation,  -O0 
UNRESOLVED: gcc.c-torture/execute/gofast.c execution,  -O0 
FAIL: gcc.dg/debug/dwarf2/dwarf-die3.c scan-assembler-not DW_AT_inline
FAIL: gcc.dg/pr33645-3.c scan-assembler-not var1_t
FAIL: gcc.dg/pr35729.c scan-rtl-dump-times loop2_invariant "Decided to move invariant" 0
FAIL: gcc.dg/visibility-16.c scan-hidden hidden[ \\t_]*foo
FAIL: gcc.dg/pch/valid-1b.c -O0 -g -I. (test for excess errors)
FAIL: gcc.dg/pch/valid-1b.c -O0 -g assembly comparison
FAIL: gcc.dg/pch/valid-1b.c  -O0  -I. (test for excess errors)
FAIL: gcc.dg/pch/valid-1b.c  -O0  assembly comparison
FAIL: gcc.dg/pch/valid-1b.c  -O1  -I. (test for excess errors)
FAIL: gcc.dg/pch/valid-1b.c  -O1  assembly comparison
FAIL: gcc.dg/pch/valid-1b.c  -O2  -I. (test for excess errors)
FAIL: gcc.dg/pch/valid-1b.c  -O2  assembly comparison
FAIL: gcc.dg/pch/valid-1b.c  -O3 -fomit-frame-pointer  -I. (test for excess errors)
FAIL: gcc.dg/pch/valid-1b.c  -O3 -fomit-frame-pointer  assembly comparison
FAIL: gcc.dg/pch/valid-1b.c  -O3 -g  -I. (test for excess errors)
FAIL: gcc.dg/pch/valid-1b.c  -O3 -g  assembly comparison
FAIL: gcc.dg/pch/valid-1b.c  -Os  -I. (test for excess errors)
FAIL: gcc.dg/pch/valid-1b.c  -Os  assembly comparison
WARNING: program timed out.
FAIL: gcc.dg/torture/fp-int-convert-long-double.c  -O3 -g  (test for excess errors)
UNRESOLVED: gcc.dg/torture/fp-int-convert-long-double.c  -O3 -g  compilation failed to produce executable
XPASS: gcc.dg/tree-ssa/loop-1.c scan-assembler-times foo 5
FAIL: gcc.dg/weak/weak-1.c scan-assembler weak[^ \\t]*[ \\t]_?j

		=== gcc Summary ===

# of expected passes		47423
# of unexpected failures	21
# of unexpected successes	1
# of expected failures		135
# of unresolved testcases	2
# of unsupported tests		512
/home/dave/gnu/gcc/objdir/gcc/xgcc  version 4.4.0 20080907 (experimental) [trunk revision 140088] (GCC) 

		=== gfortran tests ===


Running target unix
WARNING: program timed out.
FAIL: gfortran.dg/zero_sized_1.f90  -Os  (test for excess errors)
UNRESOLVED: gfortran.dg/zero_sized_1.f90  -Os  compilation failed to produce executable

		=== gfortran Summary ===

# of expected passes		26948
# of unexpected failures	1
# of expected failures		10
# of unresolved testcases	1
# of unsupported tests		246
/home/dave/gnu/gcc/objdir/gcc/testsuite/gfortran/../../gfortran  version 4.4.0 20080907 (experimental) [trunk revision 140088] (GCC) 

		=== gnat tests ===


Running target unix
FAIL: gnat.dg/requeue1.adb (test for excess errors)
UNRESOLVED: gnat.dg/requeue1.adb compilation failed to produce executable

		=== gnat Summary ===

# of expected passes		566
# of unexpected failures	1
# of expected failures		6
# of unresolved testcases	1
		=== obj-c++ tests ===


Running target unix
UNRESOLVED: obj-c++.dg/bitfield-1.mm compilation failed to produce executable
UNRESOLVED: obj-c++.dg/lookup-2.mm compilation failed to produce executable
UNRESOLVED: obj-c++.dg/try-catch-2.mm compilation failed to produce executable
UNRESOLVED: obj-c++.dg/try-catch-9.mm compilation failed to produce executable

		=== obj-c++ Summary ===

# of expected passes		437
# of expected failures		11
# of unresolved testcases	4
# of unsupported tests		13
/home/dave/gnu/gcc/objdir/gcc/testsuite/obj-c++/../../g++  version 4.4.0 20080907 (experimental) [trunk revision 140088] (GCC) 

		=== objc tests ===


Running target unix

		=== objc Summary ===

# of expected passes		1814
# of expected failures		7
# of unsupported tests		24
/home/dave/gnu/gcc/objdir/gcc/xgcc  version 4.4.0 20080907 (experimental) [trunk revision 140088] (GCC) 

		=== libffi tests ===


Running target unix
FAIL: libffi.special/unwindtest.cc  -shared-libgcc -lstdc++ execution test

		=== libffi Summary ===

# of expected passes		1387
# of unexpected failures	1
# of unsupported tests		10
		=== libgomp tests ===


Running target unix
FAIL: libgomp.fortran/vla6.f90  -O0  execution test

		=== libgomp Summary ===

# of expected passes		2274
# of unexpected failures	1
# of unsupported tests		7
		=== libjava tests ===


Running target unix

		=== libjava Summary ===

# of expected passes		2574
		=== libmudflap tests ===


Running target unix
FAIL: libmudflap.c++/pass41-frag.cxx execution test
FAIL: libmudflap.c++/pass41-frag.cxx (-static) execution test
FAIL: libmudflap.c++/pass41-frag.cxx (-O2) execution test
FAIL: libmudflap.c++/pass41-frag.cxx (-O3) execution test
WARNING: program timed out.
FAIL: libmudflap.cth/pass40-frag.c execution test
FAIL: libmudflap.cth/pass40-frag.c output pattern test
WARNING: program timed out.
FAIL: libmudflap.cth/pass40-frag.c (-static -DSTATIC) execution test
FAIL: libmudflap.cth/pass40-frag.c (-static -DSTATIC) output pattern test
WARNING: program timed out.
FAIL: libmudflap.cth/pass40-frag.c (-O2) execution test
FAIL: libmudflap.cth/pass40-frag.c (-O2) output pattern test
WARNING: program timed out.
FAIL: libmudflap.cth/pass40-frag.c (-O3) execution test
FAIL: libmudflap.cth/pass40-frag.c (-O3) output pattern test

		=== libmudflap Summary ===

# of expected passes		1853
# of unexpected failures	12
		=== libstdc++ tests ===


Running target unix
FAIL: abi_check
FAIL: 22_locale/time_get/get_date/wchar_t/4.cc execution test
XPASS: 23_containers/unordered_multimap/init-list.cc (test for excess errors)
XPASS: 26_numerics/headers/cmath/c99_classification_macros_c.cc (test for excess errors)
WARNING: program timed out.
FAIL: thread/pthread7-rope.cc execution test

		=== libstdc++ Summary ===

# of expected passes		6124
# of unexpected failures	3
# of unexpected successes	2
# of expected failures		71
# of unsupported tests		13

Compiler version: 4.4.0 20080907 (experimental) [trunk revision 140088] (GCC) 
Platform: hppa-unknown-linux-gnu
configure flags: --with-gnu-as --with-gnu-ld --enable-shared --prefix=/home/dave/opt/gnu/gcc/gcc-4.4.0 --with-local-prefix=/home/dave/opt/gnu --enable-threads=posix --enable-__cxa_atexit --build=hppa-linux --enable-clocale=gnu --enable-java-gc=boehm --enable-java-awt=xlib --enable-languages=c,c++,objc,fortran,obj-c++,java,ada


Index Nav: [Date Index] [Subject Index] [Author Index] [Thread Index]
Message Nav: [Date Prev] [Date Next] [Thread Prev] [Thread Next]