This is the mail archive of the gcc-testresults@gcc.gnu.org mailing list for the GCC project.


Index Nav: [Date Index] [Subject Index] [Author Index] [Thread Index]
Message Nav: [Date Prev] [Date Next] [Thread Prev] [Thread Next]
Other format: [Raw text]

Results for 4.3.2 (Debian 4.3.2-1) testsuite on alpha-unknown-linux-gnu


LAST_UPDATED: Fri Sep  5 20:49:43 UTC 2008 (revision 140045)

Native configuration is alpha-unknown-linux-gnu

		=== libgomp tests ===


Running target unix
WARNING: program timed out.
FAIL: libgomp.c/autopar-1.c execution test
FAIL: libgomp.fortran/threadprivate3.f90  -O3 -fomit-frame-pointer  (internal compiler error)
FAIL: libgomp.fortran/threadprivate3.f90  -O3 -fomit-frame-pointer  (test for excess errors)
UNRESOLVED: libgomp.fortran/threadprivate3.f90  -O3 -fomit-frame-pointer  compilation failed to produce executable
FAIL: libgomp.fortran/threadprivate3.f90  -O3 -fomit-frame-pointer -funroll-loops  (internal compiler error)
FAIL: libgomp.fortran/threadprivate3.f90  -O3 -fomit-frame-pointer -funroll-loops  (test for excess errors)
UNRESOLVED: libgomp.fortran/threadprivate3.f90  -O3 -fomit-frame-pointer -funroll-loops  compilation failed to produce executable
FAIL: libgomp.fortran/threadprivate3.f90  -O3 -fomit-frame-pointer -funroll-all-loops -finline-functions  (internal compiler error)
FAIL: libgomp.fortran/threadprivate3.f90  -O3 -fomit-frame-pointer -funroll-all-loops -finline-functions  (test for excess errors)
UNRESOLVED: libgomp.fortran/threadprivate3.f90  -O3 -fomit-frame-pointer -funroll-all-loops -finline-functions  compilation failed to produce executable
FAIL: libgomp.fortran/threadprivate3.f90  -O3 -g  (internal compiler error)
FAIL: libgomp.fortran/threadprivate3.f90  -O3 -g  (test for excess errors)
UNRESOLVED: libgomp.fortran/threadprivate3.f90  -O3 -g  compilation failed to produce executable

		=== libgomp Summary ===

# of expected passes		1754
# of unexpected failures	9
# of unresolved testcases	4
		=== libstdc++ tests ===


Running target unix
FAIL: abi_check
XPASS: 26_numerics/headers/cmath/c99_classification_macros_c.cc (test for excess errors)

		=== libstdc++ Summary ===

# of expected passes		4942
# of unexpected failures	1
# of unexpected successes	1
# of expected failures		59
# of unsupported tests		326
Target: alpha-linux-gnu
gcc version 4.3.2 (Debian 4.3.2-1) 

		=== g++ tests ===


Running target unix
FAIL: g++.dg/ext/cleanup-10.C execution test
FAIL: g++.dg/ext/cleanup-11.C execution test
FAIL: g++.dg/ext/cleanup-8.C execution test
FAIL: g++.dg/ext/cleanup-9.C execution test
FAIL: g++.dg/torture/pr35526.C  -O1  (internal compiler error)
FAIL: g++.dg/torture/pr35526.C  -O1  (test for excess errors)
FAIL: g++.dg/torture/pr35526.C  -O2  (internal compiler error)
FAIL: g++.dg/torture/pr35526.C  -O2  (test for excess errors)
FAIL: g++.dg/torture/pr35526.C  -O3 -fomit-frame-pointer  (internal compiler error)
FAIL: g++.dg/torture/pr35526.C  -O3 -fomit-frame-pointer  (test for excess errors)
FAIL: g++.dg/torture/pr35526.C  -O3 -g  (internal compiler error)
FAIL: g++.dg/torture/pr35526.C  -O3 -g  (test for excess errors)
FAIL: g++.dg/torture/pr35526.C  -Os  (internal compiler error)
FAIL: g++.dg/torture/pr35526.C  -Os  (test for excess errors)

		=== g++ Summary ===

# of expected passes		17518
# of unexpected failures	14
# of expected failures		82
# of unsupported tests		142
/build/buildd/gcc-4.3-4.3.2/build/gcc/testsuite/g++/../../g++  version 4.3.2 (Debian 4.3.2-1) 

		=== gcc tests ===


Running target unix
FAIL: tmpdir-gcc.dg-struct-layout-1/t003 c_compat_x_tst.o-c_compat_y_tst.o execute 
FAIL: tmpdir-gcc.dg-struct-layout-1/t025 c_compat_x_tst.o-c_compat_y_tst.o execute 
FAIL: gcc.dg/cleanup-10.c execution test
FAIL: gcc.dg/cleanup-11.c execution test
FAIL: gcc.dg/cleanup-8.c execution test
FAIL: gcc.dg/cleanup-9.c execution test
FAIL: gcc.dg/pr17024-1.c (internal compiler error)
FAIL: gcc.dg/pr17024-1.c (test for excess errors)
FAIL: gcc.dg/pr28796-2.c (internal compiler error)
FAIL: gcc.dg/pr28796-2.c (test for excess errors)
UNRESOLVED: gcc.dg/pr28796-2.c compilation failed to produce executable
FAIL: gcc.dg/pr33653.c scan-rtl-dump shorten "mem/v"
FAIL: gcc.dg/struct-ret-3.c execution test

		=== gcc Summary ===

# of expected passes		46153
# of unexpected failures	12
# of expected failures		92
# of unresolved testcases	1
# of untested testcases		35
# of unsupported tests		330
/build/buildd/gcc-4.3-4.3.2/build/gcc/xgcc  version 4.3.2 (Debian 4.3.2-1) 

		=== gfortran tests ===


Running target unix
FAIL: gfortran.dg/default_format_1.f90  -O0  execution test
FAIL: gfortran.dg/default_format_1.f90  -O1  execution test
FAIL: gfortran.dg/default_format_1.f90  -O2  execution test
FAIL: gfortran.dg/default_format_1.f90  -O3 -fomit-frame-pointer  execution test
FAIL: gfortran.dg/default_format_1.f90  -O3 -fomit-frame-pointer -funroll-loops  execution test
FAIL: gfortran.dg/default_format_1.f90  -O3 -fomit-frame-pointer -funroll-all-loops -finline-functions  execution test
FAIL: gfortran.dg/default_format_1.f90  -O3 -g  execution test
FAIL: gfortran.dg/default_format_1.f90  -Os  execution test
FAIL: gfortran.dg/default_format_denormal_1.f90  -O0  execution test
FAIL: gfortran.dg/default_format_denormal_1.f90  -O1  execution test
FAIL: gfortran.dg/default_format_denormal_1.f90  -O2  execution test
FAIL: gfortran.dg/default_format_denormal_1.f90  -O3 -fomit-frame-pointer  execution test
FAIL: gfortran.dg/default_format_denormal_1.f90  -O3 -fomit-frame-pointer -funroll-loops  execution test
FAIL: gfortran.dg/default_format_denormal_1.f90  -O3 -fomit-frame-pointer -funroll-all-loops -finline-functions  execution test
FAIL: gfortran.dg/default_format_denormal_1.f90  -O3 -g  execution test
FAIL: gfortran.dg/default_format_denormal_1.f90  -Os  execution test
FAIL: gfortran.fortran-torture/execute/intrinsic_len.f90 execution,  -O3 -fomit-frame-pointer -funroll-loops 
FAIL: gfortran.fortran-torture/execute/intrinsic_len.f90 execution,  -O3 -fomit-frame-pointer -funroll-all-loops -finline-functions 

		=== gfortran Summary ===

# of expected passes		24187
# of unexpected failures	18
# of expected failures		3
# of unsupported tests		20
/build/buildd/gcc-4.3-4.3.2/build/gcc/testsuite/gfortran/../../gfortran  version 4.3.2 (Debian 4.3.2-1) 

		=== obj-c++ tests ===


Running target unix
UNRESOLVED: obj-c++.dg/lookup-2.mm compilation failed to produce executable
UNRESOLVED: obj-c++.dg/try-catch-2.mm compilation failed to produce executable
UNRESOLVED: obj-c++.dg/try-catch-9.mm compilation failed to produce executable

		=== obj-c++ Summary ===

# of expected passes		423
# of expected failures		23
# of unresolved testcases	3
# of unsupported tests		13
/build/buildd/gcc-4.3-4.3.2/build/gcc/testsuite/obj-c++/../../g++  version 4.3.2 (Debian 4.3.2-1) 

		=== objc tests ===


Running target unix

		=== objc Summary ===

# of expected passes		1810
# of expected failures		7
# of unsupported tests		25
/build/buildd/gcc-4.3-4.3.2/build/gcc/xgcc  version 4.3.2 (Debian 4.3.2-1) 


Compiler version: 4.3.2 (Debian 4.3.2-1) 
Platform: alpha-unknown-linux-gnu
configure flags: -v --with-pkgversion='Debian 4.3.2-1' --with-bugurl=file:///usr/share/doc/gcc-4.3/README.Bugs --enable-languages=c,c++,fortran,objc,obj-c++ --prefix=/usr --enable-shared --with-system-zlib --libexecdir=/usr/lib --without-included-gettext --enable-threads=posix --enable-nls --with-gxx-include-dir=/usr/include/c++/4.3 --program-suffix=-4.3 --enable-clocale=gnu --enable-libstdcxx-debug --enable-objc-gc --enable-mpfr --disable-libssp --with-long-double-128 --enable-checking=release --build=alpha-linux-gnu --host=alpha-linux-gnu --target=alpha-linux-gnu
BOOT_CFLAGS=


Build Dependencies:
Desired=Unknown/Install/Remove/Purge/Hold
| Status=Not/Inst/Cfg-files/Unpacked/Failed-cfg/Half-inst/trig-aWait/Trig-pend
|/ Err?=(none)/Hold/Reinst-required/X=both-problems (Status,Err: uppercase=bad)
||/ Name                                 Version              Description
+++-====================================-====================-==============================================
ii  binutils                             2.18.1~cvs20080103-7 The GNU assembler, linker and binary utilities
ii  libc6.1                              2.7-13               GNU C Library: Shared libraries


Patches that Debian applied in this version:

svn-updates:
  updates from the 4.3 branch upto 20080905.

pr30740:
  PR ada/30740: Do not optimize X*(2**Y) in a modular context

gcc-textdomain:
  Set gettext's domain and textdomain to the versioned package name.

gcc-driver-extra-langs:
  Add options and specs for languages that are not built from a source
  (but built from separate sources).

gcc-hash-style-both:
  Link using --hash-style=both (alpha, amd64, ia64, i386, powerpc, ppc64, s390, sparc)

libstdc++-pic:
  Build and install libstdc++_pic.a library.

libstdc++-doclink:
  adjust hrefs to point to the local documentation

libobjc-gc-link:
  Link libobjc_gc with libgcjgc_convenience.la and needed thread flags
  and libraries.

libjava-stacktrace:
  libgcj: Lookup source file name and line number in separated
  debug files found in /usr/lib/debug

libjava-subdir:
  - Set the libjava sublibdir to /usr/lib/gcj-4.3
  - Set the default libgcj database dir to /var/lib/gcj-4.3

libjava-jnipath:
  - Add /usr/lib/jni to java.library.path.
  - When running the i386 binaries on amd64, look in
  - /usr/lib32/gcj-x.y and /usr/lib32/jni instead.

libjava-sjlj:
  Don't try to use _Unwind_Backtrace on SJLJ targets.
  See bug #387875, #388505, GCC PR 29206.

libjava-rpath:
  - Link ecjx with -rpath \$(dbexecdir)

libjava-file-support:
  libjava: @file support for gjavah & gjar

libjava-soname:
  Bump the libgcj soversion.

libjava-xulrunner1.9:
  Add configure check for xulrunner-1.9.

libjava-realloc-leak:
  Don't leak upon failed realloc (taken from the trunk).

libgcj-bc:
  libgcj_bc

pr28102:
  Apply proposed fix for PR target/28102.

alpha-no-ev4-directive:

boehm-gc-getnprocs:
  boehm-gc/pthread_support.c (GC_get_nprocs): Use sysconf as fallback.

note-gnu-stack:
  Add .note.GNU-stack sections for gcc's crt files, libffi and boehm-gc
  Taken from FC.

arm-unbreak-eabi-armv4t:
  Fix armv4t build on ARM

libjava-armel-ldflags:
  Adjust libjava extra_ldflags for armel.

libstdc++-symbols-hppa:
  Update libstdc++ baseline symbols for hppa.

pr10768:
  PR ada/10768: ICEs on compilation of ada support library for avr

pr15808:
  PR ada/15808: Illegal program not detected, RM 3.9.3(10)

pr15915:
  PR ada/15915: Illegal program not detected, RM 13.11(15)

pr16086:
  PR ada/16086: Legal program rejected, procedure of protected object should be visible

pr16087:
  PR ada/16087: Accept statically matching constraint in full view

pr16098:
  PR ada/16098: Illegal program not detected, RM 13.1(6)

pr17985:
  PR ada/17985: GNAT accepts extension aggregate where expected type is not extension

pr18680:
  PR ada/18680: pragma Linker_Section problems

pr22255:
  PR ada/22255: Reset on shared file causes Use_Error.

pr22387:
  PR ada/22387: Ada compiler crash when inheriting from a record with custom layout

pr24170:
  Fix PR libgcj/24170.

pr28305:
  PR ada/28305: GNAT bug when inlining instance of a generic subprogram

pr28322:
  Fix PR other/28322, GCC new warnings and compatibility.

pr28733:
  PR ada/28733: GNAT crash while compiling Ada-2005 code

pr29015:
  ada/29015: Do not ICE on incomplete type whose underlying type is known

pr30827:
  PR ada/30827: GNAT.compiler_version problem for official releases

pr33688:
  PR ada/33688: Ada package Gnat.Sockets missing constant for IP_PKTINFO

pr34466:
  PR ada/34466: s-tasinf.ads:81:42: "cpu_set_t" not declared in "OS_Interface"

pr35050:
  PR ada/35050: [4.1/4.2/4.3/4.4 regression] renames entities not in symbol table

pr35792:
  PR ada/35792: Illegal program not detected, RM 3.10.1(4/2)

gnalasup_to_lapack:
  Ada: Use liblapack and libblas instead of libgnalasup

gcc-m68k-pch:
  PR target/25343, fix gcc.dg/pch/pch for m68k.

pr35020:
  Fix PR libjava/35020, taken from the trunk.

pr36343:
  Proposed patch for PR tree-optimization/36343.

libjava-extra-cflags:
  libjava/classpath: Set and use EXTRA_CFLAGS.

pr35965:
  Fix PIC + -fstack-protector (PR target/35965)

m68k-allow-gnu99:
  patch to allow gnu99 mode on m68k

deb-protoize:
  build protoize/unprotoize binaries

alpha-ieee:
  #212912
  on alpha-linux, make -mieee default and add -mieee-disable switch
  to turn default off

mudflap-nocheck:
  Disable running the libmudflap testsuite. Getting killed on alpha.

pr34571:
  Proposed patch for PR target/34571 (alpha)

cpu-default-i486:
  set default 32bit ix86 architecture to i486

gcc-ice-hack:
  Retry the build on an ice, save the calling options and preprocessed
  source when the ice is reproducible.

libjava-disable-static:
  Disable building the static libjava.

gcc-ice-apport:
  Report an ICE to apport (if apport is available
  and the environment variable GCC_NOAPPORT is not set)

multiarch-include:
  biarch-include.dpatch
  
  Adds biarch include directories
  /usr/local/include/<arch>-linux-gnu
  /usr/include/<arch>-linux-gnu
  to the system include paths, depending on 32/64 bit mode.

Counting all warnings,
there are 0 warnings in stage3 of this bootstrap.

Number of warnings per file:

Number of warning types:


Index Nav: [Date Index] [Subject Index] [Author Index] [Thread Index]
Message Nav: [Date Prev] [Date Next] [Thread Prev] [Thread Next]