This is the mail archive of the
gcc-testresults@gcc.gnu.org
mailing list for the GCC project.
Results for 4.3.2 (GCC) testsuite on i686-pc-linux-gnu
- From: Greg Schafer <gschafer at zip dot com dot au>
- To: gcc-testresults at gcc dot gnu dot org
- Date: Sun, 7 Sep 2008 14:35:20 +1000
- Subject: Results for 4.3.2 (GCC) testsuite on i686-pc-linux-gnu
This is using the GCC 4.3.2 Release tarball and is based on the
DIY Linux Reference Build recipe from:
http://www.diy-linux.org/
Using these packages:
FSF binutils-2.18
glibc-2.7
kernel-headers-2.6.24
Running under a 2.6.26 kernel.
NOTE: This build is the third GCC iteration in the context of a full
Linux system bootstrap, hence the `--disable-bootstrap' used here.
LAST_UPDATED: Obtained from SVN: tags/gcc_4_3_2_release revision 139673
Native configuration is i686-pc-linux-gnu
=== g++ tests ===
Running target unix
=== g++ Summary ===
# of expected passes 17664
# of expected failures 82
# of unsupported tests 89
/temptools/src/gcc-build/gcc/testsuite/g++/../../g++ version 4.3.2 (GCC)
=== gcc tests ===
Running target unix
=== gcc Summary ===
# of expected passes 49402
# of expected failures 169
# of untested testcases 35
# of unsupported tests 272
/temptools/src/gcc-build/gcc/xgcc version 4.3.2 (GCC)
=== libgomp tests ===
Running target unix
=== libgomp Summary ===
# of expected passes 602
=== libmudflap tests ===
Running target unix
FAIL: libmudflap.c++/pass41-frag.cxx execution test
FAIL: libmudflap.c++/pass41-frag.cxx (-static) execution test
FAIL: libmudflap.c++/pass41-frag.cxx ( -O) execution test
FAIL: libmudflap.c++/pass41-frag.cxx (-O2) execution test
FAIL: libmudflap.c++/pass41-frag.cxx (-O3) execution test
=== libmudflap Summary ===
# of expected passes 1844
# of unexpected failures 5
=== libstdc++ tests ===
Running target unix
XPASS: 26_numerics/headers/cmath/c99_classification_macros_c.cc (test for excess errors)
=== libstdc++ Summary ===
# of expected passes 4943
# of unexpected successes 1
# of expected failures 59
# of unsupported tests 326
Compiler version: 4.3.2 (GCC)
Platform: i686-pc-linux-gnu
configure flags: --libexecdir=/usr/lib --enable-shared --disable-bootstrap --enable-languages=c,c++ --enable-clocale=gnu --enable-threads=posix --enable-__cxa_atexit