This is the mail archive of the gcc-testresults@gcc.gnu.org mailing list for the GCC project.


Index Nav: [Date Index] [Subject Index] [Author Index] [Thread Index]
Message Nav: [Date Prev] [Date Next] [Thread Prev] [Thread Next]
Other format: [Raw text]

Results for 4.2.5 20080904 (prerelease) gcc testsuite on m32r-unknown-elf


Debian 4 on x86_64
cross tool versions:
GNU assembler (GNU Binutils) 2.18.50.20080330
GNU gdb 6.8.50.20080329-cvs
GNU ld (GNU Binutils) 2.18.50.20080330

GNU Make 3.81
expect version 5.43.0
host gcc version: gcc (GCC) 4.4.0 20080823 (experimental) [trunk revision 139524]
LAST_UPDATED: Thu Sep  4 22:14:08 UTC 2008 (revision 140009)

Target is m32r-unknown-elf
Host   is x86_64-unknown-linux-gnu

		=== gcc tests ===


Running target m32r-sim
FAIL: gcc.c-torture/compile/20010226-1.c  -O0  (internal compiler error)
FAIL: gcc.c-torture/compile/20010226-1.c  -O0  (test for excess errors)
FAIL: gcc.c-torture/compile/20010226-1.c  -O1  (internal compiler error)
FAIL: gcc.c-torture/compile/20010226-1.c  -O1  (test for excess errors)
FAIL: gcc.c-torture/compile/20010226-1.c  -O2  (internal compiler error)
FAIL: gcc.c-torture/compile/20010226-1.c  -O2  (test for excess errors)
FAIL: gcc.c-torture/compile/20010226-1.c  -O3 -fomit-frame-pointer  (internal compiler error)
FAIL: gcc.c-torture/compile/20010226-1.c  -O3 -fomit-frame-pointer  (test for excess errors)
FAIL: gcc.c-torture/compile/20010226-1.c  -O3 -g  (internal compiler error)
FAIL: gcc.c-torture/compile/20010226-1.c  -O3 -g  (test for excess errors)
FAIL: gcc.c-torture/compile/20010226-1.c  -Os  (internal compiler error)
FAIL: gcc.c-torture/compile/20010226-1.c  -Os  (test for excess errors)
FAIL: gcc.c-torture/compile/20050122-2.c  -O0  (internal compiler error)
FAIL: gcc.c-torture/compile/20050122-2.c  -O0  (test for excess errors)
FAIL: gcc.c-torture/compile/20050122-2.c  -O1  (internal compiler error)
FAIL: gcc.c-torture/compile/20050122-2.c  -O1  (test for excess errors)
FAIL: gcc.c-torture/compile/20050122-2.c  -O2  (internal compiler error)
FAIL: gcc.c-torture/compile/20050122-2.c  -O2  (test for excess errors)
FAIL: gcc.c-torture/compile/20050122-2.c  -O3 -fomit-frame-pointer  (internal compiler error)
FAIL: gcc.c-torture/compile/20050122-2.c  -O3 -fomit-frame-pointer  (test for excess errors)
FAIL: gcc.c-torture/compile/20050122-2.c  -O3 -g  (internal compiler error)
FAIL: gcc.c-torture/compile/20050122-2.c  -O3 -g  (test for excess errors)
FAIL: gcc.c-torture/compile/20050122-2.c  -Os  (internal compiler error)
FAIL: gcc.c-torture/compile/20050122-2.c  -Os  (test for excess errors)
FAIL: gcc.c-torture/compile/930506-2.c  -O0  (internal compiler error)
FAIL: gcc.c-torture/compile/930506-2.c  -O0  (test for excess errors)
FAIL: gcc.c-torture/compile/930506-2.c  -O1  (internal compiler error)
FAIL: gcc.c-torture/compile/930506-2.c  -O1  (test for excess errors)
FAIL: gcc.c-torture/compile/930506-2.c  -O2  (internal compiler error)
FAIL: gcc.c-torture/compile/930506-2.c  -O2  (test for excess errors)
FAIL: gcc.c-torture/compile/930506-2.c  -O3 -fomit-frame-pointer  (internal compiler error)
FAIL: gcc.c-torture/compile/930506-2.c  -O3 -fomit-frame-pointer  (test for excess errors)
FAIL: gcc.c-torture/compile/930506-2.c  -O3 -g  (internal compiler error)
FAIL: gcc.c-torture/compile/930506-2.c  -O3 -g  (test for excess errors)
FAIL: gcc.c-torture/compile/930506-2.c  -Os  (internal compiler error)
FAIL: gcc.c-torture/compile/930506-2.c  -Os  (test for excess errors)
FAIL: gcc.c-torture/compile/nested-1.c  -O0  (internal compiler error)
FAIL: gcc.c-torture/compile/nested-1.c  -O0  (test for excess errors)
FAIL: gcc.c-torture/compile/nested-1.c  -O1  (internal compiler error)
FAIL: gcc.c-torture/compile/nested-1.c  -O1  (test for excess errors)
FAIL: gcc.c-torture/compile/nested-1.c  -O2  (internal compiler error)
FAIL: gcc.c-torture/compile/nested-1.c  -O2  (test for excess errors)
FAIL: gcc.c-torture/compile/nested-1.c  -O3 -fomit-frame-pointer  (internal compiler error)
FAIL: gcc.c-torture/compile/nested-1.c  -O3 -fomit-frame-pointer  (test for excess errors)
FAIL: gcc.c-torture/compile/nested-1.c  -O3 -g  (internal compiler error)
FAIL: gcc.c-torture/compile/nested-1.c  -O3 -g  (test for excess errors)
FAIL: gcc.c-torture/compile/nested-1.c  -Os  (internal compiler error)
FAIL: gcc.c-torture/compile/nested-1.c  -Os  (test for excess errors)
FAIL: gcc.c-torture/compile/pr27889.c  -O0  (internal compiler error)
FAIL: gcc.c-torture/compile/pr27889.c  -O0  (test for excess errors)
FAIL: gcc.c-torture/compile/pr27889.c  -O1  (internal compiler error)
FAIL: gcc.c-torture/compile/pr27889.c  -O1  (test for excess errors)
FAIL: gcc.c-torture/compile/pr27889.c  -O2  (internal compiler error)
FAIL: gcc.c-torture/compile/pr27889.c  -O2  (test for excess errors)
FAIL: gcc.c-torture/compile/pr27889.c  -O3 -fomit-frame-pointer  (internal compiler error)
FAIL: gcc.c-torture/compile/pr27889.c  -O3 -fomit-frame-pointer  (test for excess errors)
FAIL: gcc.c-torture/compile/pr27889.c  -O3 -g  (internal compiler error)
FAIL: gcc.c-torture/compile/pr27889.c  -O3 -g  (test for excess errors)
FAIL: gcc.c-torture/compile/pr27889.c  -Os  (internal compiler error)
FAIL: gcc.c-torture/compile/pr27889.c  -Os  (test for excess errors)
FAIL: gcc.c-torture/execute/20000822-1.c compilation,  -O0  (internal compiler error)
UNRESOLVED: gcc.c-torture/execute/20000822-1.c execution,  -O0 
FAIL: gcc.c-torture/execute/20000822-1.c compilation,  -O1  (internal compiler error)
UNRESOLVED: gcc.c-torture/execute/20000822-1.c execution,  -O1 
FAIL: gcc.c-torture/execute/20000822-1.c compilation,  -O2  (internal compiler error)
UNRESOLVED: gcc.c-torture/execute/20000822-1.c execution,  -O2 
FAIL: gcc.c-torture/execute/20000822-1.c compilation,  -O3 -fomit-frame-pointer  (internal compiler error)
UNRESOLVED: gcc.c-torture/execute/20000822-1.c execution,  -O3 -fomit-frame-pointer 
FAIL: gcc.c-torture/execute/20000822-1.c compilation,  -O3 -g  (internal compiler error)
UNRESOLVED: gcc.c-torture/execute/20000822-1.c execution,  -O3 -g 
FAIL: gcc.c-torture/execute/20000822-1.c compilation,  -Os  (internal compiler error)
UNRESOLVED: gcc.c-torture/execute/20000822-1.c execution,  -Os 
XPASS: gcc.c-torture/execute/981130-1.c execution,  -O0 
XPASS: gcc.c-torture/execute/981130-1.c execution,  -O1 
XPASS: gcc.c-torture/execute/981130-1.c execution,  -O2 
XPASS: gcc.c-torture/execute/981130-1.c execution,  -Os 
UNRESOLVED: gcc.c-torture/execute/mayalias-2.c execution,  -O3 -g 
FAIL: gcc.c-torture/execute/nestfunc-3.c compilation,  -O0  (internal compiler error)
UNRESOLVED: gcc.c-torture/execute/nestfunc-3.c execution,  -O0 
FAIL: gcc.c-torture/execute/nestfunc-3.c compilation,  -O1  (internal compiler error)
UNRESOLVED: gcc.c-torture/execute/nestfunc-3.c execution,  -O1 
FAIL: gcc.c-torture/execute/nestfunc-3.c compilation,  -O2  (internal compiler error)
UNRESOLVED: gcc.c-torture/execute/nestfunc-3.c execution,  -O2 
FAIL: gcc.c-torture/execute/nestfunc-3.c compilation,  -O3 -fomit-frame-pointer  (internal compiler error)
UNRESOLVED: gcc.c-torture/execute/nestfunc-3.c execution,  -O3 -fomit-frame-pointer 
FAIL: gcc.c-torture/execute/nestfunc-3.c compilation,  -O3 -fomit-frame-pointer -funroll-loops  (internal compiler error)
UNRESOLVED: gcc.c-torture/execute/nestfunc-3.c execution,  -O3 -fomit-frame-pointer -funroll-loops 
FAIL: gcc.c-torture/execute/nestfunc-3.c compilation,  -O3 -fomit-frame-pointer -funroll-all-loops -finline-functions  (internal compiler error)
UNRESOLVED: gcc.c-torture/execute/nestfunc-3.c execution,  -O3 -fomit-frame-pointer -funroll-all-loops -finline-functions 
FAIL: gcc.c-torture/execute/nestfunc-3.c compilation,  -O3 -g  (internal compiler error)
UNRESOLVED: gcc.c-torture/execute/nestfunc-3.c execution,  -O3 -g 
FAIL: gcc.c-torture/execute/nestfunc-3.c compilation,  -Os  (internal compiler error)
UNRESOLVED: gcc.c-torture/execute/nestfunc-3.c execution,  -Os 
FAIL: gcc.c-torture/execute/nestfunc-5.c compilation,  -O0  (internal compiler error)
UNRESOLVED: gcc.c-torture/execute/nestfunc-5.c execution,  -O0 
FAIL: gcc.c-torture/execute/nestfunc-5.c compilation,  -O1  (internal compiler error)
UNRESOLVED: gcc.c-torture/execute/nestfunc-5.c execution,  -O1 
FAIL: gcc.c-torture/execute/nestfunc-5.c compilation,  -O2  (internal compiler error)
UNRESOLVED: gcc.c-torture/execute/nestfunc-5.c execution,  -O2 
FAIL: gcc.c-torture/execute/nestfunc-5.c compilation,  -O3 -fomit-frame-pointer  (internal compiler error)
UNRESOLVED: gcc.c-torture/execute/nestfunc-5.c execution,  -O3 -fomit-frame-pointer 
FAIL: gcc.c-torture/execute/nestfunc-5.c compilation,  -O3 -g  (internal compiler error)
UNRESOLVED: gcc.c-torture/execute/nestfunc-5.c execution,  -O3 -g 
FAIL: gcc.c-torture/execute/nestfunc-5.c compilation,  -Os  (internal compiler error)
UNRESOLVED: gcc.c-torture/execute/nestfunc-5.c execution,  -Os 
FAIL: gcc.c-torture/execute/nestfunc-6.c compilation,  -O0  (internal compiler error)
UNRESOLVED: gcc.c-torture/execute/nestfunc-6.c execution,  -O0 
FAIL: gcc.c-torture/execute/nestfunc-6.c compilation,  -O1  (internal compiler error)
UNRESOLVED: gcc.c-torture/execute/nestfunc-6.c execution,  -O1 
FAIL: gcc.c-torture/execute/nestfunc-6.c compilation,  -O2  (internal compiler error)
UNRESOLVED: gcc.c-torture/execute/nestfunc-6.c execution,  -O2 
FAIL: gcc.c-torture/execute/nestfunc-6.c compilation,  -O3 -fomit-frame-pointer  (internal compiler error)
UNRESOLVED: gcc.c-torture/execute/nestfunc-6.c execution,  -O3 -fomit-frame-pointer 
FAIL: gcc.c-torture/execute/nestfunc-6.c compilation,  -O3 -g  (internal compiler error)
UNRESOLVED: gcc.c-torture/execute/nestfunc-6.c execution,  -O3 -g 
FAIL: gcc.c-torture/execute/nestfunc-6.c compilation,  -Os  (internal compiler error)
UNRESOLVED: gcc.c-torture/execute/nestfunc-6.c execution,  -Os 
FAIL: gcc.dg/debug/debug-3.c -gdwarf-21 (internal compiler error)
FAIL: gcc.dg/debug/debug-3.c -gdwarf-21 (test for excess errors)
FAIL: gcc.dg/debug/debug-3.c -gdwarf-21 -O (internal compiler error)
FAIL: gcc.dg/debug/debug-3.c -gdwarf-21 -O (test for excess errors)
FAIL: gcc.dg/debug/debug-3.c -gdwarf-21 -O3 (internal compiler error)
FAIL: gcc.dg/debug/debug-3.c -gdwarf-21 -O3 (test for excess errors)
FAIL: gcc.dg/debug/debug-3.c -gdwarf-2 (internal compiler error)
FAIL: gcc.dg/debug/debug-3.c -gdwarf-2 (test for excess errors)
FAIL: gcc.dg/debug/debug-3.c -gdwarf-2 -O (internal compiler error)
FAIL: gcc.dg/debug/debug-3.c -gdwarf-2 -O (test for excess errors)
FAIL: gcc.dg/debug/debug-3.c -gdwarf-2 -O3 (internal compiler error)
FAIL: gcc.dg/debug/debug-3.c -gdwarf-2 -O3 (test for excess errors)
FAIL: gcc.dg/debug/debug-3.c -gdwarf-23 (internal compiler error)
FAIL: gcc.dg/debug/debug-3.c -gdwarf-23 (test for excess errors)
FAIL: gcc.dg/debug/debug-3.c -gdwarf-23 -O (internal compiler error)
FAIL: gcc.dg/debug/debug-3.c -gdwarf-23 -O (test for excess errors)
FAIL: gcc.dg/debug/debug-3.c -gdwarf-23 -O3 (internal compiler error)
FAIL: gcc.dg/debug/debug-3.c -gdwarf-23 -O3 (test for excess errors)
FAIL: gcc.dg/debug/debug-3.c -gstabs1 (internal compiler error)
FAIL: gcc.dg/debug/debug-3.c -gstabs1 (test for excess errors)
FAIL: gcc.dg/debug/debug-3.c -gstabs1 -O (internal compiler error)
FAIL: gcc.dg/debug/debug-3.c -gstabs1 -O (test for excess errors)
FAIL: gcc.dg/debug/debug-3.c -gstabs1 -O3 (internal compiler error)
FAIL: gcc.dg/debug/debug-3.c -gstabs1 -O3 (test for excess errors)
FAIL: gcc.dg/debug/debug-3.c -gstabs (internal compiler error)
FAIL: gcc.dg/debug/debug-3.c -gstabs (test for excess errors)
FAIL: gcc.dg/debug/debug-3.c -gstabs -O (internal compiler error)
FAIL: gcc.dg/debug/debug-3.c -gstabs -O (test for excess errors)
FAIL: gcc.dg/debug/debug-3.c -gstabs -O3 (internal compiler error)
FAIL: gcc.dg/debug/debug-3.c -gstabs -O3 (test for excess errors)
FAIL: gcc.dg/debug/debug-3.c -gstabs3 (internal compiler error)
FAIL: gcc.dg/debug/debug-3.c -gstabs3 (test for excess errors)
FAIL: gcc.dg/debug/debug-3.c -gstabs3 -O (internal compiler error)
FAIL: gcc.dg/debug/debug-3.c -gstabs3 -O (test for excess errors)
FAIL: gcc.dg/debug/debug-3.c -gstabs3 -O3 (internal compiler error)
FAIL: gcc.dg/debug/debug-3.c -gstabs3 -O3 (test for excess errors)
FAIL: gcc.dg/debug/debug-3.c -gstabs+1 (internal compiler error)
FAIL: gcc.dg/debug/debug-3.c -gstabs+1 (test for excess errors)
FAIL: gcc.dg/debug/debug-3.c -gstabs+1 -O (internal compiler error)
FAIL: gcc.dg/debug/debug-3.c -gstabs+1 -O (test for excess errors)
FAIL: gcc.dg/debug/debug-3.c -gstabs+1 -O3 (internal compiler error)
FAIL: gcc.dg/debug/debug-3.c -gstabs+1 -O3 (test for excess errors)
FAIL: gcc.dg/debug/debug-3.c -gstabs+ (internal compiler error)
FAIL: gcc.dg/debug/debug-3.c -gstabs+ (test for excess errors)
FAIL: gcc.dg/debug/debug-3.c -gstabs+ -O (internal compiler error)
FAIL: gcc.dg/debug/debug-3.c -gstabs+ -O (test for excess errors)
FAIL: gcc.dg/debug/debug-3.c -gstabs+ -O3 (internal compiler error)
FAIL: gcc.dg/debug/debug-3.c -gstabs+ -O3 (test for excess errors)
FAIL: gcc.dg/debug/debug-3.c -gstabs+3 (internal compiler error)
FAIL: gcc.dg/debug/debug-3.c -gstabs+3 (test for excess errors)
FAIL: gcc.dg/debug/debug-3.c -gstabs+3 -O (internal compiler error)
FAIL: gcc.dg/debug/debug-3.c -gstabs+3 -O (test for excess errors)
FAIL: gcc.dg/debug/debug-3.c -gstabs+3 -O3 (internal compiler error)
FAIL: gcc.dg/debug/debug-3.c -gstabs+3 -O3 (test for excess errors)
FAIL: gcc.dg/debug/debug-5.c -gdwarf-21 (internal compiler error)
FAIL: gcc.dg/debug/debug-5.c -gdwarf-21 (test for excess errors)
FAIL: gcc.dg/debug/debug-5.c -gdwarf-21 -O (internal compiler error)
FAIL: gcc.dg/debug/debug-5.c -gdwarf-21 -O (test for excess errors)
FAIL: gcc.dg/debug/debug-5.c -gdwarf-21 -O3 (internal compiler error)
FAIL: gcc.dg/debug/debug-5.c -gdwarf-21 -O3 (test for excess errors)
FAIL: gcc.dg/debug/debug-5.c -gdwarf-2 (internal compiler error)
FAIL: gcc.dg/debug/debug-5.c -gdwarf-2 (test for excess errors)
FAIL: gcc.dg/debug/debug-5.c -gdwarf-2 -O (internal compiler error)
FAIL: gcc.dg/debug/debug-5.c -gdwarf-2 -O (test for excess errors)
FAIL: gcc.dg/debug/debug-5.c -gdwarf-2 -O3 (internal compiler error)
FAIL: gcc.dg/debug/debug-5.c -gdwarf-2 -O3 (test for excess errors)
FAIL: gcc.dg/debug/debug-5.c -gdwarf-23 (internal compiler error)
FAIL: gcc.dg/debug/debug-5.c -gdwarf-23 (test for excess errors)
FAIL: gcc.dg/debug/debug-5.c -gdwarf-23 -O (internal compiler error)
FAIL: gcc.dg/debug/debug-5.c -gdwarf-23 -O (test for excess errors)
FAIL: gcc.dg/debug/debug-5.c -gdwarf-23 -O3 (internal compiler error)
FAIL: gcc.dg/debug/debug-5.c -gdwarf-23 -O3 (test for excess errors)
FAIL: gcc.dg/debug/debug-5.c -gstabs1 (internal compiler error)
FAIL: gcc.dg/debug/debug-5.c -gstabs1 (test for excess errors)
FAIL: gcc.dg/debug/debug-5.c -gstabs1 -O (internal compiler error)
FAIL: gcc.dg/debug/debug-5.c -gstabs1 -O (test for excess errors)
FAIL: gcc.dg/debug/debug-5.c -gstabs1 -O3 (internal compiler error)
FAIL: gcc.dg/debug/debug-5.c -gstabs1 -O3 (test for excess errors)
FAIL: gcc.dg/debug/debug-5.c -gstabs (internal compiler error)
FAIL: gcc.dg/debug/debug-5.c -gstabs (test for excess errors)
FAIL: gcc.dg/debug/debug-5.c -gstabs -O (internal compiler error)
FAIL: gcc.dg/debug/debug-5.c -gstabs -O (test for excess errors)
FAIL: gcc.dg/debug/debug-5.c -gstabs -O3 (internal compiler error)
FAIL: gcc.dg/debug/debug-5.c -gstabs -O3 (test for excess errors)
FAIL: gcc.dg/debug/debug-5.c -gstabs3 (internal compiler error)
FAIL: gcc.dg/debug/debug-5.c -gstabs3 (test for excess errors)
FAIL: gcc.dg/debug/debug-5.c -gstabs3 -O (internal compiler error)
FAIL: gcc.dg/debug/debug-5.c -gstabs3 -O (test for excess errors)
FAIL: gcc.dg/debug/debug-5.c -gstabs3 -O3 (internal compiler error)
FAIL: gcc.dg/debug/debug-5.c -gstabs3 -O3 (test for excess errors)
FAIL: gcc.dg/debug/debug-5.c -gstabs+1 (internal compiler error)
FAIL: gcc.dg/debug/debug-5.c -gstabs+1 (test for excess errors)
FAIL: gcc.dg/debug/debug-5.c -gstabs+1 -O (internal compiler error)
FAIL: gcc.dg/debug/debug-5.c -gstabs+1 -O (test for excess errors)
FAIL: gcc.dg/debug/debug-5.c -gstabs+1 -O3 (internal compiler error)
FAIL: gcc.dg/debug/debug-5.c -gstabs+1 -O3 (test for excess errors)
FAIL: gcc.dg/debug/debug-5.c -gstabs+ (internal compiler error)
FAIL: gcc.dg/debug/debug-5.c -gstabs+ (test for excess errors)
FAIL: gcc.dg/debug/debug-5.c -gstabs+ -O (internal compiler error)
FAIL: gcc.dg/debug/debug-5.c -gstabs+ -O (test for excess errors)
FAIL: gcc.dg/debug/debug-5.c -gstabs+ -O3 (internal compiler error)
FAIL: gcc.dg/debug/debug-5.c -gstabs+ -O3 (test for excess errors)
FAIL: gcc.dg/debug/debug-5.c -gstabs+3 (internal compiler error)
FAIL: gcc.dg/debug/debug-5.c -gstabs+3 (test for excess errors)
FAIL: gcc.dg/debug/debug-5.c -gstabs+3 -O (internal compiler error)
FAIL: gcc.dg/debug/debug-5.c -gstabs+3 -O (test for excess errors)
FAIL: gcc.dg/debug/debug-5.c -gstabs+3 -O3 (internal compiler error)
FAIL: gcc.dg/debug/debug-5.c -gstabs+3 -O3 (test for excess errors)
FAIL: gcc.dg/20021014-1.c (test for excess errors)
UNRESOLVED: gcc.dg/20021014-1.c compilation failed to produce executable
FAIL: gcc.dg/20040123-1.c scan-assembler abort
FAIL: gcc.dg/20050607-1.c (internal compiler error)
FAIL: gcc.dg/20050607-1.c (test for excess errors)
FAIL: gcc.dg/builtin-apply2.c execution test
FAIL: gcc.dg/builtin-return-1.c execution test
FAIL: gcc.dg/nest.c (test for excess errors)
UNRESOLVED: gcc.dg/nest.c compilation failed to produce executable
FAIL: gcc.dg/nested-func-4.c (test for excess errors)
UNRESOLVED: gcc.dg/nested-func-4.c compilation failed to produce executable
FAIL: gcc.dg/nested-func-5.c (internal compiler error)
FAIL: gcc.dg/nested-func-5.c (test for excess errors)
FAIL: gcc.dg/pr32450.c (test for excess errors)
UNRESOLVED: gcc.dg/pr32450.c compilation failed to produce executable
FAIL: gcc.dg/pragma-pack-3.c execution test
FAIL: gcc.dg/pragma-pack-4.c  (test for warnings, line 4)
FAIL: gcc.dg/pragma-pack-4.c  (test for warnings, line 5)
FAIL: gcc.dg/pragma-pack-4.c  (test for warnings, line 6)
FAIL: gcc.dg/pragma-pack-4.c (test for excess errors)
FAIL: gcc.dg/trampoline-1.c (internal compiler error)
FAIL: gcc.dg/trampoline-1.c (test for excess errors)
UNRESOLVED: gcc.dg/trampoline-1.c compilation failed to produce executable
FAIL: gcc.dg/torture/nested-fn-1.c  -O0  (internal compiler error)
FAIL: gcc.dg/torture/nested-fn-1.c  -O0  (test for excess errors)
ERROR: gcc.dg/torture/nested-fn-1.c  -O0 : error executing dg-final: couldn't open "nested-fn-1.s": no such file or directory
UNRESOLVED: gcc.dg/torture/nested-fn-1.c  -O0 : error executing dg-final: couldn't open "nested-fn-1.s": no such file or directory
FAIL: gcc.dg/torture/nested-fn-1.c  -O1  (internal compiler error)
FAIL: gcc.dg/torture/nested-fn-1.c  -O1  (test for excess errors)
ERROR: gcc.dg/torture/nested-fn-1.c  -O1 : error executing dg-final: couldn't open "nested-fn-1.s": no such file or directory
UNRESOLVED: gcc.dg/torture/nested-fn-1.c  -O1 : error executing dg-final: couldn't open "nested-fn-1.s": no such file or directory
FAIL: gcc.dg/torture/nested-fn-1.c  -O2  (internal compiler error)
FAIL: gcc.dg/torture/nested-fn-1.c  -O2  (test for excess errors)
ERROR: gcc.dg/torture/nested-fn-1.c  -O2 : error executing dg-final: couldn't open "nested-fn-1.s": no such file or directory
UNRESOLVED: gcc.dg/torture/nested-fn-1.c  -O2 : error executing dg-final: couldn't open "nested-fn-1.s": no such file or directory
FAIL: gcc.dg/torture/nested-fn-1.c  -O3 -fomit-frame-pointer  (internal compiler error)
FAIL: gcc.dg/torture/nested-fn-1.c  -O3 -fomit-frame-pointer  (test for excess errors)
ERROR: gcc.dg/torture/nested-fn-1.c  -O3 -fomit-frame-pointer : error executing dg-final: couldn't open "nested-fn-1.s": no such file or directory
UNRESOLVED: gcc.dg/torture/nested-fn-1.c  -O3 -fomit-frame-pointer : error executing dg-final: couldn't open "nested-fn-1.s": no such file or directory
FAIL: gcc.dg/torture/nested-fn-1.c  -O3 -g  (internal compiler error)
FAIL: gcc.dg/torture/nested-fn-1.c  -O3 -g  (test for excess errors)
ERROR: gcc.dg/torture/nested-fn-1.c  -O3 -g : error executing dg-final: couldn't open "nested-fn-1.s": no such file or directory
UNRESOLVED: gcc.dg/torture/nested-fn-1.c  -O3 -g : error executing dg-final: couldn't open "nested-fn-1.s": no such file or directory
FAIL: gcc.dg/torture/nested-fn-1.c  -Os  (internal compiler error)
FAIL: gcc.dg/torture/nested-fn-1.c  -Os  (test for excess errors)
ERROR: gcc.dg/torture/nested-fn-1.c  -Os : error executing dg-final: couldn't open "nested-fn-1.s": no such file or directory
UNRESOLVED: gcc.dg/torture/nested-fn-1.c  -Os : error executing dg-final: couldn't open "nested-fn-1.s": no such file or directory
FAIL: gcc.dg/tree-prof/inliner-1.c compilation,  -fprofile-generate
UNRESOLVED: gcc.dg/tree-prof/inliner-1.c execution,    -fprofile-generate
UNRESOLVED: gcc.dg/tree-prof/inliner-1.c compilation,  -fprofile-use
UNRESOLVED: gcc.dg/tree-prof/inliner-1.c execution,    -fprofile-use
FAIL: gcc.dg/tree-prof/update-cunroll-2.c compilation,  -fprofile-generate
UNRESOLVED: gcc.dg/tree-prof/update-cunroll-2.c execution,    -fprofile-generate
UNRESOLVED: gcc.dg/tree-prof/update-cunroll-2.c compilation,  -fprofile-use
UNRESOLVED: gcc.dg/tree-prof/update-cunroll-2.c execution,    -fprofile-use
FAIL: gcc.dg/tree-prof/update-loopch.c compilation,  -fprofile-generate
UNRESOLVED: gcc.dg/tree-prof/update-loopch.c execution,    -fprofile-generate
UNRESOLVED: gcc.dg/tree-prof/update-loopch.c compilation,  -fprofile-use
UNRESOLVED: gcc.dg/tree-prof/update-loopch.c execution,    -fprofile-use
FAIL: gcc.dg/tree-prof/update-tailcall.c compilation,  -fprofile-generate
UNRESOLVED: gcc.dg/tree-prof/update-tailcall.c execution,    -fprofile-generate
UNRESOLVED: gcc.dg/tree-prof/update-tailcall.c compilation,  -fprofile-use
UNRESOLVED: gcc.dg/tree-prof/update-tailcall.c execution,    -fprofile-use
FAIL: gcc.dg/tree-prof/val-prof-1.c compilation,  -fprofile-generate
UNRESOLVED: gcc.dg/tree-prof/val-prof-1.c execution,    -fprofile-generate
UNRESOLVED: gcc.dg/tree-prof/val-prof-1.c compilation,  -fprofile-use
UNRESOLVED: gcc.dg/tree-prof/val-prof-1.c execution,    -fprofile-use
FAIL: gcc.dg/tree-prof/val-prof-2.c compilation,  -fprofile-generate
UNRESOLVED: gcc.dg/tree-prof/val-prof-2.c execution,    -fprofile-generate
UNRESOLVED: gcc.dg/tree-prof/val-prof-2.c compilation,  -fprofile-use
UNRESOLVED: gcc.dg/tree-prof/val-prof-2.c execution,    -fprofile-use
FAIL: gcc.dg/tree-prof/val-prof-3.c compilation,  -fprofile-generate
UNRESOLVED: gcc.dg/tree-prof/val-prof-3.c execution,    -fprofile-generate
UNRESOLVED: gcc.dg/tree-prof/val-prof-3.c compilation,  -fprofile-use
UNRESOLVED: gcc.dg/tree-prof/val-prof-3.c execution,    -fprofile-use
FAIL: gcc.dg/tree-prof/val-prof-4.c compilation,  -fprofile-generate
UNRESOLVED: gcc.dg/tree-prof/val-prof-4.c execution,    -fprofile-generate
UNRESOLVED: gcc.dg/tree-prof/val-prof-4.c compilation,  -fprofile-use
UNRESOLVED: gcc.dg/tree-prof/val-prof-4.c execution,    -fprofile-use
FAIL: gcc.dg/tree-prof/val-prof-5.c compilation,  -fprofile-generate
UNRESOLVED: gcc.dg/tree-prof/val-prof-5.c execution,    -fprofile-generate
UNRESOLVED: gcc.dg/tree-prof/val-prof-5.c compilation,  -fprofile-use
UNRESOLVED: gcc.dg/tree-prof/val-prof-5.c execution,    -fprofile-use
XPASS: gcc.dg/tree-ssa/20040204-1.c scan-tree-dump-times link_error 0
FAIL: gcc.misc-tests/bprob-1.c compilation,  -fprofile-arcs
UNRESOLVED: gcc.misc-tests/bprob-1.c execution,    -fprofile-arcs
UNRESOLVED: gcc.misc-tests/bprob-1.c compilation,  -fbranch-probabilities
UNRESOLVED: gcc.misc-tests/bprob-1.c execution,    -fbranch-probabilities
FAIL: gcc.misc-tests/bprob-2.c compilation,  -fprofile-arcs
UNRESOLVED: gcc.misc-tests/bprob-2.c execution,    -fprofile-arcs
UNRESOLVED: gcc.misc-tests/bprob-2.c compilation,  -fbranch-probabilities
UNRESOLVED: gcc.misc-tests/bprob-2.c execution,    -fbranch-probabilities

		=== gcc Summary ===

# of expected passes		40428
# of unexpected failures	235
# of unexpected successes	5
# of expected failures		79
# of unresolved testcases	71
# of untested testcases		28
# of unsupported tests		443
/home/mstein/sim/gcc-4_2-branch/m32r-elf/build/gcc/xgcc  version 4.2.5 20080904 (prerelease)


Compiler version: 4.2.5 20080904 (prerelease) gcc 
Platform: m32r-unknown-elf
configure flags: --target=m32r-elf --prefix=/home/mstein/cross-local/m32r-elf --disable-nls --disable-build-warnings --with-sysroot=/home/mstein/cross-local/m32r-elf --with-build-sysroot=/home/mstein/cross-local/m32r-elf --with-ld=/home/mstein/cross-local/m32r-elf/usr/bin/ld --with-as=/home/mstein/cross-local/m32r-elf/usr/bin/as --disable-libssp --with-mpfr=/opt/cfarm/mpfr-2.3.1 --enable-languages=c


Index Nav: [Date Index] [Subject Index] [Author Index] [Thread Index]
Message Nav: [Date Prev] [Date Next] [Thread Prev] [Thread Next]