This is the mail archive of the gcc-testresults@gcc.gnu.org mailing list for the GCC project.


Index Nav: [Date Index] [Subject Index] [Author Index] [Thread Index]
Message Nav: [Date Prev] [Date Next] [Thread Prev] [Thread Next]
Other format: [Raw text]

Results for 4.4.0 20080902 (experimental) [trunk revision 139919] (GCC) testsuite on hppa64-hp-hpux11.11


LAST_UPDATED: Tue Sep  2 23:54:11 UTC 2008 (revision 139919)

Native configuration is hppa64-hp-hpux11.11

		=== g++ tests ===


Running target unix
FAIL: tmpdir-g++.dg-struct-layout-1/t001 cp_compat_x_tst.o-cp_compat_y_tst.o execute 
FAIL: tmpdir-g++.dg-struct-layout-1/t002 cp_compat_x_tst.o-cp_compat_y_tst.o execute 
FAIL: tmpdir-g++.dg-struct-layout-1/t003 cp_compat_x_tst.o-cp_compat_y_tst.o execute 
FAIL: tmpdir-g++.dg-struct-layout-1/t004 cp_compat_x_tst.o-cp_compat_y_tst.o execute 
FAIL: tmpdir-g++.dg-struct-layout-1/t005 cp_compat_x_tst.o-cp_compat_y_tst.o execute 
FAIL: tmpdir-g++.dg-struct-layout-1/t010 cp_compat_x_tst.o-cp_compat_y_tst.o execute 
FAIL: tmpdir-g++.dg-struct-layout-1/t024 cp_compat_x_tst.o-cp_compat_y_tst.o execute 
FAIL: tmpdir-g++.dg-struct-layout-1/t025 cp_compat_x_tst.o-cp_compat_y_tst.o execute 
FAIL: tmpdir-g++.dg-struct-layout-1/t026 cp_compat_x_tst.o-cp_compat_y_tst.o execute 
FAIL: tmpdir-g++.dg-struct-layout-1/t027 cp_compat_x_tst.o-cp_compat_y_tst.o execute 
FAIL: g++.dg/debug/template1.C -gdwarf-21 -O3 (internal compiler error)
FAIL: g++.dg/debug/template1.C -gdwarf-21 -O3 (test for excess errors)
FAIL: g++.dg/debug/template1.C -gdwarf-2 -O3 (internal compiler error)
FAIL: g++.dg/debug/template1.C -gdwarf-2 -O3 (test for excess errors)
FAIL: g++.dg/debug/template1.C -gdwarf-23 -O3 (internal compiler error)
FAIL: g++.dg/debug/template1.C -gdwarf-23 -O3 (test for excess errors)
XPASS: g++.dg/eh/weak1.C execution test
FAIL: g++.dg/ext/packed4.C execution test
FAIL: g++.dg/pch/system-2.C -O2 -g assembly comparison
FAIL: g++.old-deja/g++.brendan/code-gen1.C execution test
FAIL: g++.old-deja/g++.jason/temporary7.C execution test
FAIL: g++.old-deja/g++.other/addrof1.C execution test
FAIL: g++.old-deja/g++.other/static14.C (test for excess errors)
FAIL: g++.old-deja/g++.other/static20.C (test for excess errors)
XPASS: g++.old-deja/g++.pt/static6.C (test for excess errors)

		=== g++ Summary ===

# of expected passes		17177
# of unexpected failures	23
# of unexpected successes	2
# of expected failures		85
# of unsupported tests		190
/test/gnu/gcc/objdir/gcc/testsuite/g++/../../g++  version 4.4.0 20080902 (experimental) [trunk revision 139919] (GCC) 

		=== gcc tests ===


Running target unix
FAIL: gcc.c-torture/execute/20040709-1.c execution,  -O0 
FAIL: gcc.c-torture/execute/20040709-1.c execution,  -O1 
FAIL: gcc.c-torture/execute/920908-2.c execution,  -O0 
FAIL: gcc.c-torture/execute/920908-2.c execution,  -O1 
FAIL: gcc.c-torture/execute/921204-1.c execution,  -O0 
FAIL: gcc.c-torture/execute/921204-1.c execution,  -O1 
FAIL: gcc.c-torture/execute/931004-1.c execution,  -O0 
FAIL: gcc.c-torture/execute/931004-1.c execution,  -O1 
FAIL: gcc.c-torture/execute/931004-1.c execution,  -O2 
FAIL: gcc.c-torture/execute/931004-1.c execution,  -Os 
FAIL: gcc.c-torture/execute/931004-3.c execution,  -O0 
FAIL: gcc.c-torture/execute/931004-3.c execution,  -O1 
FAIL: gcc.c-torture/execute/931004-3.c execution,  -O2 
FAIL: gcc.c-torture/execute/931004-3.c execution,  -Os 
FAIL: gcc.c-torture/execute/931004-7.c execution,  -O0 
FAIL: gcc.c-torture/execute/931004-7.c execution,  -O1 
FAIL: gcc.c-torture/execute/931004-7.c execution,  -O2 
FAIL: gcc.c-torture/execute/931004-7.c execution,  -Os 
FAIL: gcc.c-torture/execute/931005-1.c execution,  -O0 
FAIL: gcc.c-torture/execute/931005-1.c execution,  -O1 
FAIL: gcc.dg/compat/scalar-by-value-4 c_compat_x_tst.o-c_compat_y_tst.o execute 
FAIL: gcc.dg/compat/struct-by-value-12 c_compat_x_tst.o-c_compat_y_tst.o execute 
FAIL: gcc.dg/compat/struct-by-value-1 c_compat_x_tst.o-c_compat_y_tst.o execute 
FAIL: gcc.dg/compat/struct-by-value-2 c_compat_x_tst.o-c_compat_y_tst.o execute 
FAIL: gcc.dg/compat/struct-by-value-3 c_compat_x_tst.o-c_compat_y_tst.o execute 
FAIL: gcc.dg/compat/struct-by-value-4 c_compat_x_tst.o-c_compat_y_tst.o execute 
FAIL: gcc.dg/compat/struct-by-value-5a c_compat_x_tst.o-c_compat_y_tst.o execute 
FAIL: gcc.dg/compat/struct-layout-1 c_compat_x_tst.o-c_compat_y_tst.o execute 
FAIL: gcc.dg/compat/struct-return-2 c_compat_x_tst.o-c_compat_y_tst.o execute 
FAIL: gcc.dg/compat/struct-return-3 c_compat_x_tst.o-c_compat_y_tst.o execute 
FAIL: gcc.dg/compat/union-by-value-1 c_compat_x_tst.o-c_compat_y_tst.o execute 
FAIL: gcc.dg/compat/union-return-1 c_compat_x_tst.o-c_compat_y_tst.o execute 
FAIL: tmpdir-gcc.dg-struct-layout-1/t001 c_compat_x_tst.o-c_compat_y_tst.o execute 
FAIL: tmpdir-gcc.dg-struct-layout-1/t002 c_compat_x_tst.o-c_compat_y_tst.o execute 
FAIL: tmpdir-gcc.dg-struct-layout-1/t003 c_compat_x_tst.o-c_compat_y_tst.o execute 
FAIL: tmpdir-gcc.dg-struct-layout-1/t004 c_compat_x_tst.o-c_compat_y_tst.o execute 
FAIL: tmpdir-gcc.dg-struct-layout-1/t007 c_compat_x_tst.o-c_compat_y_tst.o execute 
FAIL: tmpdir-gcc.dg-struct-layout-1/t024 c_compat_x_tst.o-c_compat_y_tst.o execute 
FAIL: tmpdir-gcc.dg-struct-layout-1/t025 c_compat_x_tst.o-c_compat_y_tst.o execute 
FAIL: tmpdir-gcc.dg-struct-layout-1/t026 c_compat_x_tst.o-c_compat_y_tst.o execute 
FAIL: tmpdir-gcc.dg-struct-layout-1/t027 c_compat_x_tst.o-c_compat_y_tst.o execute 
FAIL: tmpdir-gcc.dg-struct-layout-1/t028 c_compat_x_tst.o-c_compat_y_tst.o execute 
FAIL: gcc.dg/debug/dwarf2/dwarf-die3.c scan-assembler-not DW_AT_inline
WARNING: program timed out.
FAIL: gcc.dg/20020425-1.c (test for excess errors)
FAIL: gcc.dg/builtin-apply2.c execution test
FAIL: gcc.dg/builtin-apply3.c execution test
FAIL: gcc.dg/builtin-apply4.c execution test
FAIL: gcc.dg/builtin-return-1.c execution test
XPASS: gcc.dg/funcorder.c scan-assembler-not link_error,%r
FAIL: gcc.dg/pr33645-3.c scan-assembler-not var1_t
FAIL: gcc.dg/pr35729.c scan-rtl-dump-times loop2_invariant "Decided to move invariant" 0
FAIL: gcc.dg/struct-by-value-1.c execution test
FAIL: gcc.dg/utf-array.c  (test for errors, line 30)
FAIL: gcc.dg/utf-array.c  (test for errors, line 40)
FAIL: gcc.dg/graphite/block-0.c (test for excess errors)
FAIL: gcc.dg/graphite/block-0.c scan-tree-dump-times graphite "Loop blocked" 1
FAIL: gcc.dg/graphite/block-1.c (test for excess errors)
FAIL: gcc.dg/graphite/block-1.c scan-tree-dump-times graphite "Loop blocked" 3
FAIL: gcc.dg/graphite/scop-0.c (test for excess errors)
FAIL: gcc.dg/graphite/scop-0.c scan-tree-dump-times graphite "number of SCoPs: 1" 1
FAIL: gcc.dg/graphite/scop-1.c (test for excess errors)
FAIL: gcc.dg/graphite/scop-1.c scan-tree-dump-times graphite "number of SCoPs: 3" 1
FAIL: gcc.dg/graphite/scop-10.c (test for excess errors)
FAIL: gcc.dg/graphite/scop-10.c scan-tree-dump-times graphite "number of SCoPs: 3" 1
FAIL: gcc.dg/graphite/scop-11.c (test for excess errors)
FAIL: gcc.dg/graphite/scop-11.c scan-tree-dump-times graphite "number of SCoPs: 3" 1
FAIL: gcc.dg/graphite/scop-12.c (test for excess errors)
FAIL: gcc.dg/graphite/scop-12.c scan-tree-dump-times graphite "number of SCoPs: 5" 1
FAIL: gcc.dg/graphite/scop-13.c (test for excess errors)
FAIL: gcc.dg/graphite/scop-13.c scan-tree-dump-times graphite "number of SCoPs: 2" 1
FAIL: gcc.dg/graphite/scop-14.c (test for excess errors)
FAIL: gcc.dg/graphite/scop-14.c scan-tree-dump-times graphite "number of SCoPs: 0" 1
FAIL: gcc.dg/graphite/scop-15.c (test for excess errors)
FAIL: gcc.dg/graphite/scop-15.c scan-tree-dump-times graphite "number of SCoPs: 0" 1
FAIL: gcc.dg/graphite/scop-16.c (test for excess errors)
FAIL: gcc.dg/graphite/scop-16.c scan-tree-dump-times graphite "Interchange valid for loops 0 and 1:" 2
FAIL: gcc.dg/graphite/scop-17.c (test for excess errors)
FAIL: gcc.dg/graphite/scop-17.c scan-tree-dump-times graphite "Interchange not valid for loops 0 and 1:" 1
FAIL: gcc.dg/graphite/scop-18.c (test for excess errors)
FAIL: gcc.dg/graphite/scop-18.c scan-tree-dump-times graphite "Strip Mining is not profitable" 3
FAIL: gcc.dg/graphite/scop-2.c (test for excess errors)
FAIL: gcc.dg/graphite/scop-2.c scan-tree-dump-times graphite "number of SCoPs: 4" 1
FAIL: gcc.dg/graphite/scop-3.c (test for excess errors)
FAIL: gcc.dg/graphite/scop-3.c scan-tree-dump-times graphite "number of SCoPs: 3" 1
FAIL: gcc.dg/graphite/scop-4.c (test for excess errors)
FAIL: gcc.dg/graphite/scop-4.c scan-tree-dump-times graphite "number of SCoPs: 2" 1
FAIL: gcc.dg/graphite/scop-5.c (test for excess errors)
FAIL: gcc.dg/graphite/scop-5.c scan-tree-dump-times graphite "number of SCoPs: 3" 1
FAIL: gcc.dg/graphite/scop-6.c (test for excess errors)
FAIL: gcc.dg/graphite/scop-6.c scan-tree-dump-times graphite "number of SCoPs: 3" 1
FAIL: gcc.dg/graphite/scop-7.c (test for excess errors)
FAIL: gcc.dg/graphite/scop-7.c scan-tree-dump-times graphite "number of SCoPs: 3" 1
FAIL: gcc.dg/graphite/scop-8.c (test for excess errors)
FAIL: gcc.dg/graphite/scop-8.c scan-tree-dump-times graphite "number of SCoPs: 2" 1
FAIL: gcc.dg/graphite/scop-9.c (test for excess errors)
FAIL: gcc.dg/graphite/scop-9.c scan-tree-dump-times graphite "number of SCoPs: 2" 1
FAIL: gcc.dg/graphite/scop-matmult.c (test for excess errors)
FAIL: gcc.dg/pch/valid-1b.c -O0 -g -I. (test for excess errors)
FAIL: gcc.dg/pch/valid-1b.c -O0 -g assembly comparison
FAIL: gcc.dg/pch/valid-1b.c  -O0  -I. (test for excess errors)
FAIL: gcc.dg/pch/valid-1b.c  -O0  assembly comparison
FAIL: gcc.dg/pch/valid-1b.c  -O1  -I. (test for excess errors)
FAIL: gcc.dg/pch/valid-1b.c  -O1  assembly comparison
FAIL: gcc.dg/pch/valid-1b.c  -O2  -I. (test for excess errors)
FAIL: gcc.dg/pch/valid-1b.c  -O2  assembly comparison
FAIL: gcc.dg/pch/valid-1b.c  -O3 -fomit-frame-pointer  -I. (test for excess errors)
FAIL: gcc.dg/pch/valid-1b.c  -O3 -fomit-frame-pointer  assembly comparison
FAIL: gcc.dg/pch/valid-1b.c  -O3 -g  -I. (test for excess errors)
FAIL: gcc.dg/pch/valid-1b.c  -O3 -g  assembly comparison
FAIL: gcc.dg/pch/valid-1b.c  -Os  -I. (test for excess errors)
FAIL: gcc.dg/pch/valid-1b.c  -Os  assembly comparison
FAIL: gcc.dg/torture/pr30665-2.c  -O0  execution test
FAIL: gcc.dg/torture/pr30665-2.c  -O1  execution test
FAIL: gcc.dg/torture/pr30665-2.c  -O2  execution test
FAIL: gcc.dg/torture/pr30665-2.c  -O3 -fomit-frame-pointer  execution test
FAIL: gcc.dg/torture/pr30665-2.c  -O3 -g  execution test
FAIL: gcc.dg/torture/pr30665-2.c  -Os  execution test
FAIL: gcc.dg/tree-ssa/ssa-store-ccp-3.c scan-tree-dump-times optimized "conststaticvariable" 1

		=== gcc Summary ===

# of expected passes		46394
# of unexpected failures	117
# of unexpected successes	1
# of expected failures		139
# of unsupported tests		566
/test/gnu/gcc/objdir/gcc/xgcc  version 4.4.0 20080902 (experimental) [trunk revision 139919] (GCC) 

		=== libgomp tests ===


Running target unix
FAIL: libgomp.c/pr24455.c execution test
FAIL: libgomp.c++/ctor-10.C  -O0  execution test
FAIL: libgomp.c++/ctor-10.C  -O1  execution test
FAIL: libgomp.c++/ctor-10.C  -O2  execution test
FAIL: libgomp.c++/ctor-10.C  -O3 -fomit-frame-pointer  execution test
FAIL: libgomp.c++/ctor-10.C  -O3 -fomit-frame-pointer -funroll-all-loops -finline-functions  execution test
FAIL: libgomp.c++/ctor-10.C  -O3 -g  execution test
FAIL: libgomp.c++/ctor-10.C  -Os  execution test
FAIL: libgomp.c++/ctor-8.C  -O0  execution test
FAIL: libgomp.c++/ctor-8.C  -O1  execution test
FAIL: libgomp.c++/ctor-8.C  -O2  execution test
FAIL: libgomp.c++/ctor-8.C  -O3 -fomit-frame-pointer  execution test
FAIL: libgomp.c++/ctor-8.C  -O3 -fomit-frame-pointer -funroll-loops  execution test
FAIL: libgomp.c++/ctor-8.C  -O3 -fomit-frame-pointer -funroll-all-loops -finline-functions  execution test
FAIL: libgomp.c++/ctor-8.C  -O3 -g  execution test
FAIL: libgomp.c++/ctor-9.C  -O2  execution test
FAIL: libgomp.c++/ctor-9.C  -O3 -fomit-frame-pointer -funroll-all-loops -finline-functions  execution test
FAIL: libgomp.c++/ctor-9.C  -O3 -g  execution test

		=== libgomp Summary ===

# of expected passes		854
# of unexpected failures	18
# of unsupported tests		9
		=== libstdc++ tests ===


Running target unix
FAIL: 22_locale/numpunct/members/pod/2.cc execution test
XPASS: 23_containers/unordered_multimap/init-list.cc (test for excess errors)

		=== libstdc++ Summary ===

# of expected passes		5226
# of unexpected failures	1
# of unexpected successes	1
# of expected failures		64
# of unsupported tests		401

Compiler version: 4.4.0 20080902 (experimental) [trunk revision 139919] (GCC) 
Platform: hppa64-hp-hpux11.11
configure flags: --with-gnu-as --with-as=/opt/gnu64/bin/as --with-ld=/usr/ccs/bin/ld --enable-shared --disable-nls --with-local-prefix=/opt/gnu64 --prefix=/opt/gnu64/gcc/gcc-4.4.0 --build=hppa64-hp-hpux11.11 --enable-threads=posix --disable-libmudflap --with-gmp=/opt/gnu64/gcc/gcc-4.4.0 --enable-languages=c++


Index Nav: [Date Index] [Subject Index] [Author Index] [Thread Index]
Message Nav: [Date Prev] [Date Next] [Thread Prev] [Thread Next]