This is the mail archive of the gcc-testresults@gcc.gnu.org mailing list for the GCC project.


Index Nav: [Date Index] [Subject Index] [Author Index] [Thread Index]
Message Nav: [Date Prev] [Date Next] [Thread Prev] [Thread Next]
Other format: [Raw text]

Results for 4.4.0 20080903 (experimental) [trunk revision 139927] (GCC) testsuite on ia64-suse-linux-gnu


LAST_UPDATED: Wed Sep  3 08:21:28 UTC 2008 (revision 139927)

		=== acats tests ===
FAIL:	cxa4008
FAIL:	cxa4009
FAIL:	cxa4019
FAIL:	cxa4020
FAIL:	cxb3014
FAIL:	cxb3016
FAIL:	la14021

		=== acats Summary ===
# of expected passes		2308
# of unexpected failures	7
Native configuration is ia64-suse-linux-gnu

		=== g++ tests ===


Running target unix
FAIL: g++.dg/opt/eh3.C execution test
FAIL: g++.dg/tree-prof/indir-call-prof.C scan-tree-dump tree_profile "Indirect call -> direct call.* AA transformation on insn"
FAIL: g++.dg/tree-prof/indir-call-prof.C scan-tree-dump tree_profile "Indirect call -> direct call.* AA transformation on insn"
FAIL: g++.dg/tree-prof/indir-call-prof.C scan-tree-dump tree_profile "Indirect call -> direct call.* AA transformation on insn"
FAIL: g++.dg/tree-prof/indir-call-prof.C scan-tree-dump tree_profile "Indirect call -> direct call.* AA transformation on insn"
FAIL: g++.dg/tree-prof/indir-call-prof.C scan-tree-dump tree_profile "Indirect call -> direct call.* AA transformation on insn"
FAIL: g++.dg/tree-prof/indir-call-prof.C scan-tree-dump tree_profile "Indirect call -> direct call.* AA transformation on insn"
FAIL: g++.dg/tree-prof/indir-call-prof.C scan-tree-dump tree_profile "Indirect call -> direct call.* AA transformation on insn"

		=== g++ Summary ===

# of expected passes		17432
# of unexpected failures	8
# of expected failures		83
# of unsupported tests		143
/tmp/cvs/gcc-20080903/Build/gcc/testsuite/g++/../../g++  version 4.4.0 20080903 (experimental) [trunk revision 139927] (GCC) 

		=== gcc tests ===


Running target unix
FAIL: gcc.c-torture/compile/pr11832.c  -O0  (internal compiler error)
FAIL: gcc.c-torture/compile/pr11832.c  -O1  (internal compiler error)
FAIL: gcc.c-torture/compile/pr11832.c  -O2  (internal compiler error)
FAIL: gcc.c-torture/compile/pr11832.c  -O3 -fomit-frame-pointer  (internal compiler error)
FAIL: gcc.c-torture/compile/pr11832.c  -O3 -fomit-frame-pointer -funroll-loops  (internal compiler error)
FAIL: gcc.c-torture/compile/pr11832.c  -O3 -fomit-frame-pointer -funroll-all-loops -finline-functions  (internal compiler error)
FAIL: gcc.c-torture/compile/pr11832.c  -O3 -g  (internal compiler error)
FAIL: gcc.c-torture/compile/pr11832.c  -Os  (internal compiler error)
FAIL: gcc.c-torture/compile/pr33009.c  -O0  (internal compiler error)
FAIL: gcc.dg/debug/dwarf2/dwarf-die3.c scan-assembler-not DW_AT_inline
FAIL: gcc.dg/array-init-1.c scan-assembler-not abcdefghi
FAIL: gcc.dg/array-init-1.c scan-assembler-times 7017280452245743464|7523094288207667809|6867666564636261|1684234849|64636261 2
FAIL: gcc.dg/builtin-apply4.c execution test
FAIL: gcc.dg/pr19340.c (internal compiler error)
FAIL: gcc.dg/pr19340.c (test for excess errors)
FAIL: gcc.dg/pr33645-3.c scan-assembler-not var1_t
FAIL: gcc.dg/pr35729.c scan-rtl-dump-times loop2_invariant "Decided to move invariant" 0
FAIL: gcc.dg/visibility-16.c scan-hidden hidden[ \\t_]*foo
FAIL: gcc.dg/graphite/block-0.c (test for excess errors)
FAIL: gcc.dg/graphite/block-0.c scan-tree-dump-times graphite "Loop blocked" 1
FAIL: gcc.dg/graphite/block-1.c (test for excess errors)
FAIL: gcc.dg/graphite/block-1.c scan-tree-dump-times graphite "Loop blocked" 3
FAIL: gcc.dg/graphite/scop-0.c (test for excess errors)
FAIL: gcc.dg/graphite/scop-0.c scan-tree-dump-times graphite "number of SCoPs: 1" 1
FAIL: gcc.dg/graphite/scop-1.c (test for excess errors)
FAIL: gcc.dg/graphite/scop-1.c scan-tree-dump-times graphite "number of SCoPs: 3" 1
FAIL: gcc.dg/graphite/scop-10.c (test for excess errors)
FAIL: gcc.dg/graphite/scop-10.c scan-tree-dump-times graphite "number of SCoPs: 3" 1
FAIL: gcc.dg/graphite/scop-11.c (test for excess errors)
FAIL: gcc.dg/graphite/scop-11.c scan-tree-dump-times graphite "number of SCoPs: 3" 1
FAIL: gcc.dg/graphite/scop-12.c (test for excess errors)
FAIL: gcc.dg/graphite/scop-12.c scan-tree-dump-times graphite "number of SCoPs: 5" 1
FAIL: gcc.dg/graphite/scop-13.c (test for excess errors)
FAIL: gcc.dg/graphite/scop-13.c scan-tree-dump-times graphite "number of SCoPs: 2" 1
FAIL: gcc.dg/graphite/scop-14.c (test for excess errors)
FAIL: gcc.dg/graphite/scop-14.c scan-tree-dump-times graphite "number of SCoPs: 0" 1
FAIL: gcc.dg/graphite/scop-15.c (test for excess errors)
FAIL: gcc.dg/graphite/scop-15.c scan-tree-dump-times graphite "number of SCoPs: 0" 1
FAIL: gcc.dg/graphite/scop-16.c (test for excess errors)
FAIL: gcc.dg/graphite/scop-16.c scan-tree-dump-times graphite "Interchange valid for loops 0 and 1:" 2
FAIL: gcc.dg/graphite/scop-17.c (test for excess errors)
FAIL: gcc.dg/graphite/scop-17.c scan-tree-dump-times graphite "Interchange not valid for loops 0 and 1:" 1
FAIL: gcc.dg/graphite/scop-18.c (test for excess errors)
FAIL: gcc.dg/graphite/scop-18.c scan-tree-dump-times graphite "Strip Mining is not profitable" 3
FAIL: gcc.dg/graphite/scop-2.c (test for excess errors)
FAIL: gcc.dg/graphite/scop-2.c scan-tree-dump-times graphite "number of SCoPs: 4" 1
FAIL: gcc.dg/graphite/scop-3.c (test for excess errors)
FAIL: gcc.dg/graphite/scop-3.c scan-tree-dump-times graphite "number of SCoPs: 3" 1
FAIL: gcc.dg/graphite/scop-4.c (test for excess errors)
FAIL: gcc.dg/graphite/scop-4.c scan-tree-dump-times graphite "number of SCoPs: 2" 1
FAIL: gcc.dg/graphite/scop-5.c (test for excess errors)
FAIL: gcc.dg/graphite/scop-5.c scan-tree-dump-times graphite "number of SCoPs: 3" 1
FAIL: gcc.dg/graphite/scop-6.c (test for excess errors)
FAIL: gcc.dg/graphite/scop-6.c scan-tree-dump-times graphite "number of SCoPs: 3" 1
FAIL: gcc.dg/graphite/scop-7.c (test for excess errors)
FAIL: gcc.dg/graphite/scop-7.c scan-tree-dump-times graphite "number of SCoPs: 3" 1
FAIL: gcc.dg/graphite/scop-8.c (test for excess errors)
FAIL: gcc.dg/graphite/scop-8.c scan-tree-dump-times graphite "number of SCoPs: 2" 1
FAIL: gcc.dg/graphite/scop-9.c (test for excess errors)
FAIL: gcc.dg/graphite/scop-9.c scan-tree-dump-times graphite "number of SCoPs: 2" 1
FAIL: gcc.dg/graphite/scop-matmult.c (test for excess errors)
FAIL: gcc.dg/torture/builtin-math-4.c  -O0  (test for excess errors)
FAIL: gcc.dg/torture/builtin-math-4.c  -O1  (test for excess errors)
FAIL: gcc.dg/torture/builtin-math-4.c  -O2  (test for excess errors)
FAIL: gcc.dg/torture/builtin-math-4.c  -O3 -fomit-frame-pointer  (test for excess errors)
FAIL: gcc.dg/torture/builtin-math-4.c  -O3 -fomit-frame-pointer -funroll-loops  (test for excess errors)
FAIL: gcc.dg/torture/builtin-math-4.c  -O3 -fomit-frame-pointer -funroll-all-loops -finline-functions  (test for excess errors)
FAIL: gcc.dg/torture/builtin-math-4.c  -O3 -g  (test for excess errors)
FAIL: gcc.dg/torture/builtin-math-4.c  -Os  (test for excess errors)
WARNING: gcc.dg/torture/fp-int-convert-float128-timode.c  -O0  compilation failed to produce executable
WARNING: gcc.dg/torture/fp-int-convert-float128-timode.c  -O1  compilation failed to produce executable
WARNING: gcc.dg/torture/fp-int-convert-float128-timode.c  -O2  compilation failed to produce executable
WARNING: gcc.dg/torture/fp-int-convert-float128-timode.c  -O3 -fomit-frame-pointer  compilation failed to produce executable
WARNING: gcc.dg/torture/fp-int-convert-float128-timode.c  -O3 -g  compilation failed to produce executable
WARNING: gcc.dg/torture/fp-int-convert-float128-timode.c  -Os  compilation failed to produce executable
FAIL: gcc.dg/torture/fp-int-convert-float128.c  -O0  (test for excess errors)
WARNING: gcc.dg/torture/fp-int-convert-float128.c  -O0  compilation failed to produce executable
FAIL: gcc.dg/torture/fp-int-convert-float128.c  -O1  (test for excess errors)
WARNING: gcc.dg/torture/fp-int-convert-float128.c  -O1  compilation failed to produce executable
FAIL: gcc.dg/torture/fp-int-convert-float128.c  -O2  (test for excess errors)
WARNING: gcc.dg/torture/fp-int-convert-float128.c  -O2  compilation failed to produce executable
FAIL: gcc.dg/torture/fp-int-convert-float128.c  -O3 -fomit-frame-pointer  (test for excess errors)
WARNING: gcc.dg/torture/fp-int-convert-float128.c  -O3 -fomit-frame-pointer  compilation failed to produce executable
FAIL: gcc.dg/torture/fp-int-convert-float128.c  -O3 -g  (test for excess errors)
WARNING: gcc.dg/torture/fp-int-convert-float128.c  -O3 -g  compilation failed to produce executable
FAIL: gcc.dg/torture/fp-int-convert-float128.c  -Os  (test for excess errors)
WARNING: gcc.dg/torture/fp-int-convert-float128.c  -Os  compilation failed to produce executable
XPASS: gcc.dg/tree-ssa/loop-1.c scan-assembler-times foo 5
FAIL: gcc.dg/vect/vect-67.c scan-tree-dump-times vect "vectorized 1 loops" 1
FAIL: gcc.dg/vect/slp-7.c scan-tree-dump-times vect "vectorized 2 loops" 1
FAIL: gcc.dg/vect/slp-7.c scan-tree-dump-times vect "vectorizing stmts using SLP" 2
ERROR: gcc.dg/vect/slp-widen-mult-s16.c: error executing dg-final: syntax error in target selector "target vect_inpack"
UNRESOLVED: gcc.dg/vect/slp-widen-mult-s16.c: error executing dg-final: syntax error in target selector "target vect_inpack"
FAIL: gcc.dg/vect/O3-vect-pr34223.c scan-tree-dump-times vect "vectorized 1 loops" 1
FAIL: gcc.dg/weak/weak-1.c scan-assembler weak[^ \\t]*[ \\t]_?j

		=== gcc Summary ===

# of expected passes		47996
# of unexpected failures	80
# of unexpected successes	1
# of expected failures		256
# of unresolved testcases	1
# of unsupported tests		487
/tmp/cvs/gcc-20080903/Build/gcc/xgcc  version 4.4.0 20080903 (experimental) [trunk revision 139927] (GCC) 

		=== gfortran tests ===


Running target unix
FAIL: gfortran.dg/bessel_2.f90  -O  (test for excess errors)
FAIL: gfortran.dg/list_read_8.f90  -O0  execution test
FAIL: gfortran.dg/list_read_8.f90  -O1  execution test
FAIL: gfortran.dg/list_read_8.f90  -O2  execution test
FAIL: gfortran.dg/list_read_8.f90  -O3 -fomit-frame-pointer  execution test
FAIL: gfortran.dg/list_read_8.f90  -O3 -fomit-frame-pointer -funroll-loops  execution test
FAIL: gfortran.dg/list_read_8.f90  -O3 -fomit-frame-pointer -funroll-all-loops -finline-functions  execution test
FAIL: gfortran.dg/list_read_8.f90  -O3 -g  execution test
FAIL: gfortran.dg/list_read_8.f90  -Os  execution test
FAIL: gfortran.dg/parameter_array_init_3.f90  -O  (internal compiler error)
FAIL: gfortran.dg/parameter_array_init_3.f90  -O  (test for excess errors)
FAIL: gfortran.dg/graphite/block-1.f90  -O  (test for excess errors)
FAIL: gfortran.dg/graphite/block-2.f  -O  (test for excess errors)
FAIL: gfortran.dg/graphite/block-3.f90  -O  (test for excess errors)
FAIL: gfortran.dg/graphite/block-4.f90  -O  (test for excess errors)
FAIL: gfortran.dg/graphite/scop-1.f  -O  (test for excess errors)

		=== gfortran Summary ===

# of expected passes		27716
# of unexpected failures	16
# of expected failures		21
# of unsupported tests		26
/tmp/cvs/gcc-20080903/Build/gcc/testsuite/gfortran/../../gfortran  version 4.4.0 20080903 (experimental) [trunk revision 139927] (GCC) 

		=== gnat tests ===


Running target unix

		=== gnat Summary ===

# of expected passes		568
# of expected failures		6
		=== obj-c++ tests ===


Running target unix
WARNING: obj-c++.dg/bitfield-1.mm compilation failed to produce executable
WARNING: obj-c++.dg/lookup-2.mm compilation failed to produce executable
WARNING: obj-c++.dg/try-catch-2.mm compilation failed to produce executable
WARNING: obj-c++.dg/try-catch-9.mm compilation failed to produce executable

		=== obj-c++ Summary ===

# of expected passes		426
# of expected failures		22
# of unsupported tests		13
/tmp/cvs/gcc-20080903/Build/gcc/testsuite/obj-c++/../../g++  version 4.4.0 20080903 (experimental) [trunk revision 139927] (GCC) 

		=== objc tests ===


Running target unix

		=== objc Summary ===

# of expected passes		1812
# of expected failures		7
# of unsupported tests		25
/tmp/cvs/gcc-20080903/Build/gcc/xgcc  version 4.4.0 20080903 (experimental) [trunk revision 139927] (GCC) 

		=== libffi tests ===


Running target unix

		=== libffi Summary ===

# of expected passes		1389
# of unsupported tests		10
		=== libgomp tests ===


Running target unix
FAIL: libgomp.c/atomic-4.c execution test
FAIL: libgomp.c/nqueens-1.c execution test
FAIL: libgomp.c/omp-loop03.c execution test
WARNING: program timed out.
FAIL: libgomp.c/sort-1.c execution test
FAIL: libgomp.c++/collapse-2.C  -O2  execution test
FAIL: libgomp.c++/collapse-2.C  -O3 -fomit-frame-pointer -funroll-loops  execution test
FAIL: libgomp.c++/loop-3.C  -O  execution test
FAIL: libgomp.fortran/nestedfn4.f90  -O  execution test

		=== libgomp Summary ===

# of expected passes		2281
# of unexpected failures	8
		=== libjava tests ===


Running target unix
FAIL: getlocalvartable output
FAIL: Divide_1 execution - source compiled test
FAIL: Divide_1 -findirect-dispatch execution - source compiled test
FAIL: Divide_1 -O3 execution - source compiled test
FAIL: Divide_1 -O3 -findirect-dispatch execution - source compiled test
FAIL: Divide_2 execution - source compiled test
FAIL: Divide_2 -findirect-dispatch execution - source compiled test
FAIL: Divide_2 -O3 execution - source compiled test
FAIL: Divide_2 -O3 -findirect-dispatch execution - source compiled test
FAIL: Throw_3 -O3 output - source compiled test
FAIL: Throw_3 -O3 -findirect-dispatch output - source compiled test

		=== libjava Summary ===

# of expected passes		2555
# of unexpected failures	11
# of untested testcases		8
		=== libmudflap tests ===


Running target unix
FAIL: libmudflap.c++/pass41-frag.cxx execution test
FAIL: libmudflap.c++/pass41-frag.cxx (-static) execution test
FAIL: libmudflap.c++/pass41-frag.cxx (-O2) execution test
FAIL: libmudflap.c++/pass41-frag.cxx (-O3) execution test
FAIL: libmudflap.cth/pass39-frag.c (rerun 19) execution test
FAIL: libmudflap.cth/pass39-frag.c (rerun 19) output pattern test

		=== libmudflap Summary ===

# of expected passes		1859
# of unexpected failures	6
		=== libstdc++ tests ===


Running target unix
XPASS: 23_containers/unordered_multimap/init-list.cc (test for excess errors)
XPASS: 26_numerics/headers/cmath/c99_classification_macros_c.cc (test for excess errors)
FAIL: ext/pb_ds/regression/list_update_data_map_rand.cc (test for excess errors)

		=== libstdc++ Summary ===

# of expected passes		6005
# of unexpected failures	1
# of unexpected successes	2
# of expected failures		70
# of unsupported tests		10

Compiler version: 4.4.0 20080903 (experimental) [trunk revision 139927] (GCC) 
Platform: ia64-suse-linux-gnu
configure flags: --prefix=/tmp/cvs/gcc-20080903/Build/root --build=ia64-suse-linux --host=ia64-suse-linux --enable-shared --enable-threads --enable-__cxa_atexit --with-system-zlib --with-system-libunwind


Index Nav: [Date Index] [Subject Index] [Author Index] [Thread Index]
Message Nav: [Date Prev] [Date Next] [Thread Prev] [Thread Next]