This is the mail archive of the gcc-testresults@gcc.gnu.org mailing list for the GCC project.


Index Nav: [Date Index] [Subject Index] [Author Index] [Thread Index]
Message Nav: [Date Prev] [Date Next] [Thread Prev] [Thread Next]
Other format: [Raw text]

Results for 4.4.0 20080818 (experimental) (lto merged with rev 139194) testsuite on i686-pc-linux-gnu


LAST_UPDATED: 
Native configuration is i686-pc-linux-gnu

		=== g++ tests ===


Running target unix
FAIL: g++.dg/other/PR23205.C scan-assembler .stabs.*foobar:c=i
FAIL: g++.dg/torture/pr31863.C  -O2 -flto  (internal compiler error)
FAIL: g++.dg/torture/pr31863.C  -O2 -flto  (test for excess errors)
FAIL: g++.dg/torture/pr33572.C  -O2 -flto  (internal compiler error)
FAIL: g++.dg/torture/pr33572.C  -O2 -flto  (test for excess errors)
WARNING: g++.dg/torture/pr33572.C  -O2 -flto  compilation failed to produce executable
FAIL: g++.dg/torture/pr33735.C  -O2 -flto  (test for excess errors)
FAIL: g++.dg/torture/pr34241.C  -O2 -flto  (internal compiler error)
FAIL: g++.dg/torture/pr34241.C  -O2 -flto  (test for excess errors)
FAIL: g++.dg/torture/pr34641.C  -O2 -flto  (internal compiler error)
FAIL: g++.dg/torture/pr34641.C  -O2 -flto  (test for excess errors)
FAIL: g++.dg/torture/pr36745.C  -O2 -flto  (internal compiler error)
FAIL: g++.dg/torture/pr36745.C  -O2 -flto  (test for excess errors)
FAIL: g++.dg/torture/stackalign/eh-alloca-1.C  -O2 -flto  (internal compiler error)
FAIL: g++.dg/torture/stackalign/eh-alloca-1.C  -O2 -flto  (test for excess errors)
WARNING: g++.dg/torture/stackalign/eh-alloca-1.C  -O2 -flto  compilation failed to produce executable
FAIL: g++.dg/torture/stackalign/eh-fastcall-1.C  -O2 -flto  (internal compiler error)
FAIL: g++.dg/torture/stackalign/eh-fastcall-1.C  -O2 -flto  (test for excess errors)
WARNING: g++.dg/torture/stackalign/eh-fastcall-1.C  -O2 -flto  compilation failed to produce executable
FAIL: g++.dg/torture/stackalign/eh-global-1.C  -O2 -flto  (internal compiler error)
FAIL: g++.dg/torture/stackalign/eh-global-1.C  -O2 -flto  (test for excess errors)
WARNING: g++.dg/torture/stackalign/eh-global-1.C  -O2 -flto  compilation failed to produce executable
FAIL: g++.dg/torture/stackalign/eh-inline-1.C  -O2 -flto  (internal compiler error)
FAIL: g++.dg/torture/stackalign/eh-inline-1.C  -O2 -flto  (test for excess errors)
WARNING: g++.dg/torture/stackalign/eh-inline-1.C  -O2 -flto  compilation failed to produce executable
FAIL: g++.dg/torture/stackalign/eh-inline-2.C  -O2 -flto  (internal compiler error)
FAIL: g++.dg/torture/stackalign/eh-inline-2.C  -O2 -flto  (test for excess errors)
WARNING: g++.dg/torture/stackalign/eh-inline-2.C  -O2 -flto  compilation failed to produce executable
FAIL: g++.dg/torture/stackalign/eh-vararg-1.C  -O2 -flto  (internal compiler error)
FAIL: g++.dg/torture/stackalign/eh-vararg-1.C  -O2 -flto  (test for excess errors)
WARNING: g++.dg/torture/stackalign/eh-vararg-1.C  -O2 -flto  compilation failed to produce executable
FAIL: g++.dg/torture/stackalign/eh-vararg-2.C  -O2 -flto  (internal compiler error)
FAIL: g++.dg/torture/stackalign/eh-vararg-2.C  -O2 -flto  (test for excess errors)
WARNING: g++.dg/torture/stackalign/eh-vararg-2.C  -O2 -flto  compilation failed to produce executable
FAIL: g++.dg/torture/stackalign/throw-1.C  -O2 -flto  execution test
FAIL: g++.dg/torture/stackalign/throw-2.C  -O2 -flto  execution test
FAIL: g++.dg/torture/stackalign/throw-3.C  -O2 -flto  execution test
FAIL: g++.dg/torture/stackalign/unwind-0.C  -O2 -flto  execution test
FAIL: g++.dg/torture/stackalign/unwind-1.C  -O2 -flto  execution test
FAIL: g++.dg/torture/stackalign/unwind-2.C  -O2 -flto  execution test
FAIL: g++.dg/torture/stackalign/unwind-3.C  -O2 -flto  execution test
FAIL: g++.dg/torture/stackalign/unwind-4.C  -O2 -flto  execution test
FAIL: g++.dg/torture/stackalign/unwind-5.C  -O2 -flto  execution test
FAIL: g++.dg/torture/stackalign/unwind-6.C  -O2 -flto  execution test
FAIL: g++.dg/torture/stackalign/eh-alloca-1.C  -O2 -flto  (internal compiler error)
FAIL: g++.dg/torture/stackalign/eh-alloca-1.C  -O2 -flto  (test for excess errors)
WARNING: g++.dg/torture/stackalign/eh-alloca-1.C  -O2 -flto  compilation failed to produce executable
FAIL: g++.dg/torture/stackalign/eh-fastcall-1.C  -O2 -flto  (internal compiler error)
FAIL: g++.dg/torture/stackalign/eh-fastcall-1.C  -O2 -flto  (test for excess errors)
WARNING: g++.dg/torture/stackalign/eh-fastcall-1.C  -O2 -flto  compilation failed to produce executable
FAIL: g++.dg/torture/stackalign/eh-global-1.C  -O2 -flto  (internal compiler error)
FAIL: g++.dg/torture/stackalign/eh-global-1.C  -O2 -flto  (test for excess errors)
WARNING: g++.dg/torture/stackalign/eh-global-1.C  -O2 -flto  compilation failed to produce executable
FAIL: g++.dg/torture/stackalign/eh-inline-1.C  -O2 -flto  (internal compiler error)
FAIL: g++.dg/torture/stackalign/eh-inline-1.C  -O2 -flto  (test for excess errors)
WARNING: g++.dg/torture/stackalign/eh-inline-1.C  -O2 -flto  compilation failed to produce executable
FAIL: g++.dg/torture/stackalign/eh-inline-2.C  -O2 -flto  (internal compiler error)
FAIL: g++.dg/torture/stackalign/eh-inline-2.C  -O2 -flto  (test for excess errors)
WARNING: g++.dg/torture/stackalign/eh-inline-2.C  -O2 -flto  compilation failed to produce executable
FAIL: g++.dg/torture/stackalign/eh-vararg-1.C  -O2 -flto  (internal compiler error)
FAIL: g++.dg/torture/stackalign/eh-vararg-1.C  -O2 -flto  (test for excess errors)
WARNING: g++.dg/torture/stackalign/eh-vararg-1.C  -O2 -flto  compilation failed to produce executable
FAIL: g++.dg/torture/stackalign/eh-vararg-2.C  -O2 -flto  (internal compiler error)
FAIL: g++.dg/torture/stackalign/eh-vararg-2.C  -O2 -flto  (test for excess errors)
WARNING: g++.dg/torture/stackalign/eh-vararg-2.C  -O2 -flto  compilation failed to produce executable
FAIL: g++.dg/torture/stackalign/throw-1.C  -O2 -flto  execution test
FAIL: g++.dg/torture/stackalign/throw-2.C  -O2 -flto  execution test
FAIL: g++.dg/torture/stackalign/throw-3.C  -O2 -flto  execution test

		=== g++ Summary ===

# of expected passes		18560
# of unexpected failures	53
# of expected failures		81
# of unsupported tests		91
/usr/local/google/dnovillo/perf/sbox/lto/local.x86_64/bld/gcc/testsuite/g++/../../g++  version 4.4.0 20080818 (experimental) (lto merged with rev 139194) 

		=== gcc tests ===


Running target unix
FAIL: gcc.c-torture/compile/20021204-1.c  -O2 -flto  (internal compiler error)
FAIL: gcc.c-torture/compile/20021204-1.c  -O2 -flto  (test for excess errors)
FAIL: gcc.c-torture/compile/init-1.c  -O2 -flto  (internal compiler error)
FAIL: gcc.c-torture/compile/init-1.c  -O2 -flto  (test for excess errors)
FAIL: gcc.c-torture/compile/limits-fndefn.c  -O2 -flto  (test for excess errors)
FAIL: gcc.c-torture/compile/limits-structnest.c  -O2 -flto  (test for excess errors)
FAIL: gcc.c-torture/execute/builtins/memops-asm.c execution,  -O2 -flto 
FAIL: gcc.c-torture/execute/builtins/strlen-3.c compilation,  -O2 -flto 
UNRESOLVED: gcc.c-torture/execute/builtins/strlen-3.c execution,  -O2 -flto 
FAIL: gcc.c-torture/execute/20000822-1.c compilation,  -O2 -flto  (internal compiler error)
UNRESOLVED: gcc.c-torture/execute/20000822-1.c execution,  -O2 -flto 
FAIL: gcc.c-torture/execute/20020412-1.c execution,  -O2 -flto 
FAIL: gcc.c-torture/execute/20020619-1.c execution,  -O2 -flto 
FAIL: gcc.c-torture/execute/20040308-1.c compilation,  -O2 -flto  (internal compiler error)
UNRESOLVED: gcc.c-torture/execute/20040308-1.c execution,  -O2 -flto 
FAIL: gcc.c-torture/execute/20050929-1.c compilation,  -O2 -flto  (internal compiler error)
UNRESOLVED: gcc.c-torture/execute/20050929-1.c execution,  -O2 -flto 
FAIL: gcc.c-torture/execute/20061220-1.c compilation,  -O2 -flto  (internal compiler error)
UNRESOLVED: gcc.c-torture/execute/20061220-1.c execution,  -O2 -flto 
FAIL: gcc.c-torture/execute/920411-1.c execution,  -O2 -flto 
FAIL: gcc.c-torture/execute/920428-2.c compilation,  -O2 -flto  (internal compiler error)
UNRESOLVED: gcc.c-torture/execute/920428-2.c execution,  -O2 -flto 
FAIL: gcc.c-torture/execute/920501-7.c compilation,  -O2 -flto  (internal compiler error)
UNRESOLVED: gcc.c-torture/execute/920501-7.c execution,  -O2 -flto 
FAIL: gcc.c-torture/execute/920721-4.c compilation,  -O2 -flto 
UNRESOLVED: gcc.c-torture/execute/920721-4.c execution,  -O2 -flto 
FAIL: gcc.c-torture/execute/921215-1.c compilation,  -O2 -flto  (internal compiler error)
UNRESOLVED: gcc.c-torture/execute/921215-1.c execution,  -O2 -flto 
FAIL: gcc.c-torture/execute/990531-1.c execution,  -O2 -flto 
FAIL: gcc.c-torture/execute/cbrt.c execution,  -O2 -flto 
FAIL: gcc.c-torture/execute/comp-goto-2.c compilation,  -O2 -flto  (internal compiler error)
UNRESOLVED: gcc.c-torture/execute/comp-goto-2.c execution,  -O2 -flto 
FAIL: gcc.c-torture/execute/nestfunc-3.c compilation,  -O2 -flto  (internal compiler error)
UNRESOLVED: gcc.c-torture/execute/nestfunc-3.c execution,  -O2 -flto 
FAIL: gcc.c-torture/execute/nestfunc-5.c compilation,  -O2 -flto  (internal compiler error)
UNRESOLVED: gcc.c-torture/execute/nestfunc-5.c execution,  -O2 -flto 
FAIL: gcc.c-torture/execute/nestfunc-6.c compilation,  -O2 -flto  (internal compiler error)
UNRESOLVED: gcc.c-torture/execute/nestfunc-6.c execution,  -O2 -flto 
FAIL: gcc.c-torture/execute/nestfunc-7.c compilation,  -O2 -flto  (internal compiler error)
UNRESOLVED: gcc.c-torture/execute/nestfunc-7.c execution,  -O2 -flto 
FAIL: gcc.c-torture/execute/pr17252.c execution,  -O2 -flto 
FAIL: gcc.c-torture/execute/pr24135.c compilation,  -O2 -flto  (internal compiler error)
UNRESOLVED: gcc.c-torture/execute/pr24135.c execution,  -O2 -flto 
FAIL: gcc.c-torture/execute/ieee/20000320-1.c execution,  -O2 -flto 
FAIL: gcc.c-torture/execute/ieee/mul-subnormal-single-1.c execution,  -O2 -flto 
FAIL: gcc.c-torture/execute/ieee/pr30704.c execution,  -O2 -flto 
FAIL: gcc.dg/debug/dwarf2/dwarf-die3.c scan-assembler-not DW_AT_inline
FAIL: gcc.dg/pr30286.c execution test
FAIL: gcc.dg/visibility-7.c  (test for warnings, line 8)
FAIL: gcc.dg/visibility-7.c (test for excess errors)
FAIL: gcc.dg/matrix/transpose-3.c compilation,  -fprofile-use -fipa-matrix-reorg -fdump-ipa-matrix-reorg -O3 -fwhole-program -combine (internal compiler error)
UNRESOLVED: gcc.dg/matrix/transpose-3.c execution,    -fprofile-use -fipa-matrix-reorg -fdump-ipa-matrix-reorg -O3 -fwhole-program -combine
FAIL: gcc.dg/pch/counter-1.c  -O2 -flto  assembly comparison
FAIL: gcc.dg/pch/counter-3.c  -O2 -flto  assembly comparison
FAIL: gcc.dg/pch/cpp-3.c  -O2 -flto  assembly comparison
FAIL: gcc.dg/pch/decl-1.c  -O2 -flto  assembly comparison
FAIL: gcc.dg/pch/decl-2.c  -O2 -flto  assembly comparison
FAIL: gcc.dg/pch/decl-3.c  -O2 -flto  assembly comparison
FAIL: gcc.dg/pch/decl-4.c  -O2 -flto  assembly comparison
FAIL: gcc.dg/pch/empty.c  -O2 -flto  assembly comparison
FAIL: gcc.dg/pch/except-1.c  -O2 -flto  assembly comparison
FAIL: gcc.dg/pch/import-2.c  -O2 -flto  assembly comparison
FAIL: gcc.dg/pch/inline-1.c  -O2 -flto  assembly comparison
FAIL: gcc.dg/pch/inline-3.c  -O2 -flto  assembly comparison
FAIL: gcc.dg/pch/inline-4.c  -O2 -flto  assembly comparison
FAIL: gcc.dg/pch/macro-1.c  -O2 -flto  assembly comparison
FAIL: gcc.dg/pch/macro-2.c  -O2 -flto  assembly comparison
FAIL: gcc.dg/pch/macro-3.c  -O2 -flto  assembly comparison
FAIL: gcc.dg/pch/macro-4.c  -O2 -flto  assembly comparison
FAIL: gcc.dg/pch/save-temps-1.c  -O2 -flto  assembly comparison
FAIL: gcc.dg/pch/static-2.c  -O2 -flto  assembly comparison
FAIL: gcc.dg/pch/static-3.c  -O2 -flto  assembly comparison
FAIL: gcc.dg/pch/struct-1.c  -O2 -flto  assembly comparison
FAIL: gcc.dg/pch/system-1.c  -O2 -flto  assembly comparison
FAIL: gcc.dg/pch/valid-1.c  -O2 -flto  -I. (test for excess errors)
FAIL: gcc.dg/pch/valid-1b.c -O0 -g -I. (test for excess errors)
FAIL: gcc.dg/pch/valid-1b.c -O0 -g assembly comparison
FAIL: gcc.dg/pch/valid-1b.c  -O0  -I. (test for excess errors)
FAIL: gcc.dg/pch/valid-1b.c  -O0  assembly comparison
FAIL: gcc.dg/pch/valid-1b.c  -O1  -I. (test for excess errors)
FAIL: gcc.dg/pch/valid-1b.c  -O1  assembly comparison
FAIL: ./valid-1b.h  -O2 -flto  (test for excess errors)
FAIL: gcc.dg/pch/valid-1b.c  -O2 -flto  -I. (test for excess errors)
FAIL: gcc.dg/pch/valid-1b.c  -O2 -flto  assembly comparison
FAIL: gcc.dg/pch/valid-1b.c  -O3 -fomit-frame-pointer  -I. (test for excess errors)
FAIL: gcc.dg/pch/valid-1b.c  -O3 -fomit-frame-pointer  assembly comparison
FAIL: gcc.dg/pch/valid-1b.c  -O3 -g  -I. (test for excess errors)
FAIL: gcc.dg/pch/valid-1b.c  -O3 -g  assembly comparison
FAIL: gcc.dg/pch/valid-1b.c  -Os  -I. (test for excess errors)
FAIL: gcc.dg/pch/valid-1b.c  -Os  assembly comparison
FAIL: gcc.dg/torture/complex-alias-1.c  -O2 -flto  (test for excess errors)
FAIL: gcc.dg/torture/stackalign/comp-goto-1.c  -O2 -flto  (internal compiler error)
FAIL: gcc.dg/torture/stackalign/comp-goto-1.c  -O2 -flto  (test for excess errors)
WARNING: gcc.dg/torture/stackalign/comp-goto-1.c  -O2 -flto  compilation failed to produce executable
FAIL: gcc.dg/torture/stackalign/nested-2.c  -O2 -flto  (internal compiler error)
FAIL: gcc.dg/torture/stackalign/nested-2.c  -O2 -flto  (test for excess errors)
WARNING: gcc.dg/torture/stackalign/nested-2.c  -O2 -flto  compilation failed to produce executable
FAIL: gcc.dg/torture/stackalign/nested-3.c  -O2 -flto  (internal compiler error)
FAIL: gcc.dg/torture/stackalign/nested-3.c  -O2 -flto  (test for excess errors)
WARNING: gcc.dg/torture/stackalign/nested-3.c  -O2 -flto  compilation failed to produce executable
FAIL: gcc.dg/torture/stackalign/nested-4.c  -O2 -flto  (internal compiler error)
FAIL: gcc.dg/torture/stackalign/nested-4.c  -O2 -flto  (test for excess errors)
WARNING: gcc.dg/torture/stackalign/nested-4.c  -O2 -flto  compilation failed to produce executable
FAIL: gcc.dg/torture/stackalign/nested-5.c  -O2 -flto  (internal compiler error)
FAIL: gcc.dg/torture/stackalign/nested-5.c  -O2 -flto  (test for excess errors)
WARNING: gcc.dg/torture/stackalign/nested-5.c  -O2 -flto  compilation failed to produce executable
FAIL: gcc.dg/torture/stackalign/nested-6.c  -O2 -flto  (internal compiler error)
FAIL: gcc.dg/torture/stackalign/nested-6.c  -O2 -flto  (test for excess errors)
WARNING: gcc.dg/torture/stackalign/nested-6.c  -O2 -flto  compilation failed to produce executable
FAIL: gcc.dg/torture/stackalign/non-local-goto-1.c  -O2 -flto  (internal compiler error)
FAIL: gcc.dg/torture/stackalign/non-local-goto-1.c  -O2 -flto  (test for excess errors)
WARNING: gcc.dg/torture/stackalign/non-local-goto-1.c  -O2 -flto  compilation failed to produce executable
FAIL: gcc.dg/torture/stackalign/non-local-goto-2.c  -O2 -flto  (internal compiler error)
FAIL: gcc.dg/torture/stackalign/non-local-goto-2.c  -O2 -flto  (test for excess errors)
WARNING: gcc.dg/torture/stackalign/non-local-goto-2.c  -O2 -flto  compilation failed to produce executable
FAIL: gcc.dg/torture/stackalign/non-local-goto-3.c  -O2 -flto  (internal compiler error)
FAIL: gcc.dg/torture/stackalign/non-local-goto-3.c  -O2 -flto  (test for excess errors)
WARNING: gcc.dg/torture/stackalign/non-local-goto-3.c  -O2 -flto  compilation failed to produce executable
FAIL: gcc.dg/torture/stackalign/non-local-goto-4.c  -O2 -flto  (internal compiler error)
FAIL: gcc.dg/torture/stackalign/non-local-goto-4.c  -O2 -flto  (test for excess errors)
WARNING: gcc.dg/torture/stackalign/non-local-goto-4.c  -O2 -flto  compilation failed to produce executable
FAIL: gcc.dg/torture/stackalign/non-local-goto-5.c  -O2 -flto  (internal compiler error)
FAIL: gcc.dg/torture/stackalign/non-local-goto-5.c  -O2 -flto  (test for excess errors)
WARNING: gcc.dg/torture/stackalign/non-local-goto-5.c  -O2 -flto  compilation failed to produce executable
FAIL: gcc.dg/torture/stackalign/regparm-1.c  -O2 -flto  (internal compiler error)
FAIL: gcc.dg/torture/stackalign/regparm-1.c  -O2 -flto  (test for excess errors)
WARNING: gcc.dg/torture/stackalign/regparm-1.c  -O2 -flto  compilation failed to produce executable
FAIL: gcc.dg/torture/stackalign/comp-goto-1.c  -O2 -flto  (internal compiler error)
FAIL: gcc.dg/torture/stackalign/comp-goto-1.c  -O2 -flto  (test for excess errors)
WARNING: gcc.dg/torture/stackalign/comp-goto-1.c  -O2 -flto  compilation failed to produce executable
FAIL: gcc.dg/torture/stackalign/nested-2.c  -O2 -flto  (internal compiler error)
FAIL: gcc.dg/torture/stackalign/nested-2.c  -O2 -flto  (test for excess errors)
WARNING: gcc.dg/torture/stackalign/nested-2.c  -O2 -flto  compilation failed to produce executable
FAIL: gcc.dg/torture/stackalign/nested-3.c  -O2 -flto  (internal compiler error)
FAIL: gcc.dg/torture/stackalign/nested-3.c  -O2 -flto  (test for excess errors)
WARNING: gcc.dg/torture/stackalign/nested-3.c  -O2 -flto  compilation failed to produce executable
FAIL: gcc.dg/torture/stackalign/nested-4.c  -O2 -flto  (internal compiler error)
FAIL: gcc.dg/torture/stackalign/nested-4.c  -O2 -flto  (test for excess errors)
WARNING: gcc.dg/torture/stackalign/nested-4.c  -O2 -flto  compilation failed to produce executable
FAIL: gcc.dg/torture/stackalign/nested-5.c  -O2 -flto  (internal compiler error)
FAIL: gcc.dg/torture/stackalign/nested-5.c  -O2 -flto  (test for excess errors)
WARNING: gcc.dg/torture/stackalign/nested-5.c  -O2 -flto  compilation failed to produce executable
FAIL: gcc.dg/torture/stackalign/nested-6.c  -O2 -flto  (internal compiler error)
FAIL: gcc.dg/torture/stackalign/nested-6.c  -O2 -flto  (test for excess errors)
WARNING: gcc.dg/torture/stackalign/nested-6.c  -O2 -flto  compilation failed to produce executable
FAIL: gcc.dg/torture/stackalign/non-local-goto-1.c  -O2 -flto  (internal compiler error)
FAIL: gcc.dg/torture/stackalign/non-local-goto-1.c  -O2 -flto  (test for excess errors)
WARNING: gcc.dg/torture/stackalign/non-local-goto-1.c  -O2 -flto  compilation failed to produce executable
FAIL: gcc.dg/torture/stackalign/non-local-goto-2.c  -O2 -flto  (internal compiler error)
FAIL: gcc.dg/torture/stackalign/non-local-goto-2.c  -O2 -flto  (test for excess errors)
WARNING: gcc.dg/torture/stackalign/non-local-goto-2.c  -O2 -flto  compilation failed to produce executable
FAIL: gcc.dg/torture/stackalign/non-local-goto-3.c  -O2 -flto  (internal compiler error)
FAIL: gcc.dg/torture/stackalign/non-local-goto-3.c  -O2 -flto  (test for excess errors)
WARNING: gcc.dg/torture/stackalign/non-local-goto-3.c  -O2 -flto  compilation failed to produce executable
FAIL: gcc.dg/torture/stackalign/non-local-goto-4.c  -O2 -flto  (internal compiler error)
FAIL: gcc.dg/torture/stackalign/non-local-goto-4.c  -O2 -flto  (test for excess errors)
WARNING: gcc.dg/torture/stackalign/non-local-goto-4.c  -O2 -flto  compilation failed to produce executable
FAIL: gcc.dg/torture/stackalign/non-local-goto-5.c  -O2 -flto  (internal compiler error)
FAIL: gcc.dg/torture/stackalign/non-local-goto-5.c  -O2 -flto  (test for excess errors)
WARNING: gcc.dg/torture/stackalign/non-local-goto-5.c  -O2 -flto  compilation failed to produce executable
FAIL: gcc.dg/torture/stackalign/regparm-1.c  -O2 -flto  (internal compiler error)
FAIL: gcc.dg/torture/stackalign/regparm-1.c  -O2 -flto  (test for excess errors)
WARNING: gcc.dg/torture/stackalign/regparm-1.c  -O2 -flto  compilation failed to produce executable
FAIL: gcc.dg/torture/stackalign/comp-goto-1.c  -O2 -flto  (internal compiler error)
FAIL: gcc.dg/torture/stackalign/comp-goto-1.c  -O2 -flto  (test for excess errors)
WARNING: gcc.dg/torture/stackalign/comp-goto-1.c  -O2 -flto  compilation failed to produce executable
FAIL: gcc.dg/torture/stackalign/nested-2.c  -O2 -flto  (internal compiler error)
FAIL: gcc.dg/torture/stackalign/nested-2.c  -O2 -flto  (test for excess errors)
WARNING: gcc.dg/torture/stackalign/nested-2.c  -O2 -flto  compilation failed to produce executable
FAIL: gcc.dg/torture/stackalign/nested-3.c  -O2 -flto  (internal compiler error)
FAIL: gcc.dg/torture/stackalign/nested-3.c  -O2 -flto  (test for excess errors)
WARNING: gcc.dg/torture/stackalign/nested-3.c  -O2 -flto  compilation failed to produce executable
FAIL: gcc.dg/torture/stackalign/nested-4.c  -O2 -flto  (internal compiler error)
FAIL: gcc.dg/torture/stackalign/nested-4.c  -O2 -flto  (test for excess errors)
WARNING: gcc.dg/torture/stackalign/nested-4.c  -O2 -flto  compilation failed to produce executable
FAIL: gcc.dg/torture/stackalign/nested-5.c  -O2 -flto  (internal compiler error)
FAIL: gcc.dg/torture/stackalign/nested-5.c  -O2 -flto  (test for excess errors)
WARNING: gcc.dg/torture/stackalign/nested-5.c  -O2 -flto  compilation failed to produce executable
FAIL: gcc.dg/torture/stackalign/nested-6.c  -O2 -flto  (internal compiler error)
FAIL: gcc.dg/torture/stackalign/nested-6.c  -O2 -flto  (test for excess errors)
WARNING: gcc.dg/torture/stackalign/nested-6.c  -O2 -flto  compilation failed to produce executable
FAIL: gcc.dg/torture/stackalign/non-local-goto-1.c  -O2 -flto  (internal compiler error)
FAIL: gcc.dg/torture/stackalign/non-local-goto-1.c  -O2 -flto  (test for excess errors)
WARNING: gcc.dg/torture/stackalign/non-local-goto-1.c  -O2 -flto  compilation failed to produce executable
FAIL: gcc.dg/torture/stackalign/non-local-goto-2.c  -O2 -flto  (internal compiler error)
FAIL: gcc.dg/torture/stackalign/non-local-goto-2.c  -O2 -flto  (test for excess errors)
WARNING: gcc.dg/torture/stackalign/non-local-goto-2.c  -O2 -flto  compilation failed to produce executable
FAIL: gcc.dg/torture/stackalign/non-local-goto-3.c  -O2 -flto  (internal compiler error)
FAIL: gcc.dg/torture/stackalign/non-local-goto-3.c  -O2 -flto  (test for excess errors)
WARNING: gcc.dg/torture/stackalign/non-local-goto-3.c  -O2 -flto  compilation failed to produce executable
FAIL: gcc.dg/torture/stackalign/non-local-goto-4.c  -O2 -flto  (internal compiler error)
FAIL: gcc.dg/torture/stackalign/non-local-goto-4.c  -O2 -flto  (test for excess errors)
WARNING: gcc.dg/torture/stackalign/non-local-goto-4.c  -O2 -flto  compilation failed to produce executable
FAIL: gcc.dg/torture/stackalign/non-local-goto-5.c  -O2 -flto  (internal compiler error)
FAIL: gcc.dg/torture/stackalign/non-local-goto-5.c  -O2 -flto  (test for excess errors)
WARNING: gcc.dg/torture/stackalign/non-local-goto-5.c  -O2 -flto  compilation failed to produce executable
FAIL: gcc.dg/torture/stackalign/regparm-1.c  -O2 -flto  (internal compiler error)
FAIL: gcc.dg/torture/stackalign/regparm-1.c  -O2 -flto  (test for excess errors)
WARNING: gcc.dg/torture/stackalign/regparm-1.c  -O2 -flto  compilation failed to produce executable
FAIL: gcc.dg/torture/stackalign/comp-goto-1.c  -O2 -flto  (internal compiler error)
FAIL: gcc.dg/torture/stackalign/comp-goto-1.c  -O2 -flto  (test for excess errors)
WARNING: gcc.dg/torture/stackalign/comp-goto-1.c  -O2 -flto  compilation failed to produce executable
FAIL: gcc.dg/torture/stackalign/nested-2.c  -O2 -flto  (internal compiler error)
FAIL: gcc.dg/torture/stackalign/nested-2.c  -O2 -flto  (test for excess errors)
WARNING: gcc.dg/torture/stackalign/nested-2.c  -O2 -flto  compilation failed to produce executable
FAIL: gcc.dg/torture/stackalign/nested-3.c  -O2 -flto  (internal compiler error)
FAIL: gcc.dg/torture/stackalign/nested-3.c  -O2 -flto  (test for excess errors)
WARNING: gcc.dg/torture/stackalign/nested-3.c  -O2 -flto  compilation failed to produce executable
FAIL: gcc.dg/torture/stackalign/nested-4.c  -O2 -flto  (internal compiler error)
FAIL: gcc.dg/torture/stackalign/nested-4.c  -O2 -flto  (test for excess errors)
WARNING: gcc.dg/torture/stackalign/nested-4.c  -O2 -flto  compilation failed to produce executable
FAIL: gcc.dg/torture/stackalign/nested-5.c  -O2 -flto  (internal compiler error)
FAIL: gcc.dg/torture/stackalign/nested-5.c  -O2 -flto  (test for excess errors)
WARNING: gcc.dg/torture/stackalign/nested-5.c  -O2 -flto  compilation failed to produce executable
FAIL: gcc.dg/torture/stackalign/nested-6.c  -O2 -flto  (internal compiler error)
FAIL: gcc.dg/torture/stackalign/nested-6.c  -O2 -flto  (test for excess errors)
WARNING: gcc.dg/torture/stackalign/nested-6.c  -O2 -flto  compilation failed to produce executable
FAIL: gcc.dg/torture/stackalign/non-local-goto-1.c  -O2 -flto  (internal compiler error)
FAIL: gcc.dg/torture/stackalign/non-local-goto-1.c  -O2 -flto  (test for excess errors)
WARNING: gcc.dg/torture/stackalign/non-local-goto-1.c  -O2 -flto  compilation failed to produce executable
FAIL: gcc.dg/torture/stackalign/non-local-goto-2.c  -O2 -flto  (internal compiler error)
FAIL: gcc.dg/torture/stackalign/non-local-goto-2.c  -O2 -flto  (test for excess errors)
WARNING: gcc.dg/torture/stackalign/non-local-goto-2.c  -O2 -flto  compilation failed to produce executable
FAIL: gcc.dg/torture/stackalign/non-local-goto-3.c  -O2 -flto  (internal compiler error)
FAIL: gcc.dg/torture/stackalign/non-local-goto-3.c  -O2 -flto  (test for excess errors)
WARNING: gcc.dg/torture/stackalign/non-local-goto-3.c  -O2 -flto  compilation failed to produce executable
FAIL: gcc.dg/torture/stackalign/non-local-goto-4.c  -O2 -flto  (internal compiler error)
FAIL: gcc.dg/torture/stackalign/non-local-goto-4.c  -O2 -flto  (test for excess errors)
WARNING: gcc.dg/torture/stackalign/non-local-goto-4.c  -O2 -flto  compilation failed to produce executable
FAIL: gcc.dg/torture/stackalign/non-local-goto-5.c  -O2 -flto  (internal compiler error)
FAIL: gcc.dg/torture/stackalign/non-local-goto-5.c  -O2 -flto  (test for excess errors)
WARNING: gcc.dg/torture/stackalign/non-local-goto-5.c  -O2 -flto  compilation failed to produce executable
FAIL: gcc.dg/torture/stackalign/regparm-1.c  -O2 -flto  (internal compiler error)
FAIL: gcc.dg/torture/stackalign/regparm-1.c  -O2 -flto  (test for excess errors)
WARNING: gcc.dg/torture/stackalign/regparm-1.c  -O2 -flto  compilation failed to produce executable
XPASS: gcc.dg/tree-ssa/data-dep-1.c scan-tree-dump-times ltrans "4, \\+, 1" 0
XPASS: gcc.dg/tree-ssa/ltrans-3.c scan-tree-dump-times ltrans "transformed loop" 1
XPASS: gcc.dg/tree-ssa/ssa-fre-13.c scan-tree-dump fre "Inserted .* &a"
XPASS: gcc.dg/tree-ssa/ssa-fre-13.c scan-tree-dump fre "Replaced tmp1_.\\(D\\)->data"
XPASS: gcc.dg/tree-ssa/ssa-fre-14.c scan-tree-dump fre "Inserted .* &a"
XPASS: gcc.dg/tree-ssa/ssa-fre-14.c scan-tree-dump fre "Replaced tmp1.data"
XPASS: gcc.dg/tree-ssa/ssa-fre-17.c scan-tree-dump fre "Replaced f.doms\\[0\\].dom with i_"
FAIL: gcc.dg/vect/vect-67.c scan-tree-dump-times vect "vectorized 1 loops" 1
FAIL: gcc.dg/vect/no-scevccp-outer-13.c scan-tree-dump-times vect "OUTER LOOP VECTORIZED." 1
FAIL: gcc.dg/vect/no-scevccp-outer-7.c scan-tree-dump-times vect "OUTER LOOP VECTORIZED." 1

		=== gcc Summary ===

# of expected passes		52945
# of unexpected failures	174
# of unexpected successes	7
# of expected failures		189
# of unresolved testcases	16
# of unsupported tests		430
/usr/local/google/dnovillo/perf/sbox/lto/local.x86_64/bld/gcc/xgcc  version 4.4.0 20080818 (experimental) (lto merged with rev 139194) 

		=== libgomp tests ===


Running target unix
FAIL: libgomp.c++/atomic-1.C  -O2 -flto  (test for excess errors)
FAIL: libgomp.c++/collapse-1.C  -O2 -flto  (test for excess errors)
FAIL: libgomp.c++/collapse-2.C  -O2 -flto  (internal compiler error)
FAIL: libgomp.c++/collapse-2.C  -O2 -flto  (test for excess errors)
WARNING: libgomp.c++/collapse-2.C  -O2 -flto  compilation failed to produce executable
FAIL: libgomp.c++/copyin-1.C  -O2 -flto  (test for excess errors)
FAIL: libgomp.c++/copyin-2.C  -O2 -flto  (test for excess errors)
FAIL: libgomp.c++/ctor-1.C  -O2 -flto  (test for excess errors)
WARNING: libgomp.c++/ctor-1.C  -O2 -flto  compilation failed to produce executable
FAIL: libgomp.c++/ctor-10.C  -O2 -flto  (test for excess errors)
WARNING: libgomp.c++/ctor-10.C  -O2 -flto  compilation failed to produce executable
FAIL: libgomp.c++/ctor-11.C  -O2 -flto  (test for excess errors)
WARNING: libgomp.c++/ctor-11.C  -O2 -flto  compilation failed to produce executable
FAIL: libgomp.c++/ctor-12.C  -O2 -flto  (internal compiler error)
FAIL: libgomp.c++/ctor-12.C  -O2 -flto  (test for excess errors)
WARNING: libgomp.c++/ctor-12.C  -O2 -flto  compilation failed to produce executable
FAIL: libgomp.c++/ctor-2.C  -O2 -flto  (test for excess errors)
WARNING: libgomp.c++/ctor-2.C  -O2 -flto  compilation failed to produce executable
FAIL: libgomp.c++/ctor-3.C  -O2 -flto  (test for excess errors)
WARNING: libgomp.c++/ctor-3.C  -O2 -flto  compilation failed to produce executable
FAIL: libgomp.c++/ctor-4.C  -O2 -flto  (test for excess errors)
WARNING: libgomp.c++/ctor-4.C  -O2 -flto  compilation failed to produce executable
FAIL: libgomp.c++/ctor-5.C  -O2 -flto  (test for excess errors)
WARNING: libgomp.c++/ctor-5.C  -O2 -flto  compilation failed to produce executable
FAIL: libgomp.c++/ctor-6.C  -O2 -flto  (test for excess errors)
WARNING: libgomp.c++/ctor-6.C  -O2 -flto  compilation failed to produce executable
FAIL: libgomp.c++/ctor-7.C  -O2 -flto  (test for excess errors)
WARNING: libgomp.c++/ctor-7.C  -O2 -flto  compilation failed to produce executable
FAIL: libgomp.c++/ctor-8.C  -O2 -flto  (test for excess errors)
WARNING: libgomp.c++/ctor-8.C  -O2 -flto  compilation failed to produce executable
FAIL: libgomp.c++/ctor-9.C  -O2 -flto  (test for excess errors)
WARNING: libgomp.c++/ctor-9.C  -O2 -flto  compilation failed to produce executable
FAIL: libgomp.c++/for-1.C  -O2 -flto  (internal compiler error)
FAIL: libgomp.c++/for-1.C  -O2 -flto  (test for excess errors)
WARNING: libgomp.c++/for-1.C  -O2 -flto  compilation failed to produce executable
FAIL: libgomp.c++/for-2.C  -O2 -flto  (test for excess errors)
FAIL: libgomp.c++/for-3.C  -O2 -flto  (internal compiler error)
FAIL: libgomp.c++/for-3.C  -O2 -flto  (test for excess errors)
WARNING: libgomp.c++/for-3.C  -O2 -flto  compilation failed to produce executable
FAIL: libgomp.c++/for-4.C  -O2 -flto  (test for excess errors)
WARNING: libgomp.c++/for-4.C  -O2 -flto  compilation failed to produce executable
FAIL: libgomp.c++/for-5.C  -O2 -flto  (internal compiler error)
FAIL: libgomp.c++/for-5.C  -O2 -flto  (test for excess errors)
WARNING: libgomp.c++/for-5.C  -O2 -flto  compilation failed to produce executable
FAIL: libgomp.c++/loop-10.C  -O2 -flto  (test for excess errors)
FAIL: libgomp.c++/loop-6.C  -O2 -flto  (test for excess errors)
FAIL: libgomp.c++/loop-7.C  -O2 -flto  (test for excess errors)
FAIL: libgomp.c++/loop-9.C  -O2 -flto  (test for excess errors)
FAIL: libgomp.c++/master-1.C  -O2 -flto  (test for excess errors)
FAIL: libgomp.c++/nested-1.C  -O2 -flto  (test for excess errors)
FAIL: libgomp.c++/pr24455.C  -O2 -flto  (test for excess errors)
FAIL: libgomp.c++/pr26943.C  -O2 -flto  (test for excess errors)
FAIL: libgomp.c++/pr27337.C  -O2 -flto  (test for excess errors)
FAIL: libgomp.c++/pr30703.C  -O2 -flto  (internal compiler error)
FAIL: libgomp.c++/pr30703.C  -O2 -flto  (test for excess errors)
WARNING: libgomp.c++/pr30703.C  -O2 -flto  compilation failed to produce executable
FAIL: libgomp.c++/pr34513.C  -O2 -flto  (test for excess errors)
WARNING: libgomp.c++/pr34513.C  -O2 -flto  compilation failed to produce executable
FAIL: libgomp.c++/pr35185.C  -O2 -flto  (internal compiler error)
FAIL: libgomp.c++/pr35185.C  -O2 -flto  (test for excess errors)
WARNING: libgomp.c++/pr35185.C  -O2 -flto  compilation failed to produce executable
FAIL: libgomp.c++/task-2.C  -O2 -flto  (test for excess errors)
FAIL: libgomp.c++/task-3.C  -O2 -flto  (test for excess errors)
FAIL: libgomp.c++/task-5.C  -O2 -flto  (test for excess errors)
FAIL: libgomp.c++/task-7.C  -O2 -flto  (test for excess errors)

		=== libgomp Summary ===

# of expected passes		832
# of unexpected failures	45
		=== libmudflap tests ===


Running target unix
FAIL: libmudflap.c++/pass41-frag.cxx execution test
FAIL: libmudflap.c++/pass41-frag.cxx (-static) execution test
FAIL: libmudflap.c++/pass41-frag.cxx (-O2) execution test
FAIL: libmudflap.c++/pass41-frag.cxx (-O3) execution test
FAIL: libmudflap.cth/pass37-frag.c (-static -DSTATIC) execution test
FAIL: libmudflap.cth/pass37-frag.c (-static -DSTATIC) output pattern test
FAIL: libmudflap.cth/pass37-frag.c (-static -DSTATIC) (rerun 1) execution test
FAIL: libmudflap.cth/pass37-frag.c (-static -DSTATIC) (rerun 1) output pattern test
FAIL: libmudflap.cth/pass37-frag.c (-static -DSTATIC) (rerun 2) execution test
FAIL: libmudflap.cth/pass37-frag.c (-static -DSTATIC) (rerun 2) output pattern test
FAIL: libmudflap.cth/pass37-frag.c (-static -DSTATIC) (rerun 3) execution test
FAIL: libmudflap.cth/pass37-frag.c (-static -DSTATIC) (rerun 3) output pattern test
FAIL: libmudflap.cth/pass37-frag.c (-static -DSTATIC) (rerun 4) execution test
FAIL: libmudflap.cth/pass37-frag.c (-static -DSTATIC) (rerun 4) output pattern test
FAIL: libmudflap.cth/pass37-frag.c (-static -DSTATIC) (rerun 5) execution test
FAIL: libmudflap.cth/pass37-frag.c (-static -DSTATIC) (rerun 5) output pattern test
FAIL: libmudflap.cth/pass37-frag.c (-static -DSTATIC) (rerun 6) execution test
FAIL: libmudflap.cth/pass37-frag.c (-static -DSTATIC) (rerun 6) output pattern test
FAIL: libmudflap.cth/pass37-frag.c (-static -DSTATIC) (rerun 7) execution test
FAIL: libmudflap.cth/pass37-frag.c (-static -DSTATIC) (rerun 7) output pattern test
FAIL: libmudflap.cth/pass37-frag.c (-static -DSTATIC) (rerun 8) execution test
FAIL: libmudflap.cth/pass37-frag.c (-static -DSTATIC) (rerun 8) output pattern test
FAIL: libmudflap.cth/pass37-frag.c (-static -DSTATIC) (rerun 9) execution test
FAIL: libmudflap.cth/pass37-frag.c (-static -DSTATIC) (rerun 9) output pattern test
FAIL: libmudflap.cth/pass37-frag.c (-static -DSTATIC) (rerun 10) execution test
FAIL: libmudflap.cth/pass37-frag.c (-static -DSTATIC) (rerun 10) output pattern test
FAIL: libmudflap.cth/pass37-frag.c (-static -DSTATIC) (rerun 11) execution test
FAIL: libmudflap.cth/pass37-frag.c (-static -DSTATIC) (rerun 11) output pattern test
FAIL: libmudflap.cth/pass37-frag.c (-static -DSTATIC) (rerun 12) execution test
FAIL: libmudflap.cth/pass37-frag.c (-static -DSTATIC) (rerun 12) output pattern test
FAIL: libmudflap.cth/pass37-frag.c (-static -DSTATIC) (rerun 13) execution test
FAIL: libmudflap.cth/pass37-frag.c (-static -DSTATIC) (rerun 13) output pattern test
FAIL: libmudflap.cth/pass37-frag.c (-static -DSTATIC) (rerun 14) execution test
FAIL: libmudflap.cth/pass37-frag.c (-static -DSTATIC) (rerun 14) output pattern test
FAIL: libmudflap.cth/pass37-frag.c (-static -DSTATIC) (rerun 15) execution test
FAIL: libmudflap.cth/pass37-frag.c (-static -DSTATIC) (rerun 15) output pattern test
FAIL: libmudflap.cth/pass37-frag.c (-static -DSTATIC) (rerun 16) execution test
FAIL: libmudflap.cth/pass37-frag.c (-static -DSTATIC) (rerun 16) output pattern test
FAIL: libmudflap.cth/pass37-frag.c (-static -DSTATIC) (rerun 17) execution test
FAIL: libmudflap.cth/pass37-frag.c (-static -DSTATIC) (rerun 17) output pattern test
FAIL: libmudflap.cth/pass37-frag.c (-static -DSTATIC) (rerun 18) execution test
FAIL: libmudflap.cth/pass37-frag.c (-static -DSTATIC) (rerun 18) output pattern test
FAIL: libmudflap.cth/pass37-frag.c (-static -DSTATIC) (rerun 19) execution test
FAIL: libmudflap.cth/pass37-frag.c (-static -DSTATIC) (rerun 19) output pattern test
FAIL: libmudflap.cth/pass39-frag.c (-static -DSTATIC) execution test
FAIL: libmudflap.cth/pass39-frag.c (-static -DSTATIC) output pattern test
FAIL: libmudflap.cth/pass39-frag.c (-static -DSTATIC) (rerun 1) execution test
FAIL: libmudflap.cth/pass39-frag.c (-static -DSTATIC) (rerun 1) output pattern test
FAIL: libmudflap.cth/pass39-frag.c (-static -DSTATIC) (rerun 2) execution test
FAIL: libmudflap.cth/pass39-frag.c (-static -DSTATIC) (rerun 2) output pattern test
FAIL: libmudflap.cth/pass39-frag.c (-static -DSTATIC) (rerun 3) execution test
FAIL: libmudflap.cth/pass39-frag.c (-static -DSTATIC) (rerun 3) output pattern test
FAIL: libmudflap.cth/pass39-frag.c (-static -DSTATIC) (rerun 4) execution test
FAIL: libmudflap.cth/pass39-frag.c (-static -DSTATIC) (rerun 4) output pattern test
FAIL: libmudflap.cth/pass39-frag.c (-static -DSTATIC) (rerun 5) execution test
FAIL: libmudflap.cth/pass39-frag.c (-static -DSTATIC) (rerun 5) output pattern test
FAIL: libmudflap.cth/pass39-frag.c (-static -DSTATIC) (rerun 6) execution test
FAIL: libmudflap.cth/pass39-frag.c (-static -DSTATIC) (rerun 6) output pattern test
FAIL: libmudflap.cth/pass39-frag.c (-static -DSTATIC) (rerun 7) execution test
FAIL: libmudflap.cth/pass39-frag.c (-static -DSTATIC) (rerun 7) output pattern test
FAIL: libmudflap.cth/pass39-frag.c (-static -DSTATIC) (rerun 8) execution test
FAIL: libmudflap.cth/pass39-frag.c (-static -DSTATIC) (rerun 8) output pattern test
FAIL: libmudflap.cth/pass39-frag.c (-static -DSTATIC) (rerun 9) execution test
FAIL: libmudflap.cth/pass39-frag.c (-static -DSTATIC) (rerun 9) output pattern test
FAIL: libmudflap.cth/pass39-frag.c (-static -DSTATIC) (rerun 10) execution test
FAIL: libmudflap.cth/pass39-frag.c (-static -DSTATIC) (rerun 10) output pattern test
FAIL: libmudflap.cth/pass39-frag.c (-static -DSTATIC) (rerun 11) execution test
FAIL: libmudflap.cth/pass39-frag.c (-static -DSTATIC) (rerun 11) output pattern test
FAIL: libmudflap.cth/pass39-frag.c (-static -DSTATIC) (rerun 12) execution test
FAIL: libmudflap.cth/pass39-frag.c (-static -DSTATIC) (rerun 12) output pattern test
FAIL: libmudflap.cth/pass39-frag.c (-static -DSTATIC) (rerun 13) execution test
FAIL: libmudflap.cth/pass39-frag.c (-static -DSTATIC) (rerun 13) output pattern test
FAIL: libmudflap.cth/pass39-frag.c (-static -DSTATIC) (rerun 14) execution test
FAIL: libmudflap.cth/pass39-frag.c (-static -DSTATIC) (rerun 14) output pattern test
FAIL: libmudflap.cth/pass39-frag.c (-static -DSTATIC) (rerun 15) execution test
FAIL: libmudflap.cth/pass39-frag.c (-static -DSTATIC) (rerun 15) output pattern test
FAIL: libmudflap.cth/pass39-frag.c (-static -DSTATIC) (rerun 16) execution test
FAIL: libmudflap.cth/pass39-frag.c (-static -DSTATIC) (rerun 16) output pattern test
FAIL: libmudflap.cth/pass39-frag.c (-static -DSTATIC) (rerun 17) execution test
FAIL: libmudflap.cth/pass39-frag.c (-static -DSTATIC) (rerun 17) output pattern test
FAIL: libmudflap.cth/pass39-frag.c (-static -DSTATIC) (rerun 18) execution test
FAIL: libmudflap.cth/pass39-frag.c (-static -DSTATIC) (rerun 18) output pattern test
FAIL: libmudflap.cth/pass39-frag.c (-static -DSTATIC) (rerun 19) execution test
FAIL: libmudflap.cth/pass39-frag.c (-static -DSTATIC) (rerun 19) output pattern test
FAIL: libmudflap.cth/pass40-frag.c (-static -DSTATIC) execution test
FAIL: libmudflap.cth/pass40-frag.c (-static -DSTATIC) output pattern test
FAIL: libmudflap.cth/pass59-frag.c (-static -DSTATIC) execution test
FAIL: libmudflap.cth/pass59-frag.c (-static -DSTATIC) output pattern test

		=== libmudflap Summary ===

# of expected passes		1777
# of unexpected failures	88
		=== libstdc++ tests ===


Running target unix
FAIL: abi_check
XPASS: 23_containers/unordered_multimap/init-list.cc (test for excess errors)
XPASS: 26_numerics/headers/cmath/c99_classification_macros_c.cc (test for excess errors)

		=== libstdc++ Summary ===

# of expected passes		5351
# of unexpected failures	1
# of unexpected successes	2
# of expected failures		70
# of unsupported tests		326

Compiler version: 4.4.0 20080818 (experimental) (lto merged with rev 139194) 
Platform: i686-pc-linux-gnu
configure flags: --prefix=/home/dnovillo/perf/sbox/lto/local.x86_64/inst --srcdir=/home/dnovillo/perf/sbox/lto/local.x86_64/src --with-gmp=/home/dnovillo/i686 --with-mpfr=/home/dnovillo/i686 --build=i686-pc-linux-gnu --enable-languages=lto,c++


Index Nav: [Date Index] [Subject Index] [Author Index] [Thread Index]
Message Nav: [Date Prev] [Date Next] [Thread Prev] [Thread Next]