This is the mail archive of the
gcc-testresults@gcc.gnu.org
mailing list for the GCC project.
Results for 4.3.2 (GCC) testsuite on i386-pc-solaris2.8
- From: Dennis Clarke <dclarke at blastwave dot org>
- To: gcc-testresults at gcc dot gnu dot org
- Date: Tue, 02 Sep 2008 21:40:56 -0400 (EDT)
- Subject: Results for 4.3.2 (GCC) testsuite on i386-pc-solaris2.8
- Reply-to: dclarke at blastwave dot org
OS: Solaris 8 x86 thus :
bash-3.2$ uname -a
SunOS titan 5.8 Generic_117351-56 i86pc i386 i86pc
bash-3.2$ cat /etc/release
Solaris 8 2/02 s28x_u7wos_08a INTEL
Copyright 2002 Sun Microsystems, Inc. All Rights Reserved.
Assembled 18 December 2001
System: Hewlett Packard Kayak XU Tower
bash-3.2$ psrinfo -v
Status of virtual processor 0 as of: 09/03/08 01:31:40
on-line since 08/30/08 20:24:04.
The i386 processor operates at 400 MHz,
and has an i387 compatible floating point processor.
Status of virtual processor 1 as of: 09/03/08 01:31:40
on-line since 08/30/08 20:24:08.
The i386 processor operates at 400 MHz,
and has an i387 compatible floating point processor.
gcc 4.3.2 used for bootstrapping ( yes really )
various open source tools thus :
autoconf-2.62
bash-3.2$ pkginfo -l CSWautoconf
PKGINST: CSWautoconf
NAME: autoconf - an extensible package of M4 macros
CATEGORY: application
ARCH: i386
VERSION: 2.62,REV=2008.08.31
BASEDIR: /opt/csw
VENDOR: http://www.gnu.org/software/autoconf/ packaged for CSW by
Dennis Clarke
DESC: CSWautoconf - an extensible package of M4 macros
PSTAMP: titan20080831031415
INSTDATE: Aug 31 2008 22:15
HOTLINE: http://www.blastwave.org/bugtrack/
EMAIL: dclarke@blastwave.org
STATUS: completely installed
FILES: 68 installed pathnames
6 shared pathnames
11 directories
7 executables
5180 blocks used (approx)
automake-1.10.1
bash-3.2$ pkginfo -l CSWautomake
PKGINST: CSWautomake
NAME: automake - GNU Makefile generator inspired by the 4.4BSD make
and include files
CATEGORY: application
ARCH: i386
VERSION: 1.10.1,REV=2008.09.01
BASEDIR: /opt/csw
VENDOR: http://www.gnu.org/software/automake/ packaged for CSW by
Dennis Clarke
DESC: CSWautomake - GNU Makefile generator inspired by the 4.4BSD
make and include files
PSTAMP: titan20080901031415
INSTDATE: Sep 01 2008 14:00
HOTLINE: http://www.blastwave.org/bugtrack/
EMAIL: dclarke@blastwave.org
STATUS: completely installed
FILES: 546 installed pathnames
4 shared pathnames
4 linked files
25 directories
75 executables
11137 blocks used (approx)
binutils-2.18 ( package is still in testing at Blastwave.org )
bison-2.3 ( package is still in testing at Blastwave.org )
dejagnu-1.4.4 ( package is still in testing at Blastwave.org )
expect-5.43 ( package is still in testing at Blastwave.org )
m4-1.4.11
bash-3.2$ pkginfo -l CSWgm4
PKGINST: CSWgm4
NAME: gm4 - The GNU m4 implementation of the traditional Unix macro
processor
CATEGORY: application
ARCH: i386
VERSION: 1.4.11,REV=2008.09.01
BASEDIR: /opt/csw
VENDOR: http://www.gnu.org/software/m4/ packaged for CSW by Dennis
Clarke
DESC: CSWgm4 - The GNU m4 implementation of the traditional Unix
macro processor
PSTAMP: titan20080901031415
INSTDATE: Sep 01 2008 01:05
HOTLINE: http://www.blastwave.org/bugtrack/
EMAIL: dclarke@blastwave.org
STATUS: completely installed
FILES: 11 installed pathnames
6 shared pathnames
5 directories
1 executables
1092 blocks used (approx)
tcl8.5.3 ( package is still in testing at Blastwave.org )
tk8.5.3 ( package is still in testing at Blastwave.org )
GMP version 4.2.2 and MPFR version 2.3.1 thus :
bash-3.2$ pkginfo -l CSWlibgmp CSWlibmpfr
PKGINST: CSWlibgmp
NAME: libgmp - GNU Multiple Precision Arithmetic Library
CATEGORY: system
ARCH: i386
VERSION: 4.2.2,REV=2007.12.08
VENDOR: http://www.swox.com/gmp/ packaged for CSW by Alex Moore
PSTAMP: thor20071208155648
INSTDATE: Aug 30 2008 17:37
HOTLINE: http://www.blastwave.org/bugtrack/
EMAIL: asmoore@blastwave.org
STATUS: completely installed
FILES: 28 installed pathnames
1 shared pathnames
3 directories
6 executables
13435 blocks used (approx)
PKGINST: CSWlibmpfr
NAME: libmpfr - GNU Multiple Precision floating-point arithmetic
library
CATEGORY: system
ARCH: i386
VERSION: 2.3.1,REV=2008.01.29
VENDOR: http://www.mpfr.org/ packaged for CSW by Alex Moore
PSTAMP: thor20080130070504
INSTDATE: Aug 30 2008 17:38
HOTLINE: http://www.blastwave.org/bugtrack/
EMAIL: asmoore@blastwave.org
STATUS: completely installed
FILES: 25 installed pathnames
1 shared pathnames
2 directories
6 executables
12114 blocks used (approx)
test_summary : Obtained from SVN: tags/gcc_4_3_2_release revision 139673
Native configuration is i386-pc-solaris2.8
=== g++ tests ===
Running target unix
FAIL: g++.dg/other/anon5.C (test for errors, line 19)
FAIL: g++.dg/other/anon5.C (test for excess errors)
XPASS: g++.dg/other/ucnid-1.C (test for excess errors)
FAIL: g++.dg/warn/miss-format-1.C printf attribute warning (test for
warnings, line 15)
FAIL: g++.dg/warn/miss-format-1.C printf attribute warning 2 (test for
warnings, line 40)
FAIL: g++.dg/torture/pr34099.C -O0 execution test
FAIL: g++.dg/torture/pr34099.C -O1 execution test
FAIL: g++.old-deja/g++.brendan/complex1.C execution test
XPASS: g++.old-deja/g++.oliva/dwarf2.C (test for excess errors)
XPASS: g++.old-deja/g++.oliva/dwarf3.C (test for excess errors)
FAIL: g++.old-deja/g++.other/headers1.C (test for excess errors)
WARNING: g++.old-deja/g++.other/headers1.C compilation failed to produce
executable
XPASS: g++.old-deja/g++.other/init19.C execution test
=== g++ Summary ===
# of expected passes 17437
# of unexpected failures 8
# of unexpected successes 4
# of expected failures 84
# of unsupported tests 171
/export/nfs/gcc_432/gnu/gcc-4.3.2-build/gcc/testsuite/g++/../../g++
version 4.3.2 (GCC)
=== gcc tests ===
Running target unix
FAIL: gcc.c-torture/execute/990127-2.c execution, -O2
FAIL: gcc.c-torture/execute/990127-2.c execution, -Os
FAIL: gcc.dg/dfp/fe-binop.c (test for excess errors)
FAIL: gcc.dg/dfp/fe-convert-1.c (test for excess errors)
FAIL: gcc.dg/dfp/fe-convert-2.c (test for excess errors)
FAIL: gcc.dg/dfp/fe-convert-3.c (test for excess errors)
FAIL: gcc.dg/builtins-8.c execution test
FAIL: gcc.dg/pragma-align-2.c (test for errors, line 22)
FAIL: gcc.dg/pragma-align-2.c (test for errors, line 23)
FAIL: gcc.dg/pragma-align-2.c (test for errors, line 24)
FAIL: gcc.dg/pragma-align-2.c (test for errors, line 25)
FAIL: gcc.dg/pragma-align-2.c (test for errors, line 26)
FAIL: gcc.dg/pragma-align-2.c (test for errors, line 30)
FAIL: gcc.dg/pragma-align-2.c (test for excess errors)
FAIL: gcc.dg/pragma-init-fini.c (test for errors, line 7)
FAIL: gcc.dg/pragma-init-fini.c (test for errors, line 8)
FAIL: gcc.dg/pragma-init-fini.c (test for errors, line 9)
FAIL: gcc.dg/pragma-init-fini.c (test for errors, line 11)
FAIL: gcc.dg/pragma-init-fini.c (test for errors, line 12)
FAIL: gcc.dg/pragma-init-fini.c (test for errors, line 13)
FAIL: gcc.dg/pragma-init-fini.c (test for excess errors)
FAIL: gcc.dg/pthread-init-1.c (test for excess errors)
FAIL: gcc.dg/pthread-init-2.c (test for excess errors)
XPASS: gcc.dg/ucnid-2.c (test for excess errors)
XPASS: gcc.dg/ucnid-3.c (test for excess errors)
XPASS: gcc.dg/ucnid-4.c (test for excess errors)
FAIL: gcc.dg/format/cmn-err-1.c (test for errors, line 31)
FAIL: gcc.dg/format/cmn-err-1.c (test for errors, line 32)
FAIL: gcc.dg/format/cmn-err-1.c (test for errors, line 33)
FAIL: gcc.dg/format/cmn-err-1.c (test for errors, line 34)
FAIL: gcc.dg/format/cmn-err-1.c (test for errors, line 35)
FAIL: gcc.dg/format/cmn-err-1.c (test for errors, line 36)
FAIL: gcc.dg/format/cmn-err-1.c (test for excess errors)
FAIL: gcc.dg/format/cmn-err-1.c -DWIDE (test for errors, line 31)
FAIL: gcc.dg/format/cmn-err-1.c -DWIDE (test for errors, line 32)
FAIL: gcc.dg/format/cmn-err-1.c -DWIDE (test for errors, line 33)
FAIL: gcc.dg/format/cmn-err-1.c -DWIDE (test for errors, line 34)
FAIL: gcc.dg/format/cmn-err-1.c -DWIDE (test for errors, line 35)
FAIL: gcc.dg/format/cmn-err-1.c -DWIDE (test for errors, line 36)
FAIL: gcc.dg/format/cmn-err-1.c -DWIDE (test for excess errors)
FAIL: largefile.c -O0 -g (test for excess errors)
FAIL: gcc.dg/pch/largefile.c -O0 -g assembly comparison
FAIL: largefile.c -O0 (test for excess errors)
FAIL: gcc.dg/pch/largefile.c -O0 assembly comparison
FAIL: largefile.c -O1 (test for excess errors)
FAIL: gcc.dg/pch/largefile.c -O1 assembly comparison
FAIL: largefile.c -O2 (test for excess errors)
FAIL: gcc.dg/pch/largefile.c -O2 assembly comparison
FAIL: largefile.c -O3 -fomit-frame-pointer (test for excess errors)
FAIL: gcc.dg/pch/largefile.c -O3 -fomit-frame-pointer assembly comparison
FAIL: largefile.c -O3 -g (test for excess errors)
FAIL: gcc.dg/pch/largefile.c -O3 -g assembly comparison
FAIL: largefile.c -Os (test for excess errors)
FAIL: gcc.dg/pch/largefile.c -Os assembly comparison
FAIL: gcc.dg/torture/complex-alias-1.c -O0 execution test
FAIL: gcc.dg/torture/complex-alias-1.c -O1 execution test
XPASS: gcc.dg/tree-ssa/20040204-1.c scan-tree-dump-times optimized
"link_error" 0
FAIL: gcc.dg/tree-ssa/ltrans-1.c scan-tree-dump-times ltrans "converted
loop nest to perfect loop nest" 1
FAIL: gcc.dg/tree-ssa/ltrans-1.c scan-tree-dump-times ltrans "transformed
loop" 1
FAIL: gcc.dg/tree-ssa/ltrans-4.c scan-tree-dump-times ltrans "transformed
loop" 1
FAIL: gcc.dg/tree-ssa/ltrans-5.c scan-tree-dump-times ltrans "transformed
loop" 1
FAIL: gcc.dg/tree-ssa/ltrans-6.c scan-tree-dump-times ltrans "transformed
loop" 1
FAIL: gcc.dg/tree-ssa/ltrans-8.c scan-tree-dump-times ltrans "transformed
loop" 1
FAIL: gcc.target/i386/abi-1.c scan-assembler xmm0
FAIL: gcc.target/i386/asm-2.c (internal compiler error)
FAIL: gcc.target/i386/asm-2.c (test for excess errors)
FAIL: gcc.target/i386/pr32065-2.c (test for excess errors)
WARNING: gcc.target/i386/pr32065-2.c compilation failed to produce executable
FAIL: gcc.target/i386/reload-1.c (test for excess errors)
ERROR: gcc.target/i386/reload-1.c: error executing dg-final: no files
matched glob pattern "reload-1.c.[0-9][0-9][0-9]r.csa"
UNRESOLVED: gcc.target/i386/reload-1.c: error executing dg-final: no files
matched glob pattern "reload-1.c.[0-9][0-9][0-9]r.csa"
FAIL: gcc.target/i386/sse-13.c (test for excess errors)
FAIL: gcc.target/i386/sse-14.c (test for excess errors)
FAIL: gcc.target/i386/sse-17.c execution test
=== gcc Summary ===
# of expected passes 48677
# of unexpected failures 67
# of unexpected successes 4
# of expected failures 168
# of unresolved testcases 1
# of untested testcases 35
# of unsupported tests 341
/export/nfs/gcc_432/gnu/gcc-4.3.2-build/gcc/xgcc version 4.3.2 (GCC)
=== gfortran tests ===
Running target unix
FAIL: gfortran.dg/c_by_val_1.f -O0 execution test
FAIL: gfortran.dg/c_by_val_1.f -O1 execution test
FAIL: gfortran.dg/c_by_val_1.f -O2 execution test
FAIL: gfortran.dg/c_by_val_1.f -O3 -fomit-frame-pointer execution test
FAIL: gfortran.dg/c_by_val_1.f -O3 -fomit-frame-pointer -funroll-loops
execution test
FAIL: gfortran.dg/c_by_val_1.f -O3 -fomit-frame-pointer
-funroll-all-loops -finline-functions execution test
FAIL: gfortran.dg/c_by_val_1.f -O3 -g execution test
FAIL: gfortran.dg/c_by_val_1.f -Os execution test
FAIL: gfortran.dg/f2c_2.f90 -O0 execution test
FAIL: gfortran.dg/f2c_2.f90 -O1 execution test
FAIL: gfortran.dg/f2c_2.f90 -O2 execution test
FAIL: gfortran.dg/f2c_2.f90 -O3 -fomit-frame-pointer execution test
FAIL: gfortran.dg/f2c_2.f90 -O3 -fomit-frame-pointer -funroll-loops
execution test
FAIL: gfortran.dg/f2c_2.f90 -O3 -fomit-frame-pointer -funroll-all-loops
-finline-functions execution test
FAIL: gfortran.dg/f2c_2.f90 -O3 -g execution test
FAIL: gfortran.dg/f2c_2.f90 -Os execution test
FAIL: gfortran.dg/ltrans-7.f90 -O scan-tree-dump-times ltrans
"transformed loop" 1
FAIL: gfortran.dg/specifics_1.f90 -O0 execution test
FAIL: gfortran.dg/specifics_1.f90 -O1 execution test
FAIL: gfortran.dg/specifics_1.f90 -O2 execution test
FAIL: gfortran.dg/specifics_1.f90 -O3 -fomit-frame-pointer execution test
FAIL: gfortran.dg/specifics_1.f90 -O3 -fomit-frame-pointer -funroll-loops
execution test
FAIL: gfortran.dg/specifics_1.f90 -O3 -fomit-frame-pointer
-funroll-all-loops -finline-functions execution test
FAIL: gfortran.dg/specifics_1.f90 -O3 -g execution test
FAIL: gfortran.dg/specifics_1.f90 -Os execution test
FAIL: gfortran.dg/value_4.f90 -O0 execution test
FAIL: gfortran.dg/value_4.f90 -O1 execution test
FAIL: gfortran.dg/value_4.f90 -O2 execution test
FAIL: gfortran.dg/value_4.f90 -O3 -fomit-frame-pointer execution test
FAIL: gfortran.dg/value_4.f90 -O3 -fomit-frame-pointer -funroll-loops
execution test
FAIL: gfortran.dg/value_4.f90 -O3 -fomit-frame-pointer -funroll-all-loops
-finline-functions execution test
FAIL: gfortran.dg/value_4.f90 -O3 -g execution test
FAIL: gfortran.dg/value_4.f90 -Os execution test
FAIL: gfortran.fortran-torture/execute/specifics.f90 execution, -O0
FAIL: gfortran.fortran-torture/execute/specifics.f90 execution, -O1
FAIL: gfortran.fortran-torture/execute/specifics.f90 execution, -O2
FAIL: gfortran.fortran-torture/execute/specifics.f90 execution, -O3
-fomit-frame-pointer
FAIL: gfortran.fortran-torture/execute/specifics.f90 execution, -O3
-fomit-frame-pointer -funroll-loops
FAIL: gfortran.fortran-torture/execute/specifics.f90 execution, -O3
-fomit-frame-pointer -funroll-all-loops -finline-functions
FAIL: gfortran.fortran-torture/execute/specifics.f90 execution, -O3 -g
FAIL: gfortran.fortran-torture/execute/specifics.f90 execution, -Os
=== gfortran Summary ===
# of expected passes 23935
# of unexpected failures 41
# of expected failures 3
# of unsupported tests 136
/export/nfs/gcc_432/gnu/gcc-4.3.2-build/gcc/testsuite/gfortran/../../gfortran
version 4.3.2 (GCC)
=== objc tests ===
Running target unix
=== objc Summary ===
# of expected passes 1812
# of expected failures 7
# of unsupported tests 24
/export/nfs/gcc_432/gnu/gcc-4.3.2-build/gcc/xgcc version 4.3.2 (GCC)
=== libgomp tests ===
Running target unix
FAIL: libgomp.fortran/crayptr2.f90 -O0 execution test
FAIL: libgomp.fortran/crayptr2.f90 -O1 execution test
FAIL: libgomp.fortran/crayptr2.f90 -O2 execution test
FAIL: libgomp.fortran/crayptr2.f90 -O3 -fomit-frame-pointer execution test
FAIL: libgomp.fortran/crayptr2.f90 -O3 -fomit-frame-pointer
-funroll-loops execution test
FAIL: libgomp.fortran/crayptr2.f90 -O3 -fomit-frame-pointer
-funroll-all-loops -finline-functions execution test
FAIL: libgomp.fortran/crayptr2.f90 -O3 -g execution test
FAIL: libgomp.fortran/crayptr2.f90 -Os execution test
FAIL: libgomp.fortran/pr32550.f90 -O0 execution test
FAIL: libgomp.fortran/pr32550.f90 -O1 execution test
FAIL: libgomp.fortran/pr32550.f90 -O2 execution test
FAIL: libgomp.fortran/pr32550.f90 -O3 -fomit-frame-pointer execution test
FAIL: libgomp.fortran/pr32550.f90 -O3 -fomit-frame-pointer -funroll-loops
execution test
FAIL: libgomp.fortran/pr32550.f90 -O3 -fomit-frame-pointer
-funroll-all-loops -finline-functions execution test
FAIL: libgomp.fortran/pr32550.f90 -O3 -g execution test
FAIL: libgomp.fortran/pr32550.f90 -Os execution test
=== libgomp Summary ===
# of expected passes 1529
# of unexpected failures 16
# of unsupported tests 109
=== libstdc++ tests ===
Running target unix
FAIL: 26_numerics/complex/13450.cc execution test
FAIL: 27_io/basic_istream/extractors_arithmetic/char/12.cc execution test
FAIL: 27_io/basic_istream/extractors_arithmetic/wchar_t/12.cc execution test
=== libstdc++ Summary ===
# of expected passes 4860
# of unexpected failures 3
# of expected failures 59
# of unsupported tests 369
Compiler version: 4.3.2 (GCC)
Platform: i386-pc-solaris2.8
configure flags: --prefix=/opt/csw/gcc4 --with-local-prefix=/opt/csw
--with-gnu-as --with-as=/export/home/dclarke/local/bin/as --without-gnu-ld
--with-ld=/usr/ccs/bin/ld --with-cpu=i386 --enable-threads=posix
--enable-nls --enable-shared --enable-languages=c,c++,fortran,objc
--with-gmp=/opt/csw --with-mpfr=/opt/csw --enable-multilib
--with-included-gettext --with-libiconv-prefix=/opt/csw --with-x
--enable-java-awt=xlib --with-system-zlib --enable-decimal-float=bid
--enable-bootstrap
EOF
Mail -s "Results for 4.3.2 (GCC) testsuite on i386-pc-solaris2.8"
gcc-testresults@gcc.gnu.org &&
mv /export/nfs/gcc_432/gnu/gcc-4.3.2-build/./gcc/testsuite/g++/g++.sum
/export/nfs/gcc_432/gnu/gcc-4.3.2-build/./gcc/testsuite/g++/g++.sum.sent
&&
mv /export/nfs/gcc_432/gnu/gcc-4.3.2-build/./gcc/testsuite/gcc/gcc.sum
/export/nfs/gcc_432/gnu/gcc-4.3.2-build/./gcc/testsuite/gcc/gcc.sum.sent
&&
mv
/export/nfs/gcc_432/gnu/gcc-4.3.2-build/./gcc/testsuite/gfortran/gfortran.sum
/export/nfs/gcc_432/gnu/gcc-4.3.2-build/./gcc/testsuite/gfortran/gfortran.sum.sent
&&
mv /export/nfs/gcc_432/gnu/gcc-4.3.2-build/./gcc/testsuite/objc/objc.sum
/export/nfs/gcc_432/gnu/gcc-4.3.2-build/./gcc/testsuite/objc/objc.sum.sent
&&
mv
/export/nfs/gcc_432/gnu/gcc-4.3.2-build/./i386-pc-solaris2.8/libgomp/testsuite/libgomp.sum
/export/nfs/gcc_432/gnu/gcc-4.3.2-build/./i386-pc-solaris2.8/libgomp/testsuite/libgomp.sum.sent
&&
mv
/export/nfs/gcc_432/gnu/gcc-4.3.2-build/./i386-pc-solaris2.8/libstdc++-v3/testsuite/libstdc++.sum
/export/nfs/gcc_432/gnu/gcc-4.3.2-build/./i386-pc-solaris2.8/libstdc++-v3/testsuite/libstdc++.sum.sent
&&
mv /export/nfs/gcc_432/gnu/gcc-4.3.2-build/./gcc/testsuite/g++/g++.log
/export/nfs/gcc_432/gnu/gcc-4.3.2-build/./gcc/testsuite/g++/g++.log.sent
&&
mv /export/nfs/gcc_432/gnu/gcc-4.3.2-build/./gcc/testsuite/gcc/gcc.log
/export/nfs/gcc_432/gnu/gcc-4.3.2-build/./gcc/testsuite/gcc/gcc.log.sent
&&
mv
/export/nfs/gcc_432/gnu/gcc-4.3.2-build/./gcc/testsuite/gfortran/gfortran.log
/export/nfs/gcc_432/gnu/gcc-4.3.2-build/./gcc/testsuite/gfortran/gfortran.log.sent
&&
mv /export/nfs/gcc_432/gnu/gcc-4.3.2-build/./gcc/testsuite/objc/objc.log
/export/nfs/gcc_432/gnu/gcc-4.3.2-build/./gcc/testsuite/objc/objc.log.sent
&&
mv
/export/nfs/gcc_432/gnu/gcc-4.3.2-build/./i386-pc-solaris2.8/libgomp/testsuite/libgomp.log
/export/nfs/gcc_432/gnu/gcc-4.3.2-build/./i386-pc-solaris2.8/libgomp/testsuite/libgomp.log.sent
&&
mv
/export/nfs/gcc_432/gnu/gcc-4.3.2-build/./i386-pc-solaris2.8/libstdc++-v3/testsuite/libstdc++.log
/export/nfs/gcc_432/gnu/gcc-4.3.2-build/./i386-pc-solaris2.8/libstdc++-v3/testsuite/libstdc++.log.sent
&&
true
--
Dennis Clarke
http://www.blastwave.org/
dclarke at blastwave dot org