This is the mail archive of the
gcc-testresults@gcc.gnu.org
mailing list for the GCC project.
Results for 4.2.4 testsuite on hppa-unknown-linux-gnu
- From: dave at hiauly6 dot hia dot nrc dot ca (John David Anglin)
- To: dave at hiauly6 dot hia dot nrc dot ca, gcc-testresults at gcc dot gnu dot org
- Date: Mon, 1 Sep 2008 12:17:46 -0400 (EDT)
- Subject: Results for 4.2.4 testsuite on hppa-unknown-linux-gnu
LAST_UPDATED: Mon Sep 1 02:58:07 UTC 2008 (revision 139847)
=== acats tests ===
FAIL: c37215h
FAIL: c380004
=== acats Summary ===
# of expected passes 2312
# of unexpected failures 2
Native configuration is hppa-unknown-linux-gnu
=== g++ tests ===
Running target unix
=== g++ Summary ===
# of expected passes 13559
# of expected failures 67
# of unsupported tests 120
/home/dave/gnu/gcc-4.2/objdir/gcc/testsuite/g++/../../g++ version 4.2.4
=== gcc tests ===
Running target unix
UNRESOLVED: gcc.c-torture/execute/mayalias-2.c execution, -O3 -g
XPASS: gcc.dg/tree-ssa/loop-1.c scan-assembler-times foo 5
=== gcc Summary ===
# of expected passes 41190
# of unexpected successes 1
# of expected failures 84
# of unresolved testcases 1
# of untested testcases 28
# of unsupported tests 376
/home/dave/gnu/gcc-4.2/objdir/gcc/xgcc version 4.2.4
=== gfortran tests ===
Running target unix
XPASS: gfortran.dg/csqrt_2.f -O0 execution test
XPASS: gfortran.dg/csqrt_2.f -O1 execution test
XPASS: gfortran.dg/csqrt_2.f -O2 execution test
XPASS: gfortran.dg/csqrt_2.f -O3 -fomit-frame-pointer execution test
XPASS: gfortran.dg/csqrt_2.f -O3 -fomit-frame-pointer -funroll-loops execution test
XPASS: gfortran.dg/csqrt_2.f -O3 -fomit-frame-pointer -funroll-all-loops -finline-functions execution test
XPASS: gfortran.dg/csqrt_2.f -O3 -g execution test
XPASS: gfortran.dg/csqrt_2.f -Os execution test
=== gfortran Summary ===
# of expected passes 16103
# of unexpected successes 8
# of expected failures 6
# of unsupported tests 91
/home/dave/gnu/gcc-4.2/objdir/gcc/testsuite/gfortran/../../gfortran version 4.2.4
=== gnat tests ===
Running target unix
=== gnat Summary ===
# of expected passes 42
=== obj-c++ tests ===
Running target unix
UNRESOLVED: obj-c++.dg/lookup-2.mm compilation failed to produce executable
UNRESOLVED: obj-c++.dg/try-catch-2.mm compilation failed to produce executable
UNRESOLVED: obj-c++.dg/try-catch-9.mm compilation failed to produce executable
=== obj-c++ Summary ===
# of expected passes 443
# of expected failures 6
# of unresolved testcases 3
# of unsupported tests 13
/home/dave/gnu/gcc-4.2/objdir/gcc/testsuite/obj-c++/../../g++ version 4.2.4
=== objc tests ===
Running target unix
FAIL: objc.dg/comp-types-4.m (test for warnings, line 70)
FAIL: objc.dg/comp-types-4.m (test for excess errors)
=== objc Summary ===
# of expected passes 1804
# of unexpected failures 2
# of expected failures 7
# of unsupported tests 24
/home/dave/gnu/gcc-4.2/objdir/gcc/xgcc version 4.2.4
=== libffi tests ===
Running target unix
=== libffi Summary ===
# of expected passes 1084
# of unsupported tests 8
=== libgomp tests ===
Running target unix
=== libgomp Summary ===
# of expected passes 1560
# of unsupported tests 7
=== libjava tests ===
Running target unix
=== libjava Summary ===
# of expected passes 7006
# of expected failures 12
# of untested testcases 8
=== libmudflap tests ===
Running target unix
=== libmudflap Summary ===
# of expected passes 1814
=== libstdc++ tests ===
Running target unix
FAIL: abi_check
FAIL: 22_locale/time_get/get_date/wchar_t/4.cc execution test
XPASS: 26_numerics/cmath/c99_classification_macros_c.cc (test for excess errors)
=== libstdc++ Summary ===
# of expected passes 4483
# of unexpected failures 2
# of unexpected successes 1
# of expected failures 14
Compiler version: 4.2.4
Platform: hppa-unknown-linux-gnu
configure flags: --with-gnu-as --with-gnu-ld --enable-shared --prefix=/home/dave/opt/gnu/gcc/gcc-4.2.4 --with-local-prefix=/home/dave/opt/gnu --enable-threads=posix --enable-__cxa_atexit --host=hppa-linux --enable-clocale=gnu --enable-java-gc=boehm --enable-java-awt=xlib --enable-checking=release --enable-languages=c,ada,c++,fortran,java,objc,obj-c++