This is the mail archive of the
gcc-testresults@gcc.gnu.org
mailing list for the GCC project.
Results for 4.3.2 (GCC) testsuite on sparc-sun-solaris2.8
- From: Joe Buck <Joe dot Buck at synopsys dot com>
- To: gcc-testresults at gcc dot gnu dot org
- Date: Sun, 31 Aug 2008 21:01:13 -0700 (PDT)
- Subject: Results for 4.3.2 (GCC) testsuite on sparc-sun-solaris2.8
OS: Solaris 8 (or 2.8, or SunOS 5.8, you pick)
System: 4-way 400 MHz SUNW,UltraSPARC-II, 4GB RAM, 6.4GB swap
GNU as and GNU ld used (version 2.17)
gcc 3.2.2 used for bootstrapping
GMP version 4.2.1
MPFR version 2.2.1
Only C, C++, ObjC, and Fortran are tested (no Java).
LAST_UPDATED: Obtained from SVN: tags/gcc_4_3_2_release revision 139673
Native configuration is sparc-sun-solaris2.8
=== g++ tests ===
Running target unix
FAIL: g++.dg/ext/visibility/fvisibility-inlines-hidden-2.C scan-not-hidden
FAIL: g++.dg/ext/visibility/fvisibility-inlines-hidden-3.C scan-not-hidden
FAIL: g++.dg/ext/visibility/fvisibility-inlines-hidden-3.C scan-not-hidden
FAIL: g++.dg/ext/visibility/fvisibility-override1.C scan-not-hidden
FAIL: g++.dg/ext/visibility/fvisibility-override2.C scan-not-hidden
FAIL: g++.dg/ext/visibility/guard1.C scan-not-hidden
FAIL: g++.dg/ext/visibility/ms-compat-1.C scan-not-hidden
FAIL: g++.dg/ext/visibility/ms-compat-1.C scan-not-hidden
FAIL: g++.dg/ext/visibility/ms-compat-1.C scan-not-hidden
FAIL: g++.dg/ext/visibility/namespace1.C scan-not-hidden
FAIL: g++.dg/ext/visibility/new1.C scan-not-hidden
FAIL: g++.dg/ext/visibility/template1.C scan-not-hidden
FAIL: g++.dg/ext/visibility/template1.C scan-not-hidden
FAIL: g++.dg/ext/visibility/template2.C scan-not-hidden
FAIL: g++.dg/ext/visibility/template2.C scan-not-hidden
FAIL: g++.dg/ext/visibility/template3.C scan-not-hidden
FAIL: g++.dg/ext/visibility/template3.C scan-not-hidden
FAIL: g++.dg/ext/visibility/template4.C scan-not-hidden
FAIL: g++.dg/ext/visibility/template4.C scan-not-hidden
FAIL: g++.dg/ext/visibility/template4.C scan-not-hidden
FAIL: g++.dg/ext/visibility/template4.C scan-not-hidden
FAIL: g++.dg/ext/visibility/template6.C scan-not-hidden
FAIL: g++.dg/ext/visibility/typeinfo1.C scan-not-hidden
FAIL: g++.dg/ext/visibility/typeinfo1.C scan-not-hidden
FAIL: g++.dg/ext/visibility/typeinfo2.C scan-not-hidden
FAIL: g++.dg/ext/visibility/typeinfo3.C scan-not-hidden
FAIL: g++.dg/ext/visibility/typeinfo3.C scan-not-hidden
FAIL: g++.dg/ext/visibility/warn3.C scan-not-hidden
FAIL: g++.dg/opt/anchor1.C execution test
XPASS: g++.dg/other/ucnid-1.C (test for excess errors)
FAIL: g++.old-deja/g++.mike/visibility-1.C scan-not-hidden
XPASS: g++.old-deja/g++.other/init19.C execution test
=== g++ Summary for unix ===
# of expected passes 17416
# of unexpected failures 30
# of unexpected successes 2
# of expected failures 84
# of unsupported tests 169
Running target unix/-m64
FAIL: g++.dg/ext/visibility/fvisibility-inlines-hidden-2.C scan-not-hidden
FAIL: g++.dg/ext/visibility/fvisibility-inlines-hidden-3.C scan-not-hidden
FAIL: g++.dg/ext/visibility/fvisibility-inlines-hidden-3.C scan-not-hidden
FAIL: g++.dg/ext/visibility/fvisibility-override1.C scan-not-hidden
FAIL: g++.dg/ext/visibility/fvisibility-override2.C scan-not-hidden
FAIL: g++.dg/ext/visibility/guard1.C scan-not-hidden
FAIL: g++.dg/ext/visibility/ms-compat-1.C scan-not-hidden
FAIL: g++.dg/ext/visibility/ms-compat-1.C scan-not-hidden
FAIL: g++.dg/ext/visibility/ms-compat-1.C scan-not-hidden
FAIL: g++.dg/ext/visibility/namespace1.C scan-not-hidden
FAIL: g++.dg/ext/visibility/new1.C scan-not-hidden
FAIL: g++.dg/ext/visibility/template1.C scan-not-hidden
FAIL: g++.dg/ext/visibility/template1.C scan-not-hidden
FAIL: g++.dg/ext/visibility/template2.C scan-not-hidden
FAIL: g++.dg/ext/visibility/template2.C scan-not-hidden
FAIL: g++.dg/ext/visibility/template3.C scan-not-hidden
FAIL: g++.dg/ext/visibility/template3.C scan-not-hidden
FAIL: g++.dg/ext/visibility/template4.C scan-not-hidden
FAIL: g++.dg/ext/visibility/template4.C scan-not-hidden
FAIL: g++.dg/ext/visibility/template4.C scan-not-hidden
FAIL: g++.dg/ext/visibility/template4.C scan-not-hidden
FAIL: g++.dg/ext/visibility/template6.C scan-not-hidden
FAIL: g++.dg/ext/visibility/typeinfo1.C scan-not-hidden
FAIL: g++.dg/ext/visibility/typeinfo1.C scan-not-hidden
FAIL: g++.dg/ext/visibility/typeinfo2.C scan-not-hidden
FAIL: g++.dg/ext/visibility/typeinfo3.C scan-not-hidden
FAIL: g++.dg/ext/visibility/typeinfo3.C scan-not-hidden
FAIL: g++.dg/ext/visibility/warn3.C scan-not-hidden
FAIL: g++.dg/opt/anchor1.C execution test
XPASS: g++.dg/other/ucnid-1.C (test for excess errors)
FAIL: g++.old-deja/g++.mike/visibility-1.C scan-not-hidden
XPASS: g++.old-deja/g++.other/init19.C execution test
=== g++ Summary for unix/-m64 ===
# of expected passes 17384
# of unexpected failures 30
# of unexpected successes 2
# of expected failures 84
# of unsupported tests 171
=== g++ Summary ===
# of expected passes 34800
# of unexpected failures 60
# of unexpected successes 4
# of expected failures 168
# of unsupported tests 340
/remote/atg5/jbuck/gcc-4.3.2-sun-build/gcc/testsuite/g++/../../g++ version 4.3.2 (GCC)
=== gcc tests ===
Running target unix
FAIL: gcc.c-torture/compile/limits-exprparen.c -O0 (test for excess errors)
FAIL: gcc.c-torture/compile/limits-exprparen.c -O1 (test for excess errors)
FAIL: gcc.c-torture/compile/limits-exprparen.c -O2 (test for excess errors)
FAIL: gcc.c-torture/compile/limits-exprparen.c -O3 -fomit-frame-pointer (test for excess errors)
FAIL: gcc.c-torture/compile/limits-exprparen.c -O3 -g (test for excess errors)
FAIL: gcc.c-torture/compile/limits-exprparen.c -Os (test for excess errors)
WARNING: program timed out.
FAIL: gcc.dg/pr28796-2.c execution test
FAIL: gcc.dg/pragma-align-2.c (test for errors, line 22)
FAIL: gcc.dg/pragma-align-2.c (test for errors, line 23)
FAIL: gcc.dg/pragma-align-2.c (test for errors, line 24)
FAIL: gcc.dg/pragma-align-2.c (test for errors, line 25)
FAIL: gcc.dg/pragma-align-2.c (test for errors, line 26)
FAIL: gcc.dg/pragma-align-2.c (test for errors, line 30)
FAIL: gcc.dg/pragma-align-2.c (test for excess errors)
FAIL: gcc.dg/pragma-init-fini.c (test for errors, line 7)
FAIL: gcc.dg/pragma-init-fini.c (test for errors, line 8)
FAIL: gcc.dg/pragma-init-fini.c (test for errors, line 9)
FAIL: gcc.dg/pragma-init-fini.c (test for errors, line 11)
FAIL: gcc.dg/pragma-init-fini.c (test for errors, line 12)
FAIL: gcc.dg/pragma-init-fini.c (test for errors, line 13)
FAIL: gcc.dg/pragma-init-fini.c (test for excess errors)
FAIL: gcc.dg/pthread-init-1.c (test for excess errors)
FAIL: gcc.dg/pthread-init-2.c (test for excess errors)
XPASS: gcc.dg/ucnid-2.c (test for excess errors)
XPASS: gcc.dg/ucnid-3.c (test for excess errors)
XPASS: gcc.dg/ucnid-4.c (test for excess errors)
FAIL: gcc.dg/visibility-d.c scan-not-hidden
FAIL: gcc.dg/visibility-d.c scan-not-hidden
FAIL: gcc.dg/visibility-d.c scan-not-hidden
FAIL: gcc.dg/visibility-d.c scan-not-hidden
FAIL: gcc.dg/visibility-d.c scan-not-hidden
FAIL: gcc.dg/visibility-d.c scan-not-hidden
FAIL: gcc.dg/visibility-d.c scan-not-hidden
FAIL: gcc.dg/visibility-d.c scan-not-hidden
FAIL: gcc.dg/visibility-d.c scan-not-hidden
FAIL: gcc.dg/visibility-d.c scan-not-hidden
FAIL: gcc.dg/visibility-d.c scan-not-hidden
FAIL: gcc.dg/visibility-d.c scan-not-hidden
FAIL: gcc.dg/visibility-d.c scan-not-hidden
FAIL: gcc.dg/visibility-d.c scan-not-hidden
FAIL: gcc.dg/visibility-d.c scan-not-hidden
FAIL: gcc.dg/visibility-d.c scan-not-hidden
FAIL: gcc.dg/visibility-d.c scan-not-hidden
FAIL: gcc.dg/visibility-d.c scan-not-hidden
FAIL: gcc.dg/visibility-d.c scan-not-hidden
FAIL: gcc.dg/visibility-d.c scan-not-hidden
FAIL: gcc.dg/visibility-d.c scan-not-hidden
FAIL: gcc.dg/visibility-d.c scan-not-hidden
FAIL: gcc.dg/visibility-d.c scan-not-hidden
FAIL: gcc.dg/visibility-d.c scan-not-hidden
FAIL: gcc.dg/visibility-d.c scan-not-hidden
FAIL: gcc.dg/visibility-d.c scan-not-hidden
FAIL: gcc.dg/visibility-d.c scan-not-hidden
FAIL: gcc.dg/visibility-d.c scan-not-hidden
FAIL: gcc.dg/visibility-d.c scan-not-hidden
FAIL: gcc.dg/visibility-d.c scan-not-hidden
FAIL: gcc.dg/format/cmn-err-1.c (test for errors, line 31)
FAIL: gcc.dg/format/cmn-err-1.c (test for errors, line 32)
FAIL: gcc.dg/format/cmn-err-1.c (test for errors, line 33)
FAIL: gcc.dg/format/cmn-err-1.c (test for errors, line 34)
FAIL: gcc.dg/format/cmn-err-1.c (test for errors, line 35)
FAIL: gcc.dg/format/cmn-err-1.c (test for errors, line 36)
FAIL: gcc.dg/format/cmn-err-1.c (test for excess errors)
FAIL: gcc.dg/format/cmn-err-1.c -DWIDE (test for errors, line 31)
FAIL: gcc.dg/format/cmn-err-1.c -DWIDE (test for errors, line 32)
FAIL: gcc.dg/format/cmn-err-1.c -DWIDE (test for errors, line 33)
FAIL: gcc.dg/format/cmn-err-1.c -DWIDE (test for errors, line 34)
FAIL: gcc.dg/format/cmn-err-1.c -DWIDE (test for errors, line 35)
FAIL: gcc.dg/format/cmn-err-1.c -DWIDE (test for errors, line 36)
FAIL: gcc.dg/format/cmn-err-1.c -DWIDE (test for excess errors)
FAIL: gcc.dg/torture/builtin-math-4.c -O0 (test for excess errors)
FAIL: gcc.dg/torture/builtin-math-4.c -O1 (test for excess errors)
FAIL: gcc.dg/torture/builtin-math-4.c -O2 (test for excess errors)
FAIL: gcc.dg/torture/builtin-math-4.c -O3 -fomit-frame-pointer (test for excess errors)
FAIL: gcc.dg/torture/builtin-math-4.c -O3 -fomit-frame-pointer -funroll-loops (test for excess errors)
FAIL: gcc.dg/torture/builtin-math-4.c -O3 -fomit-frame-pointer -funroll-all-loops -finline-functions (test for excess errors)
FAIL: gcc.dg/torture/builtin-math-4.c -O3 -g (test for excess errors)
FAIL: gcc.dg/torture/builtin-math-4.c -Os (test for excess errors)
FAIL: gcc.dg/vect/pr33804.c scan-tree-dump-times vect "vectorized 1 loops" 1
FAIL: gcc.dg/vect/pr33804.c scan-tree-dump-times vect "vectorizing stmts using SLP" 1
FAIL: gcc.dg/vect/pr33953.c scan-tree-dump-times vect "vectorized 1 loops" 1
FAIL: gcc.dg/vect/pr33953.c scan-tree-dump-times vect "vectorizing stmts using SLP" 1
FAIL: gcc.dg/vect/vect-35.c scan-tree-dump-times vect "vectorized 1 loops" 1
FAIL: gcc.dg/vect/vect-iv-6.c scan-tree-dump-times vect "vectorized 1 loops" 1
FAIL: gcc.dg/vect/vect-multitypes-5.c scan-tree-dump-times vect "vectorized 1 loops" 1
FAIL: gcc.dg/vect/vect-multitypes-6.c scan-tree-dump-times vect "vectorized 1 loops" 1
FAIL: gcc.dg/vect/vect-outer-5.c scan-tree-dump-times vect "OUTER LOOP VECTORIZED" 1
FAIL: gcc.dg/vect/vect-outer-5.c scan-tree-dump-times vect "zero step in outer loop." 1
FAIL: gcc.dg/vect/vect-outer-6.c scan-tree-dump-times vect "OUTER LOOP VECTORIZED" 1
FAIL: gcc.dg/vect/vect-outer-6.c scan-tree-dump-times vect "zero step in outer loop." 1
FAIL: gcc.dg/vect/vect-vfa-slp.c scan-tree-dump-times vect "vectorized 1 loops" 1
FAIL: gcc.dg/vect/slp-15.c scan-tree-dump-times vect "vectorizing stmts using SLP" 2
FAIL: gcc.dg/vect/slp-25.c scan-tree-dump-times vect "Alignment of access forced using peeling" 2
FAIL: gcc.dg/vect/slp-3.c scan-tree-dump-times vect "vectorized 3 loops" 1
FAIL: gcc.dg/vect/slp-3.c scan-tree-dump-times vect "vectorizing stmts using SLP" 3
FAIL: gcc.dg/vect/no-vfa-pr29145.c scan-tree-dump-times vect "vectorized 0 loops" 2
FAIL: gcc.dg/vect/no-vfa-pr29145.c scan-tree-dump-times vect "vectorized 1 loops" 1
FAIL: gcc.dg/vect/no-vfa-vect-depend-1.c scan-tree-dump-times vect "vectorized 1 loops" 1
FAIL: gcc.target/sparc/pdist-3.c (internal compiler error)
FAIL: gcc.target/sparc/pdist-3.c (test for excess errors)
WARNING: gcc.target/sparc/pdist-3.c compilation failed to produce executable
=== gcc Summary for unix ===
# of expected passes 46758
# of unexpected failures 97
# of unexpected successes 3
# of expected failures 190
# of untested testcases 35
# of unsupported tests 501
Running target unix/-m64
FAIL: gcc.c-torture/compile/limits-exprparen.c -O0 (test for excess errors)
FAIL: gcc.c-torture/compile/limits-exprparen.c -O1 (test for excess errors)
FAIL: gcc.c-torture/compile/limits-exprparen.c -O2 (test for excess errors)
FAIL: gcc.c-torture/compile/limits-exprparen.c -O3 -fomit-frame-pointer (test for excess errors)
FAIL: gcc.c-torture/compile/limits-exprparen.c -O3 -g (test for excess errors)
FAIL: gcc.c-torture/compile/limits-exprparen.c -Os (test for excess errors)
WARNING: program timed out.
FAIL: gcc.c-torture/compile/limits-fnargs.c -O2 (test for excess errors)
WARNING: program timed out.
FAIL: gcc.c-torture/compile/limits-fnargs.c -O3 -fomit-frame-pointer (test for excess errors)
WARNING: program timed out.
FAIL: gcc.c-torture/compile/limits-fnargs.c -O3 -g (test for excess errors)
WARNING: program timed out.
FAIL: gcc.c-torture/compile/limits-fnargs.c -Os (test for excess errors)
WARNING: program timed out.
FAIL: gcc.dg/pr28796-2.c execution test
FAIL: gcc.dg/pragma-align-2.c (test for errors, line 22)
FAIL: gcc.dg/pragma-align-2.c (test for errors, line 23)
FAIL: gcc.dg/pragma-align-2.c (test for errors, line 24)
FAIL: gcc.dg/pragma-align-2.c (test for errors, line 25)
FAIL: gcc.dg/pragma-align-2.c (test for errors, line 26)
FAIL: gcc.dg/pragma-align-2.c (test for errors, line 30)
FAIL: gcc.dg/pragma-align-2.c (test for excess errors)
FAIL: gcc.dg/pragma-init-fini.c (test for errors, line 7)
FAIL: gcc.dg/pragma-init-fini.c (test for errors, line 8)
FAIL: gcc.dg/pragma-init-fini.c (test for errors, line 9)
FAIL: gcc.dg/pragma-init-fini.c (test for errors, line 11)
FAIL: gcc.dg/pragma-init-fini.c (test for errors, line 12)
FAIL: gcc.dg/pragma-init-fini.c (test for errors, line 13)
FAIL: gcc.dg/pragma-init-fini.c (test for excess errors)
FAIL: gcc.dg/pthread-init-1.c (test for excess errors)
FAIL: gcc.dg/pthread-init-2.c (test for excess errors)
XPASS: gcc.dg/ucnid-2.c (test for excess errors)
XPASS: gcc.dg/ucnid-3.c (test for excess errors)
XPASS: gcc.dg/ucnid-4.c (test for excess errors)
FAIL: gcc.dg/visibility-d.c scan-not-hidden
FAIL: gcc.dg/visibility-d.c scan-not-hidden
FAIL: gcc.dg/visibility-d.c scan-not-hidden
FAIL: gcc.dg/visibility-d.c scan-not-hidden
FAIL: gcc.dg/visibility-d.c scan-not-hidden
FAIL: gcc.dg/visibility-d.c scan-not-hidden
FAIL: gcc.dg/visibility-d.c scan-not-hidden
FAIL: gcc.dg/visibility-d.c scan-not-hidden
FAIL: gcc.dg/visibility-d.c scan-not-hidden
FAIL: gcc.dg/visibility-d.c scan-not-hidden
FAIL: gcc.dg/visibility-d.c scan-not-hidden
FAIL: gcc.dg/visibility-d.c scan-not-hidden
FAIL: gcc.dg/visibility-d.c scan-not-hidden
FAIL: gcc.dg/visibility-d.c scan-not-hidden
FAIL: gcc.dg/visibility-d.c scan-not-hidden
FAIL: gcc.dg/visibility-d.c scan-not-hidden
FAIL: gcc.dg/visibility-d.c scan-not-hidden
FAIL: gcc.dg/visibility-d.c scan-not-hidden
FAIL: gcc.dg/visibility-d.c scan-not-hidden
FAIL: gcc.dg/visibility-d.c scan-not-hidden
FAIL: gcc.dg/visibility-d.c scan-not-hidden
FAIL: gcc.dg/visibility-d.c scan-not-hidden
FAIL: gcc.dg/visibility-d.c scan-not-hidden
FAIL: gcc.dg/visibility-d.c scan-not-hidden
FAIL: gcc.dg/visibility-d.c scan-not-hidden
FAIL: gcc.dg/visibility-d.c scan-not-hidden
FAIL: gcc.dg/visibility-d.c scan-not-hidden
FAIL: gcc.dg/visibility-d.c scan-not-hidden
FAIL: gcc.dg/visibility-d.c scan-not-hidden
FAIL: gcc.dg/visibility-d.c scan-not-hidden
FAIL: gcc.dg/format/cmn-err-1.c (test for errors, line 31)
FAIL: gcc.dg/format/cmn-err-1.c (test for errors, line 32)
FAIL: gcc.dg/format/cmn-err-1.c (test for errors, line 33)
FAIL: gcc.dg/format/cmn-err-1.c (test for errors, line 34)
FAIL: gcc.dg/format/cmn-err-1.c (test for errors, line 35)
FAIL: gcc.dg/format/cmn-err-1.c (test for errors, line 36)
FAIL: gcc.dg/format/cmn-err-1.c (test for excess errors)
FAIL: gcc.dg/format/cmn-err-1.c -DWIDE (test for errors, line 31)
FAIL: gcc.dg/format/cmn-err-1.c -DWIDE (test for errors, line 32)
FAIL: gcc.dg/format/cmn-err-1.c -DWIDE (test for errors, line 33)
FAIL: gcc.dg/format/cmn-err-1.c -DWIDE (test for errors, line 34)
FAIL: gcc.dg/format/cmn-err-1.c -DWIDE (test for errors, line 35)
FAIL: gcc.dg/format/cmn-err-1.c -DWIDE (test for errors, line 36)
FAIL: gcc.dg/format/cmn-err-1.c -DWIDE (test for excess errors)
FAIL: gcc.dg/special/gcsec-1.c (test for excess errors)
WARNING: gcc.dg/special/gcsec-1.c compilation failed to produce executable
FAIL: gcc.dg/torture/builtin-math-4.c -O0 (test for excess errors)
FAIL: gcc.dg/torture/builtin-math-4.c -O1 (test for excess errors)
FAIL: gcc.dg/torture/builtin-math-4.c -O2 (test for excess errors)
FAIL: gcc.dg/torture/builtin-math-4.c -O3 -fomit-frame-pointer (test for excess errors)
FAIL: gcc.dg/torture/builtin-math-4.c -O3 -fomit-frame-pointer -funroll-loops (test for excess errors)
FAIL: gcc.dg/torture/builtin-math-4.c -O3 -fomit-frame-pointer -funroll-all-loops -finline-functions (test for excess errors)
FAIL: gcc.dg/torture/builtin-math-4.c -O3 -g (test for excess errors)
FAIL: gcc.dg/torture/builtin-math-4.c -Os (test for excess errors)
FAIL: gcc.dg/vect/pr33804.c scan-tree-dump-times vect "vectorized 1 loops" 1
FAIL: gcc.dg/vect/pr33804.c scan-tree-dump-times vect "vectorizing stmts using SLP" 1
FAIL: gcc.dg/vect/pr33953.c scan-tree-dump-times vect "vectorized 1 loops" 1
FAIL: gcc.dg/vect/pr33953.c scan-tree-dump-times vect "vectorizing stmts using SLP" 1
FAIL: gcc.dg/vect/vect-iv-6.c scan-tree-dump-times vect "vectorized 1 loops" 1
FAIL: gcc.dg/vect/vect-outer-5.c scan-tree-dump-times vect "OUTER LOOP VECTORIZED" 1
FAIL: gcc.dg/vect/vect-outer-5.c scan-tree-dump-times vect "zero step in outer loop." 1
FAIL: gcc.dg/vect/vect-outer-6.c scan-tree-dump-times vect "OUTER LOOP VECTORIZED" 1
FAIL: gcc.dg/vect/vect-outer-6.c scan-tree-dump-times vect "zero step in outer loop." 1
FAIL: gcc.dg/vect/vect-vfa-slp.c scan-tree-dump-times vect "vectorized 1 loops" 1
FAIL: gcc.dg/vect/slp-15.c scan-tree-dump-times vect "vectorizing stmts using SLP" 2
FAIL: gcc.dg/vect/slp-25.c scan-tree-dump-times vect "Alignment of access forced using peeling" 2
FAIL: gcc.dg/vect/slp-3.c scan-tree-dump-times vect "vectorized 3 loops" 1
FAIL: gcc.dg/vect/slp-3.c scan-tree-dump-times vect "vectorizing stmts using SLP" 3
FAIL: gcc.dg/vect/no-vfa-pr29145.c scan-tree-dump-times vect "vectorized 0 loops" 2
FAIL: gcc.dg/vect/no-vfa-pr29145.c scan-tree-dump-times vect "vectorized 1 loops" 1
FAIL: gcc.dg/vect/no-vfa-vect-depend-1.c scan-tree-dump-times vect "vectorized 1 loops" 1
=== gcc Summary for unix/-m64 ===
# of expected passes 46733
# of unexpected failures 97
# of unexpected successes 3
# of expected failures 190
# of untested testcases 35
# of unsupported tests 512
=== gcc Summary ===
# of expected passes 93491
# of unexpected failures 194
# of unexpected successes 6
# of expected failures 380
# of untested testcases 70
# of unsupported tests 1013
/remote/atg5/jbuck/gcc-4.3.2-sun-build/gcc/xgcc version 4.3.2 (GCC)
=== gfortran tests ===
Running target unix
FAIL: gfortran.dg/nint_2.f90 -O0 (test for excess errors)
WARNING: gfortran.dg/nint_2.f90 -O0 compilation failed to produce executable
FAIL: gfortran.dg/pr32533.f90 -O0 (test for excess errors)
WARNING: gfortran.dg/pr32533.f90 -O0 compilation failed to produce executable
FAIL: gfortran.dg/pr32533.f90 -O1 (test for excess errors)
WARNING: gfortran.dg/pr32533.f90 -O1 compilation failed to produce executable
FAIL: gfortran.dg/pr32533.f90 -O2 (test for excess errors)
WARNING: gfortran.dg/pr32533.f90 -O2 compilation failed to produce executable
FAIL: gfortran.dg/pr32533.f90 -O3 -fomit-frame-pointer (test for excess errors)
WARNING: gfortran.dg/pr32533.f90 -O3 -fomit-frame-pointer compilation failed to produce executable
FAIL: gfortran.dg/pr32533.f90 -O3 -fomit-frame-pointer -funroll-loops (test for excess errors)
WARNING: gfortran.dg/pr32533.f90 -O3 -fomit-frame-pointer -funroll-loops compilation failed to produce executable
FAIL: gfortran.dg/pr32533.f90 -O3 -fomit-frame-pointer -funroll-all-loops -finline-functions (test for excess errors)
WARNING: gfortran.dg/pr32533.f90 -O3 -fomit-frame-pointer -funroll-all-loops -finline-functions compilation failed to produce executable
FAIL: gfortran.dg/pr32533.f90 -O3 -g (test for excess errors)
WARNING: gfortran.dg/pr32533.f90 -O3 -g compilation failed to produce executable
FAIL: gfortran.dg/pr32533.f90 -Os (test for excess errors)
WARNING: gfortran.dg/pr32533.f90 -Os compilation failed to produce executable
FAIL: gfortran.dg/g77/20010430.f -O0 (test for excess errors)
WARNING: gfortran.dg/g77/20010430.f -O0 compilation failed to produce executable
FAIL: gfortran.dg/g77/20010430.f -O1 (test for excess errors)
WARNING: gfortran.dg/g77/20010430.f -O1 compilation failed to produce executable
FAIL: gfortran.dg/g77/20010430.f -O2 (test for excess errors)
WARNING: gfortran.dg/g77/20010430.f -O2 compilation failed to produce executable
FAIL: gfortran.dg/g77/20010430.f -Os (test for excess errors)
WARNING: gfortran.dg/g77/20010430.f -Os compilation failed to produce executable
FAIL: gfortran.fortran-torture/execute/intrinsic_integer.f90 compilation, -O0
FAIL: gfortran.fortran-torture/execute/intrinsic_integer.f90 compilation, -O1
FAIL: gfortran.fortran-torture/execute/intrinsic_integer.f90 compilation, -O2
FAIL: gfortran.fortran-torture/execute/intrinsic_integer.f90 compilation, -Os
FAIL: gfortran.fortran-torture/execute/iolength_1.f90 compilation, -O0
FAIL: gfortran.fortran-torture/execute/iolength_1.f90 compilation, -O1
FAIL: gfortran.fortran-torture/execute/iolength_1.f90 compilation, -O2
FAIL: gfortran.fortran-torture/execute/iolength_1.f90 compilation, -O3 -fomit-frame-pointer
FAIL: gfortran.fortran-torture/execute/iolength_1.f90 compilation, -O3 -fomit-frame-pointer -funroll-loops
FAIL: gfortran.fortran-torture/execute/iolength_1.f90 compilation, -O3 -fomit-frame-pointer -funroll-all-loops -finline-functions
FAIL: gfortran.fortran-torture/execute/iolength_1.f90 compilation, -O3 -g
FAIL: gfortran.fortran-torture/execute/iolength_1.f90 compilation, -Os
=== gfortran Summary for unix ===
# of expected passes 23809
# of unexpected failures 25
# of expected failures 5
# of untested testcases 12
# of unsupported tests 171
Running target unix/-m64
FAIL: gfortran.dg/deallocate_stat.f90 -O1 (internal compiler error)
FAIL: gfortran.dg/deallocate_stat.f90 -O1 (test for excess errors)
WARNING: gfortran.dg/deallocate_stat.f90 -O1 compilation failed to produce executable
FAIL: gfortran.dg/nint_2.f90 -O0 (test for excess errors)
WARNING: gfortran.dg/nint_2.f90 -O0 compilation failed to produce executable
FAIL: gfortran.dg/pr32533.f90 -O0 (test for excess errors)
WARNING: gfortran.dg/pr32533.f90 -O0 compilation failed to produce executable
FAIL: gfortran.dg/pr32533.f90 -O1 (test for excess errors)
WARNING: gfortran.dg/pr32533.f90 -O1 compilation failed to produce executable
FAIL: gfortran.dg/pr32533.f90 -O2 (test for excess errors)
WARNING: gfortran.dg/pr32533.f90 -O2 compilation failed to produce executable
FAIL: gfortran.dg/pr32533.f90 -O3 -fomit-frame-pointer (test for excess errors)
WARNING: gfortran.dg/pr32533.f90 -O3 -fomit-frame-pointer compilation failed to produce executable
FAIL: gfortran.dg/pr32533.f90 -O3 -fomit-frame-pointer -funroll-loops (test for excess errors)
WARNING: gfortran.dg/pr32533.f90 -O3 -fomit-frame-pointer -funroll-loops compilation failed to produce executable
FAIL: gfortran.dg/pr32533.f90 -O3 -fomit-frame-pointer -funroll-all-loops -finline-functions (test for excess errors)
WARNING: gfortran.dg/pr32533.f90 -O3 -fomit-frame-pointer -funroll-all-loops -finline-functions compilation failed to produce executable
FAIL: gfortran.dg/pr32533.f90 -O3 -g (test for excess errors)
WARNING: gfortran.dg/pr32533.f90 -O3 -g compilation failed to produce executable
FAIL: gfortran.dg/pr32533.f90 -Os (test for excess errors)
WARNING: gfortran.dg/pr32533.f90 -Os compilation failed to produce executable
FAIL: gfortran.dg/g77/20010430.f -O0 (test for excess errors)
WARNING: gfortran.dg/g77/20010430.f -O0 compilation failed to produce executable
FAIL: gfortran.dg/g77/20010430.f -O1 (test for excess errors)
WARNING: gfortran.dg/g77/20010430.f -O1 compilation failed to produce executable
FAIL: gfortran.dg/g77/20010430.f -O2 (test for excess errors)
WARNING: gfortran.dg/g77/20010430.f -O2 compilation failed to produce executable
FAIL: gfortran.dg/g77/20010430.f -Os (test for excess errors)
WARNING: gfortran.dg/g77/20010430.f -Os compilation failed to produce executable
FAIL: gfortran.fortran-torture/execute/intrinsic_integer.f90 compilation, -O0
FAIL: gfortran.fortran-torture/execute/intrinsic_integer.f90 compilation, -O1
FAIL: gfortran.fortran-torture/execute/intrinsic_integer.f90 compilation, -O2
FAIL: gfortran.fortran-torture/execute/intrinsic_integer.f90 compilation, -Os
FAIL: gfortran.fortran-torture/execute/iolength_1.f90 compilation, -O0
FAIL: gfortran.fortran-torture/execute/iolength_1.f90 compilation, -O1
FAIL: gfortran.fortran-torture/execute/iolength_1.f90 compilation, -O2
FAIL: gfortran.fortran-torture/execute/iolength_1.f90 compilation, -O3 -fomit-frame-pointer
FAIL: gfortran.fortran-torture/execute/iolength_1.f90 compilation, -O3 -fomit-frame-pointer -funroll-loops
FAIL: gfortran.fortran-torture/execute/iolength_1.f90 compilation, -O3 -fomit-frame-pointer -funroll-all-loops -finline-functions
FAIL: gfortran.fortran-torture/execute/iolength_1.f90 compilation, -O3 -g
FAIL: gfortran.fortran-torture/execute/iolength_1.f90 compilation, -Os
=== gfortran Summary for unix/-m64 ===
# of expected passes 23823
# of unexpected failures 27
# of expected failures 5
# of untested testcases 12
# of unsupported tests 163
=== gfortran Summary ===
# of expected passes 47632
# of unexpected failures 52
# of expected failures 10
# of untested testcases 24
# of unsupported tests 334
/remote/atg5/jbuck/gcc-4.3.2-sun-build/gcc/testsuite/gfortran/../../gfortran version 4.3.2 (GCC)
=== objc tests ===
Running target unix
FAIL: objc/execute/exceptions/foward-1.m execution, -O3 -fomit-frame-pointer -funroll-loops -fgnu-runtime
FAIL: objc/execute/exceptions/foward-1.m execution, -O3 -fomit-frame-pointer -funroll-all-loops -finline-functions -fgnu-runtime
=== objc Summary for unix ===
# of expected passes 1810
# of unexpected failures 2
# of expected failures 7
# of unsupported tests 24
Running target unix/-m64
FAIL: objc/execute/exceptions/foward-1.m execution, -O3 -fomit-frame-pointer -funroll-loops
FAIL: objc/execute/exceptions/foward-1.m execution, -O3 -fomit-frame-pointer -funroll-all-loops -finline-functions
=== objc Summary for unix/-m64 ===
# of expected passes 1810
# of unexpected failures 2
# of expected failures 7
# of unsupported tests 24
=== objc Summary ===
# of expected passes 3620
# of unexpected failures 4
# of expected failures 14
# of unsupported tests 48
/remote/atg5/jbuck/gcc-4.3.2-sun-build/gcc/xgcc version 4.3.2 (GCC)
=== libgomp tests ===
Running target unix
FAIL: libgomp.c++/ctor-8.C -O2 execution test
FAIL: libgomp.c++/ctor-8.C -O3 -fomit-frame-pointer -funroll-loops execution test
FAIL: libgomp.c++/ctor-8.C -Os execution test
FAIL: libgomp.c++/ctor-9.C -O3 -g execution test
FAIL: libgomp.fortran/crayptr2.f90 -O2 execution test
FAIL: libgomp.fortran/crayptr2.f90 -O3 -fomit-frame-pointer execution test
FAIL: libgomp.fortran/crayptr2.f90 -O3 -fomit-frame-pointer -funroll-loops execution test
FAIL: libgomp.fortran/crayptr2.f90 -O3 -fomit-frame-pointer -funroll-all-loops -finline-functions execution test
FAIL: libgomp.fortran/omp_parse1.f90 -O0 execution test
FAIL: libgomp.fortran/omp_parse1.f90 -O1 execution test
FAIL: libgomp.fortran/omp_parse1.f90 -O2 execution test
FAIL: libgomp.fortran/omp_parse1.f90 -O3 -fomit-frame-pointer execution test
FAIL: libgomp.fortran/omp_parse1.f90 -O3 -fomit-frame-pointer -funroll-loops execution test
FAIL: libgomp.fortran/omp_parse1.f90 -O3 -fomit-frame-pointer -funroll-all-loops -finline-functions execution test
FAIL: libgomp.fortran/omp_parse1.f90 -O3 -g execution test
FAIL: libgomp.fortran/omp_parse1.f90 -Os execution test
FAIL: libgomp.fortran/threadprivate3.f90 -Os execution test
=== libgomp Summary for unix ===
# of expected passes 1732
# of unexpected failures 17
# of unsupported tests 7
Running target unix/-m64
FAIL: libgomp.c++/ctor-8.C -O3 -fomit-frame-pointer -funroll-all-loops -finline-functions execution test
FAIL: libgomp.c++/ctor-8.C -Os execution test
FAIL: libgomp.c++/ctor-9.C -O0 execution test
FAIL: libgomp.c++/ctor-9.C -O2 execution test
FAIL: libgomp.c++/ctor-9.C -O3 -fomit-frame-pointer -funroll-loops execution test
FAIL: libgomp.c++/ctor-9.C -O3 -g execution test
FAIL: libgomp.c++/ctor-9.C -Os execution test
FAIL: libgomp.fortran/crayptr2.f90 -O0 execution test
FAIL: libgomp.fortran/crayptr2.f90 -O1 execution test
FAIL: libgomp.fortran/crayptr2.f90 -O2 execution test
FAIL: libgomp.fortran/crayptr2.f90 -O3 -fomit-frame-pointer execution test
FAIL: libgomp.fortran/crayptr2.f90 -O3 -fomit-frame-pointer -funroll-loops execution test
FAIL: libgomp.fortran/crayptr2.f90 -O3 -fomit-frame-pointer -funroll-all-loops -finline-functions execution test
FAIL: libgomp.fortran/threadprivate1.f90 -O3 -fomit-frame-pointer -funroll-loops execution test
=== libgomp Summary for unix/-m64 ===
# of expected passes 1735
# of unexpected failures 14
# of unsupported tests 7
=== libgomp Summary ===
# of expected passes 3467
# of unexpected failures 31
# of unsupported tests 14
=== libstdc++ tests ===
Running target unix
FAIL: 20_util/shared_ptr/thread/default_weaktoshared.cc execution test
=== libstdc++ Summary for unix ===
# of expected passes 4868
# of unexpected failures 1
# of expected failures 61
# of unsupported tests 369
Running target unix/-m64
=== libstdc++ Summary for unix/-m64 ===
# of expected passes 4853
# of expected failures 61
# of unsupported tests 377
=== libstdc++ Summary ===
# of expected passes 9721
# of unexpected failures 1
# of expected failures 122
# of unsupported tests 746
Compiler version: 4.3.2 (GCC)
Platform: sparc-sun-solaris2.8
configure flags: --prefix=/u/jbuck/cvs.sol2/4.3.2 --with-gnu-as --with-as=/u/jbuck/gnu.sol2/bin/as --with-gnu-ld --with-ld=/u/jbuck/gnu.sol2/bin/ld --enable-languages=c,c++,objc,fortran --with-libiconv-prefix=/depot/libiconv --with-mpfr=/u/jbuck/gnu.sol2 --with-gmp=/u/jbuck/gnu.sol2