This is the mail archive of the
gcc-testresults@gcc.gnu.org
mailing list for the GCC project.
Results for 4.4.0 20080831 (experimental) [trunk revision 139843] (GCC) testsuite on x86_64-unknown-linux-gnu
- From: hjl at gnu-33 dot sc dot intel dot com (H.J. Lu (Intel64))
- To: gcc-testresults at gcc dot gnu dot org
- Date: Sun, 31 Aug 2008 15:34:16 -0700 (PDT)
- Subject: Results for 4.4.0 20080831 (experimental) [trunk revision 139843] (GCC) testsuite on x86_64-unknown-linux-gnu
LAST_UPDATED: Sun Aug 31 21:10:07 UTC 2008 (revision 139843)
Native configuration is x86_64-unknown-linux-gnu
=== g++ tests ===
Running target unix/-m32
FAIL: g++.dg/other/PR23205.C scan-assembler .stabs.*foobar:c=i
WARNING: program timed out.
FAIL: g++.old-deja/g++.eh/ia64-1.C execution test
=== g++ Summary for unix/-m32 ===
# of expected passes 18769
# of unexpected failures 2
# of expected failures 82
# of unsupported tests 91
Running target unix
FAIL: g++.dg/other/PR23205.C scan-assembler .stabs.*foobar:c=i
=== g++ Summary for unix ===
# of expected passes 18457
# of unexpected failures 1
# of expected failures 82
# of unsupported tests 241
=== g++ Summary ===
# of expected passes 37226
# of unexpected failures 3
# of expected failures 164
# of unsupported tests 332
/export/gnu/import/svn/gcc-test/bld/gcc/testsuite/g++/../../g++ version 4.4.0 20080831 (experimental) [trunk revision 139843] (GCC)
=== gcc tests ===
Running target unix/-m32
FAIL: gcc.dg/debug/dwarf2/dwarf-die3.c scan-assembler-not DW_AT_inline
FAIL: gcc.dg/pr30286.c execution test
FAIL: gcc.dg/pch/valid-1b.c -O0 -g -I. (test for excess errors)
FAIL: gcc.dg/pch/valid-1b.c -O0 -g assembly comparison
FAIL: gcc.dg/pch/valid-1b.c -O0 -I. (test for excess errors)
FAIL: gcc.dg/pch/valid-1b.c -O0 assembly comparison
FAIL: gcc.dg/pch/valid-1b.c -O1 -I. (test for excess errors)
FAIL: gcc.dg/pch/valid-1b.c -O1 assembly comparison
FAIL: gcc.dg/pch/valid-1b.c -O2 -I. (test for excess errors)
FAIL: gcc.dg/pch/valid-1b.c -O2 assembly comparison
FAIL: gcc.dg/pch/valid-1b.c -O3 -fomit-frame-pointer -I. (test for excess errors)
FAIL: gcc.dg/pch/valid-1b.c -O3 -fomit-frame-pointer assembly comparison
FAIL: gcc.dg/pch/valid-1b.c -O3 -g -I. (test for excess errors)
FAIL: gcc.dg/pch/valid-1b.c -O3 -g assembly comparison
FAIL: gcc.dg/pch/valid-1b.c -Os -I. (test for excess errors)
FAIL: gcc.dg/pch/valid-1b.c -Os assembly comparison
FAIL: gcc.dg/vect/vect-67.c scan-tree-dump-times vect "vectorized 1 loops" 1
FAIL: gcc.dg/vect/no-scevccp-outer-13.c scan-tree-dump-times vect "OUTER LOOP VECTORIZED." 1
FAIL: gcc.dg/vect/no-scevccp-outer-7.c scan-tree-dump-times vect "OUTER LOOP VECTORIZED." 1
FAIL: gcc.target/i386/pr36222-1.c scan-assembler-not movdqa
=== gcc Summary for unix/-m32 ===
# of expected passes 54661
# of unexpected failures 20
# of expected failures 194
# of unsupported tests 433
Running target unix
FAIL: gcc.dg/debug/dwarf2/dwarf-die3.c scan-assembler-not DW_AT_inline
FAIL: gcc.dg/tree-prof/bb-reorg.c compilation, -fprofile-use -D_PROFILE_USE
UNRESOLVED: gcc.dg/tree-prof/bb-reorg.c execution, -fprofile-use -D_PROFILE_USE
FAIL: gcc.dg/tree-prof/pr34999.c compilation, -fprofile-use -D_PROFILE_USE
UNRESOLVED: gcc.dg/tree-prof/pr34999.c execution, -fprofile-use -D_PROFILE_USE
FAIL: gcc.dg/vect/vect-67.c scan-tree-dump-times vect "vectorized 1 loops" 1
FAIL: gcc.dg/vect/no-scevccp-outer-13.c scan-tree-dump-times vect "OUTER LOOP VECTORIZED." 1
FAIL: gcc.dg/vect/no-scevccp-outer-7.c scan-tree-dump-times vect "OUTER LOOP VECTORIZED." 1
FAIL: gcc.target/i386/pr34256.c scan-assembler-times mov 2
FAIL: gcc.target/i386/pr36222-1.c scan-assembler-not movdqa
FAIL: gcc.target/i386/pr36246.c scan-assembler-not movq
=== gcc Summary for unix ===
# of expected passes 54245
# of unexpected failures 9
# of expected failures 194
# of unresolved testcases 2
# of unsupported tests 708
=== gcc Summary ===
# of expected passes 108906
# of unexpected failures 29
# of expected failures 388
# of unresolved testcases 2
# of unsupported tests 1141
/export/gnu/import/svn/gcc-test/bld/gcc/xgcc version 4.4.0 20080831 (experimental) [trunk revision 139843] (GCC)
=== gfortran tests ===
Running target unix/-m32
=== gfortran Summary for unix/-m32 ===
# of expected passes 27605
# of expected failures 9
# of unsupported tests 89
Running target unix
=== gfortran Summary for unix ===
# of expected passes 27720
# of expected failures 9
# of unsupported tests 34
=== gfortran Summary ===
# of expected passes 55325
# of expected failures 18
# of unsupported tests 123
/export/gnu/import/svn/gcc-test/bld/gcc/testsuite/gfortran/../../gfortran version 4.4.0 20080831 (experimental) [trunk revision 139843] (GCC)
=== objc tests ===
Running target unix/-m32
=== objc Summary for unix/-m32 ===
# of expected passes 1814
# of expected failures 7
# of unsupported tests 24
Running target unix
=== objc Summary for unix ===
# of expected passes 1814
# of expected failures 7
# of unsupported tests 24
=== objc Summary ===
# of expected passes 3628
# of expected failures 14
# of unsupported tests 48
/export/gnu/import/svn/gcc-test/bld/gcc/xgcc version 4.4.0 20080831 (experimental) [trunk revision 139843] (GCC)
=== libffi tests ===
Running target unix/-m32
=== libffi Summary for unix/-m32 ===
# of expected passes 1389
# of unsupported tests 10
Running target unix
=== libffi Summary for unix ===
# of expected passes 1389
# of unsupported tests 10
=== libffi Summary ===
# of expected passes 2778
# of unsupported tests 20
=== libgomp tests ===
Running target unix/-m32
FAIL: libgomp.fortran/vla7.f90 -O3 -fomit-frame-pointer execution test
FAIL: libgomp.fortran/vla7.f90 -O3 -fomit-frame-pointer -funroll-loops execution test
FAIL: libgomp.fortran/vla7.f90 -O3 -fomit-frame-pointer -funroll-all-loops -finline-functions execution test
=== libgomp Summary for unix/-m32 ===
# of expected passes 2286
# of unexpected failures 3
Running target unix
=== libgomp Summary for unix ===
# of expected passes 2289
=== libgomp Summary ===
# of expected passes 4575
# of unexpected failures 3
=== libjava tests ===
Running target unix/-m32
=== libjava Summary for unix/-m32 ===
# of expected passes 2574
Running target unix
=== libjava Summary for unix ===
# of expected passes 2574
=== libjava Summary ===
# of expected passes 5148
=== libmudflap tests ===
Running target unix/-m32
FAIL: libmudflap.c++/pass41-frag.cxx execution test
FAIL: libmudflap.c++/pass41-frag.cxx (-static) execution test
FAIL: libmudflap.c++/pass41-frag.cxx (-O2) execution test
FAIL: libmudflap.c++/pass41-frag.cxx (-O3) execution test
FAIL: libmudflap.cth/pass39-frag.c (rerun 5) execution test
FAIL: libmudflap.cth/pass39-frag.c (rerun 5) output pattern test
FAIL: libmudflap.cth/pass39-frag.c (rerun 7) execution test
FAIL: libmudflap.cth/pass39-frag.c (rerun 7) output pattern test
FAIL: libmudflap.cth/pass39-frag.c (rerun 15) execution test
FAIL: libmudflap.cth/pass39-frag.c (rerun 15) output pattern test
FAIL: libmudflap.cth/pass39-frag.c (rerun 18) execution test
FAIL: libmudflap.cth/pass39-frag.c (rerun 18) output pattern test
FAIL: libmudflap.cth/pass39-frag.c (-O2) (rerun 10) execution test
FAIL: libmudflap.cth/pass39-frag.c (-O2) (rerun 10) output pattern test
FAIL: libmudflap.cth/pass39-frag.c (-O2) (rerun 13) execution test
FAIL: libmudflap.cth/pass39-frag.c (-O2) (rerun 13) output pattern test
FAIL: libmudflap.cth/pass39-frag.c (-O3) (rerun 6) execution test
FAIL: libmudflap.cth/pass39-frag.c (-O3) (rerun 6) output pattern test
=== libmudflap Summary for unix/-m32 ===
# of expected passes 1847
# of unexpected failures 18
Running target unix
FAIL: libmudflap.c++/pass41-frag.cxx execution test
FAIL: libmudflap.c++/pass41-frag.cxx (-static) execution test
FAIL: libmudflap.c++/pass41-frag.cxx (-O2) execution test
FAIL: libmudflap.c++/pass41-frag.cxx (-O3) execution test
=== libmudflap Summary for unix ===
# of expected passes 1861
# of unexpected failures 4
=== libmudflap Summary ===
# of expected passes 3708
# of unexpected failures 22
=== libstdc++ tests ===
Running target unix/-m32
FAIL: 21_strings/basic_string/numeric_conversions/char/stoi.cc execution test
FAIL: 21_strings/basic_string/numeric_conversions/char/stol.cc execution test
FAIL: 21_strings/basic_string/numeric_conversions/char/stoul.cc execution test
XPASS: 23_containers/unordered_multimap/init-list.cc (test for excess errors)
XPASS: 26_numerics/headers/cmath/c99_classification_macros_c.cc (test for excess errors)
=== libstdc++ Summary for unix/-m32 ===
# of expected passes 5997
# of unexpected failures 3
# of unexpected successes 2
# of expected failures 70
# of unsupported tests 13
Running target unix
XPASS: 23_containers/unordered_multimap/init-list.cc (test for excess errors)
XPASS: 26_numerics/headers/cmath/c99_classification_macros_c.cc (test for excess errors)
=== libstdc++ Summary for unix ===
# of expected passes 6006
# of unexpected successes 2
# of expected failures 70
# of unsupported tests 10
=== libstdc++ Summary ===
# of expected passes 12003
# of unexpected failures 3
# of unexpected successes 4
# of expected failures 140
# of unsupported tests 23
Compiler version: 4.4.0 20080831 (experimental) [trunk revision 139843] (GCC)
Platform: x86_64-unknown-linux-gnu
configure flags: --enable-checking=assert --enable-clocale=gnu --with-system-zlib --enable-shared --with-demangler-in-ld