This is the mail archive of the
gcc-testresults@gcc.gnu.org
mailing list for the GCC project.
Results for 4.3.2 (GCC) testsuite on x86_64-unknown-linux-gnu
- From: Joe Buck <Joe dot Buck at synopsys dot com>
- To: gcc-testresults at gcc dot gnu dot org
- Date: Fri, 29 Aug 2008 21:25:25 -0700
- Subject: Results for 4.3.2 (GCC) testsuite on x86_64-unknown-linux-gnu
This is a Red Hat Enterprise (GNU/)Linux 4.0 U4 system
running on a dual 2.19 GHz AMD Opteron machine.
boot compiler: gcc 3.4.6 (Red Hat 3.4.6-3)
kernel: 2.6.9-55.ELsmp (from Red Hat)
glibc: 2.3.4-2-25 (from Red Hat)
binutils: 2.17 (FSF release)
MPFR: 2.3.1
All languages were tested.
LAST_UPDATED: Obtained from SVN: tags/gcc_4_3_2_release revision 139673
Native configuration is x86_64-unknown-linux-gnu
=== gcc tests ===
Running target unix/
=== gcc Summary ===
# of expected passes 49106
# of expected failures 168
# of untested testcases 35
# of unsupported tests 464
/remote/atg5/jbuck/gcc-4.3.2-amd64-build/gcc/xgcc version 4.3.2 (GCC)
=== gfortran tests ===
Running target unix/
=== gfortran Summary ===
# of expected passes 24224
# of expected failures 3
# of unsupported tests 18
/remote/atg5/jbuck/gcc-4.3.2-amd64-build/gcc/testsuite/gfortran/../../gfortran version 4.3.2 (GCC)
=== g++ tests ===
Running target unix/
=== g++ Summary ===
# of expected passes 17571
# of expected failures 82
# of unsupported tests 122
/remote/atg5/jbuck/gcc-4.3.2-amd64-build/gcc/testsuite/g++/../../g++ version 4.3.2 (GCC)
=== objc tests ===
Running target unix/
=== objc Summary ===
# of expected passes 1812
# of expected failures 7
# of unsupported tests 24
/remote/atg5/jbuck/gcc-4.3.2-amd64-build/gcc/xgcc version 4.3.2 (GCC)
=== libffi tests ===
Running target unix/
=== libffi Summary ===
# of expected passes 1389
# of unsupported tests 10
=== libgomp tests ===
Running target unix/
=== libgomp Summary ===
# of expected passes 1763
=== libjava tests ===
Running target unix/
=== libjava Summary ===
# of expected passes 2562
=== libmudflap tests ===
Running target unix/
FAIL: libmudflap.c++/pass41-frag.cxx execution test
FAIL: libmudflap.c++/pass41-frag.cxx (-static) execution test
FAIL: libmudflap.c++/pass41-frag.cxx ( -O) execution test
FAIL: libmudflap.c++/pass41-frag.cxx (-O2) execution test
FAIL: libmudflap.c++/pass41-frag.cxx (-O3) execution test
=== libmudflap Summary ===
# of expected passes 1844
# of unexpected failures 5
=== libstdc++ tests ===
Running target unix/
XPASS: 26_numerics/headers/cmath/c99_classification_macros_c.cc (test for excess errors)
=== libstdc++ Summary ===
# of expected passes 5575
# of unexpected successes 1
# of expected failures 59
# of unsupported tests 10
Compiler version: 4.3.2 (GCC)
Platform: x86_64-unknown-linux-gnu
configure flags: --prefix=/u/jbuck/cvs.x86_64/4.3.2 --with-gnu-as --with-as=/u/jbuck/gnu.amd64/bin/as --with-gnu-ld --with-ld=/u/jbuck/gnu.amd64/bin/ld --with-mpfr=/remote/atg5/jbuck/mpfr-2.3.1-linux64