This is the mail archive of the
gcc-testresults@gcc.gnu.org
mailing list for the GCC project.
Results for 4.4.0 20080817 (experimental) [stack revision 139177] (GCC) testsuite on ia64-unknown-linux-gnu
- From: hjl at gnu-14 dot sc dot intel dot com (H.J. Lu (ia64))
- To: gcc-testresults at gcc dot gnu dot org
- Date: Sun, 17 Aug 2008 09:12:34 -0700 (PDT)
- Subject: Results for 4.4.0 20080817 (experimental) [stack revision 139177] (GCC) testsuite on ia64-unknown-linux-gnu
LAST_UPDATED: Sun Aug 17 14:24:58 UTC 2008 (revision 139177)
Native configuration is ia64-unknown-linux-gnu
=== gcc tests ===
Running target unix
FAIL: gcc.c-torture/compile/pr11832.c -O0 (internal compiler error)
FAIL: gcc.c-torture/compile/pr11832.c -O1 (internal compiler error)
FAIL: gcc.c-torture/compile/pr11832.c -O2 (internal compiler error)
FAIL: gcc.c-torture/compile/pr11832.c -O3 -fomit-frame-pointer (internal compiler error)
FAIL: gcc.c-torture/compile/pr11832.c -O3 -fomit-frame-pointer -funroll-loops (internal compiler error)
FAIL: gcc.c-torture/compile/pr11832.c -O3 -fomit-frame-pointer -funroll-all-loops -finline-functions (internal compiler error)
FAIL: gcc.c-torture/compile/pr11832.c -O3 -g (internal compiler error)
FAIL: gcc.c-torture/compile/pr11832.c -Os (internal compiler error)
FAIL: gcc.c-torture/compile/pr33009.c -O0 (internal compiler error)
FAIL: gcc.dg/debug/dwarf2/dwarf-die3.c scan-assembler-not DW_AT_inline
FAIL: gcc.dg/builtin-apply4.c execution test
FAIL: gcc.dg/pr19340.c (internal compiler error)
FAIL: gcc.dg/pr19340.c (test for excess errors)
FAIL: gcc.dg/pr35729.c scan-rtl-dump-times loop2_invariant "Decided to move invariant" 0
FAIL: gcc.dg/visibility-16.c scan-hidden hidden[ \\t_]*foo
WARNING: gcc.dg/torture/fp-int-convert-float128-timode.c -O0 compilation failed to produce executable
WARNING: gcc.dg/torture/fp-int-convert-float128-timode.c -O1 compilation failed to produce executable
WARNING: gcc.dg/torture/fp-int-convert-float128-timode.c -O2 compilation failed to produce executable
WARNING: gcc.dg/torture/fp-int-convert-float128-timode.c -O3 -fomit-frame-pointer compilation failed to produce executable
WARNING: gcc.dg/torture/fp-int-convert-float128-timode.c -O3 -g compilation failed to produce executable
WARNING: gcc.dg/torture/fp-int-convert-float128-timode.c -Os compilation failed to produce executable
FAIL: gcc.dg/torture/fp-int-convert-float128.c -O0 (test for excess errors)
WARNING: gcc.dg/torture/fp-int-convert-float128.c -O0 compilation failed to produce executable
FAIL: gcc.dg/torture/fp-int-convert-float128.c -O1 (test for excess errors)
WARNING: gcc.dg/torture/fp-int-convert-float128.c -O1 compilation failed to produce executable
FAIL: gcc.dg/torture/fp-int-convert-float128.c -O2 (test for excess errors)
WARNING: gcc.dg/torture/fp-int-convert-float128.c -O2 compilation failed to produce executable
FAIL: gcc.dg/torture/fp-int-convert-float128.c -O3 -fomit-frame-pointer (test for excess errors)
WARNING: gcc.dg/torture/fp-int-convert-float128.c -O3 -fomit-frame-pointer compilation failed to produce executable
FAIL: gcc.dg/torture/fp-int-convert-float128.c -O3 -g (test for excess errors)
WARNING: gcc.dg/torture/fp-int-convert-float128.c -O3 -g compilation failed to produce executable
FAIL: gcc.dg/torture/fp-int-convert-float128.c -Os (test for excess errors)
WARNING: gcc.dg/torture/fp-int-convert-float128.c -Os compilation failed to produce executable
XPASS: gcc.dg/tree-ssa/data-dep-1.c scan-tree-dump-times ltrans "4, \\+, 1" 0
XPASS: gcc.dg/tree-ssa/loop-1.c scan-assembler-times foo 5
XPASS: gcc.dg/tree-ssa/ltrans-3.c scan-tree-dump-times ltrans "transformed loop" 1
XPASS: gcc.dg/tree-ssa/ssa-fre-13.c scan-tree-dump fre "Inserted .* &a"
XPASS: gcc.dg/tree-ssa/ssa-fre-13.c scan-tree-dump fre "Replaced tmp1_.\\(D\\)->data"
XPASS: gcc.dg/tree-ssa/ssa-fre-14.c scan-tree-dump fre "Inserted .* &a"
XPASS: gcc.dg/tree-ssa/ssa-fre-14.c scan-tree-dump fre "Replaced tmp1.data"
XPASS: gcc.dg/tree-ssa/ssa-fre-17.c scan-tree-dump fre "Replaced f.doms\\[0\\].dom with i_"
FAIL: gcc.dg/vect/vect-67.c scan-tree-dump-times vect "vectorized 1 loops" 1
ERROR: gcc.dg/vect/vect-multitypes-15.c: error executing dg-final: syntax error in target selector "target vect_uncpack"
UNRESOLVED: gcc.dg/vect/vect-multitypes-15.c: error executing dg-final: syntax error in target selector "target vect_uncpack"
FAIL: gcc.dg/vect/slp-7.c scan-tree-dump-times vect "vectorized 2 loops" 1
FAIL: gcc.dg/vect/slp-7.c scan-tree-dump-times vect "vectorizing stmts using SLP" 2
FAIL: gcc.dg/vect/no-vfa-pr29145.c scan-tree-dump-times vect "vectorized 0 loops" 2
FAIL: gcc.dg/vect/no-vfa-pr29145.c scan-tree-dump-times vect "vectorized 1 loops" 1
FAIL: gcc.dg/vect/O3-vect-pr34223.c scan-tree-dump-times vect "vectorized 1 loops" 1
=== gcc Summary ===
# of expected passes 47794
# of unexpected failures 27
# of unexpected successes 8
# of expected failures 248
# of unresolved testcases 1
# of unsupported tests 479
/export/build/gnu/gcc-stack/build-ia64-linux/gcc/xgcc version 4.4.0 20080817 (experimental) [stack revision 139177] (GCC)
=== gfortran tests ===
Running target unix
FAIL: gfortran.dg/parameter_array_init_3.f90 -O (internal compiler error)
FAIL: gfortran.dg/parameter_array_init_3.f90 -O (test for excess errors)
=== gfortran Summary ===
# of expected passes 27369
# of unexpected failures 2
# of expected failures 16
# of unsupported tests 26
/export/build/gnu/gcc-stack/build-ia64-linux/gcc/testsuite/gfortran/../../gfortran version 4.4.0 20080817 (experimental) [stack revision 139177] (GCC)
=== g++ tests ===
Running target unix
FAIL: g++.dg/tree-prof/indir-call-prof.C scan-tree-dump tree_profile "Indirect call -> direct call.* AA transformation on insn"
FAIL: g++.dg/tree-prof/indir-call-prof.C scan-tree-dump tree_profile "Indirect call -> direct call.* AA transformation on insn"
FAIL: g++.dg/tree-prof/indir-call-prof.C scan-tree-dump tree_profile "Indirect call -> direct call.* AA transformation on insn"
FAIL: g++.dg/tree-prof/indir-call-prof.C scan-tree-dump tree_profile "Indirect call -> direct call.* AA transformation on insn"
FAIL: g++.dg/tree-prof/indir-call-prof.C scan-tree-dump tree_profile "Indirect call -> direct call.* AA transformation on insn"
FAIL: g++.dg/tree-prof/indir-call-prof.C scan-tree-dump tree_profile "Indirect call -> direct call.* AA transformation on insn"
FAIL: g++.dg/tree-prof/indir-call-prof.C scan-tree-dump tree_profile "Indirect call -> direct call.* AA transformation on insn"
=== g++ Summary ===
# of expected passes 17262
# of unexpected failures 7
# of expected failures 81
# of unsupported tests 141
/export/build/gnu/gcc-stack/build-ia64-linux/gcc/testsuite/g++/../../g++ version 4.4.0 20080817 (experimental) [stack revision 139177] (GCC)
=== objc tests ===
Running target unix
=== objc Summary ===
# of expected passes 1812
# of expected failures 7
# of unsupported tests 25
/export/build/gnu/gcc-stack/build-ia64-linux/gcc/xgcc version 4.4.0 20080817 (experimental) [stack revision 139177] (GCC)
=== libffi tests ===
Running target unix
=== libffi Summary ===
# of expected passes 1389
# of unsupported tests 10
=== libgomp tests ===
Running target unix
FAIL: libgomp.c/atomic-4.c execution test
WARNING: program timed out.
FAIL: libgomp.c/nqueens-1.c execution test
FAIL: libgomp.c/sort-1.c execution test
FAIL: libgomp.c++/collapse-2.C -O2 execution test
FAIL: libgomp.c++/collapse-2.C -O3 -fomit-frame-pointer -funroll-loops execution test
FAIL: libgomp.c++/collapse-2.C -Os execution test
WARNING: program timed out.
FAIL: libgomp.fortran/do2.f90 -O1 execution test
FAIL: libgomp.fortran/omp_parse2.f90 -O0 execution test
FAIL: libgomp.fortran/omp_parse2.f90 -O3 -fomit-frame-pointer execution test
=== libgomp Summary ===
# of expected passes 2280
# of unexpected failures 9
=== libjava tests ===
Running target unix
FAIL: getlocalvartable output
FAIL: Throw_3 -O3 output - source compiled test
FAIL: Throw_3 -O3 -findirect-dispatch output - source compiled test
=== libjava Summary ===
# of expected passes 2571
# of unexpected failures 3
=== libmudflap tests ===
Running target unix
FAIL: libmudflap.c++/pass41-frag.cxx execution test
FAIL: libmudflap.c++/pass41-frag.cxx (-static) execution test
FAIL: libmudflap.c++/pass41-frag.cxx (-O2) execution test
FAIL: libmudflap.c++/pass41-frag.cxx (-O3) execution test
WARNING: program timed out.
FAIL: libmudflap.cth/pass37-frag.c execution test
FAIL: libmudflap.cth/pass37-frag.c output pattern test
WARNING: program timed out.
FAIL: libmudflap.cth/pass37-frag.c (rerun 1) execution test
FAIL: libmudflap.cth/pass37-frag.c (rerun 1) output pattern test
WARNING: program timed out.
FAIL: libmudflap.cth/pass37-frag.c (rerun 2) execution test
FAIL: libmudflap.cth/pass37-frag.c (rerun 2) output pattern test
WARNING: program timed out.
FAIL: libmudflap.cth/pass37-frag.c (rerun 3) execution test
FAIL: libmudflap.cth/pass37-frag.c (rerun 3) output pattern test
WARNING: program timed out.
FAIL: libmudflap.cth/pass37-frag.c (rerun 4) execution test
FAIL: libmudflap.cth/pass37-frag.c (rerun 4) output pattern test
WARNING: program timed out.
FAIL: libmudflap.cth/pass37-frag.c (rerun 5) execution test
FAIL: libmudflap.cth/pass37-frag.c (rerun 5) output pattern test
WARNING: program timed out.
FAIL: libmudflap.cth/pass37-frag.c (rerun 6) execution test
FAIL: libmudflap.cth/pass37-frag.c (rerun 6) output pattern test
WARNING: program timed out.
FAIL: libmudflap.cth/pass37-frag.c (rerun 7) execution test
FAIL: libmudflap.cth/pass37-frag.c (rerun 7) output pattern test
WARNING: program timed out.
FAIL: libmudflap.cth/pass37-frag.c (rerun 8) execution test
FAIL: libmudflap.cth/pass37-frag.c (rerun 8) output pattern test
WARNING: program timed out.
FAIL: libmudflap.cth/pass37-frag.c (rerun 9) execution test
FAIL: libmudflap.cth/pass37-frag.c (rerun 9) output pattern test
WARNING: program timed out.
FAIL: libmudflap.cth/pass37-frag.c (rerun 10) execution test
FAIL: libmudflap.cth/pass37-frag.c (rerun 10) output pattern test
WARNING: program timed out.
FAIL: libmudflap.cth/pass37-frag.c (rerun 11) execution test
FAIL: libmudflap.cth/pass37-frag.c (rerun 11) output pattern test
WARNING: program timed out.
FAIL: libmudflap.cth/pass37-frag.c (rerun 12) execution test
FAIL: libmudflap.cth/pass37-frag.c (rerun 12) output pattern test
WARNING: program timed out.
FAIL: libmudflap.cth/pass37-frag.c (rerun 13) execution test
FAIL: libmudflap.cth/pass37-frag.c (rerun 13) output pattern test
WARNING: program timed out.
FAIL: libmudflap.cth/pass37-frag.c (rerun 14) execution test
FAIL: libmudflap.cth/pass37-frag.c (rerun 14) output pattern test
WARNING: program timed out.
FAIL: libmudflap.cth/pass37-frag.c (rerun 15) execution test
FAIL: libmudflap.cth/pass37-frag.c (rerun 15) output pattern test
WARNING: program timed out.
FAIL: libmudflap.cth/pass37-frag.c (rerun 16) execution test
FAIL: libmudflap.cth/pass37-frag.c (rerun 16) output pattern test
WARNING: program timed out.
FAIL: libmudflap.cth/pass37-frag.c (rerun 17) execution test
FAIL: libmudflap.cth/pass37-frag.c (rerun 17) output pattern test
WARNING: program timed out.
FAIL: libmudflap.cth/pass37-frag.c (rerun 18) execution test
FAIL: libmudflap.cth/pass37-frag.c (rerun 18) output pattern test
WARNING: program timed out.
FAIL: libmudflap.cth/pass37-frag.c (rerun 19) execution test
FAIL: libmudflap.cth/pass37-frag.c (rerun 19) output pattern test
WARNING: program timed out.
FAIL: libmudflap.cth/pass39-frag.c execution test
FAIL: libmudflap.cth/pass39-frag.c output pattern test
WARNING: program timed out.
FAIL: libmudflap.cth/pass39-frag.c (rerun 1) execution test
FAIL: libmudflap.cth/pass39-frag.c (rerun 1) output pattern test
WARNING: program timed out.
FAIL: libmudflap.cth/pass39-frag.c (rerun 2) execution test
FAIL: libmudflap.cth/pass39-frag.c (rerun 2) output pattern test
WARNING: program timed out.
FAIL: libmudflap.cth/pass39-frag.c (rerun 3) execution test
FAIL: libmudflap.cth/pass39-frag.c (rerun 3) output pattern test
WARNING: program timed out.
FAIL: libmudflap.cth/pass39-frag.c (rerun 4) execution test
FAIL: libmudflap.cth/pass39-frag.c (rerun 4) output pattern test
WARNING: program timed out.
FAIL: libmudflap.cth/pass39-frag.c (rerun 5) execution test
FAIL: libmudflap.cth/pass39-frag.c (rerun 5) output pattern test
WARNING: program timed out.
FAIL: libmudflap.cth/pass39-frag.c (rerun 6) execution test
FAIL: libmudflap.cth/pass39-frag.c (rerun 6) output pattern test
WARNING: program timed out.
FAIL: libmudflap.cth/pass39-frag.c (rerun 7) execution test
FAIL: libmudflap.cth/pass39-frag.c (rerun 7) output pattern test
WARNING: program timed out.
FAIL: libmudflap.cth/pass39-frag.c (rerun 8) execution test
FAIL: libmudflap.cth/pass39-frag.c (rerun 8) output pattern test
WARNING: program timed out.
FAIL: libmudflap.cth/pass39-frag.c (rerun 9) execution test
FAIL: libmudflap.cth/pass39-frag.c (rerun 9) output pattern test
WARNING: program timed out.
FAIL: libmudflap.cth/pass39-frag.c (rerun 10) execution test
FAIL: libmudflap.cth/pass39-frag.c (rerun 10) output pattern test
WARNING: program timed out.
FAIL: libmudflap.cth/pass39-frag.c (rerun 11) execution test
FAIL: libmudflap.cth/pass39-frag.c (rerun 11) output pattern test
WARNING: program timed out.
FAIL: libmudflap.cth/pass39-frag.c (rerun 12) execution test
FAIL: libmudflap.cth/pass39-frag.c (rerun 12) output pattern test
WARNING: program timed out.
FAIL: libmudflap.cth/pass39-frag.c (rerun 13) execution test
FAIL: libmudflap.cth/pass39-frag.c (rerun 13) output pattern test
WARNING: program timed out.
FAIL: libmudflap.cth/pass39-frag.c (rerun 14) execution test
FAIL: libmudflap.cth/pass39-frag.c (rerun 14) output pattern test
WARNING: program timed out.
FAIL: libmudflap.cth/pass39-frag.c (rerun 15) execution test
FAIL: libmudflap.cth/pass39-frag.c (rerun 15) output pattern test
WARNING: program timed out.
FAIL: libmudflap.cth/pass39-frag.c (rerun 16) execution test
FAIL: libmudflap.cth/pass39-frag.c (rerun 16) output pattern test
WARNING: program timed out.
FAIL: libmudflap.cth/pass39-frag.c (rerun 17) execution test
FAIL: libmudflap.cth/pass39-frag.c (rerun 17) output pattern test
WARNING: program timed out.
FAIL: libmudflap.cth/pass39-frag.c (rerun 18) execution test
FAIL: libmudflap.cth/pass39-frag.c (rerun 18) output pattern test
WARNING: program timed out.
FAIL: libmudflap.cth/pass39-frag.c (rerun 19) execution test
FAIL: libmudflap.cth/pass39-frag.c (rerun 19) output pattern test
WARNING: program timed out.
FAIL: libmudflap.cth/pass40-frag.c execution test
FAIL: libmudflap.cth/pass40-frag.c output pattern test
WARNING: program timed out.
FAIL: libmudflap.cth/pass37-frag.c (-O2) execution test
FAIL: libmudflap.cth/pass37-frag.c (-O2) output pattern test
WARNING: program timed out.
FAIL: libmudflap.cth/pass37-frag.c (-O2) (rerun 1) execution test
FAIL: libmudflap.cth/pass37-frag.c (-O2) (rerun 1) output pattern test
WARNING: program timed out.
FAIL: libmudflap.cth/pass37-frag.c (-O2) (rerun 2) execution test
FAIL: libmudflap.cth/pass37-frag.c (-O2) (rerun 2) output pattern test
WARNING: program timed out.
FAIL: libmudflap.cth/pass37-frag.c (-O2) (rerun 3) execution test
FAIL: libmudflap.cth/pass37-frag.c (-O2) (rerun 3) output pattern test
WARNING: program timed out.
FAIL: libmudflap.cth/pass37-frag.c (-O2) (rerun 4) execution test
FAIL: libmudflap.cth/pass37-frag.c (-O2) (rerun 4) output pattern test
WARNING: program timed out.
FAIL: libmudflap.cth/pass37-frag.c (-O2) (rerun 5) execution test
FAIL: libmudflap.cth/pass37-frag.c (-O2) (rerun 5) output pattern test
WARNING: program timed out.
FAIL: libmudflap.cth/pass37-frag.c (-O2) (rerun 6) execution test
FAIL: libmudflap.cth/pass37-frag.c (-O2) (rerun 6) output pattern test
WARNING: program timed out.
FAIL: libmudflap.cth/pass37-frag.c (-O2) (rerun 7) execution test
FAIL: libmudflap.cth/pass37-frag.c (-O2) (rerun 7) output pattern test
WARNING: program timed out.
FAIL: libmudflap.cth/pass37-frag.c (-O2) (rerun 8) execution test
FAIL: libmudflap.cth/pass37-frag.c (-O2) (rerun 8) output pattern test
WARNING: program timed out.
FAIL: libmudflap.cth/pass37-frag.c (-O2) (rerun 9) execution test
FAIL: libmudflap.cth/pass37-frag.c (-O2) (rerun 9) output pattern test
WARNING: program timed out.
FAIL: libmudflap.cth/pass37-frag.c (-O2) (rerun 10) execution test
FAIL: libmudflap.cth/pass37-frag.c (-O2) (rerun 10) output pattern test
WARNING: program timed out.
FAIL: libmudflap.cth/pass37-frag.c (-O2) (rerun 11) execution test
FAIL: libmudflap.cth/pass37-frag.c (-O2) (rerun 11) output pattern test
WARNING: program timed out.
FAIL: libmudflap.cth/pass37-frag.c (-O2) (rerun 12) execution test
FAIL: libmudflap.cth/pass37-frag.c (-O2) (rerun 12) output pattern test
WARNING: program timed out.
FAIL: libmudflap.cth/pass37-frag.c (-O2) (rerun 13) execution test
FAIL: libmudflap.cth/pass37-frag.c (-O2) (rerun 13) output pattern test
WARNING: program timed out.
FAIL: libmudflap.cth/pass37-frag.c (-O2) (rerun 14) execution test
FAIL: libmudflap.cth/pass37-frag.c (-O2) (rerun 14) output pattern test
WARNING: program timed out.
FAIL: libmudflap.cth/pass37-frag.c (-O2) (rerun 15) execution test
FAIL: libmudflap.cth/pass37-frag.c (-O2) (rerun 15) output pattern test
WARNING: program timed out.
FAIL: libmudflap.cth/pass37-frag.c (-O2) (rerun 16) execution test
FAIL: libmudflap.cth/pass37-frag.c (-O2) (rerun 16) output pattern test
WARNING: program timed out.
FAIL: libmudflap.cth/pass37-frag.c (-O2) (rerun 17) execution test
FAIL: libmudflap.cth/pass37-frag.c (-O2) (rerun 17) output pattern test
WARNING: program timed out.
FAIL: libmudflap.cth/pass37-frag.c (-O2) (rerun 18) execution test
FAIL: libmudflap.cth/pass37-frag.c (-O2) (rerun 18) output pattern test
WARNING: program timed out.
FAIL: libmudflap.cth/pass37-frag.c (-O2) (rerun 19) execution test
FAIL: libmudflap.cth/pass37-frag.c (-O2) (rerun 19) output pattern test
WARNING: program timed out.
FAIL: libmudflap.cth/pass39-frag.c (-O2) execution test
FAIL: libmudflap.cth/pass39-frag.c (-O2) output pattern test
WARNING: program timed out.
FAIL: libmudflap.cth/pass39-frag.c (-O2) (rerun 1) execution test
FAIL: libmudflap.cth/pass39-frag.c (-O2) (rerun 1) output pattern test
WARNING: program timed out.
FAIL: libmudflap.cth/pass39-frag.c (-O2) (rerun 2) execution test
FAIL: libmudflap.cth/pass39-frag.c (-O2) (rerun 2) output pattern test
WARNING: program timed out.
FAIL: libmudflap.cth/pass39-frag.c (-O2) (rerun 3) execution test
FAIL: libmudflap.cth/pass39-frag.c (-O2) (rerun 3) output pattern test
WARNING: program timed out.
FAIL: libmudflap.cth/pass39-frag.c (-O2) (rerun 4) execution test
FAIL: libmudflap.cth/pass39-frag.c (-O2) (rerun 4) output pattern test
WARNING: program timed out.
FAIL: libmudflap.cth/pass39-frag.c (-O2) (rerun 5) execution test
FAIL: libmudflap.cth/pass39-frag.c (-O2) (rerun 5) output pattern test
WARNING: program timed out.
FAIL: libmudflap.cth/pass39-frag.c (-O2) (rerun 6) execution test
FAIL: libmudflap.cth/pass39-frag.c (-O2) (rerun 6) output pattern test
WARNING: program timed out.
FAIL: libmudflap.cth/pass39-frag.c (-O2) (rerun 7) execution test
FAIL: libmudflap.cth/pass39-frag.c (-O2) (rerun 7) output pattern test
WARNING: program timed out.
FAIL: libmudflap.cth/pass39-frag.c (-O2) (rerun 8) execution test
FAIL: libmudflap.cth/pass39-frag.c (-O2) (rerun 8) output pattern test
WARNING: program timed out.
FAIL: libmudflap.cth/pass39-frag.c (-O2) (rerun 9) execution test
FAIL: libmudflap.cth/pass39-frag.c (-O2) (rerun 9) output pattern test
WARNING: program timed out.
FAIL: libmudflap.cth/pass39-frag.c (-O2) (rerun 10) execution test
FAIL: libmudflap.cth/pass39-frag.c (-O2) (rerun 10) output pattern test
WARNING: program timed out.
FAIL: libmudflap.cth/pass39-frag.c (-O2) (rerun 11) execution test
FAIL: libmudflap.cth/pass39-frag.c (-O2) (rerun 11) output pattern test
WARNING: program timed out.
FAIL: libmudflap.cth/pass39-frag.c (-O2) (rerun 12) execution test
FAIL: libmudflap.cth/pass39-frag.c (-O2) (rerun 12) output pattern test
WARNING: program timed out.
FAIL: libmudflap.cth/pass39-frag.c (-O2) (rerun 13) execution test
FAIL: libmudflap.cth/pass39-frag.c (-O2) (rerun 13) output pattern test
WARNING: program timed out.
FAIL: libmudflap.cth/pass39-frag.c (-O2) (rerun 14) execution test
FAIL: libmudflap.cth/pass39-frag.c (-O2) (rerun 14) output pattern test
WARNING: program timed out.
FAIL: libmudflap.cth/pass39-frag.c (-O2) (rerun 15) execution test
FAIL: libmudflap.cth/pass39-frag.c (-O2) (rerun 15) output pattern test
WARNING: program timed out.
FAIL: libmudflap.cth/pass39-frag.c (-O2) (rerun 16) execution test
FAIL: libmudflap.cth/pass39-frag.c (-O2) (rerun 16) output pattern test
WARNING: program timed out.
FAIL: libmudflap.cth/pass39-frag.c (-O2) (rerun 17) execution test
FAIL: libmudflap.cth/pass39-frag.c (-O2) (rerun 17) output pattern test
WARNING: program timed out.
FAIL: libmudflap.cth/pass39-frag.c (-O2) (rerun 18) execution test
FAIL: libmudflap.cth/pass39-frag.c (-O2) (rerun 18) output pattern test
WARNING: program timed out.
FAIL: libmudflap.cth/pass39-frag.c (-O2) (rerun 19) execution test
FAIL: libmudflap.cth/pass39-frag.c (-O2) (rerun 19) output pattern test
WARNING: program timed out.
FAIL: libmudflap.cth/pass40-frag.c (-O2) execution test
FAIL: libmudflap.cth/pass40-frag.c (-O2) output pattern test
WARNING: program timed out.
FAIL: libmudflap.cth/pass37-frag.c (-O3) execution test
FAIL: libmudflap.cth/pass37-frag.c (-O3) output pattern test
WARNING: program timed out.
FAIL: libmudflap.cth/pass37-frag.c (-O3) (rerun 1) execution test
FAIL: libmudflap.cth/pass37-frag.c (-O3) (rerun 1) output pattern test
WARNING: program timed out.
FAIL: libmudflap.cth/pass37-frag.c (-O3) (rerun 2) execution test
FAIL: libmudflap.cth/pass37-frag.c (-O3) (rerun 2) output pattern test
WARNING: program timed out.
FAIL: libmudflap.cth/pass37-frag.c (-O3) (rerun 3) execution test
FAIL: libmudflap.cth/pass37-frag.c (-O3) (rerun 3) output pattern test
WARNING: program timed out.
FAIL: libmudflap.cth/pass37-frag.c (-O3) (rerun 4) execution test
FAIL: libmudflap.cth/pass37-frag.c (-O3) (rerun 4) output pattern test
WARNING: program timed out.
FAIL: libmudflap.cth/pass37-frag.c (-O3) (rerun 5) execution test
FAIL: libmudflap.cth/pass37-frag.c (-O3) (rerun 5) output pattern test
WARNING: program timed out.
FAIL: libmudflap.cth/pass37-frag.c (-O3) (rerun 6) execution test
FAIL: libmudflap.cth/pass37-frag.c (-O3) (rerun 6) output pattern test
WARNING: program timed out.
FAIL: libmudflap.cth/pass37-frag.c (-O3) (rerun 7) execution test
FAIL: libmudflap.cth/pass37-frag.c (-O3) (rerun 7) output pattern test
WARNING: program timed out.
FAIL: libmudflap.cth/pass37-frag.c (-O3) (rerun 8) execution test
FAIL: libmudflap.cth/pass37-frag.c (-O3) (rerun 8) output pattern test
WARNING: program timed out.
FAIL: libmudflap.cth/pass37-frag.c (-O3) (rerun 9) execution test
FAIL: libmudflap.cth/pass37-frag.c (-O3) (rerun 9) output pattern test
WARNING: program timed out.
FAIL: libmudflap.cth/pass37-frag.c (-O3) (rerun 10) execution test
FAIL: libmudflap.cth/pass37-frag.c (-O3) (rerun 10) output pattern test
WARNING: program timed out.
FAIL: libmudflap.cth/pass37-frag.c (-O3) (rerun 11) execution test
FAIL: libmudflap.cth/pass37-frag.c (-O3) (rerun 11) output pattern test
WARNING: program timed out.
FAIL: libmudflap.cth/pass37-frag.c (-O3) (rerun 12) execution test
FAIL: libmudflap.cth/pass37-frag.c (-O3) (rerun 12) output pattern test
WARNING: program timed out.
FAIL: libmudflap.cth/pass37-frag.c (-O3) (rerun 13) execution test
FAIL: libmudflap.cth/pass37-frag.c (-O3) (rerun 13) output pattern test
WARNING: program timed out.
FAIL: libmudflap.cth/pass37-frag.c (-O3) (rerun 14) execution test
FAIL: libmudflap.cth/pass37-frag.c (-O3) (rerun 14) output pattern test
WARNING: program timed out.
FAIL: libmudflap.cth/pass37-frag.c (-O3) (rerun 15) execution test
FAIL: libmudflap.cth/pass37-frag.c (-O3) (rerun 15) output pattern test
WARNING: program timed out.
FAIL: libmudflap.cth/pass37-frag.c (-O3) (rerun 16) execution test
FAIL: libmudflap.cth/pass37-frag.c (-O3) (rerun 16) output pattern test
WARNING: program timed out.
FAIL: libmudflap.cth/pass37-frag.c (-O3) (rerun 17) execution test
FAIL: libmudflap.cth/pass37-frag.c (-O3) (rerun 17) output pattern test
WARNING: program timed out.
FAIL: libmudflap.cth/pass37-frag.c (-O3) (rerun 18) execution test
FAIL: libmudflap.cth/pass37-frag.c (-O3) (rerun 18) output pattern test
WARNING: program timed out.
FAIL: libmudflap.cth/pass37-frag.c (-O3) (rerun 19) execution test
FAIL: libmudflap.cth/pass37-frag.c (-O3) (rerun 19) output pattern test
WARNING: program timed out.
FAIL: libmudflap.cth/pass39-frag.c (-O3) execution test
FAIL: libmudflap.cth/pass39-frag.c (-O3) output pattern test
WARNING: program timed out.
FAIL: libmudflap.cth/pass39-frag.c (-O3) (rerun 1) execution test
FAIL: libmudflap.cth/pass39-frag.c (-O3) (rerun 1) output pattern test
WARNING: program timed out.
FAIL: libmudflap.cth/pass39-frag.c (-O3) (rerun 2) execution test
FAIL: libmudflap.cth/pass39-frag.c (-O3) (rerun 2) output pattern test
WARNING: program timed out.
FAIL: libmudflap.cth/pass39-frag.c (-O3) (rerun 3) execution test
FAIL: libmudflap.cth/pass39-frag.c (-O3) (rerun 3) output pattern test
WARNING: program timed out.
FAIL: libmudflap.cth/pass39-frag.c (-O3) (rerun 4) execution test
FAIL: libmudflap.cth/pass39-frag.c (-O3) (rerun 4) output pattern test
WARNING: program timed out.
FAIL: libmudflap.cth/pass39-frag.c (-O3) (rerun 5) execution test
FAIL: libmudflap.cth/pass39-frag.c (-O3) (rerun 5) output pattern test
WARNING: program timed out.
FAIL: libmudflap.cth/pass39-frag.c (-O3) (rerun 6) execution test
FAIL: libmudflap.cth/pass39-frag.c (-O3) (rerun 6) output pattern test
WARNING: program timed out.
FAIL: libmudflap.cth/pass39-frag.c (-O3) (rerun 7) execution test
FAIL: libmudflap.cth/pass39-frag.c (-O3) (rerun 7) output pattern test
WARNING: program timed out.
FAIL: libmudflap.cth/pass39-frag.c (-O3) (rerun 8) execution test
FAIL: libmudflap.cth/pass39-frag.c (-O3) (rerun 8) output pattern test
WARNING: program timed out.
FAIL: libmudflap.cth/pass39-frag.c (-O3) (rerun 9) execution test
FAIL: libmudflap.cth/pass39-frag.c (-O3) (rerun 9) output pattern test
WARNING: program timed out.
FAIL: libmudflap.cth/pass39-frag.c (-O3) (rerun 10) execution test
FAIL: libmudflap.cth/pass39-frag.c (-O3) (rerun 10) output pattern test
WARNING: program timed out.
FAIL: libmudflap.cth/pass39-frag.c (-O3) (rerun 11) execution test
FAIL: libmudflap.cth/pass39-frag.c (-O3) (rerun 11) output pattern test
WARNING: program timed out.
FAIL: libmudflap.cth/pass39-frag.c (-O3) (rerun 12) execution test
FAIL: libmudflap.cth/pass39-frag.c (-O3) (rerun 12) output pattern test
WARNING: program timed out.
FAIL: libmudflap.cth/pass39-frag.c (-O3) (rerun 13) execution test
FAIL: libmudflap.cth/pass39-frag.c (-O3) (rerun 13) output pattern test
WARNING: program timed out.
FAIL: libmudflap.cth/pass39-frag.c (-O3) (rerun 14) execution test
FAIL: libmudflap.cth/pass39-frag.c (-O3) (rerun 14) output pattern test
WARNING: program timed out.
FAIL: libmudflap.cth/pass39-frag.c (-O3) (rerun 15) execution test
FAIL: libmudflap.cth/pass39-frag.c (-O3) (rerun 15) output pattern test
WARNING: program timed out.
FAIL: libmudflap.cth/pass39-frag.c (-O3) (rerun 16) execution test
FAIL: libmudflap.cth/pass39-frag.c (-O3) (rerun 16) output pattern test
WARNING: program timed out.
FAIL: libmudflap.cth/pass39-frag.c (-O3) (rerun 17) execution test
FAIL: libmudflap.cth/pass39-frag.c (-O3) (rerun 17) output pattern test
WARNING: program timed out.
FAIL: libmudflap.cth/pass39-frag.c (-O3) (rerun 18) execution test
FAIL: libmudflap.cth/pass39-frag.c (-O3) (rerun 18) output pattern test
WARNING: program timed out.
FAIL: libmudflap.cth/pass39-frag.c (-O3) (rerun 19) execution test
FAIL: libmudflap.cth/pass39-frag.c (-O3) (rerun 19) output pattern test
WARNING: program timed out.
FAIL: libmudflap.cth/pass40-frag.c (-O3) execution test
FAIL: libmudflap.cth/pass40-frag.c (-O3) output pattern test
=== libmudflap Summary ===
# of expected passes 1615
# of unexpected failures 250
=== libstdc++ tests ===
Running target unix
XPASS: 23_containers/unordered_multimap/init-list.cc (test for excess errors)
XPASS: 26_numerics/headers/cmath/c99_classification_macros_c.cc (test for excess errors)
FAIL: ext/pb_ds/regression/trie_no_data_map_rand.cc execution test
=== libstdc++ Summary ===
# of expected passes 5983
# of unexpected failures 1
# of unexpected successes 2
# of expected failures 70
# of unsupported tests 10
Compiler version: 4.4.0 20080817 (experimental) [stack revision 139177] (GCC)
Platform: ia64-unknown-linux-gnu
configure flags: --enable-clocale=gnu --with-system-zlib --enable-checking=assert --with-demangler-in-ld --enable-shared --enable-threads=posix --enable-haifa --prefix=/usr/gcc-4.4-stack --with-local-prefix=/usr/local