This is the mail archive of the
gcc-testresults@gcc.gnu.org
mailing list for the GCC project.
Results for 4.4.0 20080728 (experimental) (gimple-tuples-branch merged with rev 138201) testsuite on x86_64-unknown-linux-gnu
- From: Toon Moene <toon at moene dot indiv dot nluug dot nl>
- To: gcc-testresults at gcc dot gnu dot org
- Date: Thu, 14 Aug 2008 19:01:16 +0200
- Subject: Results for 4.4.0 20080728 (experimental) (gimple-tuples-branch merged with rev 138201) testsuite on x86_64-unknown-linux-gnu
LAST_UPDATED: Thu Aug 14 15:36:05 UTC 2008 (revision 139099)
=== acats tests ===
FAIL: ce3801b
=== acats Summary ===
# of expected passes 2314
# of unexpected failures 1
Native configuration is x86_64-unknown-linux-gnu
=== gcc tests ===
Running target unix
FAIL: gcc.dg/20040206-1.c (test for warnings, line 10)
FAIL: gcc.dg/20040206-1.c (test for excess errors)
FAIL: gcc.dg/tree-prof/pr34999.c compilation, -fprofile-use -D_PROFILE_USE
UNRESOLVED: gcc.dg/tree-prof/pr34999.c execution, -fprofile-use -D_PROFILE_USE
XPASS: gcc.dg/tree-ssa/data-dep-1.c scan-tree-dump-times ltrans "4, \\+, 1" 0
XPASS: gcc.dg/tree-ssa/ltrans-3.c scan-tree-dump-times ltrans "transformed loop" 1
XPASS: gcc.dg/tree-ssa/ssa-fre-13.c scan-tree-dump fre "Inserted .* &a"
XPASS: gcc.dg/tree-ssa/ssa-fre-13.c scan-tree-dump fre "Replaced tmp1_.\\(D\\)->data"
XPASS: gcc.dg/tree-ssa/ssa-fre-14.c scan-tree-dump fre "Inserted .* &a"
XPASS: gcc.dg/tree-ssa/ssa-fre-14.c scan-tree-dump fre "Replaced tmp1.data"
XPASS: gcc.dg/tree-ssa/ssa-fre-17.c scan-tree-dump fre "Replaced f.doms\\[0\\].dom with i_"
FAIL: gcc.dg/vect/vect-67.c scan-tree-dump-times vect "vectorized 1 loops" 1
FAIL: gcc.dg/vect/no-scevccp-outer-13.c scan-tree-dump-times vect "OUTER LOOP VECTORIZED." 1
FAIL: gcc.dg/vect/no-scevccp-outer-7.c scan-tree-dump-times vect "OUTER LOOP VECTORIZED." 1
=== gcc Summary ===
# of expected passes 50565
# of unexpected failures 6
# of unexpected successes 7
# of expected failures 182
# of unresolved testcases 1
# of unsupported tests 536
/home/toon/compilers/obj-tup/gcc/xgcc version 4.4.0 20080728 (experimental) (gimple-tuples-branch merged with rev 138201)
=== gfortran tests ===
Running target unix
=== gfortran Summary ===
# of expected passes 27226
# of expected failures 8
# of unsupported tests 34
/home/toon/compilers/obj-tup/gcc/testsuite/gfortran/../../gfortran version 4.4.0 20080728 (experimental) (gimple-tuples-branch merged with rev 138201)
=== g++ tests ===
Running target unix
FAIL: g++.dg/other/PR23205.C scan-assembler .stabs.*foobar:c=i
=== g++ Summary ===
# of expected passes 17869
# of unexpected failures 1
# of expected failures 82
# of unsupported tests 124
/home/toon/compilers/obj-tup/gcc/testsuite/g++/../../g++ version 4.4.0 20080728 (experimental) (gimple-tuples-branch merged with rev 138201)
=== gnat tests ===
Running target unix
=== gnat Summary ===
# of expected passes 525
# of expected failures 6
=== objc tests ===
Running target unix
=== objc Summary ===
# of expected passes 1814
# of expected failures 7
# of unsupported tests 24
/home/toon/compilers/obj-tup/gcc/xgcc version 4.4.0 20080728 (experimental) (gimple-tuples-branch merged with rev 138201)
=== libffi tests ===
Running target unix
=== libffi Summary ===
# of expected passes 1389
# of unsupported tests 10
=== libjava tests ===
Running target unix
FAIL: StackTrace2 -O3 execution - source compiled test
=== libjava Summary ===
# of expected passes 2572
# of unexpected failures 1
# of untested testcases 1
=== libstdc++ tests ===
Running target unix
FAIL: abi_check
XPASS: 23_containers/unordered_multimap/init-list.cc (test for excess errors)
XPASS: 26_numerics/headers/cmath/c99_classification_macros_c.cc (test for excess errors)
FAIL: ext/pb_ds/regression/trie_data_map_rand.cc execution test
=== libstdc++ Summary ===
# of expected passes 5320
# of unexpected failures 2
# of unexpected successes 2
# of expected failures 79
# of unsupported tests 326
Compiler version: 4.4.0 20080728 (experimental) (gimple-tuples-branch merged with rev 138201)
Platform: x86_64-unknown-linux-gnu
configure flags: --prefix=/usr/tup --disable-multilib --disable-nls --enable-languages=all,ada --disable-libgomp --disable-libmudflap