This is the mail archive of the
gcc-testresults@gcc.gnu.org
mailing list for the GCC project.
Results for 4.2.5 20080805 (prerelease) testsuite on powerpc64-unknown-linux-gnu
- From: Janis Johnson <janis187 at us dot ibm dot com>
- To: gcc-testresults at gcc dot gnu dot org
- Date: Tue, 5 Aug 2008 06:50:30 -0700
- Subject: Results for 4.2.5 20080805 (prerelease) testsuite on powerpc64-unknown-linux-gnu
Linux 2.6.16.46-0.4-ppc64 ppc64
GNU C Library development release version 2.4 (20070330)
GNU ld (GNU Binutils) 2.18
GNU assembler (GNU Binutils) 2.18
GNU Make 3.80
DejaGnu:
Expect version is 5.43.0
Tcl version is 8.4
Framework version is 1.4.4
32-bit biarch default32
SVN branch: gcc-4_2-branch
This hardware does not have VMX instructions.
LAST_UPDATED: Tue Aug 5 01:27:00 UTC 2008 (revision 138664)
Native configuration is powerpc64-unknown-linux-gnu
=== g++ tests ===
Running target unix/-m32
=== g++ Summary for unix/-m32 ===
# of expected passes 13666
# of expected failures 67
# of unsupported tests 104
Running target unix/-m64
=== g++ Summary for unix/-m64 ===
# of expected passes 13628
# of expected failures 67
# of unsupported tests 107
=== g++ Summary ===
# of expected passes 27294
# of expected failures 134
# of unsupported tests 211
/home/gccbuild/build/nightly/build-gcc-4.2/gcc/testsuite/g++/../../g++ version 4.2.5 20080805 (prerelease)
=== gcc tests ===
Running target unix/-m32
UNRESOLVED: gcc.c-torture/execute/mayalias-2.c execution, -O3 -g
FAIL: gcc.dg/dfp/convert-bfp.c (test for excess errors)
WARNING: gcc.dg/dfp/convert-bfp.c compilation failed to produce executable
FAIL: gcc.dg/tree-ssa/loop-19.c scan-tree-dump-times MEM.(base: &|symbol: )a, 2
FAIL: gcc.dg/tree-ssa/loop-19.c scan-tree-dump-times MEM.(base: &|symbol: )c, 2
=== gcc Summary for unix/-m32 ===
# of expected passes 44143
# of unexpected failures 3
# of expected failures 115
# of unresolved testcases 1
# of untested testcases 28
# of unsupported tests 385
Running target unix/-m64
UNRESOLVED: gcc.c-torture/execute/mayalias-2.c execution, -O3 -g
FAIL: gcc.dg/dfp/convert-bfp.c (test for excess errors)
WARNING: gcc.dg/dfp/convert-bfp.c compilation failed to produce executable
FAIL: gcc.dg/c99-typespec-1.c unsigned long long int short (test for errors, line 1156)
FAIL: gcc.dg/c99-typespec-1.c unsigned long long int int (test for errors, line 1157)
FAIL: gcc.dg/c99-typespec-1.c unsigned long long int long (test for errors, line 1158)
FAIL: gcc.dg/c99-typespec-1.c unsigned long long int float (test for errors, line 1159)
FAIL: gcc.dg/c99-typespec-1.c unsigned long long int double (test for errors, line 1160)
FAIL: gcc.dg/c99-typespec-1.c unsigned long long int signed (test for errors, line 1161)
FAIL: gcc.dg/c99-typespec-1.c unsigned long long int unsigned (test for errors, line 1162)
FAIL: gcc.dg/c99-typespec-1.c unsigned long long int _Bool (test for errors, line 1163)
FAIL: gcc.dg/c99-typespec-1.c unsigned long long int _Complex (test for errors, line 1164)
FAIL: gcc.dg/tree-ssa/loop-19.c scan-tree-dump-times MEM.(base: &|symbol: )a, 2
FAIL: gcc.dg/tree-ssa/loop-19.c scan-tree-dump-times MEM.(base: &|symbol: )c, 2
FAIL: gcc.dg/tree-ssa/ltrans-4.c (test for excess errors)
FAIL: gcc.dg/tree-ssa/ltrans-4.c scan-tree-dump-times transformed loop 1
XPASS: gcc.dg/tree-ssa/sra-2.c scan-tree-dump-times link_error 0
FAIL: gcc.dg/vmx/3c-01a.c -O3 -g (test for excess errors)
FAIL: gcc.dg/vmx/fft.c -O3 -g (test for excess errors)
FAIL: gcc.dg/vmx/ops.c -O1 (test for excess errors)
FAIL: gcc.dg/vmx/ops.c -O2 (test for excess errors)
FAIL: gcc.dg/vmx/ops.c -O3 -g (test for excess errors)
FAIL: gcc.dg/vmx/ops.c -Os (test for excess errors)
FAIL: gcc.dg/vmx/varargs-4.c -O3 -fomit-frame-pointer (test for excess errors)
WARNING: gcc.dg/vmx/varargs-4.c -O3 -fomit-frame-pointer compilation failed to produce executable
FAIL: gcc.dg/vmx/x-05.c -O3 -g (test for excess errors)
WARNING: gcc.dg/vmx/x-05.c -O3 -g compilation failed to produce executable
FAIL: gcc.dg/weak/weak-7.c (test for excess errors)
FAIL: gcc.target/powerpc/ppc-negeq0-1.c scan-assembler-not cntlzw
=== gcc Summary for unix/-m64 ===
# of expected passes 43972
# of unexpected failures 24
# of unexpected successes 1
# of expected failures 115
# of unresolved testcases 1
# of untested testcases 28
# of unsupported tests 449
=== gcc Summary ===
# of expected passes 88115
# of unexpected failures 27
# of unexpected successes 1
# of expected failures 230
# of unresolved testcases 2
# of untested testcases 56
# of unsupported tests 834
/home/gccbuild/build/nightly/build-gcc-4.2/gcc/xgcc version 4.2.5 20080805 (prerelease)
=== gfortran tests ===
Running target unix/-m32
FAIL: gfortran.dg/c_by_val_1.f -O0 execution test
FAIL: gfortran.dg/c_by_val_1.f -O1 execution test
FAIL: gfortran.dg/c_by_val_1.f -O2 execution test
FAIL: gfortran.dg/c_by_val_1.f -O3 -fomit-frame-pointer execution test
FAIL: gfortran.dg/c_by_val_1.f -O3 -fomit-frame-pointer -funroll-loops execution test
FAIL: gfortran.dg/c_by_val_1.f -O3 -fomit-frame-pointer -funroll-all-loops -finline-functions execution test
FAIL: gfortran.dg/c_by_val_1.f -O3 -g execution test
FAIL: gfortran.dg/c_by_val_1.f -Os execution test
XPASS: gfortran.dg/csqrt_2.f -O0 execution test
XPASS: gfortran.dg/csqrt_2.f -O1 execution test
XPASS: gfortran.dg/csqrt_2.f -O2 execution test
XPASS: gfortran.dg/csqrt_2.f -O3 -fomit-frame-pointer execution test
XPASS: gfortran.dg/csqrt_2.f -O3 -fomit-frame-pointer -funroll-loops execution test
XPASS: gfortran.dg/csqrt_2.f -O3 -fomit-frame-pointer -funroll-all-loops -finline-functions execution test
XPASS: gfortran.dg/csqrt_2.f -O3 -g execution test
XPASS: gfortran.dg/csqrt_2.f -Os execution test
FAIL: gfortran.dg/large_real_kind_form_io_2.f90 -O0 execution test
FAIL: gfortran.dg/large_real_kind_form_io_2.f90 -O1 execution test
FAIL: gfortran.dg/large_real_kind_form_io_2.f90 -O2 execution test
FAIL: gfortran.dg/large_real_kind_form_io_2.f90 -O3 -fomit-frame-pointer execution test
FAIL: gfortran.dg/large_real_kind_form_io_2.f90 -O3 -fomit-frame-pointer -funroll-loops execution test
FAIL: gfortran.dg/large_real_kind_form_io_2.f90 -O3 -fomit-frame-pointer -funroll-all-loops -finline-functions execution test
FAIL: gfortran.dg/large_real_kind_form_io_2.f90 -O3 -g execution test
FAIL: gfortran.dg/large_real_kind_form_io_2.f90 -Os execution test
=== gfortran Summary for unix/-m32 ===
# of expected passes 16227
# of unexpected failures 16
# of unexpected successes 8
# of expected failures 7
# of unsupported tests 35
Running target unix/-m64
FAIL: gfortran.dg/c_by_val_1.f -O0 execution test
FAIL: gfortran.dg/c_by_val_1.f -O1 execution test
FAIL: gfortran.dg/c_by_val_1.f -O2 execution test
FAIL: gfortran.dg/c_by_val_1.f -O3 -fomit-frame-pointer execution test
FAIL: gfortran.dg/c_by_val_1.f -O3 -fomit-frame-pointer -funroll-loops execution test
FAIL: gfortran.dg/c_by_val_1.f -O3 -fomit-frame-pointer -funroll-all-loops -finline-functions execution test
FAIL: gfortran.dg/c_by_val_1.f -O3 -g execution test
FAIL: gfortran.dg/c_by_val_1.f -Os execution test
XPASS: gfortran.dg/csqrt_2.f -O0 execution test
XPASS: gfortran.dg/csqrt_2.f -O1 execution test
XPASS: gfortran.dg/csqrt_2.f -O2 execution test
XPASS: gfortran.dg/csqrt_2.f -O3 -fomit-frame-pointer execution test
XPASS: gfortran.dg/csqrt_2.f -O3 -fomit-frame-pointer -funroll-loops execution test
XPASS: gfortran.dg/csqrt_2.f -O3 -fomit-frame-pointer -funroll-all-loops -finline-functions execution test
XPASS: gfortran.dg/csqrt_2.f -O3 -g execution test
XPASS: gfortran.dg/csqrt_2.f -Os execution test
FAIL: gfortran.dg/large_real_kind_form_io_2.f90 -O0 execution test
FAIL: gfortran.dg/large_real_kind_form_io_2.f90 -O1 execution test
FAIL: gfortran.dg/large_real_kind_form_io_2.f90 -O2 execution test
FAIL: gfortran.dg/large_real_kind_form_io_2.f90 -O3 -fomit-frame-pointer execution test
FAIL: gfortran.dg/large_real_kind_form_io_2.f90 -O3 -fomit-frame-pointer -funroll-loops execution test
FAIL: gfortran.dg/large_real_kind_form_io_2.f90 -O3 -fomit-frame-pointer -funroll-all-loops -finline-functions execution test
FAIL: gfortran.dg/large_real_kind_form_io_2.f90 -O3 -g execution test
FAIL: gfortran.dg/large_real_kind_form_io_2.f90 -Os execution test
FAIL: gfortran.dg/secnds.f -O3 -g execution test
=== gfortran Summary for unix/-m64 ===
# of expected passes 16258
# of unexpected failures 17
# of unexpected successes 8
# of expected failures 7
# of unsupported tests 19
=== gfortran Summary ===
# of expected passes 32485
# of unexpected failures 33
# of unexpected successes 16
# of expected failures 14
# of unsupported tests 54
/home/gccbuild/build/nightly/build-gcc-4.2/gcc/testsuite/gfortran/../../gfortran version 4.2.5 20080805 (prerelease)
=== obj-c++ tests ===
Running target unix/-m32
FAIL: obj-c++.dg/comp-types-10.mm (internal compiler error)
FAIL: obj-c++.dg/comp-types-10.mm (test for excess errors)
WARNING: obj-c++.dg/lookup-2.mm compilation failed to produce executable
WARNING: obj-c++.dg/try-catch-2.mm compilation failed to produce executable
FAIL: obj-c++.dg/try-catch-9.mm (test for excess errors)
WARNING: obj-c++.dg/try-catch-9.mm compilation failed to produce executable
=== obj-c++ Summary for unix/-m32 ===
# of expected passes 442
# of unexpected failures 3
# of expected failures 6
# of unsupported tests 13
Running target unix/-m64
FAIL: obj-c++.dg/comp-types-10.mm (internal compiler error)
FAIL: obj-c++.dg/comp-types-10.mm (test for excess errors)
WARNING: obj-c++.dg/lookup-2.mm compilation failed to produce executable
WARNING: obj-c++.dg/try-catch-2.mm compilation failed to produce executable
FAIL: obj-c++.dg/try-catch-9.mm (test for excess errors)
WARNING: obj-c++.dg/try-catch-9.mm compilation failed to produce executable
=== obj-c++ Summary for unix/-m64 ===
# of expected passes 428
# of unexpected failures 3
# of expected failures 20
# of unsupported tests 13
=== obj-c++ Summary ===
# of expected passes 870
# of unexpected failures 6
# of expected failures 26
# of unsupported tests 26
/home/gccbuild/build/nightly/build-gcc-4.2/gcc/testsuite/obj-c++/../../g++ version 4.2.5 20080805 (prerelease)
=== objc tests ===
Running target unix/-m32
=== objc Summary for unix/-m32 ===
# of expected passes 1806
# of expected failures 7
# of unsupported tests 24
Running target unix/-m64
=== objc Summary for unix/-m64 ===
# of expected passes 1806
# of expected failures 7
# of unsupported tests 24
=== objc Summary ===
# of expected passes 3612
# of expected failures 14
# of unsupported tests 48
/home/gccbuild/build/nightly/build-gcc-4.2/gcc/xgcc version 4.2.5 20080805 (prerelease)
=== libffi tests ===
Running target unix/-m32
FAIL: libffi.call/closure_fn0.c -O0 -W -Wall (test for excess errors)
WARNING: libffi.call/closure_fn0.c -O0 -W -Wall compilation failed to produce executable
FAIL: libffi.call/closure_fn1.c -O0 -W -Wall (test for excess errors)
WARNING: libffi.call/closure_fn1.c -O0 -W -Wall compilation failed to produce executable
FAIL: libffi.call/closure_fn2.c -O0 -W -Wall (test for excess errors)
WARNING: libffi.call/closure_fn2.c -O0 -W -Wall compilation failed to produce executable
FAIL: libffi.call/closure_fn5.c -O0 -W -Wall (test for excess errors)
WARNING: libffi.call/closure_fn5.c -O0 -W -Wall compilation failed to produce executable
FAIL: libffi.call/cls_12byte.c -O0 -W -Wall (test for excess errors)
WARNING: libffi.call/cls_12byte.c -O0 -W -Wall compilation failed to produce executable
FAIL: libffi.call/cls_18byte.c -O0 -W -Wall (test for excess errors)
WARNING: libffi.call/cls_18byte.c -O0 -W -Wall compilation failed to produce executable
FAIL: libffi.call/cls_19byte.c -O0 -W -Wall (test for excess errors)
WARNING: libffi.call/cls_19byte.c -O0 -W -Wall compilation failed to produce executable
FAIL: libffi.call/cls_1_1byte.c -O0 -W -Wall (test for excess errors)
WARNING: libffi.call/cls_1_1byte.c -O0 -W -Wall compilation failed to produce executable
FAIL: libffi.call/cls_20byte1.c -O0 -W -Wall (test for excess errors)
WARNING: libffi.call/cls_20byte1.c -O0 -W -Wall compilation failed to produce executable
FAIL: libffi.call/cls_24byte.c -O0 -W -Wall (test for excess errors)
WARNING: libffi.call/cls_24byte.c -O0 -W -Wall compilation failed to produce executable
FAIL: libffi.call/cls_3_1byte.c -O0 -W -Wall (test for excess errors)
WARNING: libffi.call/cls_3_1byte.c -O0 -W -Wall compilation failed to produce executable
FAIL: libffi.call/cls_3byte2.c -O0 -W -Wall (test for excess errors)
WARNING: libffi.call/cls_3byte2.c -O0 -W -Wall compilation failed to produce executable
FAIL: libffi.call/cls_4_1byte.c -O0 -W -Wall (test for excess errors)
WARNING: libffi.call/cTest Run By gccbuild on Tue Aug 5 06:06:14 2008
=== libjava tests ===
Running target unix/-m32
=== libmudflap tests ===
Running target unix/-m32
FAIL: libmudflap.c/pass16-frag.c (test for excess errors)
WARNING: libmudflap.c/pass16-frag.c compilation failed to produce executable
FAIL: libmudflap.c/pass16-frag.c (test for excess errors)
WARNING: libmudflap.c/pass16-frag.c compilation failed to produce executable
FAIL: libmudflap.c/pass17-frag.c (test for excess errors)
WARNING: libmudflap.c/pass17-frag.c compilation failed to produce executable
FAIL: libmudflap.c/pass17-frag.c (test for excess errors)
WARNING: libmudflap.c/pass17-frag.c compilation failed to produce executable
FAIL: libmudflap.c/pass24-frag.c (test for excess errors)
WARNING: libmudflap.c/pass24-frag.c compilation failed to produce executable
FAIL: libmudflap.c/pass29-frag.c (test for excess errors)
WARNING: libmudflap.c/pass29-frag.c compilation failed to produce executable
FAIL: libmudflap.c/pass32-frag.c (test for excess errors)
WARNING: libmudflap.c/pass32-frag.c compilation failed to produce executable
FAIL: libmudflap.c/pass35-frag.c (test for excess errors)
WARNING: libmudflap.c/pass35-frag.c compilation failed to produce executable
FAIL: libmudflap.c/pass4-frag.c (test for excess errors)
WARNING: libmudflap.c/pass4-frag.c compilation failed to produce executable
FAIL: libmudflap.c/pass53-frag.c (test for excess errors)
WARNING: libmudflap.c/pass53-frag.c compilation failed to produce executable
FAIL: libmudflap.c/pass54-frag.c (test for excess errors)
WARNING: libmudflap.c/pass54-frag.c compilation failed to produce executable
FAIL: libmudflap.c/pass54-frag.c (test for excess errors)
WARNING: libmudflap.c/pass54-frag.c compilation failed to produce executable
FAIL: libmudflap.c/pass56-frag.c (test for excess errors)
WARNING: libmudflap.c/pass56-frag.c compilation failed to produce executable
FAIL: libmudflap.c/pass56-frag.c (test for excess errors)
WARNING: libmudflap.c/pass56-frag.c compilation failed to produce executable
FAIL: libmudflap.c/pass9-frag.c (test for excess errors)
WARNING: libmudflap.c/pass9-frag.c compilation failed to produce executable
FAIL: libmudflap.c/fail1-frag.c (-static) (test for excess errors)
WARNING: libmudflap.c/fail1-frag.c (-static) compilation failed to produce executable
FAIL: libmudflap.c/fail10-frag.c (-static) (test for excess errors)
WARNING: libmudflap.c/fail10-frag.c (-static) compilation failed to produce executable
FAIL: libmudflap.c/fail11-frag.c (-static) (test for excess errors)
WARNING: libmudflap.c/fail11-frag.c (-static) compilation failed to produce executable
FAIL: libmudflap.c/fail12-frag.c (-static) (test for excess errors)
WARNING: libmudflap.c/fail12-frag.c (-static) compilation failed to produce executable
FAIL: libmudflap.c/fail13-frag.c (-static) (test for excess errors)
WARNING: libmudflap.c/fail13-frag.c (-static) compilation failed to produce executable
FAIL: libmudflap.c/fail14-frag.c (-static) (test for excess errors)
WARNING: libmudflap.c/fail14-frag.c (-static) compilation failed to produce executable
FAIL: libmudflap.c/fail15-frag.c (-static) (test for excess errors)
WARNING: libmudflap.c/fail15-frag.c (-static) compilation failed to produce executable
FAIL: libmudflap.c/fail16-frag.c (-static) (test for excess errors)
WARNING: libmudflap.c/fail16-frag.c (-static) compilation failed to produce executable
FAIL: libmudflap.c/fail17-frag.c (-static) (test for excess errors)
WARNING: libmudflap.c/fail17-frag.c (-static) compilation failed to produce executable
FAIL: libmudflap.c/fail18-frag.c (-static) (test for excess errors)
WARNING: libmudflap.c/fail18-frag.c (-static) compilation failed to produce executable
FAIL: libmudflap.c/fail19-frag.c (-static) (test for excess errors)
WARNING: libmudflap.c/fail19-frag.c (-static) compilation failed to produce executable
FAIL: libmudflap.c/fail2-frag.c (-static) (test for excess errors)
WARNING: libmudflap.c/fail2-frag.c (-static) compilation failed to produce executable
FAIL: libmudflap.c/fail20-frag.c (-static) (test for excess errors)
WARNING: libmudflap.c/fail20-frag.c (-static) compilation failed to produce executable
FAIL: libmudflap.c/fail21-frag.c (-static) (test for excess errors)
WARNING: libmudflap.c/fail21-frag.c (-static) compilation failed to produce executable
FAIL: libmudflap.c/fail22-frag.c (-static) (test for excess errors)
WARNING: libmudflap.c/fail22-frag.c (-static) compilation failed to produce executable
FAIL: libmudflap.c/fail23-frag.c (-static) (test for excess errors)
WARNING: libmudflap.c/fail23-frag.c (-static) compilation failed to produce executable
FAIL: libmudflap.c/fail25-frag.c (-static) (test for excess errors)
WARNING: libmudflap.c/fail25-frag.c (-static) compilation failed to produce executable
FAIL: libmudflap.c/fail26-frag.c (-static) (test for excess errors)
WARNING: libmudflap.c/fail26-frag.c (-static) compilation failed to produce executable
FAIL: libmudflap.c/fail27-frag.c (-static) (test for excess errors)
WARNING: libmudflap.c/fail27-frag.c (-static) compilation failed to produce executable
FAIL: libmudflap.c/fail28-frag.c (-static) (test for excess errors)
WARNING: libmudflap.c/fail28-frag.c (-static) compilation failed to produce executable
FAIL: libmudflap.c/fail29-frag.c (-static) (test for excess errors)
WARNING: libmudflap.c/fail29-frag.c (-static) compilation failed to produce executable
FAIL: libmudflap.c/fail3-frag.c (-static) (test for excess errors)
WARNING: libmudflap.c/fail3-frag.c (-static) compilation failed to produce executable
FAIL: libmudflap.c/fail30-frag.c (-static) (test for excess errors)
WARNING: libmudflap.c/fail30-frag.c (-static) compilation failed to produce executable
FAIL: libmudflap.c/fail31-frag.c (-static) (test for excess errors)
WARNING: libmudflap.c/fail31-frag.c (-static) compilation failed to produce executable
FAIL: libmudflap.c/fail32-frag.c (-static) (test for excess errors)
WARNING: libmudflap.c/fail32-frag.c (-static) compilation failed to produce executable
FAIL: libmudflap.c/fail33-frag.c (-static) (test for excess errors)
WARNING: libmudflap.c/fail33-frag.c (-static) compilation failed to produce executable
FAIL: libmudflap.c/fail34-frag.c (-static) (test for excess errors)
WARNING: libmudflap.c/fail34-frag.c (-static) compilation failed to produce executable
FAIL: libmudflap.c/fail35-frag.c (-static) (test for excess errors)
WARNING: libmudflap.c/fail35-frag.c (-static) compilation failed to produce executable
FAIL: libmudflap.c/fail36-frag.c (-static) (test for excess errors)
WARNING: libmudflap.c/fail36-frag.c (-static) compilation failed to produce executable
FAIL: libmudflap.c/fail37-frag.c (-static) (test for excess errors)
WARNING: libmudflap.c/fail37-frag.c (-static) compilation failed to produce executable
FAIL: libmudflap.c/fail38-frag.c (-static) (test for excess errors)
WARNING: libmudflap.c/fail38-frag.c (-static) compilation failed to produce executable
FAIL: libmudflap.c/fail39-frag.c (-static) (test for excess errors)
WARNING: libmudflap.c/fail39-frag.c (-static) compilation failed to produce executable
FAIL: libmudflap.c/fail4-frag.c (-static) (test for excess errors)
WARNING: libmudflap.c/fail4-frag.c (-static) compilation failed to produce executable
FAIL: libmudflap.c/fail40-frag.c (-static) (test for excess errors)
WARNING: libmudflap.c/fail40-frag.c (-static) compilation failed to produce executable
FAIL: libmudflap.c/fail5-frag.c (-static) (test for excess errors)
WARNING: libmudflap.c/fail5-frag.c (-static) compilation failed to produce executable
FAIL: libmudflap.c/fail6-frag.c (-static) (test for excess errors)
WARNING: libmudflap.c/fail6-frag.c (-static) compilation failed to produce executable
FAIL: libmudflap.c/fail7-frag.c (-static) (test for excess errors)
WARNING: libmudflap.c/fail7-frag.c (-static) compilation failed to produce executable
FAIL: libmudflap.c/fail8-frag.c (-static) (test for excess errors)
WARNING: libmudflap.c/fail8-frag.c (-static) compilation failed to produce executable
FAIL: libmudflap.c/fail9-frag.c (-static) (test for excess errors)
WARNING: libmudflap.c/fail9-frag.c (-static) compilation failed to produce executable
FAIL: libmudflap.c/heap-scalestress.c (-static) (test for excess errors)
WARNING: libmudflap.c/heap-scalestress.c (-static) compilation failed to produce executable
FAIL: libmudflap.c/hook-allocstuff.c (-static) (test for excess errors)
WARNING: libmudflap.c/hook-allocstuff.c (-static) compilation failed to produce executable
FAIL: libmudflap.c/hook2-allocstuff.c (-static) (test for excess errors)
WARNING: libmudflap.c/hook2-allocstuff.c (-static) compilation failed to produce executable
FAIL: libmudflap.c/pass-stratcliff.c (-static) (test for excess errors)
WARNING: libmudflap.c/pass-stratcliff.c (-static) compilation failed to produce executable
FAIL: libmudflap.c/pass1-frag.c (-static) (test for excess errors)
WARNING: libmudflap.c/pass1-frag.c (-static) compilation failed to produce executable
FAIL: libmudflap.c/pass1-frag.c (-static) (test for excess errors)
WARNING: libmudflap.c/pass1-frag.c (-static) compilation failed to produce executable
FAIL: libmudflap.c/pass10-frag.c (-static) (test for excess errors)
WARNING: libmudflap.c/pass10-frag.c (-static) compilation failed to produce executable
FAIL: libmudflap.c/pass10-frag.c (-static) (test for excess errors)
WARNING: libmudflap.c/pass10-frag.c (-static) compilation failed to produce executable
FAIL: libmudflap.c/pass11-frag.c (-static) (test for excess errors)
WARNING: libmudflap.c/pass11-frag.c (-static) compilation failed to produce executable
FAIL: libmudflap.c/pass11-frag.c (-static) (test for excess errors)
WARNING: libmudflap.c/pass11-frag.c (-static) compilation failed to produce executable
FAIL: libmudflap.c/pass12-frag.c (-static) (test for excess errors)
WARNING: libmudflap.c/pass12-frag.c (-static) compilation failed to produce executable
FAIL: libmudflap.c/pass12-frag.c (-static) (test for excess errors)
WARNING: libmudflap.c/pass12-frag.c (-static) compilation failed to produce executable
FAIL: libmudflap.c/pass13-frag.c (-static) (test for excess errors)
WARNING: libmudflap.c/pass13-frag.c (-static) compilation failed to produce executable
FAIL: libmudflap.c/pass13-frag.c (-static) (test for excess errors)
WARNING: libmudflap.c/pass13-frag.c (-static) compilation failed to produce executable
FAIL: libmudflap.c/pass14-frag.c (-static) (test for excess errors)
WARNING: libmudflap.c/pass14-frag.c (-static) compilation failed to produce executable
FAIL: libmudflap.c/pass14-frag.c (-static) (test for excess errors)
WARNING: libmudflap.c/pass14-frag.c (-static) compilation failed to produce executable
FAIL: libmudflap.c/pass15-frag.c (-static) (test for excess errors)
WARNING: libmudflap.c/pass15-frag.c (-static) compilation failed to produce executable
FAIL: libmudflap.c/pass15-frag.c (-static) (test for excess errors)
WARNING: libmudflap.c/pass15-frag.c (-static) compilation failed to produce executable
FAIL: libmudflap.c/pass16-frag.c (-static) (test for excess errors)
WARNING: libmudflap.c/pass16-frag.c (-static) compilation failed to produce executable
FAIL: libmudflap.c/pass16-frag.c (-static) (test for excess errors)
WARNING: libmudflap.c/pass16-frag.c (-static) compilation failed to produce executable
FAIL: libmudflap.c/pass17-frag.c (-static) (test for excess errors)
WARNING: libmudflap.c/pass17-frag.c (-static) compilation failed to produce executable
FAIL: libmudflap.c/pass17-frag.c (-static) (test for excess errors)
WARNING: libmudflap.c/pass17-frag.c (-static) compilation failed to produce executable
FAIL: libmudflap.c/pass18-frag.c (-static) (test for excess errors)
WARNING: libmudflap.c/pass18-frag.c (-static) compilation failed to produce executable
FAIL: libmudflap.c/pass18-frag.c (-static) (test for excess errors)
WARNING: libmudflap.c/pass18-frag.c (-static) compilation failed to produce executable
FAIL: libmudflap.c/pass19-frag.c (-static) (test for excess errors)
WARNING: libmudflap.c/pass19-frag.c (-static) compilation failed to produce executable
FAIL: libmudflap.c/pass19-frag.c (-static) (test for excess errors)
WARNING: libmudflap.c/pass19-frag.c (-static) compilation failed to produce executable
FAIL: libmudflap.c/pass2-frag.c (-static) (test for excess errors)
WARNING: libmudflap.c/pass2-frag.c (-static) compilation failed to produce executable
FAIL: libmudflap.c/pass2-frag.c (-static) (test for excess errors)
WARNING: libmudflap.c/pass2-frag.c (-static) compilation failed to produce executable
FAIL: libmudflap.c/pass20-frag.c (-static) (test for excess errors)
WARNING: libmudflap.c/pass20-frag.c (-static) compilation failed to produce executable
FAIL: libmudflap.c/pass20-frag.c (-static) (test for excess errors)
WARNING: libmudflap.c/pass20-frag.c (-static) compilation failed to produce executable
FAIL: libmudflap.c/pass21-frag.c (-static) (test for excess errors)
WARNING: libmudflap.c/pass21-frag.c (-static) compilation failed to produce executable
FAIL: libmudflap.c/pass21-frag.c (-static) (test for excess errors)
WARNING: libmudflap.c/pass21-frag.c (-static) compilation failed to produce executable
FAIL: libmudflap.c/pass22-frag.c (-static) (test for excess errors)
WARNING: libmudflap.c/pass22-frag.c (-static) compilation failed to produce executable
FAIL: libmudflap.c/pass22-frag.c (-static) (test for excess errors)
WARNING: libmudflap.c/pass22-frag.c (-static) compilation failed to produce executable
FAIL: libmudflap.c/pass23-frag.c (-static) (test for excess errors)
WARNING: libmudflap.c/pass23-frag.c (-static) compilation failed to produce executable
FAIL: libmudflap.c/pass23-frag.c (-static) (test for excess errors)
WARNING: libmudflap.c/pass23-frag.c (-static) compilation failed to produce executable
FAIL: libmudflap.c/pass24-frag.c (-static) (test for excess errors)
WARNING: libmudflap.c/pass24-frag.c (-static) compilation failed to produce executable
FAIL: libmudflap.c/pass24-frag.c (-static) (test for excess errors)
WARNING: libmudflap.c/pass24-frag.c (-static) compilation failed to produce executable
FAIL: libmudflap.c/pass25-frag.c (-static) (test for excess errors)
WARNING: libmudflap.c/pass25-frag.c (-static) compilation failed to produce executable
FAIL: libmudflap.c/pass25-frag.c (-static) (test for excess errors)
WARNING: libmudflap.c/pass25-frag.c (-static) compilation failed to produce executable
FAIL: libmudflap.c/pass26-frag.c (-static) (test for excess errors)
WARNING: libmudflap.c/pass26-frag.c (-static) compilation failed to produce executable
FAIL: libmudflap.c/pass26-frag.c (-static) (test for excess errors)
WARNING: libmudflap.c/pass26-frag.c (-static) compilation failed to produce executable
FAIL: libmudflap.c/pass29-frag.c (-static) (test for excess errors)
WARNING: libmudflap.c/pass29-frag.c (-static) compilation failed to produce executable
FAIL: libmudflap.c/pass29-frag.c (-static) (test for excess errors)
WARNING: libmudflap.c/pass29-frag.c (-static) compilation failed to produce executable
FAIL: libmudflap.c/pass3-frag.c (-static) (test for excess errors)
WARNING: libmudflap.c/pass3-frag.c (-static) compilation failed to produce executable
FAIL: libmudflap.c/pass3-frag.c (-static) (test for excess errors)
WARNING: libmudflap.c/pass3-frag.c (-static) compilation failed to produce executable
FAIL: libmudflap.c/pass30-frag.c (-static) (test for excess errors)
WARNING: libmudflap.c/pass30-frag.c (-static) compilation failed to produce executable
FAIL: libmudflap.c/pass30-frag.c (-static) (test for excess errors)
WARNING: libmudflap.c/pass30-frag.c (-static) compilation failed to produce executable
FAIL: libmudflap.c/pass32-frag.c (-static) (test for excess errors)
WARNING: libmudflap.c/pass32-frag.c (-static) compilation failed to produce executable
FAIL: libmudflap.c/pass32-frag.c (-static) (test for excess errors)
WARNING: libmudflap.c/pass32-frag.c (-static) compilation failed to produce executable
FAIL: libmudflap.c/pass33-frag.c (-static) (test for excess errors)
WARNING: libmudflap.c/pass33-frag.c (-static) compilation failed to produce executable
FAIL: libmudflap.c/pass33-frag.c (-static) (test for excess errors)
WARNING: libmudflap.c/pass33-frag.c (-static) compilation failed to produce executable
FAIL: libmudflap.c/pass34-frag.c (-static) (test for excess errors)
WARNING: libmudflap.c/pass34-frag.c (-static) compilation failed to produce executable
FAIL: libmudflap.c/pass34-frag.c (-static) (test for excess errors)
WARNING: libmudflap.c/pass34-frag.c (-static) compilation failed to produce executable
FAIL: libmudflap.c/pass35-frag.c (-static) (test for excess errors)
WARNING: libmudflap.c/pass35-frag.c (-static) compilation failed to produce executable
FAIL: libmudflap.c/pass35-frag.c (-static) (test for excess errors)
WARNING: libmudflap.c/pass35-frag.c (-static) compilation failed to produce executable
FAIL: libmudflap.c/pass36-frag.c (-static) (test for excess errors)
WARNING: libmudflap.c/pass36-frag.c (-static) compilation failed to produce executable
FAIL: libmudflap.c/pass36-frag.c (-static) (test for excess errors)
WARNING: libmudflap.c/pass36-frag.c (-static) compilation failed to produce executable
FAIL: libmudflap.c/pass38-frag.c (-static) (test for excess errors)
WARNING: libmudflap.c/pass38-frag.c (-static) compilation failed to produce executable
FAIL: libmudflap.c/pass38-frag.c (-static) (test for excess errors)
WARNING: libmudflap.c/pass38-frag.c (-static) compilation failed to produce executable
FAIL: libmudflap.c/pass4-frag.c (-static) (test for excess errors)
WARNING: libmudflap.c/pass4-frag.c (-static) compilation failed to produce executable
FAIL: libmudflap.c/pass4-frag.c (-static) (test for excess errors)
WARNING: libmudflap.c/pass4-frag.c (-static) compilation failed to produce executable
ERROR: tcl error sourcing /home/gccbuild/gcc_4.2_anonsvn/gcc/libmudflap/testsuite/libmudflap.c/cfrags.exp.
=== libstdc++ tests ===
Running target unix/-m32
FAIL: abi_check
FAIL: 22_locale/money_get/get/char/wrapped_env.cc (test for excess errors)
WARNING: 22_locale/money_get/get/char/wrapped_env.cc compilation failed to produce executable
FAIL: 22_locale/money_get/get/char/wrapped_locale.cc (test for excess errors)
WARNING: 22_locale/money_get/get/char/wrapped_locale.cc compilation failed to produce executable
FAIL: 22_locale/money_get/get/wchar_t/wrapped_env.cc (test for excess errors)
WARNING: 22_locale/money_get/get/wchar_t/wrapped_env.cc compilation failed to produce executable
FAIL: 22_locale/money_get/get/wchar_t/wrapped_locale.cc (test for excess errors)
WARNING: 22_locale/money_get/get/wchar_t/wrapped_locale.cc compilation failed to produce executable
FAIL: 22_locale/money_put/put/char/wrapped_env.cc (test for excess errors)
WARNING: 22_locale/money_put/put/char/wrapped_env.cc compilation failed to produce executable
FAIL: 22_locale/money_put/put/char/wrapped_locale.cc (test for excess errors)
WARNING: 22_locale/money_put/put/char/wrapped_locale.cc compilation failed to produce executable
FAIL: 22_locale/money_put/put/wchar_t/wrapped_env.cc (test for excess errors)
WARNING: 22_locale/money_put/put/wchar_t/wrapped_env.cc compilation failed to produce executable
FAIL: 22_locale/money_put/put/wchar_t/wrapped_locale.cc (test for excess errors)
WARNING: 22_locale/money_put/put/wchar_t/wrapped_locale.cc compilation failed to produce executable
FAIL: 22_locale/num_get/3.cc (test for excess errors)
FAIL: 22_locale/num_get/get/char/4.cc (test for excess errors)
WARNING: 22_locale/num_get/get/char/4.cc compilation failed to produce executable
FAIL: 22_locale/num_get/get/char/wrapped_env.cc (test for excess errors)
WARNING: 22_locale/num_get/get/char/wrapped_env.cc compilation failed to produce executable
FAIL: 22_locale/num_get/get/char/wrapped_locale.cc (test for excess errors)
WARNING: 22_locale/num_get/get/char/wrapped_locale.cc compilation failed to produce executable
FAIL: 22_locale/num_get/get/wchar_t/4.cc (test for excess errors)
WARNING: 22_locale/num_get/get/wchar_t/4.cc compilation failed to produce executable
FAIL: 22_locale/num_get/get/wchar_t/wrapped_env.cc (test for excess errors)
WARNING: 22_locale/num_get/get/wchar_t/wrapped_env.cc compilation failed to produce executable
FAIL: 22_locale/num_get/get/wchar_t/wrapped_locale.cc (test for excess errors)
WARNING: 22_locale/num_get/get/wchar_t/wrapped_locale.cc compilation failed to produce executable
FAIL: 22_locale/num_put/put/char/wrapped_env.cc (test for excess errors)
WARNING: 22_locale/num_put/put/char/wrapped_env.cc compilation failed to produce executable
FAIL: 22_locale/num_put/put/char/wrapped_locale.cc (test for excess errors)
WARNING: 22_locale/num_put/put/char/wrapped_locale.cc compilation failed to produce executable
FAIL: 22_locale/num_put/put/wchar_t/4.cc (test for excess errors)
WARNING: 22_locale/num_put/put/wchar_t/4.cc compilation failed to produce executable
FAIL: 22_locale/num_put/put/wchar_t/wrapped_env.cc (test for excess errors)
WARNING: 22_locale/num_put/put/wchar_t/wrapped_env.cc compilation failed to produce executable
FAIL: 22_locale/num_put/put/wchar_t/wrapped_locale.cc (test for excess errors)
WARNING: 22_locale/num_put/put/wchar_t/wrapped_locale.cc compilation failed to produce executable
FAIL: 22_locale/numpunct/members/char/cache_1.cc (test for excess errors)
WARNING: 22_locale/numpunct/members/char/cache_1.cc compilation failed to produce executable
FAIL: 22_locale/numpunct/members/char/cache_2.cc (test for excess errors)
WARNING: 22_locale/numpunct/members/char/cache_2.cc compilation failed to produce executable
FAIL: 22_locale/numpunct/members/char/wrapped_env.cc (test for excess errors)
WARNING: 22_locale/numpunct/members/char/wrapped_env.cc compilation failed to produce executable
FAIL: 22_locale/numpunct/members/char/wrapped_locale.cc (test for excess errors)
WARNING: 22_locale/numpunct/members/char/wrapped_locale.cc compilation failed to produce executable
FAIL: 22_locale/numpunct/members/pod/1.cc (test for excess errors)
WARNING: 22_locale/numpunct/members/pod/1.cc compilation failed to produce executable
FAIL: 22_locale/numpunct/members/pod/2.cc (test for excess errors)
WARNING: 22_locale/numpunct/members/pod/2.cc compilation failed to produce executable
FAIL: 22_locale/numpunct/members/wchar_t/1.cc (test for excess errors)
WARNING: 22_locale/numpunct/members/wchar_t/1.cc compilation failed to produce executable
FAIL: 22_locale/numpunct/members/wchar_t/2.cc (test for excess errors)
WARNING: 22_locale/numpunct/members/wchar_t/2.cc compilation failed to produce executable
FAIL: 22_locale/numpunct/members/wchar_t/cache_1.cc (test for excess errors)
WARNING: 22_locale/numpunct/members/wchar_t/cache_1.cc compilation failed to produce executable
FAIL: 22_locale/numpunct/members/wchar_t/cache_2.cc (test for excess errors)
WARNING: 22_locale/numpunct/members/wchar_t/cache_2.cc compilation failed to produce executable
FAIL: 22_locale/numpunct/members/wchar_t/wrapped_env.cc (test for excess errors)
WARNING: 22_locale/numpunct/members/wchar_t/wrapped_env.cc compilation failed to produce executable
FAIL: 22_locale/numpunct/members/wchar_t/wrapped_locale.cc (test for excess errors)
WARNING: 22_locale/numpunct/members/wchar_t/wrapped_locale.cc compilation failed to produce executable
FAIL: 22_locale/numpunct_byname/named_equivalence.cc (test for excess errors)
WARNING: 22_locale/numpunct_byname/named_equivalence.cc compilation failed to produce executable
FAIL: 22_locale/time_get/2.cc (test for excess errors)
FAIL: 22_locale/time_get/date_order/char/1.cc (test for excess errors)
WARNING: 22_locale/time_get/date_order/char/1.cc compilation failed to produce executable
FAIL: 22_locale/time_get/date_order/char/wrapped_env.cc (test for excess errors)
WARNING: 22_locale/time_get/date_order/char/wrapped_env.cc compilation failed to produce executable
FAIL: 22_locale/time_get/date_order/char/wrapped_locale.cc (test for excess errors)
WARNING: 22_locale/time_get/date_order/char/wrapped_locale.cc compilation failed to produce executable
FAIL: 22_locale/time_get/date_order/wchar_t/1.cc (test for excess errors)
WARNING: 22_locale/time_get/date_order/wchar_t/1.cc compilation failed to produce executable
FAIL: 22_locale/time_get/date_order/wchar_t/wrapped_env.cc (test for excess errors)
WARNING: 22_locale/time_get/date_order/wchar_t/wrapped_env.cc compilation failed to produce executable
FAIL: 22_locale/time_get/date_order/wchar_t/wrapped_locale.cc (test for excess errors)
WARNING: 22_locale/time_get/date_order/wchar_t/wrapped_locale.cc compilation failed to produce executable
FAIL: 22_locale/time_get/get_date/char/1.cc (test for excess errors)
WARNING: 22_locale/time_get/get_date/char/1.cc compilation failed to produce executable
FAIL: 22_locale/time_get/get_date/char/12750.cc (test for excess errors)
WARNING: 22_locale/time_get/get_date/char/12750.cc compilation failed to produce executable
FAIL: 22_locale/time_get/get_date/char/12791.cc (test for excess errors)
WARNING: 22_locale/time_get/get_date/char/12791.cc compilation failed to produce executable
FAIL: 22_locale/time_get/get_date/char/2.cc (test for excess errors)
WARNING: 22_locale/time_get/get_date/char/2.cc compilation failed to produce executable
FAIL: 22_locale/time_get/get_date/char/3.cc (test for excess errors)
WARNING: 22_locale/time_get/get_date/char/3.cc compilation failed to produce executable
FAIL: 22_locale/time_get/get_date/char/5.cc (test for excess errors)
WARNING: 22_locale/time_get/get_date/char/5.cc compilation failed to produce executable
FAIL: 22_locale/time_get/get_date/char/wrapped_env.cc (test for excess errors)
WARNING: 22_locale/time_get/get_date/char/wrapped_env.cc compilation failed to produce executable
FAIL: 22_locale/time_get/get_date/char/wrapped_locale.cc (test for excess errors)
WARNING: 22_locale/time_get/get_date/char/wrapped_locale.cc compilation failed to produce executable
FAIL: 22_locale/time_get/get_date/wchar_t/1.cc (test for excess errors)
WARNING: 22_locale/time_get/get_date/wchar_t/1.cc compilation failed to produce executable
FAIL: 22_locale/time_get/get_date/wchar_t/12750.cc (test for excess errors)
WARNING: 22_locale/time_get/get_date/wchar_t/12750.cc compilation failed to produce executable
FAIL: 22_locale/time_get/get_date/wchar_t/12791.cc (test for excess errors)
WARNING: 22_locale/time_get/get_date/wchar_t/12791.cc compilation failed to produce executable
FAIL: 22_locale/time_get/get_date/wchar_t/2.cc (test for excess errors)
WARNING: 22_locale/time_get/get_date/wchar_t/2.cc compilation failed to produce executable
FAIL: 22_locale/time_get/get_date/wchar_t/3.cc (test for excess errors)
WARNING: 22_locale/time_get/get_date/wchar_t/3.cc compilation failed to produce executable
FAIL: 22_locale/time_get/get_date/wchar_t/4.cc (test for excess errors)
WARNING: 22_locale/time_get/get_date/wchar_t/4.cc compilation failed to produce executable
FAIL: 22_locale/time_get/get_date/wchar_t/5.cc (test for excess errors)
WARNING: 22_locale/time_get/get_date/wchar_t/5.cc compilation failed to produce executable
FAIL: 22_locale/time_get/get_date/wchar_t/wrapped_env.cc (test for excess errors)
WARNING: 22_locale/time_get/get_date/wchar_t/wrapped_env.cc compilation failed to produce executable
FAIL: 22_locale/time_get/get_date/wchar_t/wrapped_locale.cc (test for excess errors)
WARNING: 22_locale/time_get/get_date/wchar_t/wrapped_locale.cc compilation failed to produce executable
FAIL: 22_locale/time_get/get_monthname/char/1.cc (test for excess errors)
WARNING: 22_locale/time_get/get_monthname/char/1.cc compilation failed to produce executable
FAIL: 22_locale/time_get/get_monthname/char/2.cc (test for excess errors)
WARNING: 22_locale/time_get/get_monthname/char/2.cc compilation failed to produce executable
FAIL: 22_locale/time_get/get_monthname/char/3.cc (test for excess errors)
WARNING: 22_locale/time_get/get_monthname/char/3.cc compilation failed to produce executable
FAIL: 22_locale/time_get/get_monthname/char/4.cc (test for excess errors)
WARNING: 22_locale/time_get/get_monthname/char/4.cc compilation failed to produce executable
FAIL: 22_locale/time_get/get_monthname/char/5.cc (test for excess errors)
WARNING: 22_locale/time_get/get_monthname/char/5.cc compilatio
Compiler version: 4.2.5 20080805 (prerelease)
Platform: powerpc64-unknown-linux-gnu
configure flags: --prefix=/opt/gcc-nightly/4.2-20080805 --build=powerpc64-linux --host=powerpc64-linux --target=powerpc64-linux --with-cpu=default32 --with-as=/opt/gcc-nightly/binutils-2.18/bin/as --with-ld=/opt/gcc-nightly/binutils-2.18/bin/ld --enable-threads=posix --enable-shared --enable-__cxa_atexit --enable-checking --disable-alsa --with-gmp=/opt/gcc-nightly/gmp-mpfr --with-mpfr=/opt/gcc-nightly/gmp-mpfr --enable-decimal-float --enable-languages=c,c++,fortran,java,objc,obj-c++