This is the mail archive of the
gcc-testresults@gcc.gnu.org
mailing list for the GCC project.
Results for 4.4.0 20080729 (experimental) [ix86/avx revision 138244] (GCC) testsuite on i686-pc-linux-gnu
- From: hjl at gnu-31 dot sc dot intel dot com (H.J. Lu)
- To: gcc-testresults at gcc dot gnu dot org
- Date: Tue, 29 Jul 2008 09:15:47 -0700 (PDT)
- Subject: Results for 4.4.0 20080729 (experimental) [ix86/avx revision 138244] (GCC) testsuite on i686-pc-linux-gnu
LAST_UPDATED: Tue Jul 29 14:06:59 UTC 2008 (revision 138244)
Native configuration is i686-pc-linux-gnu
=== gcc tests ===
Running target unix
FAIL: gcc.dg/debug/dwarf2/dwarf-die3.c scan-assembler-not DW_AT_inline
FAIL: gcc.dg/pr30286.c execution test
FAIL: gcc.dg/format/bitfld-1.c (test for excess errors)
FAIL: gcc.dg/format/bitfld-1.c -DWIDE (test for excess errors)
FAIL: gcc.dg/matrix/matrix-1.c scan-ipa-dump-times matrix-reorg "Flattened 3 dimensions" 1: dump file does not exist
FAIL: gcc.dg/matrix/matrix-2.c scan-ipa-dump-times matrix-reorg "Flattened 2 dimensions" 1: dump file does not exist
FAIL: gcc.dg/matrix/matrix-3.c scan-ipa-dump-times matrix-reorg "Flattened 2 dimensions" 1: dump file does not exist
FAIL: gcc.dg/matrix/matrix-4.c scan-ipa-dump-times matrix-reorg "Flattened" 0: dump file does not exist
FAIL: gcc.dg/matrix/matrix-5.c scan-ipa-dump-times matrix-reorg "Flattened" 0: dump file does not exist
FAIL: gcc.dg/matrix/matrix-6.c scan-ipa-dump-times matrix-reorg "Flattened 2 dimensions" 1: dump file does not exist
FAIL: gcc.dg/matrix/transpose-1.c scan-ipa-dump-times matrix-reorg "Flattened 3 dimensions" 1: dump file does not exist
FAIL: gcc.dg/matrix/transpose-1.c scan-ipa-dump-times matrix-reorg "Transposed" 3: dump file does not exist
FAIL: gcc.dg/matrix/transpose-2.c scan-ipa-dump-times matrix-reorg "Flattened 3 dimensions" 1: dump file does not exist
FAIL: gcc.dg/matrix/transpose-2.c scan-ipa-dump-times matrix-reorg "Transposed" 0: dump file does not exist
FAIL: gcc.dg/matrix/transpose-3.c scan-ipa-dump-times matrix-reorg "Flattened 2 dimensions" 1: dump file does not exist
FAIL: gcc.dg/matrix/transpose-3.c scan-ipa-dump-times matrix-reorg "Transposed" 2: dump file does not exist
FAIL: gcc.dg/matrix/transpose-4.c scan-ipa-dump-times matrix-reorg "Flattened 3 dimensions" 1: dump file does not exist
FAIL: gcc.dg/matrix/transpose-4.c scan-ipa-dump-times matrix-reorg "Transposed" 2: dump file does not exist
FAIL: gcc.dg/matrix/transpose-5.c scan-ipa-dump-times matrix-reorg "Flattened 3 dimensions" 1: dump file does not exist
FAIL: gcc.dg/matrix/transpose-5.c scan-ipa-dump-times matrix-reorg "Transposed" 0: dump file does not exist
FAIL: gcc.dg/matrix/transpose-6.c scan-ipa-dump-times matrix-reorg "Flattened 3 dimensions" 1: dump file does not exist
FAIL: gcc.dg/matrix/transpose-6.c scan-ipa-dump-times matrix-reorg "Transposed" 0: dump file does not exist
XPASS: gcc.dg/tree-ssa/data-dep-1.c scan-tree-dump-times ltrans "4, \\+, 1" 0
XPASS: gcc.dg/tree-ssa/ltrans-3.c scan-tree-dump-times ltrans "transformed loop" 1
XPASS: gcc.dg/tree-ssa/ssa-fre-13.c scan-tree-dump fre "Inserted .* &a"
XPASS: gcc.dg/tree-ssa/ssa-fre-13.c scan-tree-dump fre "Replaced tmp1_.\\(D\\)->data"
XPASS: gcc.dg/tree-ssa/ssa-fre-14.c scan-tree-dump fre "Inserted .* &a"
XPASS: gcc.dg/tree-ssa/ssa-fre-14.c scan-tree-dump fre "Replaced tmp1.data"
XPASS: gcc.dg/tree-ssa/ssa-fre-17.c scan-tree-dump fre "Replaced f.doms\\[0\\].dom with i_"
FAIL: gcc.dg/vect/vect-67.c scan-tree-dump-times vect "vectorized 1 loops" 1
FAIL: gcc.dg/vect/no-scevccp-outer-13.c scan-tree-dump-times vect "OUTER LOOP VECTORIZED." 1
FAIL: gcc.dg/vect/no-scevccp-outer-7.c scan-tree-dump-times vect "OUTER LOOP VECTORIZED." 1
=== gcc Summary ===
# of expected passes 50717
# of unexpected failures 25
# of unexpected successes 7
# of expected failures 182
# of unsupported tests 415
/export/build/gnu/gcc-avx/build-i686-linux/gcc/xgcc version 4.4.0 20080729 (experimental) [ix86/avx revision 138244] (GCC)
=== gfortran tests ===
Running target unix
=== gfortran Summary ===
# of expected passes 27139
# of expected failures 8
# of unsupported tests 89
/export/build/gnu/gcc-avx/build-i686-linux/gcc/testsuite/gfortran/../../gfortran version 4.4.0 20080729 (experimental) [ix86/avx revision 138244] (GCC)
=== g++ tests ===
Running target unix
FAIL: g++.dg/other/PR23205.C scan-assembler .stabs.*foobar:c=i
=== g++ Summary ===
# of expected passes 17967
# of unexpected failures 1
# of expected failures 82
# of unsupported tests 91
/export/build/gnu/gcc-avx/build-i686-linux/gcc/testsuite/g++/../../g++ version 4.4.0 20080729 (experimental) [ix86/avx revision 138244] (GCC)
=== objc tests ===
Running target unix
=== objc Summary ===
# of expected passes 1814
# of expected failures 7
# of unsupported tests 24
/export/build/gnu/gcc-avx/build-i686-linux/gcc/xgcc version 4.4.0 20080729 (experimental) [ix86/avx revision 138244] (GCC)
=== libffi tests ===
Running target unix
=== libffi Summary ===
# of expected passes 1389
# of unsupported tests 10
=== libgomp tests ===
Running target unix
=== libgomp Summary ===
# of expected passes 2289
=== libjava tests ===
Running target unix
FAIL: StackTrace2 -O3 execution - source compiled test
=== libjava Summary ===
# of expected passes 2572
# of unexpected failures 1
# of untested testcases 1
=== libmudflap tests ===
Running target unix
FAIL: libmudflap.c++/pass41-frag.cxx execution test
FAIL: libmudflap.c++/pass41-frag.cxx (-static) execution test
FAIL: libmudflap.c++/pass41-frag.cxx (-O2) execution test
FAIL: libmudflap.c++/pass41-frag.cxx (-O3) execution test
FAIL: libmudflap.cth/pass39-frag.c (-static -DSTATIC) (rerun 7) execution test
FAIL: libmudflap.cth/pass39-frag.c (-static -DSTATIC) (rerun 7) output pattern test
FAIL: libmudflap.cth/pass39-frag.c (-O3) (rerun 12) execution test
FAIL: libmudflap.cth/pass39-frag.c (-O3) (rerun 12) output pattern test
=== libmudflap Summary ===
# of expected passes 1857
# of unexpected failures 8
=== libstdc++ tests ===
Running target unix
XPASS: 23_containers/unordered_multimap/init-list.cc (test for excess errors)
XPASS: 26_numerics/headers/cmath/c99_classification_macros_c.cc (test for excess errors)
FAIL: ext/pb_ds/regression/trie_data_map_rand.cc execution test
FAIL: ext/pb_ds/regression/trie_no_data_map_rand.cc execution test
=== libstdc++ Summary ===
# of expected passes 5954
# of unexpected failures 2
# of unexpected successes 2
# of expected failures 79
# of unsupported tests 10
Compiler version: 4.4.0 20080729 (experimental) [ix86/avx revision 138244] (GCC)
Platform: i686-pc-linux-gnu
configure flags: --enable-clocale=gnu --with-system-zlib --enable-checking=assert --with-demangler-in-ld --enable-shared --enable-threads=posix --enable-haifa --prefix=/usr/gcc-4.4-avx --with-local-prefix=/usr/local