This is the mail archive of the
gcc-testresults@gcc.gnu.org
mailing list for the GCC project.
Results for 4.4.0 20080726 (experimental) [gimple-tuples-branch revision 138172] (gimple-tuples-branch merged with rev 138159) testsuite on i686-apple-darwin9
- From: Andreas Tobler <andreast-list at fgznet dot ch>
- To: gcc-testresults at gcc dot gnu dot org
- Date: Sat, 26 Jul 2008 22:30:34 +0200
- Subject: Results for 4.4.0 20080726 (experimental) [gimple-tuples-branch revision 138172] (gimple-tuples-branch merged with rev 138159) testsuite on i686-apple-darwin9
LAST_UPDATED: Sat Jul 26 13:36:27 UTC 2008 (revision 138172)
Native configuration is i686-apple-darwin9
=== g++ tests ===
Running target unix/-m64
FAIL: g++.dg/abi/key2.C scan-assembler .globl __ZTI1f\\\\n\\t.weak_definition __ZTI1f\\\\n\\t.section __DATA,__const_coal,coalesced
FAIL: g++.dg/ext/visibility/class1.C scan-assembler InitEv@PLT|indirect_symbol.*InitEv
FAIL: g++.dg/other/PR23205.C scan-assembler .stabs.*foobar:c=i
FAIL: g++.dg/other/anon5.C undefined (test for errors, line )
FAIL: g++.dg/other/anon5.C (test for excess errors)
FAIL: g++.dg/pubtypes.C scan-assembler long+[ \\t]+0x24+[ \\t]+[#;]+[ \\t]+Length of Public Type Names Info
FAIL: g++.dg/special/conpr-3.C execution test
FAIL: g++.dg/special/initpri1.C execution test
WARNING: program timed out.
FAIL: g++.old-deja/g++.jason/const3.C (test for excess errors)
FAIL: g++.old-deja/g++.pt/const2.C (test for excess errors)
=== g++ Summary for unix/-m64 ===
# of expected passes 17727
# of unexpected failures 10
# of expected failures 82
# of unsupported tests 161
Running target unix
FAIL: g++.dg/abi/key2.C scan-assembler .globl __ZTI1f\\\\n\\t.weak_definition __ZTI1f\\\\n\\t.section __DATA,__const_coal,coalesced
FAIL: g++.dg/other/PR23205.C scan-assembler .stabs.*foobar:c=i
FAIL: g++.dg/other/anon5.C (test for excess errors)
FAIL: g++.dg/pubtypes.C scan-assembler long+[ \\t]+0x24+[ \\t]+[#;]+[ \\t]+Length of Public Type Names Info
FAIL: g++.dg/special/conpr-3.C execution test
FAIL: g++.dg/special/initpri1.C execution test
FAIL: g++.old-deja/g++.pt/const2.C (test for excess errors)
=== g++ Summary for unix ===
# of expected passes 17819
# of unexpected failures 7
# of expected failures 82
# of unsupported tests 131
=== g++ Summary ===
# of expected passes 35546
# of unexpected failures 17
# of expected failures 164
# of unsupported tests 292
/Volumes/development/gcc/tuples/objdir/gcc/testsuite/g++/../../g++ version 4.4.0 20080726 (experimental) [gimple-tuples-branch revision 138172] (gimple-tuples-branch merged with rev 138159)
=== gcc tests ===
Running target unix/-m64
FAIL: tmpdir-gcc.dg-struct-layout-1/t028 c_compat_x_tst.o-c_compat_y_tst.o execute
FAIL: gcc.dg/cpp/subframework1.c (test for excess errors)
FAIL: gcc.dg/20040206-1.c (test for warnings, line 10)
FAIL: gcc.dg/20040206-1.c (test for excess errors)
FAIL: gcc.dg/fold-alloca-1.c scan-tree-dump-times useless "link_error" 0
FAIL: gcc.dg/initpri1.c execution test
FAIL: gcc.dg/matrix/matrix-1.c scan-ipa-dump-times matrix-reorg "Flattened 3 dimensions" 1: dump file does not exist
FAIL: gcc.dg/matrix/matrix-2.c scan-ipa-dump-times matrix-reorg "Flattened 2 dimensions" 1: dump file does not exist
FAIL: gcc.dg/matrix/matrix-3.c scan-ipa-dump-times matrix-reorg "Flattened 2 dimensions" 1: dump file does not exist
FAIL: gcc.dg/matrix/matrix-4.c scan-ipa-dump-times matrix-reorg "Flattened" 0: dump file does not exist
FAIL: gcc.dg/matrix/matrix-5.c scan-ipa-dump-times matrix-reorg "Flattened" 0: dump file does not exist
FAIL: gcc.dg/matrix/matrix-6.c scan-ipa-dump-times matrix-reorg "Flattened 2 dimensions" 1: dump file does not exist
FAIL: gcc.dg/matrix/transpose-1.c scan-ipa-dump-times matrix-reorg "Flattened 3 dimensions" 1: dump file does not exist
FAIL: gcc.dg/matrix/transpose-1.c scan-ipa-dump-times matrix-reorg "Transposed" 3: dump file does not exist
FAIL: gcc.dg/matrix/transpose-2.c scan-ipa-dump-times matrix-reorg "Flattened 3 dimensions" 1: dump file does not exist
FAIL: gcc.dg/matrix/transpose-2.c scan-ipa-dump-times matrix-reorg "Transposed" 0: dump file does not exist
FAIL: gcc.dg/matrix/transpose-3.c scan-ipa-dump-times matrix-reorg "Flattened 2 dimensions" 1: dump file does not exist
FAIL: gcc.dg/matrix/transpose-3.c scan-ipa-dump-times matrix-reorg "Transposed" 2: dump file does not exist
FAIL: gcc.dg/matrix/transpose-4.c scan-ipa-dump-times matrix-reorg "Flattened 3 dimensions" 1: dump file does not exist
FAIL: gcc.dg/matrix/transpose-4.c scan-ipa-dump-times matrix-reorg "Transposed" 2: dump file does not exist
FAIL: gcc.dg/matrix/transpose-5.c scan-ipa-dump-times matrix-reorg "Flattened 3 dimensions" 1: dump file does not exist
FAIL: gcc.dg/matrix/transpose-5.c scan-ipa-dump-times matrix-reorg "Transposed" 0: dump file does not exist
FAIL: gcc.dg/matrix/transpose-6.c scan-ipa-dump-times matrix-reorg "Flattened 3 dimensions" 1: dump file does not exist
FAIL: gcc.dg/matrix/transpose-6.c scan-ipa-dump-times matrix-reorg "Transposed" 0: dump file does not exist
XPASS: gcc.dg/tree-ssa/data-dep-1.c scan-tree-dump-times ltrans "4, \\+, 1" 0
FAIL: gcc.dg/tree-ssa/loop-3.c scan-tree-dump-times optimized "step:" 1
XPASS: gcc.dg/tree-ssa/ltrans-3.c scan-tree-dump-times ltrans "transformed loop" 1
XPASS: gcc.dg/tree-ssa/ssa-fre-13.c scan-tree-dump fre "Inserted .* &a"
XPASS: gcc.dg/tree-ssa/ssa-fre-13.c scan-tree-dump fre "Replaced tmp1_.\\(D\\)->data"
XPASS: gcc.dg/tree-ssa/ssa-fre-14.c scan-tree-dump fre "Inserted .* &a"
XPASS: gcc.dg/tree-ssa/ssa-fre-14.c scan-tree-dump fre "Replaced tmp1.data"
XPASS: gcc.dg/tree-ssa/ssa-fre-17.c scan-tree-dump fre "Replaced f.doms\\[0\\].dom with i_"
FAIL: gcc.dg/vect/vect-67.c scan-tree-dump-times vect "vectorized 1 loops" 1
FAIL: gcc.dg/vect/no-scevccp-outer-13.c scan-tree-dump-times vect "OUTER LOOP VECTORIZED." 1
FAIL: gcc.dg/vect/no-scevccp-outer-7.c scan-tree-dump-times vect "OUTER LOOP VECTORIZED." 1
FAIL: gcc.target/i386/hot-1.c (internal compiler error)
FAIL: gcc.target/i386/hot-1.c (test for excess errors)
ERROR: gcc.target/i386/hot-1.c: error executing dg-final: couldn't open "hot-1.s": no such file or directory
UNRESOLVED: gcc.target/i386/hot-1.c: error executing dg-final: couldn't open "hot-1.s": no such file or directory
FAIL: gcc.target/i386/opt-1.c (internal compiler error)
FAIL: gcc.target/i386/opt-1.c (test for excess errors)
ERROR: gcc.target/i386/opt-1.c: error executing dg-final: couldn't open "opt-1.s": no such file or directory
UNRESOLVED: gcc.target/i386/opt-1.c: error executing dg-final: couldn't open "opt-1.s": no such file or directory
FAIL: gcc.target/i386/opt-2.c (internal compiler error)
FAIL: gcc.target/i386/opt-2.c (test for excess errors)
ERROR: gcc.target/i386/opt-2.c: error executing dg-final: couldn't open "opt-2.s": no such file or directory
UNRESOLVED: gcc.target/i386/opt-2.c: error executing dg-final: couldn't open "opt-2.s": no such file or directory
FAIL: gcc.target/i386/pr22076.c scan-assembler-times movq 3
FAIL: gcc.target/i386/pr32661-1.c scan-assembler-times mov 2
FAIL: gcc.target/i386/pr34256.c scan-assembler-times mov 4
FAIL: gcc.target/i386/pr36246.c scan-assembler-not movq
FAIL: gcc.target/i386/sse4_2-popcntl.c (test for excess errors)
WARNING: gcc.target/i386/sse4_2-popcntl.c compilation failed to produce executable
FAIL: gcc.target/i386/sse4_2-popcntq.c (test for excess errors)
WARNING: gcc.target/i386/sse4_2-popcntq.c compilation failed to produce executable
=== gcc Summary for unix/-m64 ===
# of expected passes 49416
# of unexpected failures 40
# of unexpected successes 7
# of expected failures 180
# of unresolved testcases 3
# of unsupported tests 643
Running target unix
WARNING: program timed out.
FAIL: gcc.c-torture/execute/20030218-1.c compilation, -Os
UNRESOLVED: gcc.c-torture/execute/20030218-1.c execution, -Os
FAIL: tmpdir-gcc.dg-struct-layout-1/t027 c_compat_x_tst.o-c_compat_y_tst.o execute
FAIL: gcc.dg/cpp/subframework1.c (test for excess errors)
FAIL: gcc.dg/20040206-1.c (test for warnings, line 10)
FAIL: gcc.dg/20040206-1.c (test for excess errors)
FAIL: gcc.dg/fold-alloca-1.c scan-tree-dump-times useless "link_error" 0
FAIL: gcc.dg/initpri1.c execution test
FAIL: gcc.dg/pr30286.c execution test
FAIL: gcc.dg/pr35729.c scan-rtl-dump-times loop2_invariant "Decided to move invariant" 0
FAIL: gcc.dg/format/bitfld-1.c (test for excess errors)
FAIL: gcc.dg/format/bitfld-1.c -DWIDE (test for excess errors)
FAIL: gcc.dg/gomp/atomic-11.c scan-assembler-not __sync_(fetch|add|bool|val)
FAIL: gcc.dg/matrix/matrix-1.c scan-ipa-dump-times matrix-reorg "Flattened 3 dimensions" 1: dump file does not exist
FAIL: gcc.dg/matrix/matrix-2.c scan-ipa-dump-times matrix-reorg "Flattened 2 dimensions" 1: dump file does not exist
FAIL: gcc.dg/matrix/matrix-3.c scan-ipa-dump-times matrix-reorg "Flattened 2 dimensions" 1: dump file does not exist
FAIL: gcc.dg/matrix/matrix-4.c scan-ipa-dump-times matrix-reorg "Flattened" 0: dump file does not exist
FAIL: gcc.dg/matrix/matrix-5.c scan-ipa-dump-times matrix-reorg "Flattened" 0: dump file does not exist
FAIL: gcc.dg/matrix/matrix-6.c scan-ipa-dump-times matrix-reorg "Flattened 2 dimensions" 1: dump file does not exist
FAIL: gcc.dg/matrix/transpose-1.c scan-ipa-dump-times matrix-reorg "Flattened 3 dimensions" 1: dump file does not exist
FAIL: gcc.dg/matrix/transpose-1.c scan-ipa-dump-times matrix-reorg "Transposed" 3: dump file does not exist
FAIL: gcc.dg/matrix/transpose-2.c scan-ipa-dump-times matrix-reorg "Flattened 3 dimensions" 1: dump file does not exist
FAIL: gcc.dg/matrix/transpose-2.c scan-ipa-dump-times matrix-reorg "Transposed" 0: dump file does not exist
FAIL: gcc.dg/matrix/transpose-3.c scan-ipa-dump-times matrix-reorg "Flattened 2 dimensions" 1: dump file does not exist
FAIL: gcc.dg/matrix/transpose-3.c scan-ipa-dump-times matrix-reorg "Transposed" 2: dump file does not exist
FAIL: gcc.dg/matrix/transpose-4.c scan-ipa-dump-times matrix-reorg "Flattened 3 dimensions" 1: dump file does not exist
FAIL: gcc.dg/matrix/transpose-4.c scan-ipa-dump-times matrix-reorg "Transposed" 2: dump file does not exist
FAIL: gcc.dg/matrix/transpose-5.c scan-ipa-dump-times matrix-reorg "Flattened 3 dimensions" 1: dump file does not exist
FAIL: gcc.dg/matrix/transpose-5.c scan-ipa-dump-times matrix-reorg "Transposed" 0: dump file does not exist
FAIL: gcc.dg/matrix/transpose-6.c scan-ipa-dump-times matrix-reorg "Flattened 3 dimensions" 1: dump file does not exist
FAIL: gcc.dg/matrix/transpose-6.c scan-ipa-dump-times matrix-reorg "Transposed" 0: dump file does not exist
XPASS: gcc.dg/tree-ssa/data-dep-1.c scan-tree-dump-times ltrans "4, \\+, 1" 0
XPASS: gcc.dg/tree-ssa/ltrans-3.c scan-tree-dump-times ltrans "transformed loop" 1
XPASS: gcc.dg/tree-ssa/ssa-fre-13.c scan-tree-dump fre "Inserted .* &a"
XPASS: gcc.dg/tree-ssa/ssa-fre-13.c scan-tree-dump fre "Replaced tmp1_.\\(D\\)->data"
XPASS: gcc.dg/tree-ssa/ssa-fre-14.c scan-tree-dump fre "Inserted .* &a"
XPASS: gcc.dg/tree-ssa/ssa-fre-14.c scan-tree-dump fre "Replaced tmp1.data"
XPASS: gcc.dg/tree-ssa/ssa-fre-17.c scan-tree-dump fre "Replaced f.doms\\[0\\].dom with i_"
FAIL: gcc.dg/vect/vect-67.c scan-tree-dump-times vect "vectorized 1 loops" 1
FAIL: gcc.dg/vect/no-scevccp-outer-13.c scan-tree-dump-times vect "OUTER LOOP VECTORIZED." 1
FAIL: gcc.dg/vect/no-scevccp-outer-7.c scan-tree-dump-times vect "OUTER LOOP VECTORIZED." 1
FAIL: gcc.target/i386/quad-sse.c scan-assembler-not call
FAIL: gcc.target/i386/sse4_2-popcntl.c (test for excess errors)
WARNING: gcc.target/i386/sse4_2-popcntl.c compilation failed to produce executable
=== gcc Summary for unix ===
# of expected passes 49521
# of unexpected failures 35
# of unexpected successes 7
# of expected failures 195
# of unresolved testcases 1
# of unsupported tests 541
=== gcc Summary ===
# of expected passes 98937
# of unexpected failures 75
# of unexpected successes 14
# of expected failures 375
# of unresolved testcases 4
# of unsupported tests 1184
/Volumes/development/gcc/tuples/objdir/gcc/xgcc version 4.4.0 20080726 (experimental) [gimple-tuples-branch revision 138172] (gimple-tuples-branch merged with rev 138159)
=== gfortran tests ===
Running target unix/-m64
FAIL: gfortran.dg/stat_1.f90 -O0 execution test
FAIL: gfortran.dg/stat_1.f90 -O1 execution test
FAIL: gfortran.dg/stat_1.f90 -O2 execution test
FAIL: gfortran.dg/stat_1.f90 -O3 -fomit-frame-pointer execution test
FAIL: gfortran.dg/stat_1.f90 -O3 -fomit-frame-pointer -funroll-loops execution test
FAIL: gfortran.dg/stat_1.f90 -O3 -fomit-frame-pointer -funroll-all-loops -finline-functions execution test
FAIL: gfortran.dg/stat_1.f90 -O3 -g execution test
FAIL: gfortran.dg/stat_1.f90 -Os execution test
FAIL: gfortran.dg/stat_2.f90 -O0 execution test
FAIL: gfortran.dg/stat_2.f90 -O1 execution test
FAIL: gfortran.dg/stat_2.f90 -O2 execution test
FAIL: gfortran.dg/stat_2.f90 -O3 -fomit-frame-pointer execution test
FAIL: gfortran.dg/stat_2.f90 -O3 -fomit-frame-pointer -funroll-loops execution test
FAIL: gfortran.dg/stat_2.f90 -O3 -fomit-frame-pointer -funroll-all-loops -finline-functions execution test
FAIL: gfortran.dg/stat_2.f90 -O3 -g execution test
FAIL: gfortran.dg/stat_2.f90 -Os execution test
=== gfortran Summary for unix/-m64 ===
# of expected passes 27057
# of unexpected failures 16
# of expected failures 16
# of unsupported tests 56
Running target unix
FAIL: gfortran.dg/stat_1.f90 -O0 execution test
FAIL: gfortran.dg/stat_1.f90 -O1 execution test
FAIL: gfortran.dg/stat_1.f90 -O2 execution test
FAIL: gfortran.dg/stat_1.f90 -O3 -fomit-frame-pointer execution test
FAIL: gfortran.dg/stat_1.f90 -O3 -fomit-frame-pointer -funroll-loops execution test
FAIL: gfortran.dg/stat_1.f90 -O3 -fomit-frame-pointer -funroll-all-loops -finline-functions execution test
FAIL: gfortran.dg/stat_1.f90 -O3 -g execution test
FAIL: gfortran.dg/stat_1.f90 -Os execution test
FAIL: gfortran.dg/stat_2.f90 -O0 execution test
FAIL: gfortran.dg/stat_2.f90 -O1 execution test
FAIL: gfortran.dg/stat_2.f90 -O2 execution test
FAIL: gfortran.dg/stat_2.f90 -O3 -fomit-frame-pointer execution test
FAIL: gfortran.dg/stat_2.f90 -O3 -fomit-frame-pointer -funroll-loops execution test
FAIL: gfortran.dg/stat_2.f90 -O3 -fomit-frame-pointer -funroll-all-loops -finline-functions execution test
FAIL: gfortran.dg/stat_2.f90 -O3 -g execution test
FAIL: gfortran.dg/stat_2.f90 -Os execution test
=== gfortran Summary for unix ===
# of expected passes 26942
# of unexpected failures 16
# of expected failures 16
# of unsupported tests 111
=== gfortran Summary ===
# of expected passes 53999
# of unexpected failures 32
# of expected failures 32
# of unsupported tests 167
/Volumes/development/gcc/tuples/objdir/gcc/testsuite/gfortran/../../gfortran version 4.4.0 20080726 (experimental) [gimple-tuples-branch revision 138172] (gimple-tuples-branch merged with rev 138159)
=== objc tests ===
Running target unix/-m64
FAIL: objc.dg/bitfield-1.m (test for excess errors)
WARNING: objc.dg/bitfield-1.m compilation failed to produce executable
FAIL: objc.dg/bitfield-3.m (test for excess errors)
FAIL: objc.dg/bitfield-5.m (test for excess errors)
FAIL: objc.dg/call-super-1.m (test for excess errors)
WARNING: objc.dg/call-super-1.m compilation failed to produce executable
FAIL: objc.dg/call-super-3.m (test for excess errors)
WARNING: objc.dg/call-super-3.m compilation failed to produce executable
FAIL: objc.dg/category-1.m (test for excess errors)
WARNING: objc.dg/category-1.m compilation failed to produce executable
FAIL: objc.dg/const-str-10.m (test for excess errors)
FAIL: objc.dg/const-str-10.m scan-assembler .long\\t__NSConstantStringClassReference\\n\\t.long\\t.*\\n\\t.long\\t5\\n\\t.data
FAIL: objc.dg/const-str-11.m (test for excess errors)
FAIL: objc.dg/const-str-11.m scan-assembler .long\\t__XStrClassReference\\n\\t.long\\t.*\\n\\t.long\\t5\\n\\t.data
FAIL: objc.dg/const-str-3.m (test for excess errors)
WARNING: objc.dg/const-str-3.m compilation failed to produce executable
FAIL: objc.dg/const-str-7.m (test for excess errors)
WARNING: objc.dg/const-str-7.m compilation failed to produce executable
FAIL: objc.dg/const-str-8.m (test for excess errors)
WARNING: objc.dg/const-str-8.m compilation failed to produce executable
FAIL: objc.dg/const-str-9.m (test for excess errors)
FAIL: objc.dg/const-str-9.m scan-assembler .long\\t__NSConstantStringClassReference\\n\\t.long\\t.*\\n\\t.long\\t5\\n\\t.data
FAIL: objc.dg/defs.m (test for excess errors)
WARNING: objc.dg/defs.m compilation failed to produce executable
FAIL: objc.dg/desig-init-1.m (test for excess errors)
WARNING: objc.dg/desig-init-1.m compilation failed to produce executable
FAIL: objc.dg/encode-2.m (test for excess errors)
WARNING: objc.dg/encode-2.m compilation failed to produce executable
FAIL: objc.dg/encode-3.m (test for excess errors)
WARNING: objc.dg/encode-3.m compilation failed to produce executable
FAIL: objc.dg/encode-4.m (test for excess errors)
WARNING: objc.dg/encode-4.m compilation failed to produce executable
FAIL: objc.dg/encode-5.m (test for excess errors)
FAIL: objc.dg/fix-and-continue-1.m (test for excess errors)
WARNING: objc.dg/fix-and-continue-1.m compilation failed to produce executable
FAIL: objc.dg/func-ptr-1.m (test for excess errors)
WARNING: objc.dg/func-ptr-1.m compilation failed to produce executable
FAIL: objc.dg/func-ptr-2.m (test for excess errors)
WARNING: objc.dg/func-ptr-2.m compilation failed to produce executable
FAIL: objc.dg/headers.m (test for excess errors)
FAIL: objc.dg/layout-1.m (test for excess errors)
FAIL: objc.dg/lookup-1.m (test for excess errors)
WARNING: objc.dg/lookup-1.m compilation failed to produce executable
FAIL: objc.dg/method-10.m (test for excess errors)
WARNING: objc.dg/method-10.m compilation failed to produce executable
FAIL: objc.dg/method-13.m execution test
FAIL: objc.dg/method-3.m (test for excess errors)
WARNING: objc.dg/method-3.m compilation failed to produce executable
FAIL: objc.dg/method-6.m (test for excess errors)
FAIL: objc.dg/next-runtime-1.m scan-assembler L_OBJC_MODULES:\\n[ \\t]*.long\\t6\\n
FAIL: objc.dg/no-extra-load.m (test for excess errors)
ERROR: objc.dg/no-extra-load.m: error executing dg-final: couldn't open "no-extra-load.s": no such file or directory
UNRESOLVED: objc.dg/no-extra-load.m: error executing dg-final: couldn't open "no-extra-load.s": no such file or directory
FAIL: objc.dg/proto-lossage-3.m (test for excess errors)
WARNING: objc.dg/proto-lossage-3.m compilation failed to produce executable
FAIL: objc.dg/proto-qual-1.m (test for excess errors)
WARNING: objc.dg/proto-qual-1.m compilation failed to produce executable
FAIL: objc.dg/sizeof-1.m (test for excess errors)
WARNING: objc.dg/sizeof-1.m compilation failed to produce executable
FAIL: objc.dg/stret-1.m (internal compiler error)
FAIL: objc.dg/stret-1.m (test for excess errors)
WARNING: objc.dg/stret-1.m compilation failed to produce executable
FAIL: objc.dg/stret-2.m (internal compiler error)
FAIL: objc.dg/stret-2.m (test for excess errors)
ERROR: objc.dg/stret-2.m: error executing dg-final: couldn't open "stret-2.s": no such file or directory
UNRESOLVED: objc.dg/stret-2.m: error executing dg-final: couldn't open "stret-2.s": no such file or directory
FAIL: objc.dg/stubify-1.m (test for excess errors)
ERROR: objc.dg/stubify-1.m: error executing dg-final: couldn't open "stubify-1.s": no such file or directory
UNRESOLVED: objc.dg/stubify-1.m: error executing dg-final: couldn't open "stubify-1.s": no such file or directory
FAIL: objc.dg/stubify-2.m (test for excess errors)
FAIL: objc.dg/stubify-2.m scan-rtl-dump-not jump "symbol_ref.*"objc_msgSend"": dump file does not exist
FAIL: objc.dg/super-class-3.m (test for excess errors)
WARNING: objc.dg/super-class-3.m compilation failed to produce executable
FAIL: objc.dg/symtab-1.m scan-assembler L_OBJC_SYMBOLS.*:\\n\\t.long\\t0\\n\\t.long\\t0\\n\\t.short\\t2\\n\\t.short\\t0\\n\\t.long\\tL_OBJC_CLASS_Derived.*\\n\\t.long\\tL_OBJC_CLASS_Base.*\\n
FAIL: objc.dg/type-size-2.m (test for excess errors)
FAIL: objc.dg/type-size-2.m execution test
FAIL: objc.dg/va-meth-1.m (test for excess errors)
WARNING: objc.dg/va-meth-1.m compilation failed to produce executable
FAIL: objc.dg/zero-link-3.m (test for excess errors)
WARNING: objc.dg/zero-link-3.m compilation failed to produce executable
FAIL: objc.dg/special/unclaimed-category-1.m unclaimed-category-1a.o (test for excess errors)
FAIL: objc.dg/special/unclaimed-category-1.m unclaimed-category-1a.o execution test
=== objc Summary for unix/-m64 ===
# of expected passes 1780
# of unexpected failures 51
# of expected failures 7
# of unresolved testcases 3
# of unsupported tests 2
Running target unix
FAIL: objc.dg/category-1.m (test for excess errors)
FAIL: objc.dg/const-str-10.m (test for excess errors)
FAIL: objc.dg/const-str-11.m (test for excess errors)
FAIL: objc.dg/const-str-3.m (test for excess errors)
FAIL: objc.dg/const-str-7.m (test for excess errors)
FAIL: objc.dg/const-str-8.m (test for excess errors)
FAIL: objc.dg/const-str-9.m (test for excess errors)
FAIL: objc.dg/encode-2.m (test for excess errors)
FAIL: objc.dg/encode-3.m (test for excess errors)
WARNING: objc.dg/encode-3.m compilation failed to produce executable
FAIL: objc.dg/encode-4.m (test for excess errors)
FAIL: objc.dg/encode-5.m (test for excess errors)
FAIL: objc.dg/headers.m (test for excess errors)
FAIL: objc.dg/method-6.m (test for excess errors)
FAIL: objc.dg/no-extra-load.m (test for excess errors)
ERROR: objc.dg/no-extra-load.m: error executing dg-final: couldn't open "no-extra-load.s": no such file or directory
UNRESOLVED: objc.dg/no-extra-load.m: error executing dg-final: couldn't open "no-extra-load.s": no such file or directory
FAIL: objc.dg/proto-lossage-3.m (test for excess errors)
WARNING: objc.dg/proto-lossage-3.m compilation failed to produce executable
FAIL: objc.dg/proto-qual-1.m (test for excess errors)
WARNING: objc.dg/proto-qual-1.m compilation failed to produce executable
FAIL: objc.dg/stret-1.m (internal compiler error)
FAIL: objc.dg/stret-1.m (test for excess errors)
WARNING: objc.dg/stret-1.m compilation failed to produce executable
FAIL: objc.dg/stret-2.m (internal compiler error)
FAIL: objc.dg/stret-2.m (test for excess errors)
ERROR: objc.dg/stret-2.m: error executing dg-final: couldn't open "stret-2.s": no such file or directory
UNRESOLVED: objc.dg/stret-2.m: error executing dg-final: couldn't open "stret-2.s": no such file or directory
FAIL: objc.dg/stubify-1.m (test for excess errors)
ERROR: objc.dg/stubify-1.m: error executing dg-final: couldn't open "stubify-1.s": no such file or directory
UNRESOLVED: objc.dg/stubify-1.m: error executing dg-final: couldn't open "stubify-1.s": no such file or directory
FAIL: objc.dg/stubify-2.m (test for excess errors)
FAIL: objc.dg/stubify-2.m scan-rtl-dump-not jump "symbol_ref.*"objc_msgSend"": dump file does not exist
FAIL: objc.dg/symtab-1.m scan-assembler L_OBJC_SYMBOLS.*:\\n\\t.long\\t0\\n\\t.long\\t0\\n\\t.short\\t2\\n\\t.short\\t0\\n\\t.long\\tL_OBJC_CLASS_Derived.*\\n\\t.long\\tL_OBJC_CLASS_Base.*\\n
FAIL: objc.dg/type-size-2.m (test for excess errors)
=== objc Summary for unix ===
# of expected passes 1827
# of unexpected failures 25
# of expected failures 7
# of unresolved testcases 3
# of unsupported tests 2
=== objc Summary ===
# of expected passes 3607
# of unexpected failures 76
# of expected failures 14
# of unresolved testcases 6
# of unsupported tests 4
/Volumes/development/gcc/tuples/objdir/gcc/xgcc version 4.4.0 20080726 (experimental) [gimple-tuples-branch revision 138172] (gimple-tuples-branch merged with rev 138159)
=== libffi tests ===
Running target unix/-m64
=== libffi Summary for unix/-m64 ===
# of expected passes 1389
# of unsupported tests 10
Running target unix
=== libffi Summary for unix ===
# of expected passes 1389
# of unsupported tests 10
=== libffi Summary ===
# of expected passes 2778
# of unsupported tests 20
=== libgomp tests ===
Running target unix/-m64
=== libgomp Summary for unix/-m64 ===
# of expected passes 2033
# of unsupported tests 128
Running target unix
=== libgomp Summary for unix ===
# of expected passes 2033
# of unsupported tests 128
=== libgomp Summary ===
# of expected passes 4066
# of unsupported tests 256
=== libjava tests ===
Running target unix/-m64
FAIL: PR16923 run
FAIL: events output
FAIL: StackTrace2 -O3 execution - source compiled test
=== libjava Summary for unix/-m64 ===
# of expected passes 2570
# of unexpected failures 3
# of untested testcases 2
Running target unix
FAIL: /Volumes/development/gcc/tuples/gcc/libjava/testsuite/libjava.jar/TestClosureGC.jar execution - gij test
FAIL: StackTrace2 -O3 execution - source compiled test
=== libjava Summary for unix ===
# of expected passes 2570
# of unexpected failures 2
# of untested testcases 2
=== libjava Summary ===
# of expected passes 5140
# of unexpected failures 5
# of untested testcases 4
=== libstdc++ tests ===
Running target unix/-m64
XPASS: 21_strings/basic_string/element_access/char/21674.cc execution test
XPASS: 21_strings/basic_string/element_access/wchar_t/21674.cc execution test
XPASS: 23_containers/unordered_multimap/init-list.cc (test for excess errors)
XPASS: 26_numerics/headers/cmath/c99_classification_macros_c.cc (test for excess errors)
WARNING: program timed out.
FAIL: 27_io/ios_base/storage/2.cc execution test
FAIL: ext/mt_allocator/deallocate_local_thread-5.cc execution test
FAIL: ext/mt_allocator/deallocate_local_thread-7.cc execution test
FAIL: ext/pb_ds/regression/trie_no_data_map_rand.cc execution test
=== libstdc++ Summary for unix/-m64 ===
# of expected passes 5313
# of unexpected failures 4
# of unexpected successes 4
# of expected failures 77
# of unsupported tests 328
Running target unix
XPASS: 21_strings/basic_string/element_access/char/21674.cc execution test
XPASS: 21_strings/basic_string/element_access/wchar_t/21674.cc execution test
XPASS: 23_containers/unordered_multimap/init-list.cc (test for excess errors)
XPASS: 26_numerics/headers/cmath/c99_classification_macros_c.cc (test for excess errors)
FAIL: ext/mt_allocator/deallocate_local_thread-5.cc execution test
FAIL: ext/mt_allocator/deallocate_local_thread-7.cc execution test
FAIL: ext/pb_ds/regression/trie_data_map_rand.cc execution test
FAIL: ext/pb_ds/regression/trie_no_data_map_rand.cc execution test
=== libstdc++ Summary for unix ===
# of expected passes 5313
# of unexpected failures 4
# of unexpected successes 4
# of expected failures 77
# of unsupported tests 328
=== libstdc++ Summary ===
# of expected passes 10626
# of unexpected failures 8
# of unexpected successes 8
# of expected failures 154
# of unsupported tests 656
Compiler version: 4.4.0 20080726 (experimental) [gimple-tuples-branch revision 138172] (gimple-tuples-branch merged with rev 138159)
Platform: i686-apple-darwin9
configure flags: --prefix=/Volumes/development/gcc/tuples/testbin --build=i686-apple-darwin9 --target=i686-apple-darwin9 --disable-static build_alias=i686-apple-darwin9 target_alias=i686-apple-darwin9 --enable-languages=c,c++,fortran,java,objc --enable-java-awt=xlib