This is the mail archive of the
gcc-testresults@gcc.gnu.org
mailing list for the GCC project.
Results for 4.4.0 20080715 (experimental) (gimple-tuples-branch merged with rev 137837) testsuite on ia64-unknown-linux-gnu
- From: Richard Guenther <rguenther at suse dot de>
- To: gcc-testresults at gcc dot gnu dot org
- Date: Tue, 22 Jul 2008 10:34:07 +0200 (CEST)
- Subject: Results for 4.4.0 20080715 (experimental) (gimple-tuples-branch merged with rev 137837) testsuite on ia64-unknown-linux-gnu
LAST_UPDATED:
Native configuration is ia64-unknown-linux-gnu
=== g++ tests ===
Running target unix
XPASS: g++.dg/parse/error15.C bogus excess errors in declaration (test for bogus messages, line 17)
FAIL: g++.dg/tree-ssa/pr19637.C scan-tree-dump-times dom1 "return 1;" 3
FAIL: 102:is -:should be 1
FAIL: 141:is 8:should be 5
FAIL: 143:is 6:should be 3
FAIL: 150:is 3:should be 2
FAIL: g++.dg/gcov/gcov-1.C gcov: 4 failures in line counts, 0 in branch percentages, 0 in return percentages
FAIL: g++.dg/tree-prof/indir-call-prof.C scan-tree-dump tree_profile "Indirect call -> direct call.* AA transformation on insn"
FAIL: g++.dg/tree-prof/indir-call-prof.C scan-tree-dump tree_profile "Indirect call -> direct call.* AA transformation on insn"
FAIL: g++.dg/tree-prof/indir-call-prof.C scan-tree-dump tree_profile "Indirect call -> direct call.* AA transformation on insn"
FAIL: g++.dg/tree-prof/indir-call-prof.C scan-tree-dump tree_profile "Indirect call -> direct call.* AA transformation on insn"
FAIL: g++.dg/tree-prof/indir-call-prof.C scan-tree-dump tree_profile "Indirect call -> direct call.* AA transformation on insn"
FAIL: g++.dg/tree-prof/indir-call-prof.C scan-tree-dump tree_profile "Indirect call -> direct call.* AA transformation on insn"
FAIL: g++.dg/tree-prof/indir-call-prof.C scan-tree-dump tree_profile "Indirect call -> direct call.* AA transformation on insn"
=== g++ Summary ===
# of expected passes 17031
# of unexpected failures 13
# of unexpected successes 1
# of expected failures 81
# of unsupported tests 140
/abuild/rguenther/obj/gcc/testsuite/g++/../../g++ version 4.4.0 20080715 (experimental) (gimple-tuples-branch merged with rev 137837)
=== gcc tests ===
Running target unix
FAIL: gcc.c-torture/compile/pr11832.c -O0 (internal compiler error)
FAIL: gcc.c-torture/compile/pr11832.c -O1 (internal compiler error)
FAIL: gcc.c-torture/compile/pr11832.c -O2 (internal compiler error)
FAIL: gcc.c-torture/compile/pr11832.c -O3 -fomit-frame-pointer (internal compiler error)
FAIL: gcc.c-torture/compile/pr11832.c -O3 -fomit-frame-pointer -funroll-loops (internal compiler error)
FAIL: gcc.c-torture/compile/pr11832.c -O3 -fomit-frame-pointer -funroll-all-loops -finline-functions (internal compiler error)
FAIL: gcc.c-torture/compile/pr11832.c -O3 -g (internal compiler error)
FAIL: gcc.c-torture/compile/pr11832.c -Os (internal compiler error)
FAIL: gcc.c-torture/compile/pr33009.c -O0 (internal compiler error)
FAIL: gcc.c-torture/execute/stdarg-1.c compilation, -O0 (internal compiler error)
UNRESOLVED: gcc.c-torture/execute/stdarg-1.c execution, -O0
FAIL: gcc.c-torture/execute/stdarg-1.c compilation, -O1 (internal compiler error)
UNRESOLVED: gcc.c-torture/execute/stdarg-1.c execution, -O1
FAIL: gcc.c-torture/execute/stdarg-1.c compilation, -O2 (internal compiler error)
UNRESOLVED: gcc.c-torture/execute/stdarg-1.c execution, -O2
FAIL: gcc.c-torture/execute/stdarg-1.c compilation, -O3 -fomit-frame-pointer (internal compiler error)
UNRESOLVED: gcc.c-torture/execute/stdarg-1.c execution, -O3 -fomit-frame-pointer
FAIL: gcc.c-torture/execute/stdarg-1.c compilation, -O3 -g (internal compiler error)
UNRESOLVED: gcc.c-torture/execute/stdarg-1.c execution, -O3 -g
FAIL: gcc.c-torture/execute/stdarg-1.c compilation, -Os (internal compiler error)
UNRESOLVED: gcc.c-torture/execute/stdarg-1.c execution, -Os
FAIL: gcc.dg/debug/dwarf2/var1.c scan-assembler xyzzy[^\\\\n\\\\r]+DW_AT_name
WARNING: program timed out.
FAIL: gcc.dg/20020425-1.c (test for excess errors)
FAIL: gcc.dg/Wstrict-aliasing-float-ptr-int-obj.c (test for warnings, line 14)
FAIL: gcc.dg/Wstrict-aliasing-float-ptr-int-obj.c (test for warnings, line 16)
FAIL: gcc.dg/builtin-apply4.c execution test
FAIL: gcc.dg/fold-alloca-1.c scan-tree-dump-times useless "link_error" 0
FAIL: gcc.dg/pr35729.c scan-rtl-dump-times loop2_invariant "Decided to move invariant" 0
FAIL: gcc.dg/matrix/matrix-1.c scan-ipa-dump-times matrix-reorg "Flattened 3 dimensions" 1: dump file does not exist
FAIL: gcc.dg/matrix/matrix-2.c scan-ipa-dump-times matrix-reorg "Flattened 2 dimensions" 1: dump file does not exist
FAIL: gcc.dg/matrix/matrix-3.c scan-ipa-dump-times matrix-reorg "Flattened 2 dimensions" 1: dump file does not exist
FAIL: gcc.dg/matrix/matrix-4.c scan-ipa-dump-times matrix-reorg "Flattened" 0: dump file does not exist
FAIL: gcc.dg/matrix/matrix-5.c scan-ipa-dump-times matrix-reorg "Flattened" 0: dump file does not exist
FAIL: gcc.dg/matrix/matrix-6.c scan-ipa-dump-times matrix-reorg "Flattened 2 dimensions" 1: dump file does not exist
FAIL: gcc.dg/matrix/transpose-1.c scan-ipa-dump-times matrix-reorg "Flattened 3 dimensions" 1: dump file does not exist
FAIL: gcc.dg/matrix/transpose-1.c scan-ipa-dump-times matrix-reorg "Transposed" 3: dump file does not exist
FAIL: gcc.dg/matrix/transpose-2.c scan-ipa-dump-times matrix-reorg "Flattened 3 dimensions" 1: dump file does not exist
FAIL: gcc.dg/matrix/transpose-2.c scan-ipa-dump-times matrix-reorg "Transposed" 0: dump file does not exist
FAIL: gcc.dg/matrix/transpose-3.c scan-ipa-dump-times matrix-reorg "Flattened 2 dimensions" 1: dump file does not exist
FAIL: gcc.dg/matrix/transpose-3.c scan-ipa-dump-times matrix-reorg "Transposed" 2: dump file does not exist
FAIL: gcc.dg/matrix/transpose-4.c scan-ipa-dump-times matrix-reorg "Flattened 3 dimensions" 1: dump file does not exist
FAIL: gcc.dg/matrix/transpose-4.c scan-ipa-dump-times matrix-reorg "Transposed" 2: dump file does not exist
FAIL: gcc.dg/matrix/transpose-5.c scan-ipa-dump-times matrix-reorg "Flattened 3 dimensions" 1: dump file does not exist
FAIL: gcc.dg/matrix/transpose-5.c scan-ipa-dump-times matrix-reorg "Transposed" 0: dump file does not exist
FAIL: gcc.dg/matrix/transpose-6.c scan-ipa-dump-times matrix-reorg "Flattened 3 dimensions" 1: dump file does not exist
FAIL: gcc.dg/matrix/transpose-6.c scan-ipa-dump-times matrix-reorg "Transposed" 0: dump file does not exist
FAIL: gcc.dg/torture/builtin-math-4.c -O0 (test for excess errors)
FAIL: gcc.dg/torture/builtin-math-4.c -O1 (test for excess errors)
FAIL: gcc.dg/torture/builtin-math-4.c -O2 (test for excess errors)
FAIL: gcc.dg/torture/builtin-math-4.c -O3 -fomit-frame-pointer (test for excess errors)
FAIL: gcc.dg/torture/builtin-math-4.c -O3 -fomit-frame-pointer -funroll-loops (test for excess errors)
FAIL: gcc.dg/torture/builtin-math-4.c -O3 -fomit-frame-pointer -funroll-all-loops -finline-functions (test for excess errors)
FAIL: gcc.dg/torture/builtin-math-4.c -O3 -g (test for excess errors)
FAIL: gcc.dg/torture/builtin-math-4.c -Os (test for excess errors)
WARNING: gcc.dg/torture/fp-int-convert-float128-timode.c -O0 compilation failed to produce executable
WARNING: gcc.dg/torture/fp-int-convert-float128-timode.c -O1 compilation failed to produce executable
WARNING: gcc.dg/torture/fp-int-convert-float128-timode.c -O2 compilation failed to produce executable
WARNING: gcc.dg/torture/fp-int-convert-float128-timode.c -O3 -fomit-frame-pointer compilation failed to produce executable
WARNING: gcc.dg/torture/fp-int-convert-float128-timode.c -O3 -g compilation failed to produce executable
WARNING: gcc.dg/torture/fp-int-convert-float128-timode.c -Os compilation failed to produce executable
FAIL: gcc.dg/torture/fp-int-convert-float128.c -O0 (test for excess errors)
WARNING: gcc.dg/torture/fp-int-convert-float128.c -O0 compilation failed to produce executable
FAIL: gcc.dg/torture/fp-int-convert-float128.c -O1 (test for excess errors)
WARNING: gcc.dg/torture/fp-int-convert-float128.c -O1 compilation failed to produce executable
FAIL: gcc.dg/torture/fp-int-convert-float128.c -O2 (test for excess errors)
WARNING: gcc.dg/torture/fp-int-convert-float128.c -O2 compilation failed to produce executable
FAIL: gcc.dg/torture/fp-int-convert-float128.c -O3 -fomit-frame-pointer (test for excess errors)
WARNING: gcc.dg/torture/fp-int-convert-float128.c -O3 -fomit-frame-pointer compilation failed to produce executable
FAIL: gcc.dg/torture/fp-int-convert-float128.c -O3 -g (test for excess errors)
WARNING: gcc.dg/torture/fp-int-convert-float128.c -O3 -g compilation failed to produce executable
FAIL: gcc.dg/torture/fp-int-convert-float128.c -Os (test for excess errors)
WARNING: gcc.dg/torture/fp-int-convert-float128.c -Os compilation failed to produce executable
XPASS: gcc.dg/tree-ssa/loadpre1.c scan-tree-dump-times pre "Eliminated: 1" 1
XPASS: gcc.dg/tree-ssa/loop-1.c scan-assembler-times foo 5
XPASS: gcc.dg/tree-ssa/ltrans-3.c scan-tree-dump-times ltrans "transformed loop" 1
FAIL: gcc.dg/tree-ssa/ssa-fre-7.c scan-tree-dump-times fre "Inserted pretmp" 1
FAIL: gcc.dg/tree-ssa/ssa-fre-7.c scan-tree-dump-times fre "Replaced a.u.f with pretmp" 3
FAIL: gcc.dg/tree-ssa/ssa-fre-7.c scan-tree-dump-times fre "Replaced a.u.k with j" 1
FAIL: gcc.dg/tree-ssa/ssa-fre-7.c scan-tree-dump fre "= VIEW_CONVERT_EXPR<float>\\(j_"
FAIL: gcc.dg/tree-ssa/ssa-fre-7.c scan-tree-dump optimized "return j"
FAIL: gcc.dg/tree-ssa/ssa-fre-8.c scan-tree-dump-times fre "Replaced u.f with pretmp" 2
FAIL: gcc.dg/tree-ssa/ssa-fre-8.c scan-tree-dump-times fre "Inserted pretmp" 2
FAIL: gcc.dg/tree-ssa/ssa-fre-9.c scan-tree-dump-times fre "Eliminated: 1" 2
FAIL: gcc.dg/tree-ssa/ssa-fre-9.c scan-tree-dump-times fre "Insertions: 1" 2
FAIL: gcc.dg/tree-ssa/ssa-pre-15.c scan-tree-dump optimized "= 0;"
FAIL: gcc.dg/vect/vect-67.c scan-tree-dump-times vect "vectorized 1 loops" 1
FAIL: gcc.dg/vect/slp-7.c scan-tree-dump-times vect "vectorized 2 loops" 1
FAIL: gcc.dg/vect/slp-7.c scan-tree-dump-times vect "vectorizing stmts using SLP" 2
FAIL: gcc.dg/vect/no-vfa-pr29145.c scan-tree-dump-times vect "vectorized 0 loops" 2
FAIL: gcc.dg/vect/no-vfa-pr29145.c scan-tree-dump-times vect "vectorized 1 loops" 1
FAIL: gcc.dg/vect/O3-vect-pr34223.c scan-tree-dump-times vect "vectorized 1 loops" 1
FAIL: 96:is -:should be 1
FAIL: 132:is 8:should be 5
FAIL: 133:is 6:should be 3
FAIL: 138:is 3:should be 2
FAIL: gcc.misc-tests/gcov-4.c gcov: 4 failures in line counts, 0 in branch percentages, 0 in return percentages
=== gcc Summary ===
# of expected passes 47305
# of unexpected failures 75
# of unexpected successes 3
# of expected failures 233
# of unresolved testcases 6
# of unsupported tests 477
/abuild/rguenther/obj/gcc/xgcc version 4.4.0 20080715 (experimental) (gimple-tuples-branch merged with rev 137837)
=== gfortran tests ===
Running target unix
FAIL: gfortran.dg/bessel_2.f90 -O (test for excess errors)
FAIL: gfortran.dg/parameter_array_init_3.f90 -O (internal compiler error)
FAIL: gfortran.dg/parameter_array_init_3.f90 -O (test for excess errors)
FAIL: gfortran.dg/parameter_array_init_4.f90 -O0 (test for excess errors)
FAIL: gfortran.dg/parameter_array_init_4.f90 -O1 (test for excess errors)
FAIL: gfortran.dg/parameter_array_init_4.f90 -O2 (test for excess errors)
FAIL: gfortran.dg/parameter_array_init_4.f90 -O3 -fomit-frame-pointer (test for excess errors)
FAIL: gfortran.dg/parameter_array_init_4.f90 -O3 -fomit-frame-pointer -funroll-loops (test for excess errors)
FAIL: gfortran.dg/parameter_array_init_4.f90 -O3 -fomit-frame-pointer -funroll-all-loops -finline-functions (test for excess errors)
FAIL: gfortran.dg/parameter_array_init_4.f90 -O3 -g (test for excess errors)
FAIL: gfortran.dg/parameter_array_init_4.f90 -Os (test for excess errors)
=== gfortran Summary ===
# of expected passes 26925
# of unexpected failures 11
# of expected failures 16
# of unsupported tests 26
/abuild/rguenther/obj/gcc/testsuite/gfortran/../../gfortran version 4.4.0 20080715 (experimental) (gimple-tuples-branch merged with rev 137837)
=== objc tests ===
Running target unix
=== objc Summary ===
# of expected passes 1812
# of expected failures 7
# of unsupported tests 25
/abuild/rguenther/obj/gcc/xgcc version 4.4.0 20080715 (experimental) (gimple-tuples-branch merged with rev 137837)
=== libffi tests ===
Running target unix
=== libffi Summary ===
# of expected passes 1389
# of unsupported tests 10
=== libgomp tests ===
Running target unix
FAIL: libgomp.c/atomic-4.c execution test
FAIL: libgomp.c/pr29947-1.c execution test
FAIL: libgomp.c/pr29947-2.c execution test
FAIL: libgomp.c/sort-1.c execution test
FAIL: libgomp.c++/collapse-2.C -O3 -fomit-frame-pointer execution test
FAIL: libgomp.fortran/omp_parse2.f90 -Os execution test
=== libgomp Summary ===
# of expected passes 2283
# of unexpected failures 6
=== libjava tests ===
Running target unix
FAIL: getlocalvartable output
FAIL: Array_3 -O3 execution - source compiled test
FAIL: Array_3 -O3 -findirect-dispatch execution - source compiled test
FAIL: Final -findirect-dispatch execution - source compiled test
FAIL: Final -O3 -findirect-dispatch execution - source compiled test
FAIL: PR141 -findirect-dispatch execution - source compiled test
FAIL: PR141 -O3 -findirect-dispatch execution - source compiled test
FAIL: PR160 -findirect-dispatch execution - source compiled test
FAIL: PR160 -O3 -findirect-dispatch execution - source compiled test
FAIL: PR162 -findirect-dispatch execution - source compiled test
FAIL: PR162 -O3 -findirect-dispatch execution - source compiled test
FAIL: PR218 -findirect-dispatch execution - source compiled test
FAIL: PR218 -O3 -findirect-dispatch execution - source compiled test
FAIL: PR242 -findirect-dispatch execution - source compiled test
FAIL: PR242 -O3 -findirect-dispatch execution - source compiled test
FAIL: PR260 -findirect-dispatch execution - source compiled test
FAIL: PR260 -O3 -findirect-dispatch execution - source compiled test
FAIL: PR6729 -O3 compilation from source
FAIL: StackTrace2 -O3 execution - source compiled test
FAIL: Synch -findirect-dispatch execution - source compiled test
FAIL: Synch -O3 -findirect-dispatch execution - source compiled test
FAIL: Throw_3 -O3 output - source compiled test
FAIL: Throw_3 -O3 -findirect-dispatch output - source compiled test
FAIL: anon2 -findirect-dispatch execution - source compiled test
FAIL: anon2 -O3 -findirect-dispatch execution - source compiled test
FAIL: anon3 -findirect-dispatch execution - source compiled test
FAIL: anon3 -O3 -findirect-dispatch execution - source compiled test
FAIL: anon4 -findirect-dispatch execution - source compiled test
FAIL: anon4 -O3 -findirect-dispatch execution - source compiled test
FAIL: err10 -findirect-dispatch execution - source compiled test
FAIL: err10 -O3 -findirect-dispatch execution - source compiled test
FAIL: err11 -findirect-dispatch execution - source compiled test
FAIL: err11 -O3 -findirect-dispatch execution - source compiled test
FAIL: err12 -findirect-dispatch execution - source compiled test
FAIL: err12 -O3 -findirect-dispatch execution - source compiled test
FAIL: err13 -findirect-dispatch execution - source compiled test
FAIL: err13 -O3 -findirect-dispatch execution - source compiled test
FAIL: err14 -findirect-dispatch execution - source compiled test
FAIL: err14 -O3 -findirect-dispatch execution - source compiled test
FAIL: klass -findirect-dispatch execution - source compiled test
FAIL: klass -O3 -findirect-dispatch execution - source compiled test
FAIL: pr109 -findirect-dispatch execution - source compiled test
FAIL: pr109 -O3 -findirect-dispatch execution - source compiled test
FAIL: pr133 -findirect-dispatch execution - source compiled test
FAIL: pr133 -O3 -findirect-dispatch execution - source compiled test
FAIL: pr179 -findirect-dispatch execution - source compiled test
FAIL: pr179 -O3 -findirect-dispatch execution - source compiled test
FAIL: pr184 -findirect-dispatch execution - source compiled test
FAIL: pr184 -O3 -findirect-dispatch execution - source compiled test
=== libjava Summary ===
# of expected passes 2478
# of unexpected failures 49
# of untested testcases 47
=== libmudflap tests ===
Running target unix
=== libmudflap Summary ===
# of expected passes 1865
=== libstdc++ tests ===
Running target unix
XPASS: 26_numerics/headers/cmath/c99_classification_macros_c.cc (test for excess errors)
FAIL: ext/pb_ds/regression/trie_data_map_rand.cc execution test
=== libstdc++ Summary ===
# of expected passes 5900
# of unexpected failures 1
# of unexpected successes 1
# of expected failures 78
# of unsupported tests 10
Compiler version: 4.4.0 20080715 (experimental) (gimple-tuples-branch merged with rev 137837)
Platform: ia64-unknown-linux-gnu
configure flags: --disable-nls