This is the mail archive of the
gcc-testresults@gcc.gnu.org
mailing list for the GCC project.
Results for 4.4.0 20080720 (experimental) [trunk revision 138012] (GCC) testsuite on hppa64-hp-hpux11.11
- From: John David Anglin <dave at hiauly3 dot hia dot nrc dot ca>
- To: dave at hiauly3 dot hia dot nrc dot ca, gcc-testresults at gcc dot gnu dot org
- Date: Mon, 21 Jul 2008 18:21:53 -0400 (EDT)
- Subject: Results for 4.4.0 20080720 (experimental) [trunk revision 138012] (GCC) testsuite on hppa64-hp-hpux11.11
LAST_UPDATED: Sun Jul 20 20:12:23 UTC 2008 (revision 138012)
Native configuration is hppa64-hp-hpux11.11
=== g++ tests ===
Running target unix
FAIL: tmpdir-g++.dg-struct-layout-1/t001 cp_compat_x_tst.o-cp_compat_y_tst.o execute
FAIL: tmpdir-g++.dg-struct-layout-1/t002 cp_compat_x_tst.o-cp_compat_y_tst.o execute
FAIL: tmpdir-g++.dg-struct-layout-1/t003 cp_compat_x_tst.o-cp_compat_y_tst.o execute
FAIL: tmpdir-g++.dg-struct-layout-1/t004 cp_compat_x_tst.o-cp_compat_y_tst.o execute
FAIL: tmpdir-g++.dg-struct-layout-1/t005 cp_compat_x_tst.o-cp_compat_y_tst.o execute
FAIL: tmpdir-g++.dg-struct-layout-1/t010 cp_compat_x_tst.o-cp_compat_y_tst.o execute
FAIL: tmpdir-g++.dg-struct-layout-1/t024 cp_compat_x_tst.o-cp_compat_y_tst.o execute
FAIL: tmpdir-g++.dg-struct-layout-1/t025 cp_compat_x_tst.o-cp_compat_y_tst.o execute
FAIL: tmpdir-g++.dg-struct-layout-1/t026 cp_compat_x_tst.o-cp_compat_y_tst.o execute
FAIL: tmpdir-g++.dg-struct-layout-1/t027 cp_compat_x_tst.o-cp_compat_y_tst.o execute
FAIL: g++.dg/cdce3.C (test for excess errors)
WARNING: g++.dg/cdce3.C compilation failed to produce executable
FAIL: g++.dg/cdce3.C scan-tree-dump cdce "cdce3.C:89: note: function call is shrink-wrapped into error conditions.": dump file does not exist
FAIL: g++.dg/cdce3.C scan-tree-dump cdce "cdce3.C:90: note: function call is shrink-wrapped into error conditions.": dump file does not exist
FAIL: g++.dg/cdce3.C scan-tree-dump cdce "cdce3.C:92: note: function call is shrink-wrapped into error conditions.": dump file does not exist
FAIL: g++.dg/cdce3.C scan-tree-dump cdce "cdce3.C:93: note: function call is shrink-wrapped into error conditions.": dump file does not exist
FAIL: g++.dg/cdce3.C scan-tree-dump cdce "cdce3.C:94: note: function call is shrink-wrapped into error conditions.": dump file does not exist
FAIL: g++.dg/cdce3.C scan-tree-dump cdce "cdce3.C:95: note: function call is shrink-wrapped into error conditions.": dump file does not exist
FAIL: g++.dg/cdce3.C scan-tree-dump cdce "cdce3.C:96: note: function call is shrink-wrapped into error conditions.": dump file does not exist
FAIL: g++.dg/cdce3.C scan-tree-dump cdce "cdce3.C:97: note: function call is shrink-wrapped into error conditions.": dump file does not exist
FAIL: g++.dg/cdce3.C scan-tree-dump cdce "cdce3.C:98: note: function call is shrink-wrapped into error conditions.": dump file does not exist
FAIL: g++.dg/cdce3.C scan-tree-dump cdce "cdce3.C:99: note: function call is shrink-wrapped into error conditions.": dump file does not exist
FAIL: g++.dg/cdce3.C scan-tree-dump cdce "cdce3.C:100: note: function call is shrink-wrapped into error conditions.": dump file does not exist
FAIL: g++.dg/cdce3.C scan-tree-dump cdce "cdce3.C:101: note: function call is shrink-wrapped into error conditions.": dump file does not exist
FAIL: g++.dg/cdce3.C scan-tree-dump cdce "cdce3.C:102: note: function call is shrink-wrapped into error conditions.": dump file does not exist
FAIL: g++.dg/cdce3.C scan-tree-dump cdce "cdce3.C:103: note: function call is shrink-wrapped into error conditions.": dump file does not exist
FAIL: g++.dg/cdce3.C scan-tree-dump cdce "cdce3.C:104: note: function call is shrink-wrapped into error conditions.": dump file does not exist
FAIL: g++.dg/cdce3.C scan-tree-dump cdce "cdce3.C:105: note: function call is shrink-wrapped into error conditions.": dump file does not exist
XPASS: g++.dg/eh/weak1.C execution test
FAIL: g++.dg/ext/packed4.C execution test
XPASS: g++.dg/parse/error15.C bogus excess errors in declaration (test for bogus messages, line 17)
FAIL: g++.dg/tree-ssa/pr19637.C scan-tree-dump-times dom1 "return 1;" 3
FAIL: g++.old-deja/g++.brendan/code-gen1.C execution test
FAIL: g++.old-deja/g++.jason/temporary7.C execution test
FAIL: g++.old-deja/g++.other/addrof1.C execution test
XPASS: g++.old-deja/g++.pt/static6.C (test for excess errors)
=== g++ Summary ===
# of expected passes 16831
# of unexpected failures 32
# of unexpected successes 3
# of expected failures 83
# of unsupported tests 186
/test/gnu/gcc/objdir/gcc/testsuite/g++/../../g++ version 4.4.0 20080720 (experimental) [trunk revision 138012] (GCC)
=== gcc tests ===
Running target unix
FAIL: gcc.c-torture/compile/pr11832.c -O0 (internal compiler error)
FAIL: gcc.c-torture/compile/pr11832.c -O1 (internal compiler error)
FAIL: gcc.c-torture/compile/pr11832.c -O2 (internal compiler error)
FAIL: gcc.c-torture/compile/pr11832.c -O3 -fomit-frame-pointer (internal compiler error)
FAIL: gcc.c-torture/compile/pr11832.c -O3 -fomit-frame-pointer -funroll-loops (internal compiler error)
FAIL: gcc.c-torture/compile/pr11832.c -O3 -fomit-frame-pointer -funroll-all-loops -finline-functions (internal compiler error)
FAIL: gcc.c-torture/compile/pr11832.c -O3 -g (internal compiler error)
FAIL: gcc.c-torture/compile/pr11832.c -Os (internal compiler error)
FAIL: gcc.c-torture/compile/pr33009.c -O0 (internal compiler error)
FAIL: gcc.c-torture/compile/pr33009.c -O1 (internal compiler error)
FAIL: gcc.c-torture/compile/pr33009.c -O2 (internal compiler error)
FAIL: gcc.c-torture/compile/pr33009.c -O3 -fomit-frame-pointer (internal compiler error)
FAIL: gcc.c-torture/compile/pr33009.c -O3 -fomit-frame-pointer -funroll-loops (internal compiler error)
FAIL: gcc.c-torture/compile/pr33009.c -O3 -fomit-frame-pointer -funroll-all-loops -finline-functions (internal compiler error)
FAIL: gcc.c-torture/compile/pr33009.c -O3 -g (internal compiler error)
FAIL: gcc.c-torture/compile/pr33009.c -Os (internal compiler error)
FAIL: gcc.c-torture/execute/20040709-1.c execution, -O0
FAIL: gcc.c-torture/execute/20040709-1.c execution, -O1
FAIL: gcc.c-torture/execute/920908-2.c execution, -O0
FAIL: gcc.c-torture/execute/920908-2.c execution, -O1
FAIL: gcc.c-torture/execute/921204-1.c execution, -O0
FAIL: gcc.c-torture/execute/921204-1.c execution, -O1
FAIL: gcc.c-torture/execute/931004-1.c execution, -O0
FAIL: gcc.c-torture/execute/931004-1.c execution, -O1
FAIL: gcc.c-torture/execute/931004-1.c execution, -O2
FAIL: gcc.c-torture/execute/931004-1.c execution, -Os
FAIL: gcc.c-torture/execute/931004-3.c execution, -O0
FAIL: gcc.c-torture/execute/931004-3.c execution, -O1
FAIL: gcc.c-torture/execute/931004-3.c execution, -O2
FAIL: gcc.c-torture/execute/931004-3.c execution, -Os
FAIL: gcc.c-torture/execute/931004-7.c execution, -O0
FAIL: gcc.c-torture/execute/931004-7.c execution, -O1
FAIL: gcc.c-torture/execute/931004-7.c execution, -O2
FAIL: gcc.c-torture/execute/931004-7.c execution, -Os
FAIL: gcc.c-torture/execute/931005-1.c execution, -O0
FAIL: gcc.c-torture/execute/931005-1.c execution, -O1
FAIL: gcc.dg/compat/scalar-by-value-4 c_compat_x_tst.o-c_compat_y_tst.o execute
FAIL: gcc.dg/compat/scalar-return-4 c_compat_x_tst.o-c_compat_y_tst.o execute
FAIL: gcc.dg/compat/struct-by-value-11 c_compat_x_tst.o-c_compat_y_tst.o execute
FAIL: gcc.dg/compat/struct-by-value-12 c_compat_x_tst.o-c_compat_y_tst.o execute
FAIL: gcc.dg/compat/struct-by-value-1 c_compat_x_tst.o-c_compat_y_tst.o execute
FAIL: gcc.dg/compat/struct-by-value-2 c_compat_x_tst.o-c_compat_y_tst.o execute
FAIL: gcc.dg/compat/struct-by-value-3 c_compat_x_tst.o-c_compat_y_tst.o execute
FAIL: gcc.dg/compat/struct-by-value-4 c_compat_x_tst.o-c_compat_y_tst.o execute
FAIL: gcc.dg/compat/struct-by-value-5a c_compat_x_tst.o-c_compat_y_tst.o execute
FAIL: gcc.dg/compat/struct-layout-1 c_compat_x_tst.o-c_compat_y_tst.o execute
FAIL: gcc.dg/compat/struct-return-2 c_compat_x_tst.o-c_compat_y_tst.o execute
FAIL: gcc.dg/compat/struct-return-3 c_compat_x_tst.o-c_compat_y_tst.o execute
FAIL: gcc.dg/compat/union-by-value-1 c_compat_x_tst.o-c_compat_y_tst.o execute
FAIL: gcc.dg/compat/union-return-1 c_compat_x_tst.o-c_compat_y_tst.o execute
FAIL: tmpdir-gcc.dg-struct-layout-1/t001 c_compat_x_tst.o-c_compat_y_tst.o execute
FAIL: tmpdir-gcc.dg-struct-layout-1/t002 c_compat_x_tst.o-c_compat_y_tst.o execute
FAIL: tmpdir-gcc.dg-struct-layout-1/t003 c_compat_x_tst.o-c_compat_y_tst.o execute
FAIL: tmpdir-gcc.dg-struct-layout-1/t004 c_compat_x_tst.o-c_compat_y_tst.o execute
FAIL: tmpdir-gcc.dg-struct-layout-1/t007 c_compat_x_tst.o-c_compat_y_tst.o execute
FAIL: tmpdir-gcc.dg-struct-layout-1/t024 c_compat_x_tst.o-c_compat_y_tst.o execute
FAIL: tmpdir-gcc.dg-struct-layout-1/t025 c_compat_x_tst.o-c_compat_y_tst.o execute
FAIL: tmpdir-gcc.dg-struct-layout-1/t026 c_compat_x_tst.o-c_compat_y_tst.o execute
FAIL: tmpdir-gcc.dg-struct-layout-1/t027 c_compat_x_tst.o-c_compat_y_tst.o execute
FAIL: tmpdir-gcc.dg-struct-layout-1/t028 c_compat_x_tst.o-c_compat_y_tst.o execute
FAIL: gcc.dg/Wstrict-aliasing-float-ptr-int-obj.c (test for warnings, line 14)
FAIL: gcc.dg/Wstrict-aliasing-float-ptr-int-obj.c (test for warnings, line 16)
XPASS: gcc.dg/funcorder.c scan-assembler-not link_error,%r
FAIL: gcc.dg/pr35729.c scan-rtl-dump-times loop2_invariant "Decided to move invariant" 0
FAIL: gcc.dg/struct-by-value-1.c execution test
FAIL: gcc.dg/utf-array.c (test for errors, line 30)
FAIL: gcc.dg/utf-array.c (test for errors, line 40)
FAIL: gcc.dg/torture/pr30665-2.c -O0 execution test
FAIL: gcc.dg/torture/pr30665-2.c -O1 execution test
FAIL: gcc.dg/torture/pr30665-2.c -O2 execution test
FAIL: gcc.dg/torture/pr30665-2.c -O3 -fomit-frame-pointer execution test
FAIL: gcc.dg/torture/pr30665-2.c -O3 -g execution test
FAIL: gcc.dg/torture/pr30665-2.c -Os execution test
XPASS: gcc.dg/tree-ssa/ltrans-3.c scan-tree-dump-times ltrans "transformed loop" 1
FAIL: gcc.dg/tree-ssa/ssa-store-ccp-3.c scan-tree-dump-times optimized "conststaticvariable" 1
=== gcc Summary ===
# of expected passes 45849
# of unexpected failures 73
# of unexpected successes 2
# of expected failures 112
# of unsupported tests 562
/test/gnu/gcc/objdir/gcc/xgcc version 4.4.0 20080720 (experimental) [trunk revision 138012] (GCC)
=== gfortran tests ===
Running target unix
FAIL: gfortran.dg/c_char_tests_2.f03 -O0 execution test
FAIL: gfortran.dg/c_char_tests_2.f03 -O1 execution test
FAIL: gfortran.dg/c_char_tests_2.f03 -O2 execution test
FAIL: gfortran.dg/c_char_tests_2.f03 -O3 -fomit-frame-pointer execution test
FAIL: gfortran.dg/c_char_tests_2.f03 -O3 -fomit-frame-pointer -funroll-loops execution test
FAIL: gfortran.dg/c_char_tests_2.f03 -O3 -fomit-frame-pointer -funroll-all-loops -finline-functions execution test
FAIL: gfortran.dg/c_char_tests_2.f03 -O3 -g execution test
FAIL: gfortran.dg/c_char_tests_2.f03 -Os execution test
FAIL: gfortran.dg/integer_exponentiation_2.f90 -O1 execution test
FAIL: gfortran.dg/integer_exponentiation_2.f90 -O2 execution test
FAIL: gfortran.dg/integer_exponentiation_2.f90 -O3 -fomit-frame-pointer execution test
FAIL: gfortran.dg/integer_exponentiation_2.f90 -O3 -fomit-frame-pointer -funroll-loops execution test
FAIL: gfortran.dg/integer_exponentiation_2.f90 -O3 -fomit-frame-pointer -funroll-all-loops -finline-functions execution test
FAIL: gfortran.dg/integer_exponentiation_2.f90 -O3 -g execution test
FAIL: gfortran.dg/integer_exponentiation_2.f90 -Os execution test
FAIL: gfortran.dg/nint_2.f90 -O0 execution test
FAIL: gfortran.dg/parameter_array_init_3.f90 -O (internal compiler error)
FAIL: gfortran.dg/parameter_array_init_3.f90 -O (test for excess errors)
=== gfortran Summary ===
# of expected passes 25900
# of unexpected failures 18
# of expected failures 8
# of unsupported tests 257
/test/gnu/gcc/objdir/gcc/testsuite/gfortran/../../gfortran version 4.4.0 20080720 (experimental) [trunk revision 138012] (GCC)
=== obj-c++ tests ===
Running target unix
WARNING: obj-c++.dg/bitfield-1.mm compilation failed to produce executable
WARNING: obj-c++.dg/lookup-2.mm compilation failed to produce executable
WARNING: obj-c++.dg/try-catch-2.mm compilation failed to produce executable
WARNING: obj-c++.dg/try-catch-9.mm compilation failed to produce executable
=== obj-c++ Summary ===
# of expected passes 426
# of expected failures 22
# of unsupported tests 13
/test/gnu/gcc/objdir/gcc/testsuite/obj-c++/../../g++ version 4.4.0 20080720 (experimental) [trunk revision 138012] (GCC)
=== objc tests ===
Running target unix
=== objc Summary ===
# of expected passes 1812
# of expected failures 7
# of unsupported tests 25
/test/gnu/gcc/objdir/gcc/xgcc version 4.4.0 20080720 (experimental) [trunk revision 138012] (GCC)
=== libgomp tests ===
Running target unix
FAIL: libgomp.c/pr24455.c execution test
FAIL: libgomp.c++/ctor-10.C -O0 execution test
FAIL: libgomp.c++/ctor-10.C -O1 execution test
FAIL: libgomp.c++/ctor-10.C -O3 -fomit-frame-pointer execution test
FAIL: libgomp.c++/ctor-10.C -O3 -g execution test
FAIL: libgomp.c++/ctor-10.C -Os execution test
FAIL: libgomp.c++/ctor-8.C -O2 execution test
FAIL: libgomp.c++/ctor-8.C -O3 -fomit-frame-pointer execution test
FAIL: libgomp.c++/ctor-8.C -O3 -g execution test
FAIL: libgomp.c++/ctor-9.C -O0 execution test
FAIL: libgomp.c++/ctor-9.C -O1 execution test
FAIL: libgomp.c++/ctor-9.C -O2 execution test
FAIL: libgomp.c++/ctor-9.C -O3 -fomit-frame-pointer execution test
FAIL: libgomp.c++/ctor-9.C -O3 -fomit-frame-pointer -funroll-loops execution test
FAIL: libgomp.fortran/condinc2.f -O (test for excess errors)
FAIL: libgomp.fortran/condinc2.f -O execution test
FAIL: libgomp.fortran/condinc4.f90 -O (test for excess errors)
FAIL: libgomp.fortran/condinc4.f90 -O execution test
FAIL: libgomp.fortran/crayptr2.f90 -O1 execution test
FAIL: libgomp.fortran/crayptr2.f90 -O2 execution test
FAIL: libgomp.fortran/crayptr2.f90 -O3 -fomit-frame-pointer execution test
FAIL: libgomp.fortran/crayptr2.f90 -O3 -fomit-frame-pointer -funroll-all-loops -finline-functions execution test
FAIL: libgomp.fortran/crayptr2.f90 -Os execution test
FAIL: libgomp.fortran/omp_cond2.f -O (test for excess errors)
FAIL: libgomp.fortran/omp_cond2.f -O execution test
FAIL: libgomp.fortran/omp_cond4.F90 -O (test for excess errors)
FAIL: libgomp.fortran/omp_cond4.F90 -O execution test
FAIL: libgomp.fortran/pr25162.f -O0 execution test
FAIL: libgomp.fortran/pr25162.f -O1 execution test
FAIL: libgomp.fortran/pr25162.f -O2 execution test
FAIL: libgomp.fortran/pr25162.f -O3 -fomit-frame-pointer execution test
FAIL: libgomp.fortran/pr25162.f -O3 -fomit-frame-pointer -funroll-loops execution test
FAIL: libgomp.fortran/pr25162.f -O3 -fomit-frame-pointer -funroll-all-loops -finline-functions execution test
FAIL: libgomp.fortran/pr25162.f -O3 -g execution test
FAIL: libgomp.fortran/pr25162.f -Os execution test
FAIL: libgomp.fortran/threadprivate1.f90 -O0 execution test
FAIL: libgomp.fortran/threadprivate1.f90 -O1 execution test
FAIL: libgomp.fortran/threadprivate1.f90 -O2 execution test
FAIL: libgomp.fortran/threadprivate1.f90 -O3 -fomit-frame-pointer -funroll-all-loops -finline-functions execution test
FAIL: libgomp.fortran/threadprivate1.f90 -O3 -g execution test
FAIL: libgomp.fortran/threadprivate2.f90 -O0 execution test
FAIL: libgomp.fortran/threadprivate2.f90 -O1 execution test
FAIL: libgomp.fortran/threadprivate2.f90 -O2 execution test
FAIL: libgomp.fortran/threadprivate2.f90 -O3 -fomit-frame-pointer execution test
FAIL: libgomp.fortran/threadprivate2.f90 -O3 -fomit-frame-pointer -funroll-loops execution test
FAIL: libgomp.fortran/threadprivate2.f90 -O3 -fomit-frame-pointer -funroll-all-loops -finline-functions execution test
FAIL: libgomp.fortran/threadprivate2.f90 -O3 -g execution test
FAIL: libgomp.fortran/threadprivate2.f90 -Os execution test
FAIL: libgomp.fortran/threadprivate3.f90 -O0 execution test
FAIL: libgomp.fortran/threadprivate3.f90 -O1 execution test
FAIL: libgomp.fortran/threadprivate3.f90 -O2 execution test
FAIL: libgomp.fortran/threadprivate3.f90 -O3 -fomit-frame-pointer execution test
FAIL: libgomp.fortran/threadprivate3.f90 -O3 -fomit-frame-pointer -funroll-loops execution test
FAIL: libgomp.fortran/threadprivate3.f90 -O3 -fomit-frame-pointer -funroll-all-loops -finline-functions execution test
FAIL: libgomp.fortran/threadprivate3.f90 -O3 -g execution test
FAIL: libgomp.fortran/threadprivate3.f90 -Os execution test
=== libgomp Summary ===
# of expected passes 2215
# of unexpected failures 56
# of unsupported tests 9
=== libstdc++ tests ===
Running target unix
FAIL: 22_locale/numpunct/members/pod/2.cc execution test
FAIL: ext/pb_ds/regression/trie_data_map_rand.cc execution test
FAIL: ext/pb_ds/regression/trie_no_data_map_rand.cc execution test
=== libstdc++ Summary ===
# of expected passes 5176
# of unexpected failures 3
# of expected failures 76
# of unsupported tests 375
Compiler version: 4.4.0 20080720 (experimental) [trunk revision 138012] (GCC)
Platform: hppa64-hp-hpux11.11
configure flags: --with-gnu-as --with-as=/opt/gnu64/bin/as --with-ld=/usr/ccs/bin/ld --enable-shared --disable-nls --with-local-prefix=/opt/gnu64 --prefix=/opt/gnu64/gcc/gcc-4.4.0 --build=hppa64-hp-hpux11.11 --enable-threads=posix --disable-libmudflap --with-gmp=/opt/gnu64/gcc/gcc-4.4.0 --enable-languages=c,c++,fortran,objc,obj-c++