This is the mail archive of the
gcc-testresults@gcc.gnu.org
mailing list for the GCC project.
Results for 4.3.1 (GCC) testsuite on powerpc-apple-darwin8
- From: David Fang <fang at csl dot cornell dot edu>
- To: gcc-testresults at gcc dot gnu dot org
- Date: Wed, 16 Jul 2008 12:19:12 -0400 (EDT)
- Subject: Results for 4.3.1 (GCC) testsuite on powerpc-apple-darwin8
dual G4 (powerpc 7410) 533 MHz, 1.5G RAM
Mac OS X 10.4.11, apple-gcc-5367
Using Fink packaging 4.3.1-1000
LAST_UPDATED: Obtained from SVN: tags/gcc_4_3_1_release revision 136481
Native configuration is powerpc-apple-darwin8
=== g++ tests ===
Running target unix
FAIL: g++.dg/ext/alignof2.C execution test
FAIL: g++.dg/ext/visibility/anon6.C scan-assembler 1BIiE1cE
FAIL: g++.dg/other/anon5.C (test for errors, line 19)
FAIL: g++.dg/other/anon5.C (test for excess errors)
FAIL: g++.dg/other/unused1.C scan-assembler (string|ascii?)z?[\\t ]"printer("|\\\\\\\\0)
FAIL: g++.dg/pubtypes.C scan-assembler long+[ \\t]+0x24+[ \\t]+[#;]+[ \\t]+Length of Public Type Names Info
FAIL: g++.dg/pch/pch.C -g assembly comparison
FAIL: g++.dg/pch/pch.C -O2 -g assembly comparison
FAIL: g++.dg/special/conpr-3.C execution test
FAIL: g++.dg/special/initpri1.C execution test
=== g++ Summary ===
# of expected passes 17405
# of unexpected failures 10
# of expected failures 82
# of unsupported tests 149
/Volumes/Mercedes2/sw/src/fink.build/gcc43-4.3.1-1000/darwin_objdir/gcc/testsuite/g++/../../g++ version 4.3.1 (GCC)
=== gcc tests ===
Running target unix
XPASS: gcc.dg/20020103-1.c scan-assembler-not LC[0-9]
FAIL: gcc.dg/initpri1.c execution test
FAIL: gcc.dg/memcpy-1.c scan-tree-dump-times optimized "nasty_local" 0
FAIL: gcc.dg/ssp-2.c (test for excess errors)
FAIL: gcc.dg/pch/save-temps-1.c -O0 -g assembly comparison
FAIL: gcc.dg/pch/save-temps-1.c -O3 -g assembly comparison
FAIL: gcc.dg/vect/costmodel/ppc/costmodel-vect-31d.c scan-tree-dump-times vect "vectorization not profitable" 1
FAIL: gcc.dg/vect/costmodel/ppc/costmodel-vect-31d.c scan-tree-dump-times vect "vectorized 1 loops" 0
FAIL: gcc.dg/vect/costmodel/ppc/costmodel-vect-68d.c scan-tree-dump-times vect "vectorization not profitable" 1
FAIL: gcc.dg/vect/costmodel/ppc/costmodel-vect-68d.c scan-tree-dump-times vect "vectorized 1 loops" 0
FAIL: gcc.dg/vect/pr33953.c scan-tree-dump-times vect "vectorized 1 loops" 1
FAIL: gcc.dg/vect/pr33953.c scan-tree-dump-times vect "vectorizing stmts using SLP" 1
FAIL: gcc.dg/vect/section-anchors-pr27770.c (test for excess errors)
FAIL: gcc.dg/vect/section-anchors-vect-69.c (test for excess errors)
FAIL: gcc.dg/vect/section-anchors-vect-69.c scan-tree-dump-times vect "Alignment of access forced using peeling" 4
FAIL: gcc.target/powerpc/darwin-longlong.c execution test
=== gcc Summary ===
# of expected passes 48506
# of unexpected failures 15
# of unexpected successes 1
# of expected failures 170
# of untested testcases 35
# of unsupported tests 433
/Volumes/Mercedes2/sw/src/fink.build/gcc43-4.3.1-1000/darwin_objdir/gcc/xgcc version 4.3.1 (GCC)
=== gfortran tests ===
Running target unix
FAIL: gfortran.dg/large_real_kind_3.F90 -O0 execution test
FAIL: gfortran.dg/stat_1.f90 -O0 execution test
FAIL: gfortran.dg/stat_1.f90 -O1 execution test
FAIL: gfortran.dg/stat_1.f90 -O2 execution test
FAIL: gfortran.dg/stat_1.f90 -O3 -fomit-frame-pointer execution test
FAIL: gfortran.dg/stat_1.f90 -O3 -fomit-frame-pointer -funroll-loops execution test
FAIL: gfortran.dg/stat_1.f90 -O3 -fomit-frame-pointer -funroll-all-loops -finline-functions execution test
FAIL: gfortran.dg/stat_1.f90 -O3 -g execution test
FAIL: gfortran.dg/stat_1.f90 -Os execution test
FAIL: gfortran.dg/stat_2.f90 -O0 execution test
FAIL: gfortran.dg/stat_2.f90 -O1 execution test
FAIL: gfortran.dg/stat_2.f90 -O2 execution test
FAIL: gfortran.dg/stat_2.f90 -O3 -fomit-frame-pointer execution test
FAIL: gfortran.dg/stat_2.f90 -O3 -fomit-frame-pointer -funroll-loops execution test
FAIL: gfortran.dg/stat_2.f90 -O3 -fomit-frame-pointer -funroll-all-loops -finline-functions execution test
FAIL: gfortran.dg/stat_2.f90 -O3 -g execution test
FAIL: gfortran.dg/stat_2.f90 -Os execution test
=== gfortran Summary ===
# of expected passes 23936
# of unexpected failures 17
# of expected failures 35
# of unsupported tests 59
/Volumes/Mercedes2/sw/src/fink.build/gcc43-4.3.1-1000/darwin_objdir/gcc/testsuite/gfortran/../../gfortran version 4.3.1 (GCC)
=== objc tests ===
Running target unix
FAIL: objc.dg-struct-layout-encoding-1/t001_main.m execution test
FAIL: objc.dg-struct-layout-encoding-1/t005_main.m execution test
FAIL: objc.dg-struct-layout-encoding-1/t009_main.m execution test
FAIL: objc.dg-struct-layout-encoding-1/t010_main.m execution test
FAIL: objc.dg-struct-layout-encoding-1/t013_main.m execution test
FAIL: objc.dg-struct-layout-encoding-1/t014_main.m execution test
FAIL: objc.dg-struct-layout-encoding-1/t016_main.m execution test
FAIL: objc.dg-struct-layout-encoding-1/t017_main.m execution test
FAIL: objc.dg-struct-layout-encoding-1/t018_main.m execution test
FAIL: objc.dg-struct-layout-encoding-1/t019_main.m execution test
FAIL: objc.dg-struct-layout-encoding-1/t020_main.m execution test
FAIL: objc.dg-struct-layout-encoding-1/t021_main.m execution test
FAIL: objc.dg-struct-layout-encoding-1/t023_main.m execution test
FAIL: objc.dg-struct-layout-encoding-1/t024_main.m execution test
=== objc Summary ===
# of expected passes 3039
# of unexpected failures 14
# of expected failures 17
# of unsupported tests 1
/Volumes/Mercedes2/sw/src/fink.build/gcc43-4.3.1-1000/darwin_objdir/gcc/xgcc version 4.3.1 (GCC)
=== libffi tests ===
Running target unix
=== libffi Summary ===
# of expected passes 1389
# of unsupported tests 10
=== libgomp tests ===
Running target unix
FAIL: libgomp.fortran/crayptr2.f90 -O0 execution test
FAIL: libgomp.fortran/crayptr2.f90 -O3 -fomit-frame-pointer -funroll-loops execution test
FAIL: libgomp.fortran/crayptr2.f90 -O3 -fomit-frame-pointer -funroll-all-loops -finline-functions execution test
FAIL: libgomp.fortran/crayptr2.f90 -Os execution test
=== libgomp Summary ===
# of expected passes 1539
# of unexpected failures 4
# of unsupported tests 109
=== libjava tests ===
Running target unix
FAIL: events output
=== libjava Summary ===
# of expected passes 2561
# of unexpected failures 1
=== libstdc++ tests ===
Running target unix
XPASS: 21_strings/basic_string/element_access/char/21674.cc execution test
XPASS: 21_strings/basic_string/element_access/wchar_t/21674.cc execution test
XPASS: 26_numerics/headers/cmath/c99_classification_macros_c.cc (test for excess errors)
FAIL: 27_io/ios_base/storage/11584.cc execution test
FAIL: ext/mt_allocator/deallocate_local_thread-5.cc execution test
FAIL: ext/mt_allocator/deallocate_local_thread-7.cc execution test
=== libstdc++ Summary ===
# of expected passes 4931
# of unexpected failures 3
# of unexpected successes 3
# of expected failures 57
# of unsupported tests 328
Compiler version: 4.3.1 (GCC)
Platform: powerpc-apple-darwin8
configure flags: --prefix=/sw --prefix=/sw/lib/gcc4.3 --mandir=/sw/share/man --infodir=/sw/share/info --enable-languages=c,c++,fortran,objc,java --build=powerpc-apple-darwin8 --with-gmp=/sw --with-libiconv-prefix=/sw --with-system-zlib --x-includes=/usr/X11R6/include --x-libraries=/usr/X11R6/lib --disable-libjava-multilib