This is the mail archive of the
gcc-testresults@gcc.gnu.org
mailing list for the GCC project.
Results for 4.3.2 20080710 (prerelease) [gcc-4_3-branch revision 137705] (GCC) testsuite on hppa2.0w-hp-hpux11.11
- From: John David Anglin <dave at hiauly3 dot hia dot nrc dot ca>
- To: dave at hiauly3 dot hia dot nrc dot ca, gcc-testresults at gcc dot gnu dot org
- Date: Sat, 12 Jul 2008 21:43:29 -0400 (EDT)
- Subject: Results for 4.3.2 20080710 (prerelease) [gcc-4_3-branch revision 137705] (GCC) testsuite on hppa2.0w-hp-hpux11.11
LAST_UPDATED: Thu Jul 10 23:35:49 UTC 2008 (revision 137705)
=== acats tests ===
FAIL: c954a01
FAIL: cxf3a01
=== acats Summary ===
# of expected passes 2313
# of unexpected failures 2
Native configuration is hppa2.0w-hp-hpux11.11
=== g++ tests ===
Running target unix
XPASS: g++.old-deja/g++.pt/static6.C (test for excess errors)
=== g++ Summary ===
# of expected passes 16442
# of unexpected successes 1
# of expected failures 84
# of unsupported tests 225
/mnt/gnu/gcc/objdir/gcc/testsuite/g++/../../g++ version 4.3.2 20080710 (prerelease) [gcc-4_3-branch revision 137705] (GCC)
=== gcc tests ===
Running target unix
XPASS: gcc.dg/cpp/cmdlne-dI-M.c scan-file (^|\\\\n)cmdlne-dI-M.*:[^\\\\n]*cmdlne-dI-M.c
XPASS: gcc.dg/cpp/cmdlne-dM-M.c scan-file (^|\\\\n)cmdlne-dM-M[^\\\\n]*:[^\\\\n]*cmdlne-dM-M.c
FAIL: gcc.dg/struct/wo_prof_global_var.c execution test
FAIL: gcc.dg/struct/wo_prof_local_var.c execution test
FAIL: gcc.dg/struct/wo_prof_malloc_size_var.c execution test
FAIL: gcc.dg/struct/w_prof_global_var.c execution, -O3 -fwhole-program -combine -fipa-type-escape -fprofile-use -fipa-struct-reorg -fdump-ipa-all
FAIL: gcc.dg/struct/w_prof_local_var.c execution, -O3 -fwhole-program -combine -fipa-type-escape -fprofile-use -fipa-struct-reorg -fdump-ipa-all
=== gcc Summary ===
# of expected passes 44863
# of unexpected failures 5
# of unexpected successes 2
# of expected failures 91
# of untested testcases 35
# of unsupported tests 469
/mnt/gnu/gcc/objdir/gcc/xgcc version 4.3.2 20080710 (prerelease) [gcc-4_3-branch revision 137705] (GCC)
=== gfortran tests ===
Running target unix
FAIL: gfortran.dg/nint_2.f90 -O0 execution test
=== gfortran Summary ===
# of expected passes 23800
# of unexpected failures 1
# of expected failures 3
# of unsupported tests 162
/mnt/gnu/gcc/objdir/gcc/testsuite/gfortran/../../gfortran version 4.3.2 20080710 (prerelease) [gcc-4_3-branch revision 137705] (GCC)
=== gnat tests ===
Running target unix
=== gnat Summary ===
# of expected passes 366
# of expected failures 1
=== obj-c++ tests ===
Running target unix
WARNING: obj-c++.dg/lookup-2.mm compilation failed to produce executable
WARNING: obj-c++.dg/try-catch-2.mm compilation failed to produce executable
WARNING: obj-c++.dg/try-catch-9.mm compilation failed to produce executable
=== obj-c++ Summary ===
# of expected passes 435
# of expected failures 9
# of unsupported tests 14
/mnt/gnu/gcc/objdir/gcc/testsuite/obj-c++/../../g++ version 4.3.2 20080710 (prerelease) [gcc-4_3-branch revision 137705] (GCC)
=== objc tests ===
Running target unix
=== objc Summary ===
# of expected passes 1806
# of expected failures 7
# of unsupported tests 27
/mnt/gnu/gcc/objdir/gcc/xgcc version 4.3.2 20080710 (prerelease) [gcc-4_3-branch revision 137705] (GCC)
=== libffi tests ===
Running target unix
=== libffi Summary ===
# of expected passes 1389
# of unsupported tests 10
=== libgomp tests ===
Running target unix
=== libgomp Summary ===
# of expected passes 1749
# of unsupported tests 7
=== libjava tests ===
Running target unix
FAIL: getallthreads run
FAIL: LargeFile execution - source compiled test
FAIL: LargeFile -findirect-dispatch execution - source compiled test
FAIL: LargeFile -O3 execution - source compiled test
FAIL: LargeFile -O3 -findirect-dispatch execution - source compiled test
FAIL: Thread_Wait_2 execution - source compiled test
=== libjava Summary ===
# of expected passes 2551
# of unexpected failures 6
# of untested testcases 6
=== libstdc++ tests ===
Running target unix
=== libstdc++ Summary ===
# of expected passes 4895
# of expected failures 59
# of unsupported tests 345
Compiler version: 4.3.2 20080710 (prerelease) [gcc-4_3-branch revision 137705] (GCC)
Platform: hppa2.0w-hp-hpux11.11
configure flags: --with-gnu-as --with-as=/opt/gnu/bin/as --enable-shared --with-local-prefix=/opt/gnu --prefix=/opt/gnu/gcc/gcc-4.3.2 --with-gmp=/opt/gnu/gcc/gcc-4.3.2 --enable-threads=posix --enable-debug=no --disable-nls --enable-languages=c,c++,objc,fortran,java,ada,obj-c++