This is the mail archive of the
gcc-testresults@gcc.gnu.org
mailing list for the GCC project.
Results for 4.4.0 20080624 (experimental) [trunk revision 137058] (GCC) testsuite on powerpc64-suse-linux-gnu
- From: Andreas Schwab <schwab at suse dot de>
- To: gcc-testresults at gcc dot gnu dot org
- Date: Wed, 25 Jun 2008 10:44:35 +0200
- Subject: Results for 4.4.0 20080624 (experimental) [trunk revision 137058] (GCC) testsuite on powerpc64-suse-linux-gnu
LAST_UPDATED: Tue Jun 24 19:52:03 UTC 2008 (revision 137058)
=== acats tests ===
FAIL: c41328a
FAIL: c94001c
FAIL: c94008c
FAIL: c954a01
=== acats Summary ===
# of expected passes 2311
# of unexpected failures 4
Native configuration is powerpc64-suse-linux-gnu
=== g++ tests ===
Running target unix/-m32
FAIL: g++.dg/other/PR23205.C scan-assembler .stabs.*foobar:c=i
FAIL: g++.dg/tree-ssa/pr19637.C scan-tree-dump-times dom1 "return 1;" 3
FAIL: g++.dg/gomp/tls-3.C (internal compiler error)
FAIL: g++.dg/gomp/tls-3.C (test for excess errors)
FAIL: g++.dg/torture/type-generic-1.C -O0 execution test
FAIL: g++.dg/torture/type-generic-1.C -O1 execution test
FAIL: g++.dg/torture/type-generic-1.C -O2 execution test
FAIL: g++.dg/torture/type-generic-1.C -O3 -fomit-frame-pointer execution test
FAIL: g++.dg/torture/type-generic-1.C -O3 -g execution test
FAIL: g++.dg/torture/type-generic-1.C -Os execution test
=== g++ Summary for unix/-m32 ===
# of expected passes 17776
# of unexpected failures 10
# of expected failures 82
# of unsupported tests 121
Running target unix/-m64
FAIL: g++.dg/other/PR23205.C scan-assembler .stabs.*foobar:c=i
FAIL: g++.dg/tree-ssa/pr19637.C scan-tree-dump-times dom1 "return 1;" 3
FAIL: g++.dg/torture/type-generic-1.C -O0 execution test
FAIL: g++.dg/torture/type-generic-1.C -O1 execution test
FAIL: g++.dg/torture/type-generic-1.C -O2 execution test
FAIL: g++.dg/torture/type-generic-1.C -O3 -fomit-frame-pointer execution test
FAIL: g++.dg/torture/type-generic-1.C -O3 -g execution test
FAIL: g++.dg/torture/type-generic-1.C -Os execution test
=== g++ Summary for unix/-m64 ===
# of expected passes 17737
# of unexpected failures 8
# of expected failures 82
# of unsupported tests 124
=== g++ Summary ===
# of expected passes 35513
# of unexpected failures 18
# of expected failures 164
# of unsupported tests 245
/tmp/cvs/gcc-20080624/Build/gcc/testsuite/g++/../../g++ version 4.4.0 20080624 (experimental) [trunk revision 137058] (GCC)
=== gcc tests ===
Running target unix/-m32
FAIL: gcc.c-torture/compile/20050122-2.c -O0 (internal compiler error)
FAIL: gcc.c-torture/compile/20050122-2.c -O0 (test for excess errors)
FAIL: gcc.c-torture/compile/20050122-2.c -O1 (internal compiler error)
FAIL: gcc.c-torture/compile/20050122-2.c -O1 (test for excess errors)
FAIL: gcc.c-torture/compile/20050122-2.c -O2 (internal compiler error)
FAIL: gcc.c-torture/compile/20050122-2.c -O2 (test for excess errors)
FAIL: gcc.c-torture/compile/20050122-2.c -O3 -fomit-frame-pointer (internal compiler error)
FAIL: gcc.c-torture/compile/20050122-2.c -O3 -fomit-frame-pointer (test for excess errors)
FAIL: gcc.c-torture/compile/20050122-2.c -O3 -g (internal compiler error)
FAIL: gcc.c-torture/compile/20050122-2.c -O3 -g (test for excess errors)
FAIL: gcc.c-torture/compile/20050122-2.c -Os (internal compiler error)
FAIL: gcc.c-torture/compile/20050122-2.c -Os (test for excess errors)
FAIL: gcc.c-torture/compile/pr21728.c -O0 (internal compiler error)
FAIL: gcc.c-torture/compile/pr21728.c -O0 (test for excess errors)
FAIL: gcc.c-torture/compile/pr21728.c -O1 (internal compiler error)
FAIL: gcc.c-torture/compile/pr21728.c -O1 (test for excess errors)
FAIL: gcc.c-torture/compile/pr21728.c -O2 (internal compiler error)
FAIL: gcc.c-torture/compile/pr21728.c -O2 (test for excess errors)
FAIL: gcc.c-torture/compile/pr21728.c -O3 -fomit-frame-pointer (internal compiler error)
FAIL: gcc.c-torture/compile/pr21728.c -O3 -fomit-frame-pointer (test for excess errors)
FAIL: gcc.c-torture/compile/pr21728.c -O3 -g (internal compiler error)
FAIL: gcc.c-torture/compile/pr21728.c -O3 -g (test for excess errors)
FAIL: gcc.c-torture/compile/pr21728.c -Os (internal compiler error)
FAIL: gcc.c-torture/compile/pr21728.c -Os (test for excess errors)
FAIL: gcc.c-torture/execute/920428-2.c compilation, -O0 (internal compiler error)
UNRESOLVED: gcc.c-torture/execute/920428-2.c execution, -O0
FAIL: gcc.c-torture/execute/920428-2.c compilation, -O1 (internal compiler error)
UNRESOLVED: gcc.c-torture/execute/920428-2.c execution, -O1
FAIL: gcc.c-torture/execute/920428-2.c compilation, -O2 (internal compiler error)
UNRESOLVED: gcc.c-torture/execute/920428-2.c execution, -O2
FAIL: gcc.c-torture/execute/920428-2.c compilation, -O3 -fomit-frame-pointer (internal compiler error)
UNRESOLVED: gcc.c-torture/execute/920428-2.c execution, -O3 -fomit-frame-pointer
FAIL: gcc.c-torture/execute/920428-2.c compilation, -O3 -g (internal compiler error)
UNRESOLVED: gcc.c-torture/execute/920428-2.c execution, -O3 -g
FAIL: gcc.c-torture/execute/920428-2.c compilation, -Os (internal compiler error)
UNRESOLVED: gcc.c-torture/execute/920428-2.c execution, -Os
FAIL: gcc.c-torture/execute/920501-7.c compilation, -O0 (internal compiler error)
UNRESOLVED: gcc.c-torture/execute/920501-7.c execution, -O0
FAIL: gcc.c-torture/execute/920501-7.c compilation, -O1 (internal compiler error)
UNRESOLVED: gcc.c-torture/execute/920501-7.c execution, -O1
FAIL: gcc.c-torture/execute/920501-7.c compilation, -O2 (internal compiler error)
UNRESOLVED: gcc.c-torture/execute/920501-7.c execution, -O2
FAIL: gcc.c-torture/execute/920501-7.c compilation, -O3 -fomit-frame-pointer (internal compiler error)
UNRESOLVED: gcc.c-torture/execute/920501-7.c execution, -O3 -fomit-frame-pointer
FAIL: gcc.c-torture/execute/920501-7.c compilation, -O3 -g (internal compiler error)
UNRESOLVED: gcc.c-torture/execute/920501-7.c execution, -O3 -g
FAIL: gcc.c-torture/execute/920501-7.c compilation, -Os (internal compiler error)
UNRESOLVED: gcc.c-torture/execute/920501-7.c execution, -Os
FAIL: gcc.c-torture/execute/comp-goto-2.c compilation, -O0 (internal compiler error)
UNRESOLVED: gcc.c-torture/execute/comp-goto-2.c execution, -O0
FAIL: gcc.c-torture/execute/comp-goto-2.c compilation, -O1 (internal compiler error)
UNRESOLVED: gcc.c-torture/execute/comp-goto-2.c execution, -O1
FAIL: gcc.c-torture/execute/comp-goto-2.c compilation, -O2 (internal compiler error)
UNRESOLVED: gcc.c-torture/execute/comp-goto-2.c execution, -O2
FAIL: gcc.c-torture/execute/comp-goto-2.c compilation, -O3 -fomit-frame-pointer (internal compiler error)
UNRESOLVED: gcc.c-torture/execute/comp-goto-2.c execution, -O3 -fomit-frame-pointer
FAIL: gcc.c-torture/execute/comp-goto-2.c compilation, -O3 -g (internal compiler error)
UNRESOLVED: gcc.c-torture/execute/comp-goto-2.c execution, -O3 -g
FAIL: gcc.c-torture/execute/comp-goto-2.c compilation, -Os (internal compiler error)
UNRESOLVED: gcc.c-torture/execute/comp-goto-2.c execution, -Os
FAIL: gcc.c-torture/execute/nestfunc-5.c compilation, -O0 (internal compiler error)
UNRESOLVED: gcc.c-torture/execute/nestfunc-5.c execution, -O0
FAIL: gcc.c-torture/execute/nestfunc-5.c compilation, -O1 (internal compiler error)
UNRESOLVED: gcc.c-torture/execute/nestfunc-5.c execution, -O1
FAIL: gcc.c-torture/execute/nestfunc-5.c compilation, -O2 (internal compiler error)
UNRESOLVED: gcc.c-torture/execute/nestfunc-5.c execution, -O2
FAIL: gcc.c-torture/execute/nestfunc-5.c compilation, -O3 -fomit-frame-pointer (internal compiler error)
UNRESOLVED: gcc.c-torture/execute/nestfunc-5.c execution, -O3 -fomit-frame-pointer
FAIL: gcc.c-torture/execute/nestfunc-5.c compilation, -O3 -g (internal compiler error)
UNRESOLVED: gcc.c-torture/execute/nestfunc-5.c execution, -O3 -g
FAIL: gcc.c-torture/execute/nestfunc-5.c compilation, -Os (internal compiler error)
UNRESOLVED: gcc.c-torture/execute/nestfunc-5.c execution, -Os
FAIL: gcc.c-torture/execute/nestfunc-6.c compilation, -O0 (internal compiler error)
UNRESOLVED: gcc.c-torture/execute/nestfunc-6.c execution, -O0
FAIL: gcc.c-torture/execute/nestfunc-6.c compilation, -O1 (internal compiler error)
UNRESOLVED: gcc.c-torture/execute/nestfunc-6.c execution, -O1
FAIL: gcc.c-torture/execute/nestfunc-6.c compilation, -O2 (internal compiler error)
UNRESOLVED: gcc.c-torture/execute/nestfunc-6.c execution, -O2
FAIL: gcc.c-torture/execute/nestfunc-6.c compilation, -O3 -fomit-frame-pointer (internal compiler error)
UNRESOLVED: gcc.c-torture/execute/nestfunc-6.c execution, -O3 -fomit-frame-pointer
FAIL: gcc.c-torture/execute/nestfunc-6.c compilation, -O3 -g (internal compiler error)
UNRESOLVED: gcc.c-torture/execute/nestfunc-6.c execution, -O3 -g
FAIL: gcc.c-torture/execute/nestfunc-6.c compilation, -Os (internal compiler error)
UNRESOLVED: gcc.c-torture/execute/nestfunc-6.c execution, -Os
FAIL: gcc.c-torture/execute/pr24135.c compilation, -O0 (internal compiler error)
UNRESOLVED: gcc.c-torture/execute/pr24135.c execution, -O0
FAIL: gcc.c-torture/execute/pr24135.c compilation, -O1 (internal compiler error)
UNRESOLVED: gcc.c-torture/execute/pr24135.c execution, -O1
FAIL: gcc.c-torture/execute/pr24135.c compilation, -O2 (internal compiler error)
UNRESOLVED: gcc.c-torture/execute/pr24135.c execution, -O2
FAIL: gcc.c-torture/execute/pr24135.c compilation, -O3 -fomit-frame-pointer (internal compiler error)
UNRESOLVED: gcc.c-torture/execute/pr24135.c execution, -O3 -fomit-frame-pointer
FAIL: gcc.c-torture/execute/pr24135.c compilation, -O3 -fomit-frame-pointer -funroll-loops (internal compiler error)
UNRESOLVED: gcc.c-torture/execute/pr24135.c execution, -O3 -fomit-frame-pointer -funroll-loops
FAIL: gcc.c-torture/execute/pr24135.c compilation, -O3 -fomit-frame-pointer -funroll-all-loops -finline-functions (internal compiler error)
UNRESOLVED: gcc.c-torture/execute/pr24135.c execution, -O3 -fomit-frame-pointer -funroll-all-loops -finline-functions
FAIL: gcc.c-torture/execute/pr24135.c compilation, -O3 -g (internal compiler error)
UNRESOLVED: gcc.c-torture/execute/pr24135.c execution, -O3 -g
FAIL: gcc.c-torture/execute/pr24135.c compilation, -Os (internal compiler error)
UNRESOLVED: gcc.c-torture/execute/pr24135.c execution, -Os
FAIL: gcc.dg/debug/dwarf2/var1.c scan-assembler xyzzy[^\\\\n\\\\r]+DW_AT_name
FAIL: gcc.dg/dfp/convert-int-max.c execution test
FAIL: gcc.dg/Wstrict-aliasing-float-ptr-int-obj.c (test for warnings, line 14)
FAIL: gcc.dg/Wstrict-aliasing-float-ptr-int-obj.c (test for warnings, line 16)
FAIL: gcc.dg/and-1.c scan-assembler-not nand
FAIL: gcc.dg/memcpy-1.c scan-tree-dump-times optimized "nasty_local" 0
FAIL: gcc.dg/non-local-goto-1.c (internal compiler error)
FAIL: gcc.dg/non-local-goto-1.c (test for excess errors)
WARNING: gcc.dg/non-local-goto-1.c compilation failed to produce executable
FAIL: gcc.dg/non-local-goto-2.c (internal compiler error)
FAIL: gcc.dg/non-local-goto-2.c (test for excess errors)
WARNING: gcc.dg/non-local-goto-2.c compilation failed to produce executable
FAIL: gcc.dg/pr28796-2.c execution test
FAIL: gcc.dg/pr35729.c scan-rtl-dump-times loop2_invariant "Decided to move invariant" 0
FAIL: gcc.dg/var-expand3.c scan-rtl-dump loop2_unroll "Expanding Accumulator": dump file does not exist
FAIL: gcc.dg/torture/type-generic-1.c -O0 execution test
FAIL: gcc.dg/torture/type-generic-1.c -O1 execution test
FAIL: gcc.dg/torture/type-generic-1.c -O2 execution test
FAIL: gcc.dg/torture/type-generic-1.c -O3 -fomit-frame-pointer execution test
FAIL: gcc.dg/torture/type-generic-1.c -O3 -g execution test
FAIL: gcc.dg/torture/type-generic-1.c -Os execution test
XPASS: gcc.dg/tree-ssa/loadpre1.c scan-tree-dump-times pre "Eliminated: 1" 1
XPASS: gcc.dg/tree-ssa/ltrans-3.c scan-tree-dump-times ltrans "transformed loop" 1
FAIL: gcc.dg/vect/costmodel/ppc/costmodel-vect-31d.c scan-tree-dump-times vect "vectorization not profitable" 1
FAIL: gcc.dg/vect/costmodel/ppc/costmodel-vect-31d.c scan-tree-dump-times vect "vectorized 1 loops" 0
FAIL: gcc.dg/vect/costmodel/ppc/costmodel-vect-68d.c scan-tree-dump-times vect "vectorization not profitable" 1
FAIL: gcc.dg/vect/costmodel/ppc/costmodel-vect-68d.c scan-tree-dump-times vect "vectorized 1 loops" 0
FAIL: gcc.dg/vect/costmodel/ppc/costmodel-vect-76c.c scan-tree-dump-times vect "vectorized 1 loops" 1
FAIL: gcc.dg/vect/vect-strided-store-u16-i4.c scan-tree-dump-times vect "vectorized 1 loops" 2
FAIL: gcc.dg/vect/vect-vfa-03.c scan-tree-dump-times vect "vectorized 1 loops" 1
XPASS: gcc.dg/vect/vect-vfa-03.c scan-tree-dump-times vect "vectorized 1 loops" 0
FAIL: gcc.dg/vect/slp-21.c scan-tree-dump-times vect "vectorized 4 loops" 1
FAIL: gcc.dg/vect/slp-21.c scan-tree-dump-times vect "vectorizing stmts using SLP" 2
FAIL: gcc.dg/vect/slp-7.c scan-tree-dump-times vect "vectorized 3 loops" 1
FAIL: gcc.dg/vect/slp-7.c scan-tree-dump-times vect "vectorizing stmts using SLP" 3
FAIL: gcc.target/powerpc/darwin-save-world-1.c (internal compiler error)
FAIL: gcc.target/powerpc/darwin-save-world-1.c (test for excess errors)
WARNING: gcc.target/powerpc/darwin-save-world-1.c compilation failed to produce executable
=== gcc Summary for unix/-m32 ===
# of expected passes 50204
# of unexpected failures 94
# of unexpected successes 3
# of expected failures 190
# of unresolved testcases 38
# of unsupported tests 527
Running target unix/-m64
FAIL: gcc.c-torture/compile/20050122-2.c -O0 (internal compiler error)
FAIL: gcc.c-torture/compile/20050122-2.c -O0 (test for excess errors)
FAIL: gcc.c-torture/compile/20050122-2.c -O1 (internal compiler error)
FAIL: gcc.c-torture/compile/20050122-2.c -O1 (test for excess errors)
FAIL: gcc.c-torture/compile/20050122-2.c -O2 (internal compiler error)
FAIL: gcc.c-torture/compile/20050122-2.c -O2 (test for excess errors)
FAIL: gcc.c-torture/compile/20050122-2.c -O3 -fomit-frame-pointer (internal compiler error)
FAIL: gcc.c-torture/compile/20050122-2.c -O3 -fomit-frame-pointer (test for excess errors)
FAIL: gcc.c-torture/compile/20050122-2.c -O3 -g (internal compiler error)
FAIL: gcc.c-torture/compile/20050122-2.c -O3 -g (test for excess errors)
FAIL: gcc.c-torture/compile/20050122-2.c -Os (internal compiler error)
FAIL: gcc.c-torture/compile/20050122-2.c -Os (test for excess errors)
FAIL: gcc.c-torture/compile/pr21728.c -O0 (internal compiler error)
FAIL: gcc.c-torture/compile/pr21728.c -O0 (test for excess errors)
FAIL: gcc.c-torture/compile/pr21728.c -O1 (internal compiler error)
FAIL: gcc.c-torture/compile/pr21728.c -O1 (test for excess errors)
FAIL: gcc.c-torture/compile/pr21728.c -O2 (internal compiler error)
FAIL: gcc.c-torture/compile/pr21728.c -O2 (test for excess errors)
FAIL: gcc.c-torture/compile/pr21728.c -O3 -fomit-frame-pointer (internal compiler error)
FAIL: gcc.c-torture/compile/pr21728.c -O3 -fomit-frame-pointer (test for excess errors)
FAIL: gcc.c-torture/compile/pr21728.c -O3 -g (internal compiler error)
FAIL: gcc.c-torture/compile/pr21728.c -O3 -g (test for excess errors)
FAIL: gcc.c-torture/compile/pr21728.c -Os (internal compiler error)
FAIL: gcc.c-torture/compile/pr21728.c -Os (test for excess errors)
FAIL: gcc.c-torture/execute/920428-2.c compilation, -O0 (internal compiler error)
UNRESOLVED: gcc.c-torture/execute/920428-2.c execution, -O0
FAIL: gcc.c-torture/execute/920428-2.c compilation, -O1 (internal compiler error)
UNRESOLVED: gcc.c-torture/execute/920428-2.c execution, -O1
FAIL: gcc.c-torture/execute/920428-2.c compilation, -O2 (internal compiler error)
UNRESOLVED: gcc.c-torture/execute/920428-2.c execution, -O2
FAIL: gcc.c-torture/execute/920428-2.c compilation, -O3 -fomit-frame-pointer (internal compiler error)
UNRESOLVED: gcc.c-torture/execute/920428-2.c execution, -O3 -fomit-frame-pointer
FAIL: gcc.c-torture/execute/920428-2.c compilation, -O3 -g (internal compiler error)
UNRESOLVED: gcc.c-torture/execute/920428-2.c execution, -O3 -g
FAIL: gcc.c-torture/execute/920428-2.c compilation, -Os (internal compiler error)
UNRESOLVED: gcc.c-torture/execute/920428-2.c execution, -Os
FAIL: gcc.c-torture/execute/920501-7.c compilation, -O0 (internal compiler error)
UNRESOLVED: gcc.c-torture/execute/920501-7.c execution, -O0
FAIL: gcc.c-torture/execute/920501-7.c compilation, -O1 (internal compiler error)
UNRESOLVED: gcc.c-torture/execute/920501-7.c execution, -O1
FAIL: gcc.c-torture/execute/920501-7.c compilation, -O2 (internal compiler error)
UNRESOLVED: gcc.c-torture/execute/920501-7.c execution, -O2
FAIL: gcc.c-torture/execute/920501-7.c compilation, -O3 -fomit-frame-pointer (internal compiler error)
UNRESOLVED: gcc.c-torture/execute/920501-7.c execution, -O3 -fomit-frame-pointer
FAIL: gcc.c-torture/execute/920501-7.c compilation, -O3 -g (internal compiler error)
UNRESOLVED: gcc.c-torture/execute/920501-7.c execution, -O3 -g
FAIL: gcc.c-torture/execute/920501-7.c compilation, -Os (internal compiler error)
UNRESOLVED: gcc.c-torture/execute/920501-7.c execution, -Os
FAIL: gcc.c-torture/execute/comp-goto-2.c compilation, -O0 (internal compiler error)
UNRESOLVED: gcc.c-torture/execute/comp-goto-2.c execution, -O0
FAIL: gcc.c-torture/execute/comp-goto-2.c compilation, -O1 (internal compiler error)
UNRESOLVED: gcc.c-torture/execute/comp-goto-2.c execution, -O1
FAIL: gcc.c-torture/execute/comp-goto-2.c compilation, -O2 (internal compiler error)
UNRESOLVED: gcc.c-torture/execute/comp-goto-2.c execution, -O2
FAIL: gcc.c-torture/execute/comp-goto-2.c compilation, -O3 -fomit-frame-pointer (internal compiler error)
UNRESOLVED: gcc.c-torture/execute/comp-goto-2.c execution, -O3 -fomit-frame-pointer
FAIL: gcc.c-torture/execute/comp-goto-2.c compilation, -O3 -g (internal compiler error)
UNRESOLVED: gcc.c-torture/execute/comp-goto-2.c execution, -O3 -g
FAIL: gcc.c-torture/execute/comp-goto-2.c compilation, -Os (internal compiler error)
UNRESOLVED: gcc.c-torture/execute/comp-goto-2.c execution, -Os
FAIL: gcc.c-torture/execute/nestfunc-5.c compilation, -O0 (internal compiler error)
UNRESOLVED: gcc.c-torture/execute/nestfunc-5.c execution, -O0
FAIL: gcc.c-torture/execute/nestfunc-5.c compilation, -O1 (internal compiler error)
UNRESOLVED: gcc.c-torture/execute/nestfunc-5.c execution, -O1
FAIL: gcc.c-torture/execute/nestfunc-5.c compilation, -O2 (internal compiler error)
UNRESOLVED: gcc.c-torture/execute/nestfunc-5.c execution, -O2
FAIL: gcc.c-torture/execute/nestfunc-5.c compilation, -O3 -fomit-frame-pointer (internal compiler error)
UNRESOLVED: gcc.c-torture/execute/nestfunc-5.c execution, -O3 -fomit-frame-pointer
FAIL: gcc.c-torture/execute/nestfunc-5.c compilation, -O3 -g (internal compiler error)
UNRESOLVED: gcc.c-torture/execute/nestfunc-5.c execution, -O3 -g
FAIL: gcc.c-torture/execute/nestfunc-5.c compilation, -Os (internal compiler error)
UNRESOLVED: gcc.c-torture/execute/nestfunc-5.c execution, -Os
FAIL: gcc.c-torture/execute/nestfunc-6.c compilation, -O0 (internal compiler error)
UNRESOLVED: gcc.c-torture/execute/nestfunc-6.c execution, -O0
FAIL: gcc.c-torture/execute/nestfunc-6.c compilation, -O1 (internal compiler error)
UNRESOLVED: gcc.c-torture/execute/nestfunc-6.c execution, -O1
FAIL: gcc.c-torture/execute/nestfunc-6.c compilation, -O2 (internal compiler error)
UNRESOLVED: gcc.c-torture/execute/nestfunc-6.c execution, -O2
FAIL: gcc.c-torture/execute/nestfunc-6.c compilation, -O3 -fomit-frame-pointer (internal compiler error)
UNRESOLVED: gcc.c-torture/execute/nestfunc-6.c execution, -O3 -fomit-frame-pointer
FAIL: gcc.c-torture/execute/nestfunc-6.c compilation, -O3 -g (internal compiler error)
UNRESOLVED: gcc.c-torture/execute/nestfunc-6.c execution, -O3 -g
FAIL: gcc.c-torture/execute/nestfunc-6.c compilation, -Os (internal compiler error)
UNRESOLVED: gcc.c-torture/execute/nestfunc-6.c execution, -Os
FAIL: gcc.c-torture/execute/pr24135.c compilation, -O0 (internal compiler error)
UNRESOLVED: gcc.c-torture/execute/pr24135.c execution, -O0
FAIL: gcc.c-torture/execute/pr24135.c compilation, -O1 (internal compiler error)
UNRESOLVED: gcc.c-torture/execute/pr24135.c execution, -O1
FAIL: gcc.c-torture/execute/pr24135.c compilation, -O2 (internal compiler error)
UNRESOLVED: gcc.c-torture/execute/pr24135.c execution, -O2
FAIL: gcc.c-torture/execute/pr24135.c compilation, -O3 -fomit-frame-pointer (internal compiler error)
UNRESOLVED: gcc.c-torture/execute/pr24135.c execution, -O3 -fomit-frame-pointer
FAIL: gcc.c-torture/execute/pr24135.c compilation, -O3 -fomit-frame-pointer -funroll-loops (internal compiler error)
UNRESOLVED: gcc.c-torture/execute/pr24135.c execution, -O3 -fomit-frame-pointer -funroll-loops
FAIL: gcc.c-torture/execute/pr24135.c compilation, -O3 -fomit-frame-pointer -funroll-all-loops -finline-functions (internal compiler error)
UNRESOLVED: gcc.c-torture/execute/pr24135.c execution, -O3 -fomit-frame-pointer -funroll-all-loops -finline-functions
FAIL: gcc.c-torture/execute/pr24135.c compilation, -O3 -g (internal compiler error)
UNRESOLVED: gcc.c-torture/execute/pr24135.c execution, -O3 -g
FAIL: gcc.c-torture/execute/pr24135.c compilation, -Os (internal compiler error)
UNRESOLVED: gcc.c-torture/execute/pr24135.c execution, -Os
FAIL: gcc.dg/debug/dwarf2/var1.c scan-assembler xyzzy[^\\\\n\\\\r]+DW_AT_name
FAIL: gcc.dg/dfp/convert-int-max.c execution test
FAIL: gcc.dg/Wstrict-aliasing-float-ptr-int-obj.c (test for warnings, line 14)
FAIL: gcc.dg/Wstrict-aliasing-float-ptr-int-obj.c (test for warnings, line 16)
FAIL: gcc.dg/and-1.c scan-assembler-not nand
FAIL: gcc.dg/non-local-goto-1.c (internal compiler error)
FAIL: gcc.dg/non-local-goto-1.c (test for excess errors)
WARNING: gcc.dg/non-local-goto-1.c compilation failed to produce executable
FAIL: gcc.dg/non-local-goto-2.c (internal compiler error)
FAIL: gcc.dg/non-local-goto-2.c (test for excess errors)
WARNING: gcc.dg/non-local-goto-2.c compilation failed to produce executable
FAIL: gcc.dg/pr28796-2.c execution test
FAIL: gcc.dg/pr35729.c scan-rtl-dump-times loop2_invariant "Decided to move invariant" 0
FAIL: gcc.dg/var-expand3.c scan-rtl-dump loop2_unroll "Expanding Accumulator": dump file does not exist
FAIL: gcc.dg/torture/type-generic-1.c -O0 execution test
FAIL: gcc.dg/torture/type-generic-1.c -O1 execution test
FAIL: gcc.dg/torture/type-generic-1.c -O2 execution test
FAIL: gcc.dg/torture/type-generic-1.c -O3 -fomit-frame-pointer execution test
FAIL: gcc.dg/torture/type-generic-1.c -O3 -g execution test
FAIL: gcc.dg/torture/type-generic-1.c -Os execution test
XPASS: gcc.dg/tree-ssa/loadpre1.c scan-tree-dump-times pre "Eliminated: 1" 1
XPASS: gcc.dg/tree-ssa/ltrans-3.c scan-tree-dump-times ltrans "transformed loop" 1
FAIL: gcc.dg/vect/costmodel/ppc/costmodel-vect-31d.c scan-tree-dump-times vect "vectorization not profitable" 1
FAIL: gcc.dg/vect/costmodel/ppc/costmodel-vect-31d.c scan-tree-dump-times vect "vectorized 1 loops" 0
FAIL: gcc.dg/vect/costmodel/ppc/costmodel-vect-68d.c scan-tree-dump-times vect "vectorization not profitable" 1
FAIL: gcc.dg/vect/costmodel/ppc/costmodel-vect-68d.c scan-tree-dump-times vect "vectorized 1 loops" 0
FAIL: gcc.dg/vect/costmodel/ppc/costmodel-vect-76c.c scan-tree-dump-times vect "vectorized 1 loops" 1
FAIL: gcc.dg/vect/pr36493.c scan-tree-dump-times vect "vectorized 1 loops" 1
FAIL: gcc.dg/vect/vect-strided-store-u16-i4.c scan-tree-dump-times vect "vectorized 1 loops" 2
FAIL: gcc.dg/vect/vect-vfa-03.c scan-tree-dump-times vect "vectorized 1 loops" 1
XPASS: gcc.dg/vect/vect-vfa-03.c scan-tree-dump-times vect "vectorized 1 loops" 0
FAIL: gcc.dg/vect/slp-21.c scan-tree-dump-times vect "vectorized 4 loops" 1
FAIL: gcc.dg/vect/slp-21.c scan-tree-dump-times vect "vectorizing stmts using SLP" 2
FAIL: gcc.dg/vect/slp-7.c scan-tree-dump-times vect "vectorized 3 loops" 1
FAIL: gcc.dg/vect/slp-7.c scan-tree-dump-times vect "vectorizing stmts using SLP" 3
FAIL: gcc.target/powerpc/darwin-save-world-1.c (internal compiler error)
FAIL: gcc.target/powerpc/darwin-save-world-1.c (test for excess errors)
WARNING: gcc.target/powerpc/darwin-save-world-1.c compilation failed to produce executable
FAIL: gcc.target/powerpc/ppc-negeq0-1.c scan-assembler-not cntlzw
=== gcc Summary for unix/-m64 ===
# of expected passes 50038
# of unexpected failures 95
# of unexpected successes 3
# of expected failures 192
# of unresolved testcases 38
# of unsupported tests 597
=== gcc Summary ===
# of expected passes 100242
# of unexpected failures 189
# of unexpected successes 6
# of expected failures 382
# of unresolved testcases 76
# of unsupported tests 1124
/tmp/cvs/gcc-20080624/Build/gcc/xgcc version 4.4.0 20080624 (experimental) [trunk revision 137058] (GCC)
=== gfortran tests ===
Running target unix/-m32
XPASS: gfortran.dg/nint_2.f90 -O0 execution test
FAIL: gfortran.dg/parameter_array_init_4.f90 -O0 (test for excess errors)
FAIL: gfortran.dg/parameter_array_init_4.f90 -O1 (test for excess errors)
FAIL: gfortran.dg/parameter_array_init_4.f90 -O2 (test for excess errors)
FAIL: gfortran.dg/parameter_array_init_4.f90 -O3 -fomit-frame-pointer (test for excess errors)
FAIL: gfortran.dg/parameter_array_init_4.f90 -O3 -fomit-frame-pointer -funroll-loops (test for excess errors)
FAIL: gfortran.dg/parameter_array_init_4.f90 -O3 -fomit-frame-pointer -funroll-all-loops -finline-functions (test for excess errors)
FAIL: gfortran.dg/parameter_array_init_4.f90 -O3 -g (test for excess errors)
FAIL: gfortran.dg/parameter_array_init_4.f90 -Os (test for excess errors)
=== gfortran Summary for unix/-m32 ===
# of expected passes 26511
# of unexpected failures 8
# of unexpected successes 1
# of expected failures 32
# of unsupported tests 110
Running target unix/-m64
XPASS: gfortran.dg/nint_2.f90 -O0 execution test
FAIL: gfortran.dg/parameter_array_init_4.f90 -O0 (test for excess errors)
FAIL: gfortran.dg/parameter_array_init_4.f90 -O1 (test for excess errors)
FAIL: gfortran.dg/parameter_array_init_4.f90 -O2 (test for excess errors)
FAIL: gfortran.dg/parameter_array_init_4.f90 -O3 -fomit-frame-pointer (test for excess errors)
FAIL: gfortran.dg/parameter_array_init_4.f90 -O3 -fomit-frame-pointer -funroll-loops (test for excess errors)
FAIL: gfortran.dg/parameter_array_init_4.f90 -O3 -fomit-frame-pointer -funroll-all-loops -finline-functions (test for excess errors)
FAIL: gfortran.dg/parameter_array_init_4.f90 -O3 -g (test for excess errors)
FAIL: gfortran.dg/parameter_array_init_4.f90 -Os (test for excess errors)
=== gfortran Summary for unix/-m64 ===
# of expected passes 26660
# of unexpected failures 8
# of unexpected successes 1
# of expected failures 32
# of unsupported tests 37
=== gfortran Summary ===
# of expected passes 53171
# of unexpected failures 16
# of unexpected successes 2
# of expected failures 64
# of unsupported tests 147
/tmp/cvs/gcc-20080624/Build/gcc/testsuite/gfortran/../../gfortran version 4.4.0 20080624 (experimental) [trunk revision 137058] (GCC)
=== gnat tests ===
Running target unix/-m32
=== gnat Summary for unix/-m32 ===
# of expected passes 506
# of expected failures 6
Running target unix/-m64
FAIL: gnat.dg/abstract1.adb (test for excess errors)
FAIL: gnat.dg/abstract_with_anonymous_result.adb (test for excess errors)
WARNING: gnat.dg/abstract_with_anonymous_result.adb compilation failed to produce executable
FAIL: gnat.dg/access3.adb (test for excess errors)
FAIL: gnat.dg/access4.adb (test for excess errors)
WARNING: gnat.dg/access4.adb compilation failed to produce executable
FAIL: gnat.dg/access_discr.adb (test for excess errors)
FAIL: gnat.dg/access_test.adb (test for excess errors)
WARNING: gnat.dg/access_test.adb compilation failed to produce executable
FAIL: gnat.dg/addr2.adb (test for excess errors)
WARNING: gnat.dg/addr2.adb compilation failed to produce executable
FAIL: gnat.dg/address_conversion.adb (test for excess errors)
WARNING: gnat.dg/address_conversion.adb compilation failed to produce executable
FAIL: gnat.dg/aggr1.adb (test for excess errors)
WARNING: gnat.dg/aggr1.adb compilation failed to produce executable
FAIL: gnat.dg/aggr3.adb (test for excess errors)
WARNING: gnat.dg/aggr3.adb compilation failed to produce executable
FAIL: gnat.dg/aggr7.adb (test for excess errors)
FAIL: gnat.dg/aliased_prefix_accessibility.adb (test for excess errors)
WARNING: gnat.dg/aliased_prefix_accessibility.adb compilation failed to produce executable
FAIL: gnat.dg/align_check.adb (test for excess errors)
WARNING: gnat.dg/align_check.adb compilation failed to produce executable
FAIL: gnat.dg/alignment1.adb (test for excess errors)
WARNING: gnat.dg/alignment1.adb compilation failed to produce executable
FAIL: gnat.dg/alignment2.adb (test for excess errors)
WARNING: gnat.dg/alignment2.adb compilation failed to produce executable
FAIL: gnat.dg/alignment3.adb (test for excess errors)
FAIL: gnat.dg/array3.adb (test for excess errors)
WARNING: gnat.dg/array3.adb compilation failed to produce executable
FAIL: gnat.dg/array4.adb (test for excess errors)
WARNING: gnat.dg/array4.adb compilation failed to produce executable
FAIL: gnat.dg/assert1.adb (test for excess errors)
WARNING: gnat.dg/assert1.adb compilation failed to produce executable
FAIL: gnat.dg/assign_from_packed.adb (test for excess errors)
WARNING: gnat.dg/assign_from_packed.adb compilation failed to produce executable
FAIL: gnat.dg/asynch.adb (test for excess errors)
FAIL: gnat.dg/biased_uc.adb (test for excess errors)
WARNING: gnat.dg/biased_uc.adb compilation failed to produce executable
FAIL: gnat.dg/bip_prim_func.adb (test for excess errors)
FAIL: gnat.dg/bit_packed_array3.adb (test for excess errors)
WARNING: gnat.dg/bit_packed_array3.adb compilation failed to produce executable
FAIL: gnat.dg/blkextract_from_reg.adb (test for excess errors)
WARNING: gnat.dg/blkextract_from_reg.adb compilation failed to produce executable
FAIL: gnat.dg/bltins.adb (test for excess errors)
WARNING: gnat.dg/bltins.adb compilation failed to produce executable
FAIL: gnat.dg/c_words.adb (test for excess errors)
FAIL: gnat.dg/capture_value.adb (test for excess errors)
WARNING: gnat.dg/capture_value.adb compilation failed to produce executable
FAIL: gnat.dg/check_displace_generation.adb (test for excess errors)
WARNING: gnat.dg/check_displace_generation.adb compilation failed to produce executable
FAIL: gnat.dg/check_elaboration_code.adb (test for excess errors)
WARNING: gnat.dg/check_elaboration_code.adb compilation failed to produce executable
FAIL: gnat.dg/class_wide.adb (test for excess errors)
FAIL: gnat.dg/compose.adb (test for excess errors)
WARNING: gnat.dg/compose.adb compilation failed to produce executable
FAIL: gnat.dg/concat_length.adb (test for excess errors)
WARNING: gnat.dg/concat_length.adb compilation failed to produce executable
FAIL: gnat.dg/controlled_record.adb (test for excess errors)
FAIL: gnat.dg/conv_bug.adb (test for excess errors)
WARNING: gnat.dg/conv_bug.adb compilation failed to produce executable
FAIL: gnat.dg/conv_real.adb (test for excess errors)
WARNING: gnat.dg/conv_real.adb compilation failed to produce executable
FAIL: gnat.dg/curr_task.adb (test for excess errors)
WARNING: gnat.dg/curr_task.adb compilation failed to produce executable
FAIL: gnat.dg/derived_aggregate.adb (test for excess errors)
WARNING: gnat.dg/derived_aggregate.adb compilation failed to produce executable
FAIL: gnat.dg/discr4.adb (test for excess errors)
WARNING: gnat.dg/discr4.adb compilation failed to produce executable
FAIL: gnat.dg/dispatch1.adb (test for excess errors)
WARNING: gnat.dg/dispatch1.adb compilation failed to produce executable
FAIL: gnat.dg/dispatch2.adb (test for excess errors)
WARNING: gnat.dg/dispatch2.adb compilation failed to produce executable
FAIL: gnat.dg/dispatch2_p.adb (test for excess errors)
FAIL: gnat.dg/elim1.adb (test for excess errors)
FAIL: gnat.dg/elim2.adb (test for excess errors)
WARNING: gnat.dg/elim2.adb compilation failed to produce executable
FAIL: gnat.dg/empty_vector_length.adb (test for excess errors)
WARNING: gnat.dg/empty_vector_length.adb compilation failed to produce executable
FAIL: gnat.dg/entry_queues.adb (test for excess errors)
WARNING: gnat.dg/entry_queues.adb compilation failed to produce executable
FAIL: gnat.dg/expect1.adb (test for excess errors)
WARNING: gnat.dg/expect1.adb compilation failed to produce executable
FAIL: gnat.dg/finalized.adb (test for excess errors)
FAIL: gnat.dg/fixce.adb (test for excess errors)
WARNING: gnat.dg/fixce.adb compilation failed to produce executable
FAIL: gnat.dg/fixedpnt.adb (test for excess errors)
WARNING: gnat.dg/fixedpnt.adb compilation failed to produce executable
FAIL: gnat.dg/frame_overflow.adb (test for errors, line 14)
FAIL: gnat.dg/frame_overflow.adb (test for errors, line 17)
FAIL: gnat.dg/frame_overflow.adb (test for errors, line 24)
FAIL: gnat.dg/gen_disp.adb (test for excess errors)
FAIL: gnat.dg/generic_dispatch.adb (test for excess errors)
WARNING: gnat.dg/generic_dispatch.adb compilation failed to produce executable
FAIL: gnat.dg/generic_dispatch_p.adb (test for excess errors)
FAIL: gnat.dg/gnat_malloc.adb (test for excess errors)
WARNING: gnat.dg/gnat_malloc.adb compilation failed to produce executable
FAIL: gnat.dg/gnatg.adb (test for excess errors)
FAIL: gnat.dg/graphic.adb (test for excess errors)
FAIL: gnat.dg/ifaces.adb (test for excess errors)
FAIL: gnat.dg/in_out_parameter.adb (test for excess errors)
WARNING: gnat.dg/in_out_parameter.adb compilation failed to produce executable
FAIL: gnat.dg/init_scalar1.adb (test for excess errors)
WARNING: gnat.dg/init_scalar1.adb compilation failed to produce executable
FAIL: gnat.dg/inline_tagged.adb (test for excess errors)
WARNING: gnat.dg/inline_tagged.adb compilation failed to produce executable
FAIL: gnat.dg/interface1.adb (test for excess errors)
WARNING: gnat.dg/interface1.adb compilation failed to produce executable
FAIL: gnat.dg/interface2.adb (test for excess errors)
WARNING: gnat.dg/interface2.adb compilation failed to produce executable
FAIL: gnat.dg/interface3.adb (test for excess errors)
WARNING: gnat.dg/interface3.adb compilation failed to produce executable
FAIL: gnat.dg/interface5.adb (test for excess errors)
FAIL: gnat.dg/interface_conv.adb (test for excess errors)
WARNING: gnat.dg/interface_conv.adb compilation failed to produce executable
FAIL: gnat.dg/iprot_test.adb (test for excess errors)
WARNING: gnat.dg/iprot_test.adb compilation failed to produce executable
FAIL: gnat.dg/kill_value.adb (test for excess errors)
WARNING: gnat.dg/kill_value.adb compilation failed to produce executable
FAIL: gnat.dg/late_overriding.adb (test for excess errors)
FAIL: gnat.dg/lhs_view_convert.adb (test for excess errors)
WARNING: gnat.dg/lhs_view_convert.adb compilation failed to produce executable
FAIL: gnat.dg/loop_address2.adb (test for excess errors)
FAIL: gnat.dg/loop_optimization2.adb (test for excess errors)
FAIL: gnat.dg/md5_test.adb (test for excess errors)
WARNING: gnat.dg/md5_test.adb compilation failed to produce executable
FAIL: gnat.dg/modular1.adb (test for excess errors)
WARNING: gnat.dg/modular1.adb compilation failed to produce executable
FAIL: gnat.dg/modular2.adb (test for excess errors)
WARNING: gnat.dg/modular2.adb compilation failed to produce executable
FAIL: gnat.dg/mutable1.adb (test for excess errors)
WARNING: gnat.dg/mutable1.adb compilation failed to produce executable
FAIL: gnat.dg/named_test.adb (test for excess errors)
WARNING: gnat.dg/named_test.adb compilation failed to produce executable
FAIL: gnat.dg/nat1r.adb (test for excess errors)
WARNING: gnat.dg/nat1r.adb compilation failed to produce executable
FAIL: gnat.dg/nested_controlled_alloc.adb (test for excess errors)
WARNING: gnat.dg/nested_controlled_alloc.adb compilation failed to produce executable
FAIL: gnat.dg/nested_return_test.adb (test for excess errors)
WARNING: gnat.dg/nested_return_test.adb compilation failed to produce executable
FAIL: gnat.dg/no_final.adb (test for excess errors)
WARNING: gnat.dg/no_final.adb compilation failed to produce executable
FAIL: gnat.dg/outer_agg_bitfield_constructor.adb (test for excess errors)
WARNING: gnat.dg/outer_agg_bitfield_constructor.adb compilation failed to produce executable
FAIL: gnat.dg/overriding_ops.adb (test for excess errors)
FAIL: gnat.dg/pack3.adb (test for excess errors)
WARNING: gnat.dg/pack3.adb compilation failed to produce executable
FAIL: gnat.dg/pack4.adb (test for excess errors)
WARNING: gnat.dg/pack4.adb compilation failed to produce executable
FAIL: gnat.dg/packed_subtype.adb (test for excess errors)
WARNING: gnat.dg/packed_subtype.adb compilation failed to produce executable
FAIL: gnat.dg/pak.adb (test for excess errors)
FAIL: gnat.dg/parent_ltd_with-child_full_view.adb (test for excess errors)
FAIL: gnat.dg/pointer_conversion.adb (test for excess errors)
WARNING: gnat.dg/pointer_conversion.adb compilation failed to produce executable
FAIL: gnat.dg/prefix1.adb (test for excess errors)
FAIL: gnat.dg/prefix2.adb (test for excess errors)
FAIL: gnat.dg/prot_def.adb (test for excess errors)
WARNING: gnat.dg/prot_def.adb compilation failed to produce executable
FAIL: gnat.dg/quote.adb (test for excess errors)
WARNING: gnat.dg/quote.adb compilation failed to produce executable
FAIL: gnat.dg/range_check.adb (test for excess errors)
WARNING: gnat.dg/range_check.adb compilation failed to produce executable
FAIL: gnat.dg/ref_type.adb (test for excess errors)
FAIL: gnat.dg/regpat1.adb (test for excess errors)
WARNING: gnat.dg/regpat1.adb compilation failed to produce executable
FAIL: gnat.dg/release_unc_maxalign.adb (test for excess errors)
WARNING: gnat.dg/release_unc_maxalign.adb compilation failed to produce executable
FAIL: gnat.dg/renaming2.adb (test for excess errors)
WARNING: gnat.dg/renaming2.adb compilation failed to produce executable
FAIL: gnat.dg/renaming3.adb (test for excess errors)
WARNING: gnat.dg/renaming3.adb compilation failed to produce executable
FAIL: gnat.dg/requeue1.adb (test for excess errors)
WARNING: gnat.dg/requeue1.adb compilation failed to produce executable
FAIL: gnat.dg/return1.adb (test for excess errors)
FAIL: gnat.dg/scalar_mode_agg_compare.adb (test for excess errors)
WARNING: gnat.dg/scalar_mode_agg_compare.adb compilation failed to produce executable
FAIL: gnat.dg/self1.adb (test for excess errors)
FAIL: gnat.dg/self_aggregate_with_array.adb (test for excess errors)
WARNING: gnat.dg/self_aggregate_with_array.adb compilation failed to produce executable
FAIL: gnat.dg/self_aggregate_with_call.adb (test for excess errors)
WARNING: gnat.dg/self_aggregate_with_call.adb compilation failed to produce executable
FAIL: gnat.dg/self_aggregate_with_pointer.adb (test for excess errors)
WARNING: gnat.dg/self_aggregate_with_pointer.adb compilation failed to produce executable
FAIL: gnat.dg/self_aggregate_with_zeros.adb (test for excess errors)
WARNING: gnat.dg/self_aggregate_with_zeros.adb compilation failed to produce executable
FAIL: gnat.dg/set_in_pproc.adb (test for excess errors)
FAIL: gnat.dg/sizetype.adb (test for excess errors)
WARNING: gnat.dg/sizetype.adb compilation failed to produce executable
FAIL: gnat.dg/slice3.adb (test for excess errors)
WARNING: gnat.dg/slice3.adb compilation failed to produce executable
FAIL: gnat.dg/slice4.adb (test for excess errors)
WARNING: gnat.dg/slice4.adb compilation failed to produce executable
FAIL: gnat.dg/small_alignment.adb (test for excess errors)
WARNING: gnat.dg/small_alignment.adb compilation failed to produce executable
FAIL: gnat.dg/socket1.adb (test for excess errors)
WARNING: gnat.dg/socket1.adb compilation failed to produce executable
FAIL: gnat.dg/sort2.adb (test for excess errors)
WARNING: gnat.dg/sort2.adb compilation failed to produce executable
FAIL: gnat.dg/spipaterr.adb (test for excess errors)
WARNING: gnat.dg/spipaterr.adb compilation failed to produce executable
FAIL: gnat.dg/string_slice.adb (test for excess errors)
WARNING: gnat.dg/string_slice.adb compilation failed to produce executable
FAIL: gnat.dg/sync1.adb (test for excess errors)
FAIL: gnat.dg/tag1.adb (test for excess errors)
WARNING: gnat.dg/tag1.adb compilation failed to produce executable
FAIL: gnat.dg/tagged_type_pkg.adb (test for excess errors)
FAIL: gnat.dg/tail_call.adb (test for excess errors)
WARNING: gnat.dg/tail_call.adb compilation failed to produce executable
FAIL: gnat.dg/task_name.adb (test for excess errors)
FAIL: gnat.dg/task_stack_align.adb (test for excess errors)
WARNING: gnat.dg/task_stack_align.adb compilation failed to produce executable
FAIL: gnat.dg/test_address_null_init.adb (test for excess errors)
WARNING: gnat.dg/test_address_null_init.adb compilation failed to produce executable
FAIL: gnat.dg/test_bounded.adb (test for excess errors)
WARNING: gnat.dg/test_bounded.adb compilation failed to produce executable
FAIL: gnat.dg/test_delay.adb (test for excess errors)
WARNING: gnat.dg/test_delay.adb compilation failed to produce executable
FAIL: gnat.dg/test_direct_io.adb (test for excess errors)
WARNING: gnat.dg/test_direct_io.adb compilation failed to produce executable
FAIL: gnat.dg/test_enum_io.adb (test for excess errors)
WARNING: gnat.dg/test_enum_io.adb compilation failed to produce executable
FAIL: gnat.dg/test_fixed_io.adb (test for excess errors)
WARNING: gnat.dg/test_fixed_io.adb compilation failed to produce executable
FAIL: gnat.dg/test_iface_aggr.adb (test for excess errors)
WARNING: gnat.dg/test_iface_aggr.adb compilation failed to produce executable
FAIL: gnat.dg/test_ifaces.adb (test for excess errors)
WARNING: gnat.dg/test_ifaces.adb compilation failed to produce executable
FAIL: gnat.dg/test_image.adb (test for excess errors)
WARNING: gnat.dg/test_image.adb compilation failed to produce executable
FAIL: gnat.dg/test_image_p.adb (test for excess errors)
FAIL: gnat.dg/test_nested_subtype_byref.adb (test for excess errors)
WARNING: gnat.dg/test_nested_subtype_byref.adb compilation failed to produce executable
FAIL: gnat.dg/test_oalign.adb (test for excess errors)
WARNING: gnat.dg/test_oalign.adb compilation failed to produce executable
FAIL: gnat.dg/test_prefix1.adb (test for excess errors)
WARNING: gnat.dg/test_prefix1.adb compilation failed to produce executable
FAIL: gnat.dg/test_prio.adb (test for excess errors)
WARNING: gnat.dg/test_prio.adb compilation failed to produce executable
FAIL: gnat.dg/test_self.adb (test for excess errors)
WARNING: gnat.dg/test_self.adb compilation failed to produce executable
FAIL: gnat.dg/test_self_ref.adb (test for excess errors)
WARNING: gnat.dg/test_self_ref.adb compilation failed to produce executable
FAIL: gnat.dg/test_table1.adb (test for excess errors)
WARNING: gnat.dg/test_table1.adb compilation failed to produce executable
FAIL: gnat.dg/test_tamdt.adb (test for excess errors)
WARNING: gnat.dg/test_tamdt.adb compilation failed to produce executable
FAIL: gnat.dg/test_time_stamp.adb (test for excess errors)
WARNING: gnat.dg/test_time_stamp.adb compilation failed to produce executable
FAIL: gnat.dg/testint.adb (test for excess errors)
WARNING: gnat.dg/testint.adb compilation failed to produce executable
FAIL: gnat.dg/tf_interface_1.adb (test for excess errors)
FAIL: gnat.dg/tfren.adb (test for excess errors)
WARNING: gnat.dg/tfren.adb compilation failed to produce executable
FAIL: gnat.dg/timing_events.adb (test for excess errors)
WARNING: gnat.dg/timing_events.adb compilation failed to produce executable
FAIL: gnat.dg/trampoline2.adb (test for excess errors)
WARNING: gnat.dg/trampoline2.adb compilation failed to produce executable
FAIL: gnat.dg/unc_memfree.adb (test for excess errors)
WARNING: gnat.dg/unc_memfree.adb compilation failed to produce executable
FAIL: gnat.dg/unchecked_convert1.adb (test for excess errors)
WARNING: gnat.dg/unchecked_convert1.adb compilation failed to produce executable
FAIL: gnat.dg/unchecked_union1.adb (test for excess errors)
WARNING: gnat.dg/unchecked_union1.adb compilation failed to produce executable
FAIL: gnat.dg/valid1.adb (test for excess errors)
WARNING: gnat.dg/valid1.adb compilation failed to produce executable
FAIL: gnat.dg/warn1.adb (test for excess errors)
WARNING: gnat.dg/warn1.adb compilation failed to produce executable
FAIL: gnat.dg/wide_test.adb (test for excess errors)
WARNING: gnat.dg/wide_test.adb compilation failed to produce executable
FAIL: gnat.dg/specs/abstract_limited.ads (test for excess errors)
FAIL: gnat.dg/specs/ai_116.ads (test for excess errors)
FAIL: gnat.dg/specs/box1.ads (test for excess errors)
FAIL: gnat.dg/specs/controller.ads (test for excess errors)
FAIL: gnat.dg/specs/cpp1.ads (test for excess errors)
FAIL: gnat.dg/specs/cpp_assignment.ads (test for excess errors)
FAIL: gnat.dg/specs/double_record_extension1.ads (test for excess errors)
FAIL: gnat.dg/specs/double_record_extension2.ads (test for excess errors)
FAIL: gnat.dg/specs/elab1.ads (test for excess errors)
FAIL: gnat.dg/specs/gen_interface.ads (test for excess errors)
FAIL: gnat.dg/specs/limited1.ads (test for excess errors)
FAIL: gnat.dg/specs/preelab.ads (test for excess errors)
FAIL: gnat.dg/specs/private_with.ads (test for excess errors)
FAIL: gnat.dg/specs/self_class.ads (test for excess errors)
FAIL: gnat.dg/specs/tag1.ads (test for excess errors)
=== gnat Summary for unix/-m64 ===
# of expected passes 222
# of unexpected failures 169
# of expected failures 6
=== gnat Summary ===
# of expected passes 728
# of unexpected failures 169
# of expected failures 12
=== objc tests ===
Running target unix/-m32
WARNING: Could not compile objc.dg/gnu-encoding/struct-layout-encoding-1 generator
=== objc Summary for unix/-m32 ===
# of expected passes 1759
# of unsupported tests 24
Running target unix/-m64
WARNING: Could not compile objc.dg/gnu-encoding/struct-layout-encoding-1 generator
=== objc Summary for unix/-m64 ===
# of expected passes 1759
# of unsupported tests 24
=== objc Summary ===
# of expected passes 3518
# of unsupported tests 48
/tmp/cvs/gcc-20080624/Build/gcc/xgcc version 4.4.0 20080624 (experimental) [trunk revision 137058] (GCC)
=== libffi tests ===
Running target unix/-m32
=== libffi Summary for unix/-m32 ===
# of expected passes 1389
# of unsupported tests 10
Running target unix/-m64
=== libffi Summary for unix/-m64 ===
# of expected passes 1389
# of unsupported tests 10
=== libffi Summary ===
# of expected passes 2778
# of unsupported tests 20
=== libgomp tests ===
Running target unix/-m32
WARNING: program timed out.
FAIL: libgomp.c/ordered-3.c execution test
FAIL: libgomp.fortran/appendix-a/a.22.7.f90 -O0 (internal compiler error)
FAIL: libgomp.fortran/appendix-a/a.22.7.f90 -O0 (test for excess errors)
WARNING: libgomp.fortran/appendix-a/a.22.7.f90 -O0 compilation failed to produce executable
=== libgomp Summary for unix/-m32 ===
# of expected passes 2282
# of unexpected failures 3
Running target unix/-m64
=== libgomp Summary for unix/-m64 ===
# of expected passes 2285
=== libgomp Summary ===
# of expected passes 4567
# of unexpected failures 3
=== libjava tests ===
Running target unix/-m32
=== libjava Summary for unix/-m32 ===
# of expected passes 2574
Running target unix/-m64
FAIL: getlocalvartable output
=== libjava Summary for unix/-m64 ===
# of expected passes 2573
# of unexpected failures 1
=== libjava Summary ===
# of expected passes 5147
# of unexpected failures 1
=== libmudflap tests ===
Running target unix/-m32
=== libmudflap Summary for unix/-m32 ===
# of expected passes 1865
Running target unix/-m64
FAIL: libmudflap.c/fail27-frag.c output pattern test
FAIL: libmudflap.c/fail27-frag.c (-static) output pattern test
FAIL: libmudflap.c/fail27-frag.c (-O2) output pattern test
FAIL: libmudflap.c/fail27-frag.c (-O3) output pattern test
=== libmudflap Summary for unix/-m64 ===
# of expected passes 1861
# of unexpected failures 4
=== libmudflap Summary ===
# of expected passes 3726
# of unexpected failures 4
=== libstdc++ tests ===
Running target unix/-m32
FAIL: abi_check
FAIL: 21_strings/basic_string/numeric_conversions/char/stod.cc execution test
FAIL: 21_strings/basic_string/numeric_conversions/wchar_t/stod.cc execution test
FAIL: 22_locale/money_put/put/char/9780-3.cc execution test
FAIL: 22_locale/time_put/put/char/4.cc execution test
FAIL: 22_locale/time_put/put/char/wrapped_env.cc execution test
FAIL: 22_locale/time_put/put/char/wrapped_locale.cc execution test
FAIL: 22_locale/time_put/put/wchar_t/4.cc execution test
FAIL: 22_locale/time_put/put/wchar_t/wrapped_env.cc execution test
FAIL: 22_locale/time_put/put/wchar_t/wrapped_locale.cc execution test
XPASS: 26_numerics/headers/cmath/c99_classification_macros_c.cc (test for excess errors)
=== libstdc++ Summary for unix/-m32 ===
# of expected passes 5795
# of unexpected failures 10
# of unexpected successes 1
# of expected failures 76
# of unsupported tests 10
Running target unix/-m64
FAIL: abi_check
FAIL: 21_strings/basic_string/numeric_conversions/char/stod.cc execution test
FAIL: 21_strings/basic_string/numeric_conversions/wchar_t/stod.cc execution test
FAIL: 22_locale/money_put/put/char/9780-3.cc execution test
FAIL: 22_locale/time_put/put/char/4.cc execution test
FAIL: 22_locale/time_put/put/char/wrapped_env.cc execution test
FAIL: 22_locale/time_put/put/char/wrapped_locale.cc execution test
FAIL: 22_locale/time_put/put/wchar_t/4.cc execution test
FAIL: 22_locale/time_put/put/wchar_t/wrapped_env.cc execution test
FAIL: 22_locale/time_put/put/wchar_t/wrapped_locale.cc execution test
XPASS: 26_numerics/complex/13450.cc execution test
XPASS: 26_numerics/complex/complex_value.cc execution test
XPASS: 26_numerics/complex/pow.cc execution test
XPASS: 26_numerics/headers/cmath/c99_classification_macros_c.cc (test for excess errors)
=== libstdc++ Summary for unix/-m64 ===
# of expected passes 5792
# of unexpected failures 10
# of unexpected successes 4
# of expected failures 76
# of unsupported tests 10
=== libstdc++ Summary ===
# of expected passes 11587
# of unexpected failures 20
# of unexpected successes 5
# of expected failures 152
# of unsupported tests 20
Compiler version: 4.4.0 20080624 (experimental) [trunk revision 137058] (GCC)
Platform: powerpc64-suse-linux-gnu
configure flags: --prefix=/tmp/cvs/gcc-20080624/Build/root --build=powerpc64-suse-linux --host=powerpc64-suse-linux --enable-shared --enable-threads --enable-__cxa_atexit --with-system-zlib --with-cpu=default32 --enable-secureplt --with-long-double-128