This is the mail archive of the
gcc-testresults@gcc.gnu.org
mailing list for the GCC project.
Results for 4.3.1 (GCC) testsuite on i686-apple-darwin8
- From: IainS <developer at sandoe-acoustics dot co dot uk>
- To: gcc-testresults at gcc dot gnu dot org
- Date: Sat, 7 Jun 2008 14:37:32 +0100
- Subject: Results for 4.3.1 (GCC) testsuite on i686-apple-darwin8
BOOTSTRAPed with Apple GCC 4.0.1
uname -mprs : Darwin 8.11.1 i386 i386
tools: Apple Computer, Inc. version cctools-622.9~2
arch : i386 machine : i486
dejagnu:
Expect version is 5.42.0
Tcl version is 8.4
Framework version is 1.4.4
gmp/mpfr built with '-mdynamic-no-pic' on ppc, ppc64, x86_64
built with '-mdynamic-no-pic -fno-common' on i386
===========
powerpc-apple-darwin-8-xxx cross-compilers also built
===========
LAST_UPDATED: Obtained from SVN: tags/gcc_4_3_1_release revision 136481
Native configuration is i686-apple-darwin8
=== g++ tests ===
Running target unix
FAIL: tmpdir-g++.dg-struct-layout-1/t026 cp_compat_x_tst.o-
cp_compat_y_tst.o execute
FAIL: g++.dg/ext/visibility/anon6.C scan-assembler 1BIiE1cE
FAIL: g++.dg/other/anon5.C (test for errors, line 19)
FAIL: g++.dg/other/anon5.C (test for excess errors)
FAIL: g++.dg/other/pr35504.C execution test
FAIL: g++.dg/other/unused1.C scan-assembler (string|ascii?)z?[\
\t ]"printer("|\\\\\\\\0)
FAIL: g++.dg/pubtypes.C scan-assembler long+[ \\t]+0x24+[ \\t]+[#;]+
[ \\t]+Length of Public Type Names Info
FAIL: g++.dg/pch/pch.C -g assembly comparison
FAIL: g++.dg/pch/pch.C -O2 -g assembly comparison
FAIL: g++.dg/special/conpr-3.C execution test
FAIL: g++.dg/special/initpri1.C execution test
=== g++ Summary ===
# of expected passes 17438
# of unexpected failures 11
# of expected failures 82
# of unsupported tests 130
/Volumes/Users1/OS-Source/gcc-431-build/n2n/gcc/testsuite/g++/../../g+
+ version 4.3.1 (GCC)
=== gcc tests ===
Running target unix
FAIL: gcc.c-torture/execute/20000822-1.c execution, -O0
FAIL: gcc.c-torture/execute/20000822-1.c execution, -O1
FAIL: gcc.c-torture/execute/20000822-1.c execution, -O2
FAIL: gcc.c-torture/execute/20000822-1.c execution, -O3 -fomit-frame-
pointer
FAIL: gcc.c-torture/execute/20000822-1.c execution, -O3 -g
FAIL: gcc.c-torture/execute/20000822-1.c execution, -Os
FAIL: gcc.c-torture/execute/nestfunc-3.c execution, -O0
FAIL: gcc.c-torture/execute/nestfunc-3.c execution, -O1
FAIL: gcc.c-torture/execute/nestfunc-3.c execution, -O2
FAIL: gcc.c-torture/execute/nestfunc-3.c execution, -O3 -fomit-frame-
pointer
FAIL: gcc.c-torture/execute/nestfunc-3.c execution, -O3 -fomit-frame-
pointer -funroll-loops
FAIL: gcc.c-torture/execute/nestfunc-3.c execution, -O3 -fomit-frame-
pointer -funroll-all-loops -finline-functions
FAIL: gcc.c-torture/execute/nestfunc-3.c execution, -O3 -g
FAIL: gcc.c-torture/execute/nestfunc-3.c execution, -Os
FAIL: gcc.c-torture/execute/nestfunc-5.c execution, -O0
FAIL: gcc.c-torture/execute/nestfunc-5.c execution, -O1
FAIL: gcc.c-torture/execute/nestfunc-5.c execution, -O2
FAIL: gcc.c-torture/execute/nestfunc-5.c execution, -O3 -fomit-frame-
pointer
FAIL: gcc.c-torture/execute/nestfunc-5.c execution, -O3 -g
FAIL: gcc.c-torture/execute/nestfunc-5.c execution, -Os
FAIL: gcc.c-torture/execute/nestfunc-6.c execution, -O0
FAIL: gcc.c-torture/execute/nestfunc-6.c execution, -O1
FAIL: gcc.c-torture/execute/nestfunc-6.c execution, -O2
FAIL: gcc.c-torture/execute/nestfunc-6.c execution, -O3 -fomit-frame-
pointer
FAIL: gcc.c-torture/execute/nestfunc-6.c execution, -O3 -g
FAIL: gcc.c-torture/execute/nestfunc-6.c execution, -Os
FAIL: gcc.dg/initpri1.c execution test
FAIL: gcc.dg/trampoline-1.c execution test
FAIL: gcc.dg/pch/save-temps-1.c -O0 -g assembly comparison
FAIL: gcc.dg/pch/save-temps-1.c -O3 -g assembly comparison
XPASS: gcc.target/i386/builtin-apply-mmx.c execution test
=== gcc Summary ===
# of expected passes 47937
# of unexpected failures 30
# of unexpected successes 1
# of expected failures 166
# of untested testcases 35
# of unsupported tests 458
/Volumes/Users1/OS-Source/gcc-431-build/n2n/gcc/xgcc version 4.3.1
(GCC)
=== gfortran tests ===
Running target unix
FAIL: gfortran.dg/stat_1.f90 -O0 execution test
FAIL: gfortran.dg/stat_1.f90 -O1 execution test
FAIL: gfortran.dg/stat_1.f90 -O2 execution test
FAIL: gfortran.dg/stat_1.f90 -O3 -fomit-frame-pointer execution test
FAIL: gfortran.dg/stat_1.f90 -O3 -fomit-frame-pointer -funroll-
loops execution test
FAIL: gfortran.dg/stat_1.f90 -O3 -fomit-frame-pointer -funroll-all-
loops -finline-functions execution test
FAIL: gfortran.dg/stat_1.f90 -O3 -g execution test
FAIL: gfortran.dg/stat_1.f90 -Os execution test
FAIL: gfortran.dg/stat_2.f90 -O0 execution test
FAIL: gfortran.dg/stat_2.f90 -O1 execution test
FAIL: gfortran.dg/stat_2.f90 -O2 execution test
FAIL: gfortran.dg/stat_2.f90 -O3 -fomit-frame-pointer execution test
FAIL: gfortran.dg/stat_2.f90 -O3 -fomit-frame-pointer -funroll-
loops execution test
FAIL: gfortran.dg/stat_2.f90 -O3 -fomit-frame-pointer -funroll-all-
loops -finline-functions execution test
FAIL: gfortran.dg/stat_2.f90 -O3 -g execution test
FAIL: gfortran.dg/stat_2.f90 -Os execution test
=== gfortran Summary ===
# of expected passes 24003
# of unexpected failures 16
# of expected failures 11
# of unsupported tests 38
/Volumes/Users1/OS-Source/gcc-431-build/n2n/gcc/testsuite/
gfortran/../../gfortran version 4.3.1 (GCC)
=== obj-c++ tests ===
Running target unix
XPASS: obj-c++.dg/cxx-ivars-2.mm execution test
XPASS: obj-c++.dg/encode-8.mm execution test
XPASS: obj-c++.dg/isa-field-1.mm (test for excess errors)
XPASS: obj-c++.dg/lookup-2.mm (test for excess errors)
FAIL: obj-c++.dg/stubify-2.mm (test for excess errors)
ERROR: obj-c++.dg/stubify-2.mm: error executing dg-final: couldn't
open "stubify-2.mm.08.jump": no such file or directory
UNRESOLVED: obj-c++.dg/stubify-2.mm: error executing dg-final:
couldn't open "stubify-2.mm.08.jump": no such file or directory
XPASS: obj-c++.dg/try-catch-2.mm (test for excess errors)
XPASS: obj-c++.dg/try-catch-9.mm (test for excess errors)
=== obj-c++ Summary ===
# of expected passes 463
# of unexpected failures 1
# of unexpected successes 6
# of expected failures 3
# of unresolved testcases 1
# of unsupported tests 1
/Volumes/Users1/OS-Source/gcc-431-build/n2n/gcc/testsuite/obj-c+
+/../../g++ version 4.3.1 (GCC)
=== objc tests ===
Running target unix
FAIL: objc.dg/stret-2.m scan-assembler objc_msgSend_stret
FAIL: objc.dg/stret-2.m scan-assembler-not objc_msgSend[^_S]
FAIL: objc.dg/stret-2.m scan-assembler-not objc_msgSendSuper[^_]
FAIL: objc.dg/stubify-1.m (test for excess errors)
ERROR: objc.dg/stubify-1.m: error executing dg-final: couldn't open
"stubify-1.s": no such file or directory
UNRESOLVED: objc.dg/stubify-1.m: error executing dg-final: couldn't
open "stubify-1.s": no such file or directory
FAIL: objc.dg/stubify-2.m (test for excess errors)
ERROR: objc.dg/stubify-2.m: error executing dg-final: no files
matched glob pattern "stubify-2.m.[0-9][0-9][0-9]r.jump"
UNRESOLVED: objc.dg/stubify-2.m: error executing dg-final: no files
matched glob pattern "stubify-2.m.[0-9][0-9][0-9]r.jump"
FAIL: objc.dg/symtab-1.m scan-assembler L_OBJC_SYMBOLS.*:\\n\\t.long\
\t0\\n\\t.long\\t0\\n\\t.short\\t2\\n\\t.short\\t0\\n\\t.long\
\tL_OBJC_CLASS_Derived.*\\n\\t.long\\tL_OBJC_CLASS_Base.*\\n
=== objc Summary ===
# of expected passes 3048
# of unexpected failures 6
# of expected failures 7
# of unresolved testcases 2
# of unsupported tests 2
/Volumes/Users1/OS-Source/gcc-431-build/n2n/gcc/xgcc version 4.3.1
(GCC)
=== libgomp tests ===
Running target unix
=== libgomp Summary ===
# of expected passes 1543
# of unsupported tests 109
=== libstdc++ tests ===
Running target unix
XPASS: 21_strings/basic_string/element_access/char/21674.cc execution
test
XPASS: 21_strings/basic_string/element_access/wchar_t/21674.cc
execution test
FAIL: 26_numerics/complex/13450.cc execution test
XPASS: 26_numerics/headers/cmath/c99_classification_macros_c.cc (test
for excess errors)
FAIL: 27_io/ios_base/storage/11584.cc execution test
FAIL: ext/mt_allocator/deallocate_local_thread-5.cc execution test
FAIL: ext/mt_allocator/deallocate_local_thread-7.cc execution test
=== libstdc++ Summary ===
# of expected passes 4930
# of unexpected failures 4
# of unexpected successes 3
# of expected failures 57
# of unsupported tests 328
Compiler version: 4.3.1 (GCC)
Platform: i686-apple-darwin8
configure flags: --prefix=/usr --build=i686-apple-darwin8 --enable-
languages=c,c++,objc,obj-c++,fortran --with-slibdir='\$\${prefix}/
lib' --with-gmp=/Developer/SDKs/MacOSX10.4us.sdk/usr/local/gmp-4-2-2
--with-mpfr=/Developer/SDKs/MacOSX10.4us.sdk/usr/local/mpfr-2-3-1 --
enable-threads --disable-nls --enable-version-specific-runtime-libs --
mandir='\$\${prefix}/share/man' --infodir='\$\${prefix}/share/info' --
program-suffix=-4.3.1 --enable-checking=release --enable-serial-
configure --host=i686-apple-darwin8 --target=i686-apple-darwin8 --
enable-werror --enable-bootstrap