This is the mail archive of the
gcc-testresults@gcc.gnu.org
mailing list for the GCC project.
Results for 4.2.4 testsuite on i386-pc-solaris2.6
- From: "Tom G. Christensen" <tgc at jupiterrise dot com>
- To: gcc-testresults at gcc dot gnu dot org
- Date: Sat, 31 May 2008 20:41:29 +0200 (MET DST)
- Subject: Results for 4.2.4 testsuite on i386-pc-solaris2.6
Built with:
GNU as 2.18
native ld (107734-11)
gmp 4.2.2
mpfr 2.3.1
Bootstrap compiler:
eading specs from /usr/tgcware/gcc-3.4.6/lib/gcc/i386-pc-solaris2.6/3.4.6/specs
Configured with: ../gcc-3.4.6/configure --prefix=/usr/tgcware/gcc-3.4.6 --with-local-prefix=/usr/tgcware/gcc-3.4.6 --disable-nls --enable-shared --enable-languages=c,c++,f77,objc,ada
Thread model: posix
gcc version 3.4.6
LAST_UPDATED: Obtained from SVN: tags/gcc_4_2_4_release revision 135573
=== acats tests ===
FAIL: c380004
=== acats Summary ===
# of expected passes 2313
# of unexpected failures 1
Native configuration is i386-pc-solaris2.6
=== g++ tests ===
Running target unix
FAIL: g++.dg/other/i386-1.C execution test
XPASS: g++.dg/other/ucnid-1.C (test for excess errors)
FAIL: g++.dg/pch/externc-1.C -g assembly comparison
FAIL: g++.dg/pch/externc-1.C -O2 -g assembly comparison
FAIL: g++.dg/pch/static-1.C -g assembly comparison
FAIL: g++.dg/pch/static-1.C -O2 -g assembly comparison
FAIL: g++.dg/pch/system-1.C -g assembly comparison
FAIL: g++.dg/pch/system-1.C -O2 -g assembly comparison
FAIL: g++.dg/pch/system-2.C -g assembly comparison
FAIL: g++.dg/pch/system-2.C -O2 -g assembly comparison
FAIL: g++.dg/pch/uninst.C -g assembly comparison
FAIL: g++.dg/pch/uninst.C -O2 -g assembly comparison
FAIL: g++.dg/pch/wchar-1.C -g assembly comparison
FAIL: g++.dg/pch/wchar-1.C -O2 -g assembly comparison
XPASS: g++.old-deja/g++.other/init18.C execution test
XPASS: g++.old-deja/g++.other/init19.C execution test
=== g++ Summary ===
# of expected passes 13474
# of unexpected failures 13
# of unexpected successes 3
# of expected failures 68
# of unsupported tests 132
/export/home/tgc/buildpkg/gcc42/src/all_native/gcc/testsuite/g++/../../g++ version 4.2.4
=== gcc tests ===
Running target unix
XPASS: gcc.c-torture/execute/mayalias-2.c compilation, -O3 -g
XPASS: gcc.dg/ucnid-2.c (test for excess errors)
XPASS: gcc.dg/ucnid-3.c (test for excess errors)
XPASS: gcc.dg/ucnid-4.c (test for excess errors)
FAIL: largefile.c -O0 -g (test for excess errors)
FAIL: largefile.c -O0 (test for excess errors)
FAIL: largefile.c -O1 (test for excess errors)
FAIL: largefile.c -O2 (test for excess errors)
FAIL: largefile.c -O3 -fomit-frame-pointer (test for excess errors)
FAIL: largefile.c -O3 -g (test for excess errors)
FAIL: largefile.c -Os (test for excess errors)
FAIL: gcc.dg/tls/opt-2.c (test for excess errors)
XPASS: gcc.dg/tree-ssa/20040204-1.c scan-tree-dump-times link_error 0
FAIL: gcc.target/i386/20060512-1.c execution test
FAIL: gcc.target/i386/20060512-3.c execution test
FAIL: gcc.target/i386/abi-1.c scan-assembler xmm0
FAIL: gcc.target/i386/fastcall-sseregparm.c execution test
FAIL: gcc.target/i386/pr13685.c execution test
FAIL: gcc.target/i386/sse-10.c execution test
FAIL: gcc.target/i386/sse-11.c execution test
FAIL: gcc.target/i386/sse-17.c execution test
FAIL: gcc.target/i386/sse-18.c execution test
FAIL: gcc.target/i386/sse-3.c execution test
FAIL: gcc.target/i386/sse-6.c execution test
FAIL: gcc.target/i386/sse2-vec-1.c execution test
FAIL: gcc.target/i386/sse2-vec-2.c execution test
FAIL: gcc.target/i386/sse2-vec-3.c execution test
FAIL: gcc.target/i386/sse2-vec-4.c execution test
FAIL: gcc.target/i386/sse2-vec-5.c execution test
FAIL: gcc.target/i386/sse2-vec-6.c execution test
FAIL: gcc.target/i386/sse3-addsubpd.c execution test
FAIL: gcc.target/i386/sse3-addsubps.c execution test
FAIL: gcc.target/i386/sse3-haddpd.c execution test
FAIL: gcc.target/i386/sse3-haddps.c execution test
FAIL: gcc.target/i386/sse3-hsubpd.c execution test
FAIL: gcc.target/i386/sse3-hsubps.c execution test
FAIL: gcc.target/i386/sse3-lddqu.c execution test
FAIL: gcc.target/i386/sse3-movddup.c execution test
FAIL: gcc.target/i386/sse3-movshdup.c execution test
FAIL: gcc.target/i386/sse3-movsldup.c execution test
FAIL: gcc.target/i386/ssefn-3.c execution test
FAIL: gcc.target/i386/ssefn-4.c execution test
=== gcc Summary ===
# of expected passes 42410
# of unexpected failures 37
# of unexpected successes 5
# of expected failures 114
# of untested testcases 35
# of unsupported tests 337
/export/home/tgc/buildpkg/gcc42/src/all_native/gcc/xgcc version 4.2.4
=== gfortran tests ===
Running target unix
FAIL: gfortran.dg/f2c_2.f90 -O0 execution test
FAIL: gfortran.dg/f2c_2.f90 -O1 execution test
FAIL: gfortran.dg/f2c_2.f90 -O2 execution test
FAIL: gfortran.dg/f2c_2.f90 -O3 -fomit-frame-pointer execution test
FAIL: gfortran.dg/f2c_2.f90 -O3 -fomit-frame-pointer -funroll-loops execution test
FAIL: gfortran.dg/f2c_2.f90 -O3 -fomit-frame-pointer -funroll-all-loops -finline-functions execution test
FAIL: gfortran.dg/f2c_2.f90 -O3 -g execution test
FAIL: gfortran.dg/f2c_2.f90 -Os execution test
FAIL: gfortran.dg/specifics_1.f90 -O0 execution test
FAIL: gfortran.dg/specifics_1.f90 -O1 execution test
FAIL: gfortran.dg/specifics_1.f90 -O2 execution test
FAIL: gfortran.dg/specifics_1.f90 -O3 -fomit-frame-pointer execution test
FAIL: gfortran.dg/specifics_1.f90 -O3 -fomit-frame-pointer -funroll-loops execution test
FAIL: gfortran.dg/specifics_1.f90 -O3 -fomit-frame-pointer -funroll-all-loops -finline-functions execution test
FAIL: gfortran.dg/specifics_1.f90 -O3 -g execution test
FAIL: gfortran.dg/specifics_1.f90 -Os execution test
FAIL: gfortran.dg/vect/vect-5.f90 -O execution test
FAIL: gfortran.fortran-torture/execute/specifics.f90 execution, -O0
FAIL: gfortran.fortran-torture/execute/specifics.f90 execution, -O1
FAIL: gfortran.fortran-torture/execute/specifics.f90 execution, -O2
FAIL: gfortran.fortran-torture/execute/specifics.f90 execution, -O3 -fomit-frame-pointer
FAIL: gfortran.fortran-torture/execute/specifics.f90 execution, -O3 -fomit-frame-pointer -funroll-loops
FAIL: gfortran.fortran-torture/execute/specifics.f90 execution, -O3 -fomit-frame-pointer -funroll-all-loops -finline-functions
FAIL: gfortran.fortran-torture/execute/specifics.f90 execution, -O3 -g
FAIL: gfortran.fortran-torture/execute/specifics.f90 execution, -Os
=== gfortran Summary ===
# of expected passes 16129
# of unexpected failures 25
# of expected failures 7
# of unsupported tests 80
/export/home/tgc/buildpkg/gcc42/src/all_native/gcc/testsuite/gfortran/../../gfortran version 4.2.4
=== gnat tests ===
Running target unix
=== gnat Summary ===
# of expected passes 42
=== obj-c++ tests ===
Running target unix
WARNING: obj-c++.dg/lookup-2.mm compilation failed to produce executable
WARNING: obj-c++.dg/try-catch-2.mm compilation failed to produce executable
WARNING: obj-c++.dg/try-catch-9.mm compilation failed to produce executable
=== obj-c++ Summary ===
# of expected passes 441
# of expected failures 6
# of unsupported tests 14
/export/home/tgc/buildpkg/gcc42/src/all_native/gcc/testsuite/obj-c++/../../g++ version 4.2.4
=== objc tests ===
Running target unix
=== objc Summary ===
# of expected passes 1802
# of expected failures 7
# of unsupported tests 26
/export/home/tgc/buildpkg/gcc42/src/all_native/gcc/xgcc version 4.2.4
=== libgomp tests ===
Running target unix
WARNING: program timed out.
FAIL: libgomp.c/appendix-a/a.18.1.c execution test
WARNING: program timed out.
FAIL: libgomp.fortran/appendix-a/a.18.1.f90 -O0 execution test
WARNING: program timed out.
FAIL: libgomp.fortran/appendix-a/a.18.1.f90 -O1 execution test
WARNING: program timed out.
FAIL: libgomp.fortran/appendix-a/a.18.1.f90 -O2 execution test
WARNING: program timed out.
FAIL: libgomp.fortran/appendix-a/a.18.1.f90 -O3 -fomit-frame-pointer execution test
WARNING: program timed out.
FAIL: libgomp.fortran/appendix-a/a.18.1.f90 -O3 -fomit-frame-pointer -funroll-loops execution test
WARNING: program timed out.
FAIL: libgomp.fortran/appendix-a/a.18.1.f90 -O3 -fomit-frame-pointer -funroll-all-loops -finline-functions execution test
WARNING: program timed out.
FAIL: libgomp.fortran/appendix-a/a.18.1.f90 -O3 -g execution test
WARNING: program timed out.
FAIL: libgomp.fortran/appendix-a/a.18.1.f90 -Os execution test
=== libgomp Summary ===
# of expected passes 1347
# of unexpected failures 9
# of unsupported tests 109
=== libstdc++ tests ===
Running target unix
FAIL: 22_locale/ctype/is/char/1.cc execution test
FAIL: 27_io/basic_istream/extractors_arithmetic/char/12.cc execution test
=== libstdc++ Summary ===
# of expected passes 3036
# of unexpected failures 2
# of expected failures 12
# of unsupported tests 152
Compiler version: 4.2.4
Platform: i386-pc-solaris2.6
configure flags: --prefix=/usr/tgcware/gcc-4.2.4 --with-local-prefix=/usr/tgcware/gcc-4.2.4 --with-libiconv-prefix=/usr/tgcware --with-gmp=/usr/tgcware --with-mpfr=/usr/tgcware --disable-nls --enable-shared --enable-threads=posix95 --with-gnu-as --with-as=/usr/tgcware/bin/gas --enable-languages=c,ada,c++,fortran,objc,obj-c++