This is the mail archive of the
gcc-testresults@gcc.gnu.org
mailing list for the GCC project.
Results for 4.3.1 20080522 (prerelease) (GCC) testsuite on sparc-sun-solaris2.10
- From: rkiesling <rkiesling at earthlink dot net>
- To: gcc-testresults at gcc dot gnu dot org
- Date: Thu, 29 May 2008 23:06:27 -0400 (EDT)
- Subject: Results for 4.3.1 20080522 (prerelease) (GCC) testsuite on sparc-sun-solaris2.10
- Reply-to: ctalk at ctalklang dot org
LAST_UPDATED: Obtained from SVN: branches/gcc-4_3-branch revision 135779
Native configuration is sparc-sun-solaris2.10
=== g++ tests ===
Running target unix
FAIL: g++.dg/opt/anchor1.C execution test
FAIL: g++.dg/other/anon5.C (test for errors, line 19)
FAIL: g++.dg/other/anon5.C (test for excess errors)
WARNING: g++.dg/other/ucnid-1.C compilation failed to produce executable
XPASS: g++.old-deja/g++.other/init19.C execution test
=== g++ Summary ===
# of expected passes 17293
# of unexpected failures 3
# of unexpected successes 1
# of expected failures 84
# of unsupported tests 207
/export/home/gccb/gcc-build/gcc/testsuite/g++/../../g++ version 4.3.1 20080522 (prerelease) (GCC)
=== gcc tests ===
Running target unix
FAIL: gcc.c-torture/compile/limits-fnargs.c -O2 (test for excess errors)
FAIL: gcc.c-torture/compile/limits-fnargs.c -O3 -fomit-frame-pointer (test for excess errors)
FAIL: gcc.c-torture/compile/limits-fnargs.c -O3 -g (test for excess errors)
FAIL: gcc.c-torture/compile/limits-fnargs.c -Os (test for excess errors)
FAIL: gcc.c-torture/compile/limits-structnest.c -O2 (test for excess errors)
FAIL: gcc.c-torture/compile/limits-structnest.c -O3 -fomit-frame-pointer (test for excess errors)
FAIL: gcc.c-torture/compile/limits-structnest.c -O3 -g (test for excess errors)
FAIL: gcc.c-torture/compile/limits-structnest.c -Os (test for excess errors)
FAIL: gcc.dg/pragma-align-2.c (test for errors, line 22)
FAIL: gcc.dg/pragma-align-2.c (test for errors, line 23)
FAIL: gcc.dg/pragma-align-2.c (test for errors, line 24)
FAIL: gcc.dg/pragma-align-2.c (test for errors, line 25)
FAIL: gcc.dg/pragma-align-2.c (test for errors, line 26)
FAIL: gcc.dg/pragma-align-2.c (test for errors, line 30)
FAIL: gcc.dg/pragma-align-2.c (test for excess errors)
FAIL: gcc.dg/pragma-init-fini.c (test for errors, line 7)
FAIL: gcc.dg/pragma-init-fini.c (test for errors, line 8)
FAIL: gcc.dg/pragma-init-fini.c (test for errors, line 9)
FAIL: gcc.dg/pragma-init-fini.c (test for errors, line 11)
FAIL: gcc.dg/pragma-init-fini.c (test for errors, line 12)
FAIL: gcc.dg/pragma-init-fini.c (test for errors, line 13)
FAIL: gcc.dg/pragma-init-fini.c (test for excess errors)
WARNING: gcc.dg/ucnid-2.c compilation failed to produce executable
WARNING: gcc.dg/ucnid-3.c compilation failed to produce executable
WARNING: gcc.dg/ucnid-4.c compilation failed to produce executable
FAIL: gcc.dg/format/cmn-err-1.c (test for errors, line 31)
FAIL: gcc.dg/format/cmn-err-1.c (test for errors, line 32)
FAIL: gcc.dg/format/cmn-err-1.c (test for errors, line 33)
FAIL: gcc.dg/format/cmn-err-1.c (test for errors, line 34)
FAIL: gcc.dg/format/cmn-err-1.c (test for errors, line 35)
FAIL: gcc.dg/format/cmn-err-1.c (test for errors, line 36)
FAIL: gcc.dg/format/cmn-err-1.c (test for excess errors)
FAIL: gcc.dg/format/cmn-err-1.c -DWIDE (test for errors, line 31)
FAIL: gcc.dg/format/cmn-err-1.c -DWIDE (test for errors, line 32)
FAIL: gcc.dg/format/cmn-err-1.c -DWIDE (test for errors, line 33)
FAIL: gcc.dg/format/cmn-err-1.c -DWIDE (test for errors, line 34)
FAIL: gcc.dg/format/cmn-err-1.c -DWIDE (test for errors, line 35)
FAIL: gcc.dg/format/cmn-err-1.c -DWIDE (test for errors, line 36)
FAIL: gcc.dg/format/cmn-err-1.c -DWIDE (test for excess errors)
FAIL: gcc.dg/vect/pr33804.c scan-tree-dump-times vect "vectorized 1 loops" 1
FAIL: gcc.dg/vect/pr33804.c scan-tree-dump-times vect "vectorizing stmts using SLP" 1
FAIL: gcc.dg/vect/pr33953.c scan-tree-dump-times vect "vectorized 1 loops" 1
FAIL: gcc.dg/vect/pr33953.c scan-tree-dump-times vect "vectorizing stmts using SLP" 1
FAIL: gcc.dg/vect/vect-35.c scan-tree-dump-times vect "vectorized 1 loops" 1
FAIL: gcc.dg/vect/vect-iv-6.c scan-tree-dump-times vect "vectorized 1 loops" 1
FAIL: gcc.dg/vect/vect-multitypes-5.c scan-tree-dump-times vect "vectorized 1 loops" 1
FAIL: gcc.dg/vect/vect-multitypes-6.c scan-tree-dump-times vect "vectorized 1 loops" 1
FAIL: gcc.dg/vect/vect-outer-5.c scan-tree-dump-times vect "OUTER LOOP VECTORIZED" 1
FAIL: gcc.dg/vect/vect-outer-5.c scan-tree-dump-times vect "zero step in outer loop." 1
FAIL: gcc.dg/vect/vect-outer-6.c scan-tree-dump-times vect "OUTER LOOP VECTORIZED" 1
FAIL: gcc.dg/vect/vect-outer-6.c scan-tree-dump-times vect "zero step in outer loop." 1
FAIL: gcc.dg/vect/vect-vfa-slp.c scan-tree-dump-times vect "vectorized 1 loops" 1
FAIL: gcc.dg/vect/slp-15.c scan-tree-dump-times vect "vectorizing stmts using SLP" 2
FAIL: gcc.dg/vect/slp-25.c scan-tree-dump-times vect "Alignment of access forced using peeling" 2
FAIL: gcc.dg/vect/slp-3.c scan-tree-dump-times vect "vectorized 3 loops" 1
FAIL: gcc.dg/vect/slp-3.c scan-tree-dump-times vect "vectorizing stmts using SLP" 3
FAIL: gcc.dg/vect/no-vfa-pr29145.c scan-tree-dump-times vect "vectorized 0 loops" 2
FAIL: gcc.dg/vect/no-vfa-pr29145.c scan-tree-dump-times vect "vectorized 1 loops" 1
FAIL: gcc.dg/vect/no-vfa-vect-depend-1.c scan-tree-dump-times vect "vectorized 1 loops" 1
FAIL: gcc.target/sparc/pdist-3.c (internal compiler error)
FAIL: gcc.target/sparc/pdist-3.c (test for excess errors)
WARNING: gcc.target/sparc/pdist-3.c compilation failed to produce executable
=== gcc Summary ===
# of expected passes 46631
# of unexpected failures 58
# of expected failures 193
# of untested testcases 35
# of unsupported tests 480
/export/home/gccb/gcc-build/gcc/xgcc version 4.3.1 20080522 (prerelease) (GCC)
Compiler version: 4.3.1 20080522 (prerelease) (GCC)
Platform: sparc-sun-solaris2.10
configure flags: --prefix=/usr/local/gcc-4.3-rc2 --enable-languages=c,c++ --disable-multilib
--
Ctalk Home Page: http://www.ctalklang.org