This is the mail archive of the
gcc-testresults@gcc.gnu.org
mailing list for the GCC project.
Results for 4.3.0 (GCC) testsuite on alphaev56-unknown-linux-gnu
- From: Laurent GUERBY <laurent at guerby dot net>
- To: gcc-test <gcc-testresults at gcc dot gnu dot org>
- Date: Wed, 28 May 2008 21:41:08 +0200
- Subject: Results for 4.3.0 (GCC) testsuite on alphaev56-unknown-linux-gnu
LAST_UPDATED: Obtained from SVN: tags/gcc_4_3_0_release revision 132947
Native configuration is alphaev56-unknown-linux-gnu
=== libffi tests ===
Running target unix
=== libffi Summary ===
# of expected passes 1389
# of unsupported tests 10
=== libgomp tests ===
Running target unix
FAIL: libgomp.c/copyin-1.c execution test
FAIL: libgomp.c/copyin-2.c execution test
FAIL: libgomp.c/copyin-3.c execution test
FAIL: libgomp.c++/copyin-1.C -O0 execution test
FAIL: libgomp.c++/copyin-1.C -O1 execution test
FAIL: libgomp.c++/copyin-1.C -O2 execution test
FAIL: libgomp.c++/copyin-1.C -O3 -fomit-frame-pointer execution test
FAIL: libgomp.c++/copyin-1.C -O3 -fomit-frame-pointer -funroll-loops execution test
FAIL: libgomp.c++/copyin-1.C -O3 -fomit-frame-pointer -funroll-all-loops -finline-functions execution test
FAIL: libgomp.c++/copyin-1.C -O3 -g execution test
FAIL: libgomp.c++/copyin-1.C -Os execution test
FAIL: libgomp.c++/copyin-2.C -O0 execution test
FAIL: libgomp.c++/copyin-2.C -O1 execution test
FAIL: libgomp.c++/copyin-2.C -O2 execution test
FAIL: libgomp.c++/copyin-2.C -O3 -fomit-frame-pointer execution test
FAIL: libgomp.c++/copyin-2.C -O3 -fomit-frame-pointer -funroll-loops execution test
FAIL: libgomp.c++/copyin-2.C -O3 -fomit-frame-pointer -funroll-all-loops -finline-functions execution test
FAIL: libgomp.c++/copyin-2.C -O3 -g execution test
FAIL: libgomp.c++/copyin-2.C -Os execution test
FAIL: libgomp.fortran/threadprivate2.f90 -O0 execution test
FAIL: libgomp.fortran/threadprivate2.f90 -O1 execution test
FAIL: libgomp.fortran/threadprivate2.f90 -O2 execution test
FAIL: libgomp.fortran/threadprivate2.f90 -O3 -fomit-frame-pointer execution test
FAIL: libgomp.fortran/threadprivate2.f90 -O3 -fomit-frame-pointer -funroll-loops execution test
FAIL: libgomp.fortran/threadprivate2.f90 -O3 -fomit-frame-pointer -funroll-all-loops -finline-functions execution test
FAIL: libgomp.fortran/threadprivate2.f90 -O3 -g execution test
FAIL: libgomp.fortran/threadprivate2.f90 -Os execution test
FAIL: libgomp.fortran/threadprivate3.f90 -O0 execution test
FAIL: libgomp.fortran/threadprivate3.f90 -O1 execution test
FAIL: libgomp.fortran/threadprivate3.f90 -O2 execution test
FAIL: libgomp.fortran/threadprivate3.f90 -O3 -fomit-frame-pointer (internal compiler error)
FAIL: libgomp.fortran/threadprivate3.f90 -O3 -fomit-frame-pointer (test for excess errors)
UNRESOLVED: libgomp.fortran/threadprivate3.f90 -O3 -fomit-frame-pointer compilation failed to produce executable
FAIL: libgomp.fortran/threadprivate3.f90 -O3 -fomit-frame-pointer -funroll-loops (internal compiler error)
FAIL: libgomp.fortran/threadprivate3.f90 -O3 -fomit-frame-pointer -funroll-loops (test for excess errors)
UNRESOLVED: libgomp.fortran/threadprivate3.f90 -O3 -fomit-frame-pointer -funroll-loops compilation failed to produce executable
FAIL: libgomp.fortran/threadprivate3.f90 -O3 -fomit-frame-pointer -funroll-all-loops -finline-functions (internal compiler error)
FAIL: libgomp.fortran/threadprivate3.f90 -O3 -fomit-frame-pointer -funroll-all-loops -finline-functions (test for excess errors)
UNRESOLVED: libgomp.fortran/threadprivate3.f90 -O3 -fomit-frame-pointer -funroll-all-loops -finline-functions compilation failed to produce executable
FAIL: libgomp.fortran/threadprivate3.f90 -O3 -g (internal compiler error)
FAIL: libgomp.fortran/threadprivate3.f90 -O3 -g (test for excess errors)
UNRESOLVED: libgomp.fortran/threadprivate3.f90 -O3 -g compilation failed to produce executable
FAIL: libgomp.fortran/threadprivate3.f90 -Os execution test
=== libgomp Summary ===
# of expected passes 1660
# of unexpected failures 39
# of unresolved testcases 4
=== libjava tests ===
Running target unix
FAIL: TestClosureGC run
FAIL: natgetargssize.cc compilation
FAIL: natgetlocalvartable.cc compilation
FAIL: natgetstacktrace.cc compilation
FAIL: natevents.cc compilation
FAIL: natgetallthreads.cc compilation
FAIL: natgeterrorname.cc compilation
FAIL: natgetmethodname.cc compilation
FAIL: Array_3 execution - source compiled test
FAIL: Array_3 -findirect-dispatch execution - source compiled test
FAIL: Array_3 -O3 execution - source compiled test
FAIL: Array_3 -O3 -findirect-dispatch execution - source compiled test
FAIL: Invoke_1 execution - source compiled test
FAIL: Invoke_1 -findirect-dispatch execution - source compiled test
FAIL: Invoke_1 -O3 execution - source compiled test
FAIL: Invoke_1 -O3 -findirect-dispatch execution - source compiled test
FAIL: PR218 output - source compiled test
FAIL: PR218 -O3 output - source compiled test
FAIL: StackTrace2 execution - source compiled test
FAIL: StackTrace2 -findirect-dispatch execution - source compiled test
FAIL: StackTrace2 -O3 execution - source compiled test
FAIL: StackTrace2 -O3 -findirect-dispatch execution - source compiled test
FAIL: Throw_2 execution - source compiled test
FAIL: Throw_2 -findirect-dispatch execution - source compiled test
FAIL: Throw_2 -O3 execution - source compiled test
FAIL: Throw_2 -O3 -findirect-dispatch execution - source compiled test
FAIL: Throw_3 output - source compiled test
FAIL: Throw_3 -findirect-dispatch output - source compiled test
FAIL: Throw_3 -O3 output - source compiled test
FAIL: Throw_3 -O3 -findirect-dispatch output - source compiled test
FAIL: pr83 -findirect-dispatch execution - source compiled test
FAIL: pr83 -O3 -findirect-dispatch execution - source compiled test
=== libjava Summary ===
# of expected passes 2489
# of unexpected failures 32
# of untested testcases 19
=== libmudflap tests ===
Running target unix
FAIL: libmudflap.c/fail17-frag.c (-static) (test for excess errors)
FAIL: libmudflap.c/fail23-frag.c (-static) (test for excess errors)
FAIL: libmudflap.c/fail25-frag.c (-static) (test for excess errors)
FAIL: libmudflap.c/fail4-frag.c (-static) (test for excess errors)
FAIL: libmudflap.c/fail5-frag.c (-static) (test for excess errors)
FAIL: libmudflap.c/fail6-frag.c (-static) (test for excess errors)
FAIL: libmudflap.c/fail7-frag.c (-static) (test for excess errors)
FAIL: libmudflap.c/fail8-frag.c (-static) (test for excess errors)
FAIL: libmudflap.c/fail9-frag.c (-static) (test for excess errors)
FAIL: libmudflap.c/heap-scalestress.c (-static) (test for excess errors)
FAIL: libmudflap.c/hook-allocstuff.c (-static) (test for excess errors)
FAIL: libmudflap.c/pass-stratcliff.c (-static) (test for excess errors)
FAIL: libmudflap.c/pass30-frag.c (-static) (test for excess errors)
FAIL: libmudflap.c/pass30-frag.c (-static) (test for excess errors)
FAIL: libmudflap.c/pass4-frag.c (-static) (test for excess errors)
FAIL: libmudflap.c/pass4-frag.c (-static) (test for excess errors)
FAIL: libmudflap.c/pass45-frag.c (-static) (test for excess errors)
FAIL: libmudflap.c/pass45-frag.c (-static) (test for excess errors)
FAIL: libmudflap.c/pass46-frag.c (-static) (test for excess errors)
FAIL: libmudflap.c/pass46-frag.c (-static) (test for excess errors)
FAIL: libmudflap.c/pass47-frag.c (-static) (test for excess errors)
FAIL: libmudflap.c/pass47-frag.c (-static) (test for excess errors)
FAIL: libmudflap.c/pass49-frag.c (-static) (test for excess errors)
FAIL: libmudflap.c/pass49-frag.c (-static) (test for excess errors)
FAIL: libmudflap.c/pass5-frag.c (-static) (test for excess errors)
FAIL: libmudflap.c/pass5-frag.c (-static) (test for excess errors)
FAIL: libmudflap.c/pass51-frag.c (-static) (test for excess errors)
FAIL: libmudflap.c/pass51-frag.c (-static) (test for excess errors)
FAIL: libmudflap.c/pass52-frag.c (-static) (test for excess errors)
FAIL: libmudflap.c/pass52-frag.c (-static) (test for excess errors)
FAIL: libmudflap.c/pass6-frag.c (-static) (test for excess errors)
FAIL: libmudflap.c/pass6-frag.c (-static) (test for excess errors)
FAIL: libmudflap.c/pass7-frag.c (-static) (test for excess errors)
FAIL: libmudflap.c/pass7-frag.c (-static) (test for excess errors)
FAIL: libmudflap.c/pass8-frag.c (-static) (test for excess errors)
FAIL: libmudflap.c/pass8-frag.c (-static) (test for excess errors)
FAIL: libmudflap.c/pass9-frag.c (-static) (test for excess errors)
FAIL: libmudflap.c/pass9-frag.c (-static) (test for excess errors)
FAIL: libmudflap.c++/pass41-frag.cxx execution test
FAIL: libmudflap.c++/fail24-frag.cxx (-static) (test for excess errors)
FAIL: libmudflap.c++/pass31-frag.cxx (-static) (test for excess errors)
FAIL: libmudflap.c++/pass41-frag.cxx (-static) execution test
FAIL: libmudflap.c++/pass41-frag.cxx ( -O) execution test
FAIL: libmudflap.c++/pass41-frag.cxx (-O2) execution test
FAIL: libmudflap.c++/pass41-frag.cxx (-O3) execution test
FAIL: libmudflap.cth/pass37-frag.c (-static -DSTATIC) (test for excess errors)
FAIL: libmudflap.cth/pass37-frag.c (-static -DSTATIC) output pattern test
FAIL: libmudflap.cth/pass37-frag.c (-static -DSTATIC) (rerun 1) output pattern test
FAIL: libmudflap.cth/pass37-frag.c (-static -DSTATIC) (rerun 2) output pattern test
FAIL: libmudflap.cth/pass37-frag.c (-static -DSTATIC) (rerun 3) output pattern test
FAIL: libmudflap.cth/pass37-frag.c (-static -DSTATIC) (rerun 4) output pattern test
FAIL: libmudflap.cth/pass37-frag.c (-static -DSTATIC) (rerun 5) output pattern test
FAIL: libmudflap.cth/pass37-frag.c (-static -DSTATIC) (rerun 6) output pattern test
FAIL: libmudflap.cth/pass37-frag.c (-static -DSTATIC) (rerun 7) output pattern test
FAIL: libmudflap.cth/pass37-frag.c (-static -DSTATIC) (rerun 8) output pattern test
FAIL: libmudflap.cth/pass37-frag.c (-static -DSTATIC) (rerun 9) output pattern test
FAIL: libmudflap.cth/pass37-frag.c (-static -DSTATIC) (rerun 10) output pattern test
FAIL: libmudflap.cth/pass37-frag.c (-static -DSTATIC) (rerun 11) output pattern test
FAIL: libmudflap.cth/pass37-frag.c (-static -DSTATIC) (rerun 12) output pattern test
FAIL: libmudflap.cth/pass37-frag.c (-static -DSTATIC) (rerun 13) output pattern test
FAIL: libmudflap.cth/pass37-frag.c (-static -DSTATIC) (rerun 14) output pattern test
FAIL: libmudflap.cth/pass37-frag.c (-static -DSTATIC) (rerun 15) output pattern test
FAIL: libmudflap.cth/pass37-frag.c (-static -DSTATIC) (rerun 16) output pattern test
FAIL: libmudflap.cth/pass37-frag.c (-static -DSTATIC) (rerun 17) output pattern test
FAIL: libmudflap.cth/pass37-frag.c (-static -DSTATIC) (rerun 18) output pattern test
FAIL: libmudflap.cth/pass37-frag.c (-static -DSTATIC) (rerun 19) output pattern test
FAIL: libmudflap.cth/pass39-frag.c (-static -DSTATIC) (test for excess errors)
FAIL: libmudflap.cth/pass39-frag.c (-static -DSTATIC) output pattern test
FAIL: libmudflap.cth/pass39-frag.c (-static -DSTATIC) (rerun 1) output pattern test
FAIL: libmudflap.cth/pass39-frag.c (-static -DSTATIC) (rerun 2) output pattern test
FAIL: libmudflap.cth/pass39-frag.c (-static -DSTATIC) (rerun 3) output pattern test
FAIL: libmudflap.cth/pass39-frag.c (-static -DSTATIC) (rerun 4) output pattern test
FAIL: libmudflap.cth/pass39-frag.c (-static -DSTATIC) (rerun 5) output pattern test
FAIL: libmudflap.cth/pass39-frag.c (-static -DSTATIC) (rerun 6) output pattern test
FAIL: libmudflap.cth/pass39-frag.c (-static -DSTATIC) (rerun 7) output pattern test
FAIL: libmudflap.cth/pass39-frag.c (-static -DSTATIC) (rerun 8) output pattern test
FAIL: libmudflap.cth/pass39-frag.c (-static -DSTATIC) (rerun 9) output pattern test
FAIL: libmudflap.cth/pass39-frag.c (-static -DSTATIC) (rerun 10) output pattern test
FAIL: libmudflap.cth/pass39-frag.c (-static -DSTATIC) (rerun 11) output pattern test
FAIL: libmudflap.cth/pass39-frag.c (-static -DSTATIC) (rerun 12) output pattern test
FAIL: libmudflap.cth/pass39-frag.c (-static -DSTATIC) (rerun 13) output pattern test
FAIL: libmudflap.cth/pass39-frag.c (-static -DSTATIC) (rerun 14) output pattern test
FAIL: libmudflap.cth/pass39-frag.c (-static -DSTATIC) (rerun 15) output pattern test
FAIL: libmudflap.cth/pass39-frag.c (-static -DSTATIC) (rerun 16) output pattern test
FAIL: libmudflap.cth/pass39-frag.c (-static -DSTATIC) (rerun 17) output pattern test
FAIL: libmudflap.cth/pass39-frag.c (-static -DSTATIC) (rerun 18) output pattern test
FAIL: libmudflap.cth/pass39-frag.c (-static -DSTATIC) (rerun 19) output pattern test
FAIL: libmudflap.cth/pass40-frag.c (-static -DSTATIC) (test for excess errors)
FAIL: libmudflap.cth/pass40-frag.c (-static -DSTATIC) output pattern test
FAIL: libmudflap.cth/pass59-frag.c (-static -DSTATIC) (test for excess errors)
=== libmudflap Summary ===
# of expected passes 1759
# of unexpected failures 90
=== libstdc++ tests ===
Running target unix
FAIL: abi_check
XPASS: 26_numerics/headers/cmath/c99_classification_macros_c.cc (test for excess errors)
WARNING: program timed out.
FAIL: thread/pthread2.cc execution test
WARNING: program timed out.
FAIL: thread/pthread3.cc execution test
=== libstdc++ Summary ===
# of expected passes 4924
# of unexpected failures 3
# of unexpected successes 1
# of expected failures 57
# of unsupported tests 326
=== acats tests ===
FAIL: c456001
FAIL: c45624a
FAIL: c45624b
FAIL: c4a013a
FAIL: cb3003a
FAIL: ce3809a
FAIL: cxa4034
FAIL: cxa5a03
FAIL: cxf3a01
FAIL: cxf3a02
FAIL: cxg2002
FAIL: cxg2017
FAIL: cxg2020
=== acats Summary ===
# of expected passes 2302
# of unexpected failures 13
=== gcc tests ===
Running target unix
WARNING: program timed out.
FAIL: gcc.c-torture/compile/20001226-1.c -O2 (test for excess errors)
WARNING: program timed out.
FAIL: gcc.c-torture/compile/20001226-1.c -O3 -fomit-frame-pointer (test for excess errors)
WARNING: program timed out.
FAIL: gcc.c-torture/compile/20001226-1.c -O3 -g (test for excess errors)
WARNING: program timed out.
FAIL: gcc.c-torture/compile/20001226-1.c -Os (test for excess errors)
FAIL: gcc.dg/20050811-1.c (internal compiler error)
FAIL: gcc.dg/20050811-1.c (test for excess errors)
FAIL: gcc.dg/cleanup-10.c execution test
FAIL: gcc.dg/cleanup-11.c execution test
FAIL: gcc.dg/cleanup-8.c execution test
FAIL: gcc.dg/cleanup-9.c execution test
FAIL: gcc.dg/pr17024-1.c (internal compiler error)
FAIL: gcc.dg/pr17024-1.c (test for excess errors)
FAIL: gcc.dg/pr28796-2.c (internal compiler error)
FAIL: gcc.dg/pr28796-2.c (test for excess errors)
UNRESOLVED: gcc.dg/pr28796-2.c compilation failed to produce executable
FAIL: gcc.dg/struct-ret-3.c execution test
FAIL: gcc.dg/torture/type-generic-1.c -O0 execution test
FAIL: gcc.dg/torture/type-generic-1.c -O1 execution test
FAIL: gcc.dg/torture/type-generic-1.c -O2 execution test
FAIL: gcc.dg/torture/type-generic-1.c -O3 -fomit-frame-pointer execution test
FAIL: gcc.dg/torture/type-generic-1.c -O3 -g execution test
FAIL: gcc.dg/torture/type-generic-1.c -Os execution test
=== gcc Summary ===
# of expected passes 45580
# of unexpected failures 21
# of expected failures 91
# of unresolved testcases 1
# of untested testcases 35
# of unsupported tests 332
/home/guerby/build/gcc/xgcc version 4.3.0 (GCC)
=== gfortran tests ===
Running target unix
FAIL: gfortran.dg/boz_9.f90 -O0 execution test
FAIL: gfortran.dg/boz_9.f90 -O1 execution test
FAIL: gfortran.dg/boz_9.f90 -O2 execution test
FAIL: gfortran.dg/boz_9.f90 -O3 -fomit-frame-pointer execution test
FAIL: gfortran.dg/boz_9.f90 -O3 -fomit-frame-pointer -funroll-loops execution test
FAIL: gfortran.dg/boz_9.f90 -O3 -fomit-frame-pointer -funroll-all-loops -finline-functions execution test
FAIL: gfortran.dg/boz_9.f90 -O3 -g execution test
FAIL: gfortran.dg/boz_9.f90 -Os execution test
FAIL: gfortran.dg/default_format_1.f90 -O0 execution test
FAIL: gfortran.dg/default_format_1.f90 -O1 execution test
FAIL: gfortran.dg/default_format_1.f90 -O2 execution test
FAIL: gfortran.dg/default_format_1.f90 -O3 -fomit-frame-pointer execution test
FAIL: gfortran.dg/default_format_1.f90 -O3 -fomit-frame-pointer -funroll-loops execution test
FAIL: gfortran.dg/default_format_1.f90 -O3 -fomit-frame-pointer -funroll-all-loops -finline-functions execution test
FAIL: gfortran.dg/default_format_1.f90 -O3 -g execution test
FAIL: gfortran.dg/default_format_1.f90 -Os execution test
FAIL: gfortran.dg/default_format_denormal_1.f90 -O0 execution test
FAIL: gfortran.dg/default_format_denormal_1.f90 -O1 execution test
FAIL: gfortran.dg/default_format_denormal_1.f90 -O2 execution test
FAIL: gfortran.dg/default_format_denormal_1.f90 -O3 -fomit-frame-pointer execution test
FAIL: gfortran.dg/default_format_denormal_1.f90 -O3 -fomit-frame-pointer -funroll-loops execution test
FAIL: gfortran.dg/default_format_denormal_1.f90 -O3 -fomit-frame-pointer -funroll-all-loops -finline-functions execution test
FAIL: gfortran.dg/default_format_denormal_1.f90 -O3 -g execution test
FAIL: gfortran.dg/default_format_denormal_1.f90 -Os execution test
FAIL: gfortran.dg/init_flag_3.f90 -O0 execution test
FAIL: gfortran.dg/init_flag_3.f90 -O1 execution test
FAIL: gfortran.dg/init_flag_3.f90 -O2 execution test
FAIL: gfortran.dg/init_flag_3.f90 -O3 -fomit-frame-pointer execution test
FAIL: gfortran.dg/init_flag_3.f90 -O3 -fomit-frame-pointer -funroll-loops execution test
FAIL: gfortran.dg/init_flag_3.f90 -O3 -fomit-frame-pointer -funroll-all-loops -finline-functions execution test
FAIL: gfortran.dg/init_flag_3.f90 -O3 -g execution test
FAIL: gfortran.dg/init_flag_3.f90 -Os execution test
FAIL: gfortran.dg/init_flag_4.f90 -O0 execution test
FAIL: gfortran.dg/init_flag_4.f90 -O1 execution test
FAIL: gfortran.dg/init_flag_4.f90 -O2 execution test
FAIL: gfortran.dg/init_flag_4.f90 -O3 -fomit-frame-pointer execution test
FAIL: gfortran.dg/init_flag_4.f90 -O3 -fomit-frame-pointer -funroll-loops execution test
FAIL: gfortran.dg/init_flag_4.f90 -O3 -fomit-frame-pointer -funroll-all-loops -finline-functions execution test
FAIL: gfortran.dg/init_flag_4.f90 -O3 -g execution test
FAIL: gfortran.dg/init_flag_4.f90 -Os execution test
FAIL: gfortran.dg/init_flag_5.f90 -O0 execution test
FAIL: gfortran.dg/init_flag_5.f90 -O1 execution test
FAIL: gfortran.dg/init_flag_5.f90 -O2 execution test
FAIL: gfortran.dg/init_flag_5.f90 -O3 -fomit-frame-pointer execution test
FAIL: gfortran.dg/init_flag_5.f90 -O3 -fomit-frame-pointer -funroll-loops execution test
FAIL: gfortran.dg/init_flag_5.f90 -O3 -fomit-frame-pointer -funroll-all-loops -finline-functions execution test
FAIL: gfortran.dg/init_flag_5.f90 -O3 -g execution test
FAIL: gfortran.dg/init_flag_5.f90 -Os execution test
FAIL: gfortran.dg/integer_exponentiation_1.f90 -O0 execution test
FAIL: gfortran.dg/integer_exponentiation_5.F90 -O0 execution test
FAIL: gfortran.dg/integer_exponentiation_5.F90 -O1 execution test
FAIL: gfortran.dg/integer_exponentiation_5.F90 -O2 execution test
FAIL: gfortran.dg/integer_exponentiation_5.F90 -O3 -fomit-frame-pointer execution test
FAIL: gfortran.dg/integer_exponentiation_5.F90 -O3 -fomit-frame-pointer -funroll-loops execution test
FAIL: gfortran.dg/integer_exponentiation_5.F90 -O3 -fomit-frame-pointer -funroll-all-loops -finline-functions execution test
FAIL: gfortran.dg/integer_exponentiation_5.F90 -O3 -g execution test
FAIL: gfortran.dg/integer_exponentiation_5.F90 -Os execution test
FAIL: gfortran.dg/isnan_1.f90 -O0 execution test
FAIL: gfortran.dg/isnan_1.f90 -O1 execution test
FAIL: gfortran.dg/isnan_1.f90 -O2 execution test
FAIL: gfortran.dg/isnan_1.f90 -O3 -fomit-frame-pointer execution test
FAIL: gfortran.dg/isnan_1.f90 -O3 -fomit-frame-pointer -funroll-loops execution test
FAIL: gfortran.dg/isnan_1.f90 -O3 -fomit-frame-pointer -funroll-all-loops -finline-functions execution test
FAIL: gfortran.dg/isnan_1.f90 -O3 -g execution test
FAIL: gfortran.dg/isnan_1.f90 -Os execution test
FAIL: gfortran.dg/namelist_42.f90 -O0 execution test
FAIL: gfortran.dg/namelist_42.f90 -O1 execution test
FAIL: gfortran.dg/namelist_42.f90 -O2 execution test
FAIL: gfortran.dg/namelist_42.f90 -O3 -fomit-frame-pointer execution test
FAIL: gfortran.dg/namelist_42.f90 -O3 -fomit-frame-pointer -funroll-loops execution test
FAIL: gfortran.dg/namelist_42.f90 -O3 -fomit-frame-pointer -funroll-all-loops -finline-functions execution test
FAIL: gfortran.dg/namelist_42.f90 -O3 -g execution test
FAIL: gfortran.dg/namelist_42.f90 -Os execution test
FAIL: gfortran.dg/namelist_43.f90 -O0 execution test
FAIL: gfortran.dg/namelist_43.f90 -O1 execution test
FAIL: gfortran.dg/namelist_43.f90 -O2 execution test
FAIL: gfortran.dg/namelist_43.f90 -O3 -fomit-frame-pointer execution test
FAIL: gfortran.dg/namelist_43.f90 -O3 -fomit-frame-pointer -funroll-loops execution test
FAIL: gfortran.dg/namelist_43.f90 -O3 -fomit-frame-pointer -funroll-all-loops -finline-functions execution test
FAIL: gfortran.dg/namelist_43.f90 -O3 -g execution test
FAIL: gfortran.dg/namelist_43.f90 -Os execution test
FAIL: gfortran.dg/nan_1.f90 -O0 execution test
FAIL: gfortran.dg/nan_1.f90 -O1 execution test
FAIL: gfortran.dg/nan_1.f90 -O2 execution test
FAIL: gfortran.dg/nan_1.f90 -O3 -fomit-frame-pointer execution test
FAIL: gfortran.dg/nan_1.f90 -O3 -fomit-frame-pointer -funroll-loops execution test
FAIL: gfortran.dg/nan_1.f90 -O3 -fomit-frame-pointer -funroll-all-loops -finline-functions execution test
FAIL: gfortran.dg/nan_1.f90 -O3 -g execution test
FAIL: gfortran.dg/nan_1.f90 -Os execution test
FAIL: gfortran.dg/nan_2.f90 -O0 execution test
FAIL: gfortran.dg/nan_2.f90 -O1 execution test
FAIL: gfortran.dg/nan_2.f90 -O2 execution test
FAIL: gfortran.dg/nan_2.f90 -O3 -fomit-frame-pointer execution test
FAIL: gfortran.dg/nan_2.f90 -O3 -fomit-frame-pointer -funroll-loops execution test
FAIL: gfortran.dg/nan_2.f90 -O3 -fomit-frame-pointer -funroll-all-loops -finline-functions execution test
FAIL: gfortran.dg/nan_2.f90 -O3 -g execution test
FAIL: gfortran.dg/nan_2.f90 -Os execution test
FAIL: gfortran.dg/nan_3.f90 -O0 execution test
FAIL: gfortran.dg/nan_3.f90 -O1 execution test
FAIL: gfortran.dg/nan_3.f90 -O2 execution test
FAIL: gfortran.dg/nan_3.f90 -O3 -fomit-frame-pointer execution test
FAIL: gfortran.dg/nan_3.f90 -O3 -fomit-frame-pointer -funroll-loops execution test
FAIL: gfortran.dg/nan_3.f90 -O3 -fomit-frame-pointer -funroll-all-loops -finline-functions execution test
FAIL: gfortran.dg/nan_3.f90 -O3 -g execution test
FAIL: gfortran.dg/nan_3.f90 -Os execution test
FAIL: gfortran.dg/nearest_1.f90 -O0 execution test
FAIL: gfortran.dg/nearest_1.f90 -O1 execution test
FAIL: gfortran.dg/nearest_1.f90 -O2 execution test
FAIL: gfortran.dg/nearest_1.f90 -O3 -fomit-frame-pointer execution test
FAIL: gfortran.dg/nearest_1.f90 -O3 -fomit-frame-pointer -funroll-loops execution test
FAIL: gfortran.dg/nearest_1.f90 -O3 -fomit-frame-pointer -funroll-all-loops -finline-functions execution test
FAIL: gfortran.dg/nearest_1.f90 -O3 -g execution test
FAIL: gfortran.dg/nearest_1.f90 -Os execution test
FAIL: gfortran.dg/nearest_3.f90 -O0 execution test
FAIL: gfortran.dg/nearest_3.f90 -O1 execution test
FAIL: gfortran.dg/nearest_3.f90 -O2 execution test
FAIL: gfortran.dg/nearest_3.f90 -O3 -fomit-frame-pointer execution test
FAIL: gfortran.dg/nearest_3.f90 -O3 -fomit-frame-pointer -funroll-loops execution test
FAIL: gfortran.dg/nearest_3.f90 -O3 -fomit-frame-pointer -funroll-all-loops -finline-functions execution test
FAIL: gfortran.dg/nearest_3.f90 -O3 -g execution test
FAIL: gfortran.dg/nearest_3.f90 -Os execution test
FAIL: gfortran.dg/real_const_3.f90 -O0 execution test
FAIL: gfortran.dg/real_const_3.f90 -O1 execution test
FAIL: gfortran.dg/real_const_3.f90 -O2 execution test
FAIL: gfortran.dg/real_const_3.f90 -O3 -fomit-frame-pointer execution test
FAIL: gfortran.dg/real_const_3.f90 -O3 -fomit-frame-pointer -funroll-loops execution test
FAIL: gfortran.dg/real_const_3.f90 -O3 -fomit-frame-pointer -funroll-all-loops -finline-functions execution test
FAIL: gfortran.dg/real_const_3.f90 -O3 -g execution test
FAIL: gfortran.dg/real_const_3.f90 -Os execution test
FAIL: gfortran.dg/transfer_simplify_2.f90 -O0 execution test
FAIL: gfortran.dg/transfer_simplify_2.f90 -O1 execution test
FAIL: gfortran.dg/transfer_simplify_2.f90 -O2 execution test
FAIL: gfortran.dg/transfer_simplify_2.f90 -O3 -fomit-frame-pointer execution test
FAIL: gfortran.dg/transfer_simplify_2.f90 -O3 -fomit-frame-pointer -funroll-loops execution test
FAIL: gfortran.dg/transfer_simplify_2.f90 -O3 -fomit-frame-pointer -funroll-all-loops -finline-functions execution test
FAIL: gfortran.dg/transfer_simplify_2.f90 -O3 -g execution test
FAIL: gfortran.dg/transfer_simplify_2.f90 -Os execution test
FAIL: gfortran.fortran-torture/execute/intrinsic_len.f90 execution, -O3 -fomit-frame-pointer -funroll-loops
FAIL: gfortran.fortran-torture/execute/intrinsic_len.f90 execution, -O3 -fomit-frame-pointer -funroll-all-loops -finline-functions
=== gfortran Summary ===
# of expected passes 23374
# of unexpected failures 139
# of expected failures 3
# of unsupported tests 117
/home/guerby/build/gcc/testsuite/gfortran/../../gfortran version 4.3.0 (GCC)
=== g++ tests ===
Running target unix
FAIL: g++.dg/ext/cleanup-10.C execution test
FAIL: g++.dg/ext/cleanup-11.C execution test
FAIL: g++.dg/ext/cleanup-8.C execution test
FAIL: g++.dg/ext/cleanup-9.C execution test
FAIL: g++.dg/torture/type-generic-1.C -O0 execution test
FAIL: g++.dg/torture/type-generic-1.C -O1 execution test
FAIL: g++.dg/torture/type-generic-1.C -O2 execution test
FAIL: g++.dg/torture/type-generic-1.C -O3 -fomit-frame-pointer execution test
FAIL: g++.dg/torture/type-generic-1.C -O3 -g execution test
FAIL: g++.dg/torture/type-generic-1.C -Os execution test
=== g++ Summary ===
# of expected passes 17365
# of unexpected failures 10
# of expected failures 82
# of unsupported tests 137
/home/guerby/build/gcc/testsuite/g++/../../g++ version 4.3.0 (GCC)
=== gnat tests ===
Running target unix
FAIL: gnat.dg/frame_overflow.adb (test for errors, line 12)
FAIL: gnat.dg/frame_overflow.adb (test for errors, line 21)
FAIL: gnat.dg/socket1.adb execution test
FAIL: gnat.dg/socket2.adb execution test
=== gnat Summary ===
# of expected passes 344
# of unexpected failures 4
=== objc tests ===
Running target unix
=== objc Summary ===
# of expected passes 1810
# of expected failures 7
# of unsupported tests 25
/home/guerby/build/gcc/xgcc version 4.3.0 (GCC)
Compiler version: 4.3.0 (GCC)
Platform: alphaev56-unknown-linux-gnu
configure flags: --prefix=/opt/cfarm/release/4.3.0 --enable-languages=all,ada --enable-__cxa_atexit --disable-nls --enable-threads=posix --disable-multilib --with-mpfr=/opt/cfarm/mpfr-2.3.1
EOF