This is the mail archive of the
gcc-testresults@gcc.gnu.org
mailing list for the GCC project.
Results for 4.2.4 testsuite on sparc-sun-solaris2.6
- From: "Tom G. Christensen" <tgc at jupiterrise dot com>
- To: gcc-testresults at gcc dot gnu dot org
- Date: Tue, 27 May 2008 16:52:02 +0200 (MET DST)
- Subject: Results for 4.2.4 testsuite on sparc-sun-solaris2.6
Built with:
native as (108908-02)
native ld (107733-11)
gmp 4.2.2
mpfr 2.3.1
Bootstrap compiler:
Reading specs from /usr/tgcware/gcc-3.4.6/lib/gcc/sparc-sun-solaris2.6/3.4.6/specs
Configured with: ../gcc-3.4.6/configure --prefix=/usr/tgcware/gcc-3.4.6 --with-local-prefix=/usr/tgcware/gcc-3.4.6 --disable-nls --enable-shared --enable-languages=c,c++,f77,objc,ada
Thread model: posix
gcc version 3.4.6
LAST_UPDATED: Obtained from SVN: tags/gcc_4_2_4_release revision 135573
=== acats tests ===
FAIL: c380004
=== acats Summary ===
# of expected passes 2313
# of unexpected failures 1
Native configuration is sparc-sun-solaris2.6
=== g++ tests ===
Running target unix
ERROR: g++.dg/abi/rtti1.C: error executing dg-final: couldn't execute "c++filt": no such file or directory
UNRESOLVED: g++.dg/abi/rtti1.C: error executing dg-final: couldn't execute "c++filt": no such file or directory
WARNING: g++.dg/other/ucnid-1.C compilation failed to produce executable
FAIL: g++.dg/pch/externc-1.C -g assembly comparison
FAIL: g++.dg/pch/externc-1.C -O2 -g assembly comparison
FAIL: g++.dg/pch/static-1.C -g assembly comparison
FAIL: g++.dg/pch/static-1.C -O2 -g assembly comparison
FAIL: g++.dg/pch/system-1.C -g assembly comparison
FAIL: g++.dg/pch/system-1.C -O2 -g assembly comparison
FAIL: g++.dg/pch/system-2.C -g assembly comparison
FAIL: g++.dg/pch/system-2.C -O2 -g assembly comparison
FAIL: g++.dg/pch/uninst.C -g assembly comparison
FAIL: g++.dg/pch/uninst.C -O2 -g assembly comparison
FAIL: g++.dg/pch/wchar-1.C -g assembly comparison
FAIL: g++.dg/pch/wchar-1.C -O2 -g assembly comparison
XPASS: g++.old-deja/g++.other/init18.C execution test
XPASS: g++.old-deja/g++.other/init19.C execution test
=== g++ Summary ===
# of expected passes 12978
# of unexpected failures 12
# of unexpected successes 2
# of expected failures 69
# of unresolved testcases 1
# of unsupported tests 178
/export/home/tgc/buildpkg/gcc42/src/all_native/gcc/testsuite/g++/../../g++ version 4.2.4
=== gcc tests ===
Running target unix
WARNING: program timed out.
FAIL: gcc.c-torture/compile/20001226-1.c -O2 (test for excess errors)
WARNING: program timed out.
FAIL: gcc.c-torture/compile/20001226-1.c -O3 -fomit-frame-pointer (test for excess errors)
WARNING: program timed out.
FAIL: gcc.c-torture/compile/20001226-1.c -O3 -g (test for excess errors)
WARNING: program timed out.
FAIL: gcc.c-torture/compile/20001226-1.c -Os (test for excess errors)
XPASS: gcc.c-torture/execute/mayalias-2.c compilation, -O3 -g
WARNING: gcc.dg/ucnid-2.c compilation failed to produce executable
WARNING: gcc.dg/ucnid-3.c compilation failed to produce executable
WARNING: gcc.dg/ucnid-4.c compilation failed to produce executable
XPASS: gcc.dg/vect/pr20122.c scan-tree-dump-times vectorized 1 loops 2
XPASS: gcc.dg/vect/vect-105.c scan-tree-dump-times vectorized 1 loops 1
XPASS: gcc.dg/vect/vect-75.c scan-tree-dump-times vectorized 1 loops 1
=== gcc Summary ===
# of expected passes 41044
# of unexpected failures 4
# of unexpected successes 4
# of expected failures 126
# of untested testcases 28
# of unsupported tests 490
/export/home/tgc/buildpkg/gcc42/src/all_native/gcc/xgcc version 4.2.4
=== gfortran tests ===
Running target unix
=== gfortran Summary ===
# of expected passes 16046
# of expected failures 8
# of unsupported tests 110
/export/home/tgc/buildpkg/gcc42/src/all_native/gcc/testsuite/gfortran/../../gfortran version 4.2.4
=== gnat tests ===
Running target unix
=== gnat Summary ===
# of expected passes 42
=== obj-c++ tests ===
Running target unix
WARNING: obj-c++.dg/lookup-2.mm compilation failed to produce executable
WARNING: obj-c++.dg/try-catch-2.mm compilation failed to produce executable
WARNING: obj-c++.dg/try-catch-9.mm compilation failed to produce executable
=== obj-c++ Summary ===
# of expected passes 441
# of expected failures 6
# of unsupported tests 14
/export/home/tgc/buildpkg/gcc42/src/all_native/gcc/testsuite/obj-c++/../../g++ version 4.2.4
=== objc tests ===
Running target unix
=== objc Summary ===
# of expected passes 1802
# of expected failures 7
# of unsupported tests 26
/export/home/tgc/buildpkg/gcc42/src/all_native/gcc/xgcc version 4.2.4
=== libgomp tests ===
Running target unix
WARNING: program timed out.
FAIL: libgomp.c/appendix-a/a.18.1.c execution test
WARNING: program timed out.
FAIL: libgomp.fortran/appendix-a/a.18.1.f90 -O0 execution test
WARNING: program timed out.
FAIL: libgomp.fortran/appendix-a/a.18.1.f90 -O1 execution test
WARNING: program timed out.
FAIL: libgomp.fortran/appendix-a/a.18.1.f90 -O2 execution test
WARNING: program timed out.
FAIL: libgomp.fortran/appendix-a/a.18.1.f90 -O3 -fomit-frame-pointer execution test
WARNING: program timed out.
FAIL: libgomp.fortran/appendix-a/a.18.1.f90 -O3 -fomit-frame-pointer -funroll-loops execution test
WARNING: program timed out.
FAIL: libgomp.fortran/appendix-a/a.18.1.f90 -O3 -fomit-frame-pointer -funroll-all-loops -finline-functions execution test
WARNING: program timed out.
FAIL: libgomp.fortran/appendix-a/a.18.1.f90 -O3 -g execution test
WARNING: program timed out.
FAIL: libgomp.fortran/appendix-a/a.18.1.f90 -Os execution test
=== libgomp Summary ===
# of expected passes 1331
# of unexpected failures 9
# of unsupported tests 118
=== libstdc++ tests ===
Running target unix
FAIL: 22_locale/ctype/is/char/1.cc execution test
FAIL: 27_io/basic_filebuf/sgetn/char/1-in.cc execution test
FAIL: 27_io/basic_filebuf/sgetn/char/1-io.cc execution test
FAIL: 27_io/basic_filebuf/sgetn/char/2-in.cc execution test
FAIL: 27_io/basic_filebuf/sgetn/char/2-io.cc execution test
FAIL: 27_io/basic_istream/readsome/char/6746-2.cc execution test
=== libstdc++ Summary ===
# of expected passes 3031
# of unexpected failures 6
# of expected failures 13
# of unsupported tests 152
Compiler version: 4.2.4
Platform: sparc-sun-solaris2.6
configure flags: --prefix=/usr/tgcware/gcc-4.2.4 --with-local-prefix=/usr/tgcware/gcc-4.2.4 --with-libiconv-prefix=/usr/tgcware --with-gmp=/usr/tgcware --with-mpfr=/usr/tgcware --disable-nls --enable-shared --enable-threads=posix95 --enable-languages=c,ada,c++,fortran,objc,obj-c++