This is the mail archive of the
gcc-testresults@gcc.gnu.org
mailing list for the GCC project.
Results for 4.4.0 20080523 (experimental) (GCC) testsuite on x86_64-pc-mingw32
- From: nightstrike at gcc14 dot fsffrance dot org
- To: gcc-testresults at gcc dot gnu dot org
- Date: Sun, 25 May 2008 08:39:57 +0200
- Subject: Results for 4.4.0 20080523 (experimental) (GCC) testsuite on x86_64-pc-mingw32
LAST_UPDATED:
Target is x86_64-pc-mingw32
Host is x86_64-unknown-linux-gnu
=== gcc tests ===
Running target mingw
UNRESOLVED: gcc.c-torture/execute/20011219-1.c execution, -O0
FAIL: gcc.c-torture/execute/20020206-1.c execution, -O3 -fomit-frame-pointer
UNRESOLVED: gcc.c-torture/execute/20040218-1.c execution, -O3 -fomit-frame-pointer
FAIL: gcc.c-torture/execute/20070919-1.c execution, -O2
FAIL: gcc.c-torture/execute/20070919-1.c execution, -O3 -fomit-frame-pointer
FAIL: gcc.c-torture/execute/20070919-1.c execution, -O3 -g
UNRESOLVED: gcc.c-torture/execute/980716-1.c execution, -O3 -fomit-frame-pointer -funroll-all-loops -finline-functions
FAIL: gcc.c-torture/execute/991014-1.c compilation, -O0
UNRESOLVED: gcc.c-torture/execute/991014-1.c execution, -O0
FAIL: gcc.c-torture/execute/991014-1.c compilation, -O1
UNRESOLVED: gcc.c-torture/execute/991014-1.c execution, -O1
FAIL: gcc.c-torture/execute/991014-1.c compilation, -O2
UNRESOLVED: gcc.c-torture/execute/991014-1.c execution, -O2
FAIL: gcc.c-torture/execute/991014-1.c compilation, -O3 -fomit-frame-pointer
UNRESOLVED: gcc.c-torture/execute/991014-1.c execution, -O3 -fomit-frame-pointer
FAIL: gcc.c-torture/execute/991014-1.c compilation, -O3 -g
UNRESOLVED: gcc.c-torture/execute/991014-1.c execution, -O3 -g
FAIL: gcc.c-torture/execute/991014-1.c compilation, -Os
UNRESOLVED: gcc.c-torture/execute/991014-1.c execution, -Os
FAIL: gcc.c-torture/execute/conversion.c execution, -O0
FAIL: gcc.c-torture/execute/conversion.c execution, -O1
FAIL: gcc.c-torture/execute/enum-2.c execution, -O3 -fomit-frame-pointer -funroll-loops
WARNING: program timed out.
FAIL: gcc.c-torture/execute/pure-1.c execution, -O0
UNRESOLVED: gcc.c-torture/execute/va-arg-pack-1.c execution, -O3 -fomit-frame-pointer
UNRESOLVED: gcc.c-torture/execute/ieee/unsafe-fp-assoc.c execution, -O2
FAIL: gcc.dg/alias-7.c execution test
FAIL: gcc.dg/c90-const-expr-2.c (test for excess errors)
FAIL: gcc.dg/c99-const-expr-2.c (test for excess errors)
FAIL: gcc.dg/large-size-array-2.c (test for errors, line 6)
FAIL: gcc.dg/large-size-array-4.c (test for errors, line 6)
FAIL: gcc.dg/pr32370.c (internal compiler error)
FAIL: gcc.dg/pr32370.c (test for errors, line 16)
FAIL: gcc.dg/pr32370.c (test for excess errors)
FAIL: gcc.dg/pr36227.c (test for excess errors)
FAIL: gcc.dg/utf-cvt.c (test for excess errors)
FAIL: gcc.dg/matrix/transpose-1.c execution: file transpose-1.gcda does not exist, -fprofile-generate -O3
UNRESOLVED: gcc.dg/matrix/transpose-1.c compilation, -fprofile-use -fipa-matrix-reorg -fdump-ipa-matrix-reorg -O3 -fwhole-program -combine
UNRESOLVED: gcc.dg/matrix/transpose-1.c execution, -fprofile-use -fipa-matrix-reorg -fdump-ipa-matrix-reorg -O3 -fwhole-program -combine
FAIL: gcc.dg/matrix/transpose-2.c execution: file transpose-2.gcda does not exist, -fprofile-generate -O3
UNRESOLVED: gcc.dg/matrix/transpose-2.c compilation, -fprofile-use -fipa-matrix-reorg -fdump-ipa-matrix-reorg -O3 -fwhole-program -combine
UNRESOLVED: gcc.dg/matrix/transpose-2.c execution, -fprofile-use -fipa-matrix-reorg -fdump-ipa-matrix-reorg -O3 -fwhole-program -combine
FAIL: gcc.dg/matrix/transpose-3.c execution: file transpose-3.gcda does not exist, -fprofile-generate -O3
UNRESOLVED: gcc.dg/matrix/transpose-3.c compilation, -fprofile-use -fipa-matrix-reorg -fdump-ipa-matrix-reorg -O3 -fwhole-program -combine
UNRESOLVED: gcc.dg/matrix/transpose-3.c execution, -fprofile-use -fipa-matrix-reorg -fdump-ipa-matrix-reorg -O3 -fwhole-program -combine
FAIL: gcc.dg/matrix/transpose-4.c execution: file transpose-4.gcda does not exist, -fprofile-generate -O3
UNRESOLVED: gcc.dg/matrix/transpose-4.c compilation, -fprofile-use -fipa-matrix-reorg -fdump-ipa-matrix-reorg -O3 -fwhole-program -combine
UNRESOLVED: gcc.dg/matrix/transpose-4.c execution, -fprofile-use -fipa-matrix-reorg -fdump-ipa-matrix-reorg -O3 -fwhole-program -combine
FAIL: gcc.dg/matrix/transpose-5.c execution: file transpose-5.gcda does not exist, -fprofile-generate -O3
UNRESOLVED: gcc.dg/matrix/transpose-5.c compilation, -fprofile-use -fipa-matrix-reorg -fdump-ipa-matrix-reorg -O3 -fwhole-program -combine
UNRESOLVED: gcc.dg/matrix/transpose-5.c execution, -fprofile-use -fipa-matrix-reorg -fdump-ipa-matrix-reorg -O3 -fwhole-program -combine
FAIL: gcc.dg/matrix/transpose-6.c execution: file transpose-6.gcda does not exist, -fprofile-generate -O3
UNRESOLVED: gcc.dg/matrix/transpose-6.c compilation, -fprofile-use -fipa-matrix-reorg -fdump-ipa-matrix-reorg -O3 -fwhole-program -combine
UNRESOLVED: gcc.dg/matrix/transpose-6.c execution, -fprofile-use -fipa-matrix-reorg -fdump-ipa-matrix-reorg -O3 -fwhole-program -combine
FAIL: gcc.dg/struct/w_prof_global_array.c execution: file w_prof_global_array.gcda does not exist, -O3 -fwhole-program -combine -fipa-type-escape -fprofile-generate
UNRESOLVED: gcc.dg/struct/w_prof_global_array.c compilation, -O3 -fwhole-program -combine -fipa-type-escape -fprofile-use -fipa-struct-reorg -fdump-ipa-all
UNRESOLVED: gcc.dg/struct/w_prof_global_array.c execution, -O3 -fwhole-program -combine -fipa-type-escape -fprofile-use -fipa-struct-reorg -fdump-ipa-all
FAIL: gcc.dg/struct/w_prof_global_var.c execution: file w_prof_global_var.gcda does not exist, -O3 -fwhole-program -combine -fipa-type-escape -fprofile-generate
UNRESOLVED: gcc.dg/struct/w_prof_global_var.c compilation, -O3 -fwhole-program -combine -fipa-type-escape -fprofile-use -fipa-struct-reorg -fdump-ipa-all
UNRESOLVED: gcc.dg/struct/w_prof_global_var.c execution, -O3 -fwhole-program -combine -fipa-type-escape -fprofile-use -fipa-struct-reorg -fdump-ipa-all
FAIL: gcc.dg/struct/w_prof_local_array.c execution, -O3 -fwhole-program -combine -fipa-type-escape -fprofile-generate
UNRESOLVED: gcc.dg/struct/w_prof_local_array.c compilation, -O3 -fwhole-program -combine -fipa-type-escape -fprofile-use -fipa-struct-reorg -fdump-ipa-all
UNRESOLVED: gcc.dg/struct/w_prof_local_array.c execution, -O3 -fwhole-program -combine -fipa-type-escape -fprofile-use -fipa-struct-reorg -fdump-ipa-all
FAIL: gcc.dg/struct/w_prof_local_var.c execution: file w_prof_local_var.gcda does not exist, -O3 -fwhole-program -combine -fipa-type-escape -fprofile-generate
UNRESOLVED: gcc.dg/struct/w_prof_local_var.c compilation, -O3 -fwhole-program -combine -fipa-type-escape -fprofile-use -fipa-struct-reorg -fdump-ipa-all
UNRESOLVED: gcc.dg/struct/w_prof_local_var.c execution, -O3 -fwhole-program -combine -fipa-type-escape -fprofile-use -fipa-struct-reorg -fdump-ipa-all
FAIL: gcc.dg/struct/w_prof_single_str_global.c execution: file w_prof_single_str_global.gcda does not exist, -O3 -fwhole-program -combine -fipa-type-escape -fprofile-generate
UNRESOLVED: gcc.dg/struct/w_prof_single_str_global.c compilation, -O3 -fwhole-program -combine -fipa-type-escape -fprofile-use -fipa-struct-reorg -fdump-ipa-all
UNRESOLVED: gcc.dg/struct/w_prof_single_str_global.c execution, -O3 -fwhole-program -combine -fipa-type-escape -fprofile-use -fipa-struct-reorg -fdump-ipa-all
FAIL: gcc.dg/struct/w_prof_two_strs.c execution: file w_prof_two_strs.gcda does not exist, -O3 -fwhole-program -combine -fipa-type-escape -fprofile-generate
UNRESOLVED: gcc.dg/struct/w_prof_two_strs.c compilation, -O3 -fwhole-program -combine -fipa-type-escape -fprofile-use -fipa-struct-reorg -fdump-ipa-all
UNRESOLVED: gcc.dg/struct/w_prof_two_strs.c execution, -O3 -fwhole-program -combine -fipa-type-escape -fprofile-use -fipa-struct-reorg -fdump-ipa-all
FAIL: gcc.dg/struct/w_ratio_cold_str.c execution: file w_ratio_cold_str.gcda does not exist, -O3 -fwhole-program -combine -fipa-type-escape -fprofile-generate
UNRESOLVED: gcc.dg/struct/w_ratio_cold_str.c compilation, -O3 -fwhole-program -combine -fipa-type-escape -fprofile-use -fipa-struct-reorg -fdump-ipa-all --param struct-reorg-cold-struct-ratio=30
UNRESOLVED: gcc.dg/struct/w_ratio_cold_str.c execution, -O3 -fwhole-program -combine -fipa-type-escape -fprofile-use -fipa-struct-reorg -fdump-ipa-all --param struct-reorg-cold-struct-ratio=30
FAIL: gcc.dg/tls/opt-11.c (test for excess errors)
UNRESOLVED: gcc.dg/tls/opt-11.c compilation failed to produce executable
FAIL: gcc.dg/torture/fp-int-convert-float80-timode.c -O0 execution test
FAIL: gcc.dg/torture/fp-int-convert-float80-timode.c -O1 execution test
FAIL: gcc.dg/torture/fp-int-convert-float80-timode.c -O2 execution test
FAIL: gcc.dg/torture/fp-int-convert-float80-timode.c -O3 -fomit-frame-pointer execution test
FAIL: gcc.dg/torture/fp-int-convert-float80-timode.c -O3 -g execution test
FAIL: gcc.dg/torture/fp-int-convert-float80-timode.c -Os execution test
FAIL: gcc.dg/torture/fp-int-convert-float80.c -O0 execution test
FAIL: gcc.dg/torture/fp-int-convert-float80.c -O1 execution test
FAIL: gcc.dg/torture/fp-int-convert-float80.c -O2 execution test
FAIL: gcc.dg/torture/fp-int-convert-float80.c -O3 -fomit-frame-pointer execution test
FAIL: gcc.dg/torture/fp-int-convert-float80.c -O3 -g execution test
FAIL: gcc.dg/torture/fp-int-convert-float80.c -Os execution test
FAIL: gcc.dg/torture/fp-int-convert-long-double.c -O0 execution test
FAIL: gcc.dg/torture/fp-int-convert-long-double.c -O1 execution test
FAIL: gcc.dg/torture/fp-int-convert-long-double.c -O2 execution test
FAIL: gcc.dg/torture/fp-int-convert-long-double.c -O3 -fomit-frame-pointer execution test
FAIL: gcc.dg/torture/fp-int-convert-long-double.c -O3 -g execution test
FAIL: gcc.dg/torture/fp-int-convert-long-double.c -Os execution test
FAIL: gcc.dg/torture/fp-int-convert-timode.c -O0 execution test
FAIL: gcc.dg/torture/fp-int-convert-timode.c -O1 execution test
FAIL: gcc.dg/torture/fp-int-convert-timode.c -O2 execution test
FAIL: gcc.dg/torture/fp-int-convert-timode.c -O3 -fomit-frame-pointer execution test
FAIL: gcc.dg/torture/fp-int-convert-timode.c -O3 -g execution test
FAIL: gcc.dg/torture/fp-int-convert-timode.c -Os execution test
FAIL: gcc.dg/tree-prof/bb-reorg.c execution: file bb-reorg.gcda does not exist, -fprofile-generate -D_PROFILE_GENERATE
UNRESOLVED: gcc.dg/tree-prof/bb-reorg.c compilation, -fprofile-use -D_PROFILE_USE
UNRESOLVED: gcc.dg/tree-prof/bb-reorg.c execution, -fprofile-use -D_PROFILE_USE
FAIL: gcc.dg/tree-prof/indir-call-prof.c execution: file indir-call-prof.gcda does not exist, -fprofile-generate -D_PROFILE_GENERATE
UNRESOLVED: gcc.dg/tree-prof/indir-call-prof.c compilation, -fprofile-use -D_PROFILE_USE
UNRESOLVED: gcc.dg/tree-prof/indir-call-prof.c execution, -fprofile-use -D_PROFILE_USE
FAIL: gcc.dg/tree-prof/inliner-1.c execution: file inliner-1.gcda does not exist, -fprofile-generate -D_PROFILE_GENERATE
UNRESOLVED: gcc.dg/tree-prof/inliner-1.c compilation, -fprofile-use -D_PROFILE_USE
UNRESOLVED: gcc.dg/tree-prof/inliner-1.c execution, -fprofile-use -D_PROFILE_USE
FAIL: gcc.dg/tree-prof/pr34999.c execution: file pr34999.gcda does not exist, -fprofile-generate -D_PROFILE_GENERATE
UNRESOLVED: gcc.dg/tree-prof/pr34999.c compilation, -fprofile-use -D_PROFILE_USE
UNRESOLVED: gcc.dg/tree-prof/pr34999.c execution, -fprofile-use -D_PROFILE_USE
FAIL: gcc.dg/tree-prof/stringop-1.c execution: file stringop-1.gcda does not exist, -fprofile-generate -D_PROFILE_GENERATE
UNRESOLVED: gcc.dg/tree-prof/stringop-1.c compilation, -fprofile-use -D_PROFILE_USE
UNRESOLVED: gcc.dg/tree-prof/stringop-1.c execution, -fprofile-use -D_PROFILE_USE
FAIL: gcc.dg/tree-prof/stringop-2.c execution: file stringop-2.gcda does not exist, -fprofile-generate -D_PROFILE_GENERATE
UNRESOLVED: gcc.dg/tree-prof/stringop-2.c compilation, -fprofile-use -D_PROFILE_USE
UNRESOLVED: gcc.dg/tree-prof/stringop-2.c execution, -fprofile-use -D_PROFILE_USE
FAIL: gcc.dg/tree-prof/tracer-1.c execution: file tracer-1.gcda does not exist, -fprofile-generate -D_PROFILE_GENERATE
UNRESOLVED: gcc.dg/tree-prof/tracer-1.c compilation, -fprofile-use -D_PROFILE_USE
UNRESOLVED: gcc.dg/tree-prof/tracer-1.c execution, -fprofile-use -D_PROFILE_USE
FAIL: gcc.dg/tree-prof/update-cunroll-2.c execution: file update-cunroll-2.gcda does not exist, -fprofile-generate -D_PROFILE_GENERATE
UNRESOLVED: gcc.dg/tree-prof/update-cunroll-2.c compilation, -fprofile-use -D_PROFILE_USE
UNRESOLVED: gcc.dg/tree-prof/update-cunroll-2.c execution, -fprofile-use -D_PROFILE_USE
FAIL: gcc.dg/tree-prof/update-loopch.c execution: file update-loopch.gcda does not exist, -fprofile-generate -D_PROFILE_GENERATE
UNRESOLVED: gcc.dg/tree-prof/update-loopch.c compilation, -fprofile-use -D_PROFILE_USE
UNRESOLVED: gcc.dg/tree-prof/update-loopch.c execution, -fprofile-use -D_PROFILE_USE
FAIL: gcc.dg/tree-prof/update-tailcall.c execution: file update-tailcall.gcda does not exist, -fprofile-generate -D_PROFILE_GENERATE
UNRESOLVED: gcc.dg/tree-prof/update-tailcall.c compilation, -fprofile-use -D_PROFILE_USE
UNRESOLVED: gcc.dg/tree-prof/update-tailcall.c execution, -fprofile-use -D_PROFILE_USE
FAIL: gcc.dg/tree-prof/val-prof-1.c execution: file val-prof-1.gcda does not exist, -fprofile-generate -D_PROFILE_GENERATE
UNRESOLVED: gcc.dg/tree-prof/val-prof-1.c compilation, -fprofile-use -D_PROFILE_USE
UNRESOLVED: gcc.dg/tree-prof/val-prof-1.c execution, -fprofile-use -D_PROFILE_USE
FAIL: gcc.dg/tree-prof/val-prof-2.c execution: file val-prof-2.gcda does not exist, -fprofile-generate -D_PROFILE_GENERATE
UNRESOLVED: gcc.dg/tree-prof/val-prof-2.c compilation, -fprofile-use -D_PROFILE_USE
UNRESOLVED: gcc.dg/tree-prof/val-prof-2.c execution, -fprofile-use -D_PROFILE_USE
FAIL: gcc.dg/tree-prof/val-prof-3.c execution: file val-prof-3.gcda does not exist, -fprofile-generate -D_PROFILE_GENERATE
UNRESOLVED: gcc.dg/tree-prof/val-prof-3.c compilation, -fprofile-use -D_PROFILE_USE
UNRESOLVED: gcc.dg/tree-prof/val-prof-3.c execution, -fprofile-use -D_PROFILE_USE
FAIL: gcc.dg/tree-prof/val-prof-4.c execution: file val-prof-4.gcda does not exist, -fprofile-generate -D_PROFILE_GENERATE
UNRESOLVED: gcc.dg/tree-prof/val-prof-4.c compilation, -fprofile-use -D_PROFILE_USE
UNRESOLVED: gcc.dg/tree-prof/val-prof-4.c execution, -fprofile-use -D_PROFILE_USE
FAIL: gcc.dg/tree-prof/val-prof-5.c execution: file val-prof-5.gcda does not exist, -fprofile-generate -D_PROFILE_GENERATE
UNRESOLVED: gcc.dg/tree-prof/val-prof-5.c compilation, -fprofile-use -D_PROFILE_USE
UNRESOLVED: gcc.dg/tree-prof/val-prof-5.c execution, -fprofile-use -D_PROFILE_USE
FAIL: gcc.dg/tree-prof/val-prof-6.c execution: file val-prof-6.gcda does not exist, -fprofile-generate -D_PROFILE_GENERATE
UNRESOLVED: gcc.dg/tree-prof/val-prof-6.c compilation, -fprofile-use -D_PROFILE_USE
UNRESOLVED: gcc.dg/tree-prof/val-prof-6.c execution, -fprofile-use -D_PROFILE_USE
FAIL: gcc.dg/tree-prof/wcoverage-mismatch.c execution: file wcoverage-mismatch.gcda does not exist, -fprofile-generate -D_PROFILE_GENERATE
UNRESOLVED: gcc.dg/tree-prof/wcoverage-mismatch.c compilation, -fprofile-use -D_PROFILE_USE
UNRESOLVED: gcc.dg/tree-prof/wcoverage-mismatch.c execution, -fprofile-use -D_PROFILE_USE
FAIL: gcc.dg/tree-ssa/loop-1.c scan-assembler-times foo 5
FAIL: gcc.dg/tree-ssa/loop-3.c scan-tree-dump-times optimized "step:" 1
FAIL: gcc.dg/tree-ssa/loop-33.c scan-tree-dump-times lim "Executing store motion of" 4
FAIL: gcc.dg/tree-ssa/loop-35.c scan-tree-dump-times lim "Executing store motion of" 8
XPASS: gcc.dg/tree-ssa/ltrans-3.c scan-tree-dump-times ltrans "transformed loop" 1
FAIL: gcc.dg/tree-ssa/pr27781.c scan-tree-dump optimized "func \\(\\);"
FAIL: gcc.dg/tree-ssa/pr33920.c (test for excess errors)
FAIL: gcc.dg/tree-ssa/ssa-store-ccp-2.c scan-tree-dump-times optimized "conststaticvariable" 1
FAIL: gcc.dg/tree-ssa/ssa-store-ccp-3.c scan-tree-dump-times optimized "conststaticvariable" 1
FAIL: gcc.dg/tree-ssa/ssa-store-ccp-4.c scan-tree-dump-times optimized "conststaticvariable" 1
FAIL: gcc.dg/vect/pr25413.c scan-tree-dump-times vect "vectorized 1 loops" 0
FAIL: gcc.dg/vect/pr25413.c scan-tree-dump-times vect "vector alignment may not be reachable" 1
FAIL: gcc.dg/vect/pr25413.c scan-tree-dump-times vect "not vectorized: unsupported unaligned store" 1
FAIL: gcc.dg/vect/pr33833.c (test for excess errors)
FAIL: gcc.dg/vect/pr33846.c (test for excess errors)
FAIL: gcc.dg/vect/vect-77-alignchecks.c scan-tree-dump-times vect "Alignment of access forced using peeling" 1
FAIL: gcc.dg/vect/vect-78-alignchecks.c scan-tree-dump-times vect "Alignment of access forced using peeling" 1
XPASS: gcc.dg/vect/no-scevccp-outer-6.c scan-tree-dump-times vect "OUTER LOOP VECTORIZED." 1
FAIL: gcc.dg/vect/O1-pr33854.c (test for excess errors)
FAIL: gcc.misc-tests/bprob-1.c execution: file bprob-1.gcda does not exist, -fprofile-arcs
UNRESOLVED: gcc.misc-tests/bprob-1.c compilation, -fprofile-use
UNRESOLVED: gcc.misc-tests/bprob-1.c execution, -fprofile-use
FAIL: gcc.misc-tests/bprob-2.c execution: file bprob-2.gcda does not exist, -fprofile-arcs
UNRESOLVED: gcc.misc-tests/bprob-2.c compilation, -fprofile-use
UNRESOLVED: gcc.misc-tests/bprob-2.c execution, -fprofile-use
FAIL: gcc.target/i386/pr23943.c (test for excess errors)
FAIL: gcc.target/i386/pr27971.c scan-assembler-not shr[^\\\\n]*2
FAIL: gcc.target/i386/pr27971.c scan-assembler and[^\\\\n]*12
FAIL: gcc.target/i386/sse-13.c (internal compiler error)
FAIL: gcc.target/i386/sse-13.c (test for excess errors)
FAIL: gcc.target/i386/sse-9.c (test for excess errors)
FAIL: gcc.target/i386/sse5-haddX.c (test for excess errors)
UNRESOLVED: gcc.target/i386/sse5-haddX.c compilation failed to produce executable
FAIL: gcc.target/i386/sse5-hsubX.c (test for excess errors)
UNRESOLVED: gcc.target/i386/sse5-hsubX.c compilation failed to produce executable
=== gcc Summary ===
# of expected passes 49461
# of unexpected failures 106
# of unexpected successes 2
# of expected failures 168
# of unresolved testcases 78
# of unsupported tests 590
/var/tmp/build/gcc-svn/build-x86_64-pc-linux/gcc/xgcc version 4.4.0 20080523 (experimental) (GCC)
Host is x86_64-unknown-linux-gnu
=== gfortran tests ===
Running target mingw
WARNING: program timed out.
UNRESOLVED: gfortran.dg/blockdata_1.f90 -O3 -g execution test
FAIL: gfortran.dg/bounds_check_2.f -O3 -fomit-frame-pointer -funroll-all-loops -finline-functions execution test
FAIL: gfortran.dg/fmt_l.f90 -O0 output pattern test, is At line 14 of file /var/tmp/build/gcc-svn/gcc/gcc/testsuite/gfortran.dg/fmt_l.f90
FAIL: gfortran.dg/fmt_l.f90 -O1 output pattern test, is At line 14 of file /var/tmp/build/gcc-svn/gcc/gcc/testsuite/gfortran.dg/fmt_l.f90
FAIL: gfortran.dg/fmt_l.f90 -O2 output pattern test, is At line 14 of file /var/tmp/build/gcc-svn/gcc/gcc/testsuite/gfortran.dg/fmt_l.f90
FAIL: gfortran.dg/fmt_l.f90 -O3 -fomit-frame-pointer output pattern test, is At line 14 of file /var/tmp/build/gcc-svn/gcc/gcc/testsuite/gfortran.dg/fmt_l.f90
FAIL: gfortran.dg/fmt_l.f90 -O3 -fomit-frame-pointer -funroll-loops output pattern test, is At line 14 of file /var/tmp/build/gcc-svn/gcc/gcc/testsuite/gfortran.dg/fmt_l.f90
FAIL: gfortran.dg/fmt_l.f90 -O3 -fomit-frame-pointer -funroll-all-loops -finline-functions output pattern test, is At line 14 of file /var/tmp/build/gcc-svn/gcc/gcc/testsuite/gfortran.dg/fmt_l.f90
FAIL: gfortran.dg/fmt_l.f90 -O3 -g output pattern test, is At line 14 of file /var/tmp/build/gcc-svn/gcc/gcc/testsuite/gfortran.dg/fmt_l.f90
FAIL: gfortran.dg/fmt_l.f90 -Os output pattern test, is At line 14 of file /var/tmp/build/gcc-svn/gcc/gcc/testsuite/gfortran.dg/fmt_l.f90
FAIL: gfortran.dg/fmt_zero_precision.f90 -O0 output pattern test, is 1.<
FAIL: gfortran.dg/fmt_zero_precision.f90 -O1 output pattern test, is 1.<
FAIL: gfortran.dg/fmt_zero_precision.f90 -O2 output pattern test, is 1.<
FAIL: gfortran.dg/fmt_zero_precision.f90 -O3 -fomit-frame-pointer output pattern test, is 1.<
FAIL: gfortran.dg/fmt_zero_precision.f90 -O3 -fomit-frame-pointer -funroll-loops output pattern test, is 1.<
FAIL: gfortran.dg/fmt_zero_precision.f90 -O3 -fomit-frame-pointer -funroll-all-loops -finline-functions output pattern test, is 1.<
FAIL: gfortran.dg/fmt_zero_precision.f90 -O3 -g output pattern test, is 1.<
FAIL: gfortran.dg/fmt_zero_precision.f90 -Os output pattern test, is 1.<
FAIL: gfortran.dg/fseek.f90 -O0 execution test
FAIL: gfortran.dg/fseek.f90 -O1 execution test
FAIL: gfortran.dg/fseek.f90 -O2 execution test
FAIL: gfortran.dg/fseek.f90 -O3 -fomit-frame-pointer execution test
FAIL: gfortran.dg/fseek.f90 -O3 -fomit-frame-pointer -funroll-loops execution test
FAIL: gfortran.dg/fseek.f90 -O3 -fomit-frame-pointer -funroll-all-loops -finline-functions execution test
FAIL: gfortran.dg/fseek.f90 -O3 -g execution test
FAIL: gfortran.dg/fseek.f90 -Os execution test
UNRESOLVED: gfortran.dg/module_commons_1.f90 -O3 -fomit-frame-pointer -funroll-loops execution test
UNRESOLVED: gfortran.dg/module_equivalence_1.f90 -O3 -fomit-frame-pointer execution test
WARNING: program timed out.
FAIL: gfortran.dg/pr20950.f -O3 -fomit-frame-pointer -funroll-all-loops -finline-functions execution test
ERROR: tcl error sourcing /var/tmp/build/gcc-svn/gcc/gcc/testsuite/gfortran.dg/dg.exp.
ERROR: can't read "status": no such variable
ERROR: tcl error sourcing /var/tmp/build/gcc-svn/gcc/gcc/testsuite/gfortran.dg/gomp/gomp.exp.
ERROR: torture-init: torture_without_loops is not empty as expected
ERROR: tcl error sourcing /var/tmp/build/gcc-svn/gcc/gcc/testsuite/gfortran.dg/vect/vect.exp.
ERROR: torture-init: torture_without_loops is not empty as expected
ERROR: tcl error sourcing /var/tmp/build/gcc-svn/gcc/gcc/testsuite/gfortran.fortran-torture/compile/compile.exp.
ERROR: torture-init: torture_without_loops is not empty as expected
ERROR: tcl error sourcing /var/tmp/build/gcc-svn/gcc/gcc/testsuite/gfortran.fortran-torture/execute/execute.exp.
ERROR: torture-init: torture_without_loops is not empty as expected
=== gfortran Summary ===
# of expected passes 16044
# of unexpected failures 26
# of expected failures 9
# of unresolved testcases 3
# of unsupported tests 64
/var/tmp/build/gcc-svn/build-x86_64-pc-linux/gcc/testsuite/gfortran/../../gfortran version 4.4.0 20080523 (experimental) (GCC)
Host is x86_64-unknown-linux-gnu
=== g++ tests ===
Running target mingw
FAIL: g++.dg/bprob/g++-bprob-1.C execution: file g++-bprob-1.gcda does not exist, -g -fprofile-arcs
UNRESOLVED: g++.dg/bprob/g++-bprob-1.C compilation, -g -fprofile-use
UNRESOLVED: g++.dg/bprob/g++-bprob-1.C execution, -g -fprofile-use
FAIL: g++.dg/bprob/g++-bprob-1.C execution: file g++-bprob-1.gcda does not exist, -O0 -fprofile-arcs
UNRESOLVED: g++.dg/bprob/g++-bprob-1.C compilation, -O0 -fprofile-use
UNRESOLVED: g++.dg/bprob/g++-bprob-1.C execution, -O0 -fprofile-use
FAIL: g++.dg/bprob/g++-bprob-1.C execution: file g++-bprob-1.gcda does not exist, -O1 -fprofile-arcs
UNRESOLVED: g++.dg/bprob/g++-bprob-1.C compilation, -O1 -fprofile-use
UNRESOLVED: g++.dg/bprob/g++-bprob-1.C execution, -O1 -fprofile-use
FAIL: g++.dg/bprob/g++-bprob-1.C execution: file g++-bprob-1.gcda does not exist, -O2 -fprofile-arcs
UNRESOLVED: g++.dg/bprob/g++-bprob-1.C compilation, -O2 -fprofile-use
UNRESOLVED: g++.dg/bprob/g++-bprob-1.C execution, -O2 -fprofile-use
FAIL: g++.dg/bprob/g++-bprob-1.C execution: file g++-bprob-1.gcda does not exist, -O3 -fprofile-arcs
UNRESOLVED: g++.dg/bprob/g++-bprob-1.C compilation, -O3 -fprofile-use
UNRESOLVED: g++.dg/bprob/g++-bprob-1.C execution, -O3 -fprofile-use
FAIL: g++.dg/bprob/g++-bprob-1.C execution: file g++-bprob-1.gcda does not exist, -O3 -g -fprofile-arcs
UNRESOLVED: g++.dg/bprob/g++-bprob-1.C compilation, -O3 -g -fprofile-use
UNRESOLVED: g++.dg/bprob/g++-bprob-1.C execution, -O3 -g -fprofile-use
FAIL: g++.dg/bprob/g++-bprob-1.C execution: file g++-bprob-1.gcda does not exist, -Os -fprofile-arcs
UNRESOLVED: g++.dg/bprob/g++-bprob-1.C compilation, -Os -fprofile-use
UNRESOLVED: g++.dg/bprob/g++-bprob-1.C execution, -Os -fprofile-use
FAIL: g++.dg/bprob/g++-bprob-2.C execution: file g++-bprob-2.gcda does not exist, -g -fprofile-arcs
UNRESOLVED: g++.dg/bprob/g++-bprob-2.C compilation, -g -fprofile-use
UNRESOLVED: g++.dg/bprob/g++-bprob-2.C execution, -g -fprofile-use
FAIL: g++.dg/bprob/g++-bprob-2.C execution: file g++-bprob-2.gcda does not exist, -O0 -fprofile-arcs
UNRESOLVED: g++.dg/bprob/g++-bprob-2.C compilation, -O0 -fprofile-use
UNRESOLVED: g++.dg/bprob/g++-bprob-2.C execution, -O0 -fprofile-use
FAIL: g++.dg/bprob/g++-bprob-2.C execution: file g++-bprob-2.gcda does not exist, -O1 -fprofile-arcs
UNRESOLVED: g++.dg/bprob/g++-bprob-2.C compilation, -O1 -fprofile-use
UNRESOLVED: g++.dg/bprob/g++-bprob-2.C execution, -O1 -fprofile-use
FAIL: g++.dg/bprob/g++-bprob-2.C execution: file g++-bprob-2.gcda does not exist, -O2 -fprofile-arcs
UNRESOLVED: g++.dg/bprob/g++-bprob-2.C compilation, -O2 -fprofile-use
UNRESOLVED: g++.dg/bprob/g++-bprob-2.C execution, -O2 -fprofile-use
FAIL: g++.dg/bprob/g++-bprob-2.C execution: file g++-bprob-2.gcda does not exist, -O3 -fprofile-arcs
UNRESOLVED: g++.dg/bprob/g++-bprob-2.C compilation, -O3 -fprofile-use
UNRESOLVED: g++.dg/bprob/g++-bprob-2.C execution, -O3 -fprofile-use
FAIL: g++.dg/bprob/g++-bprob-2.C execution: file g++-bprob-2.gcda does not exist, -O3 -g -fprofile-arcs
UNRESOLVED: g++.dg/bprob/g++-bprob-2.C compilation, -O3 -g -fprofile-use
UNRESOLVED: g++.dg/bprob/g++-bprob-2.C execution, -O3 -g -fprofile-use
FAIL: g++.dg/bprob/g++-bprob-2.C execution: file g++-bprob-2.gcda does not exist, -Os -fprofile-arcs
UNRESOLVED: g++.dg/bprob/g++-bprob-2.C compilation, -Os -fprofile-use
UNRESOLVED: g++.dg/bprob/g++-bprob-2.C execution, -Os -fprofile-use
FAIL: g++.dg/abi/local1.C execution test
FAIL: g++.dg/abi/offsetof.C (test for excess errors)
UNRESOLVED: g++.dg/abi/offsetof.C compilation failed to produce executable
FAIL: g++.dg/abi/rtti1.C scan-assembler-dem-not \\ntypeinfo for A[: \\t\\n]
FAIL: g++.dg/abi/rtti3.C scan-assembler .weak[ \\t]_?_ZTSPP1A
FAIL: g++.dg/abi/thunk4.C scan-assembler .weak[ \\t]_?_ZThn._N7Derived3FooEv
FAIL: g++.dg/eh/weak1.C execution test
FAIL: g++.dg/ext/utf-cvt.C (test for excess errors)
FAIL: g++.dg/init/cleanup3.C scan-assembler-not _tcf
FAIL: g++.dg/init/struct1.C (test for excess errors)
FAIL: g++.dg/init/struct2.C (test for excess errors)
FAIL: g++.dg/init/struct3.C (test for excess errors)
FAIL: g++.dg/other/large-size-array.C (test for errors, line 19)
FAIL: g++.dg/other/large-size-array.C (test for errors, line 20)
FAIL: g++.dg/other/pr25632.C (test for excess errors)
FAIL: g++.dg/template/inline1.C scan-assembler-not [^ \\t]_ZN1X3FooIiEEvT_[: \\t\\n]
FAIL: g++.dg/template/spec35.C scan-assembler .weak(_definition)?[\\t ]*_?_Z2f2IiEvT_
FAIL: g++.dg/tree-ssa/pr19637.C scan-tree-dump-times dom1 "return 1;" 3
FAIL: g++.dg/tree-ssa/pr21082.C (test for excess errors)
FAIL: g++.dg/tree-ssa/ssa-store-ccp-1.C scan-tree-dump-times optimized "conststaticvariable" 1
WARNING: program timed out.
UNRESOLVED: g++.dg/torture/pr30252.C -O2 execution test
FAIL: g++.dg/torture/pr31579.C -O0 (test for excess errors)
FAIL: g++.dg/torture/pr31579.C -O1 (test for excess errors)
FAIL: g++.dg/torture/pr31579.C -O2 (test for excess errors)
FAIL: g++.dg/torture/pr31579.C -O3 -fomit-frame-pointer (test for excess errors)
FAIL: g++.dg/torture/pr31579.C -O3 -g (test for excess errors)
FAIL: g++.dg/torture/pr31579.C -Os (test for excess errors)
FAIL: g++.dg/tree-prof/indir-call-prof.C execution: file indir-call-prof.gcda does not exist, -g -fprofile-generate
UNRESOLVED: g++.dg/tree-prof/indir-call-prof.C compilation, -g -fprofile-use
UNRESOLVED: g++.dg/tree-prof/indir-call-prof.C execution, -g -fprofile-use
FAIL: g++.dg/tree-prof/indir-call-prof.C execution: file indir-call-prof.gcda does not exist, -O0 -fprofile-generate
UNRESOLVED: g++.dg/tree-prof/indir-call-prof.C compilation, -O0 -fprofile-use
UNRESOLVED: g++.dg/tree-prof/indir-call-prof.C execution, -O0 -fprofile-use
FAIL: g++.dg/tree-prof/indir-call-prof.C execution: file indir-call-prof.gcda does not exist, -O1 -fprofile-generate
UNRESOLVED: g++.dg/tree-prof/indir-call-prof.C compilation, -O1 -fprofile-use
UNRESOLVED: g++.dg/tree-prof/indir-call-prof.C execution, -O1 -fprofile-use
FAIL: g++.dg/tree-prof/indir-call-prof.C execution: file indir-call-prof.gcda does not exist, -O2 -fprofile-generate
UNRESOLVED: g++.dg/tree-prof/indir-call-prof.C compilation, -O2 -fprofile-use
UNRESOLVED: g++.dg/tree-prof/indir-call-prof.C execution, -O2 -fprofile-use
FAIL: g++.dg/tree-prof/indir-call-prof.C execution: file indir-call-prof.gcda does not exist, -O3 -fprofile-generate
UNRESOLVED: g++.dg/tree-prof/indir-call-prof.C compilation, -O3 -fprofile-use
UNRESOLVED: g++.dg/tree-prof/indir-call-prof.C execution, -O3 -fprofile-use
FAIL: g++.dg/tree-prof/indir-call-prof.C execution: file indir-call-prof.gcda does not exist, -O3 -g -fprofile-generate
UNRESOLVED: g++.dg/tree-prof/indir-call-prof.C compilation, -O3 -g -fprofile-use
UNRESOLVED: g++.dg/tree-prof/indir-call-prof.C execution, -O3 -g -fprofile-use
FAIL: g++.dg/tree-prof/indir-call-prof.C execution: file indir-call-prof.gcda does not exist, -Os -fprofile-generate
UNRESOLVED: g++.dg/tree-prof/indir-call-prof.C compilation, -Os -fprofile-use
UNRESOLVED: g++.dg/tree-prof/indir-call-prof.C execution, -Os -fprofile-use
FAIL: g++.old-deja/g++.brendan/array1.C (test for errors, line 6)
WARNING: program timed out.
FAIL: g++.old-deja/g++.jason/new3.C (test for excess errors)
FAIL: g++.old-deja/g++.mike/temp.C execution test
FAIL: g++.old-deja/g++.other/init18.C (test for excess errors)
FAIL: g++.old-deja/g++.other/null1.C (test for excess errors)
=== g++ Summary ===
# of expected passes 17610
# of unexpected failures 51
# of expected failures 82
# of unresolved testcases 44
# of unsupported tests 217
/var/tmp/build/gcc-svn/build-x86_64-pc-linux/gcc/testsuite/g++/../../g++ version 4.4.0 20080523 (experimental) (GCC)
Host is x86_64-unknown-linux-gnu
=== objc tests ===
Running target mingw
FAIL: objc/execute/exceptions/catchall-1.m execution, -O0 -fgnu-runtime
FAIL: objc.dg/bitfield-3.m (test for excess errors)
FAIL: objc.dg/bitfield-5.m (test for excess errors)
FAIL: objc.dg/layout-1.m (test for excess errors)
FAIL: objc.dg/proto-lossage-4.m (test for excess errors)
=== objc Summary ===
# of expected passes 1809
# of unexpected failures 5
# of expected failures 7
# of unsupported tests 24
/var/tmp/build/gcc-svn/build-x86_64-pc-linux/gcc/xgcc version 4.4.0 20080523 (experimental) (GCC)
Host is x86_64-pc-mingw32
=== libstdc++ tests ===
Running target mingw
=== libstdc++ Summary ===
Compiler version: 4.4.0 20080523 (experimental) (GCC)
Platform: x86_64-pc-mingw32
configure flags: --prefix=/var/tmp/root-x86_64-pc-linux --with-sysroot=/var/tmp/root-x86_64-pc-linux --target=x86_64-pc-mingw32