This is the mail archive of the
gcc-testresults@gcc.gnu.org
mailing list for the GCC project.
Results for 4.2.4 testsuite on hppa2.0w-hp-hpux11.11
- From: John David Anglin <dave at hiauly3 dot hia dot nrc dot ca>
- To: dave at hiauly3 dot hia dot nrc dot ca, gcc-testresults at gcc dot gnu dot org
- Date: Wed, 21 May 2008 19:07:12 -0400 (EDT)
- Subject: Results for 4.2.4 testsuite on hppa2.0w-hp-hpux11.11
LAST_UPDATED: Mon May 19 20:05:06 UTC 2008 (revision 135579)
=== acats tests ===
FAIL: c380004
FAIL: c954a01
=== acats Summary ===
# of expected passes 2312
# of unexpected failures 2
Native configuration is hppa2.0w-hp-hpux11.11
=== g++ tests ===
Running target unix
=== g++ Summary ===
# of expected passes 12973
# of expected failures 70
# of unsupported tests 188
/mnt/gnu/gcc/objdir/gcc/testsuite/g++/../../g++ version 4.2.4
=== gcc tests ===
Running target unix
XPASS: gcc.c-torture/execute/mayalias-2.c compilation, -O3 -g
XPASS: gcc.dg/cpp/cmdlne-dI-M.c scan-file (^|\\\\n)cmdlne-dI-M.*:[^\\\\n]*cmdlne-dI-M.c
XPASS: gcc.dg/cpp/cmdlne-dM-M.c scan-file (^|\\\\n)cmdlne-dM-M[^\\\\n]*:[^\\\\n]*cmdlne-dM-M.c
=== gcc Summary ===
# of expected passes 40418
# of unexpected successes 3
# of expected failures 82
# of untested testcases 28
# of unsupported tests 502
/mnt/gnu/gcc/objdir/gcc/xgcc version 4.2.4
=== gfortran tests ===
Running target unix
=== gfortran Summary ===
# of expected passes 16042
# of expected failures 6
# of unsupported tests 105
/mnt/gnu/gcc/objdir/gcc/testsuite/gfortran/../../gfortran version 4.2.4
=== gnat tests ===
Running target unix
=== gnat Summary ===
# of expected passes 42
=== obj-c++ tests ===
Running target unix
WARNING: obj-c++.dg/lookup-2.mm compilation failed to produce executable
WARNING: obj-c++.dg/try-catch-2.mm compilation failed to produce executable
WARNING: obj-c++.dg/try-catch-9.mm compilation failed to produce executable
=== obj-c++ Summary ===
# of expected passes 441
# of expected failures 6
# of unsupported tests 14
/mnt/gnu/gcc/objdir/gcc/testsuite/obj-c++/../../g++ version 4.2.4
=== objc tests ===
Running target unix
=== objc Summary ===
# of expected passes 1800
# of expected failures 7
# of unsupported tests 27
/mnt/gnu/gcc/objdir/gcc/xgcc version 4.2.4
=== libgomp tests ===
Running target unix
=== libgomp Summary ===
# of expected passes 1340
# of unsupported tests 118
=== libstdc++ tests ===
Running target unix
=== libstdc++ Summary ===
# of expected passes 3821
# of expected failures 14
# of unsupported tests 332
Compiler version: 4.2.4
Platform: hppa2.0w-hp-hpux11.11
configure flags: --with-gnu-as --with-as=/opt/gnu/bin/as --enable-shared --with-local-prefix=/opt/gnu --prefix=/opt/gnu/gcc/gcc-4.2.4 --with-gmp=/opt/gnu/gcc/gcc-4.2.4 --enable-threads=posix --enable-debug=no --disable-nls --enable-checking=release --enable-languages=c,ada,c++,fortran,objc,obj-c++