This is the mail archive of the
gcc-testresults@gcc.gnu.org
mailing list for the GCC project.
Results for 4.2.4 testsuite on i686-apple-darwin8
- From: SAL Software Developer <developer at sandoe-acoustics dot co dot uk>
- To: gcc-testresults at gcc dot gnu dot org
- Date: Wed, 21 May 2008 15:56:57 +0100
- Subject: Results for 4.2.4 testsuite on i686-apple-darwin8
- References: <20080521144701.7C7CD197480@mini-01.localhost>
gmp4.2.2 and mpfr2.3.1 built with "-mdynamic-no-pic -fno-common -fno-
PIC"
other tools Apple Computer, Inc. version cctools-622.9~2
bootstrap compiler gcc version 4.0.1 (Apple Computer, Inc. build 5370)
=====
powerpc-apple-darwin8 cross-compiler also builds successfully, from
the same tree
..but not 'check'ed
LAST_UPDATED: Obtained from SVN: tags/gcc_4_2_4_release revision 135573
Native configuration is i686-apple-darwin8
=== g++ tests ===
Running target unix
FAIL: tmpdir-g++.dg-struct-layout-1/t026 cp_compat_x_tst.o-
cp_compat_y_tst.o execute
FAIL: g++.dg/other/unused1.C scan-assembler (string|ascii?)z?\
\t"printer("|\\\\\\\\000)
FAIL: g++.dg/warn/weak1.C (test for excess errors)
WARNING: g++.dg/warn/weak1.C compilation failed to produce executable
FAIL: g++.dg/special/conpr-3.C execution test
=== g++ Summary ===
# of expected passes 13517
# of unexpected failures 4
# of expected failures 67
# of unsupported tests 111
/Volumes/Users1/OS-Source/gcc-424-build/n2n/gcc/testsuite/g++/../../g+
+ version 4.2.4
=== gcc tests ===
Running target unix
XPASS: gcc.c-torture/execute/mayalias-2.c compilation, -O3 -g
FAIL: gcc.dg/setjmp-3.c (test for excess errors)
FAIL: gcc.dg/setjmp-4.c (test for excess errors)
FAIL: gcc.dg/sibcall-6.c execution test
FAIL: gcc.dg/tree-ssa/gen-vect-11b.c scan-tree-dump-times vectorized
0 loops 1
FAIL: gcc.dg/tree-ssa/gen-vect-11c.c scan-tree-dump-times vectorized
0 loops 1
FAIL: gcc.target/i386/980211-1.c (test for excess errors)
XPASS: gcc.target/i386/builtin-apply-mmx.c execution test
FAIL: gcc.target/i386/local2.c scan-assembler-not sub[^\\\\n]*sp
FAIL: gcc.target/i386/pr27827.c scan-assembler fmul[ \\t]*%st
FAIL: gcc.target/i386/ssefn-1.c scan-assembler-not movsd
FAIL: gcc.target/i386/ssefn-1.c scan-assembler-not mulsd
=== gcc Summary ===
# of expected passes 42300
# of unexpected failures 10
# of unexpected successes 2
# of expected failures 113
# of untested testcases 28
# of unsupported tests 406
/Volumes/Users1/OS-Source/gcc-424-build/n2n/gcc/xgcc version 4.2.4
=== gfortran tests ===
Running target unix
FAIL: gfortran.dg/stat_1.f90 -O0 execution test
FAIL: gfortran.dg/stat_1.f90 -O1 execution test
FAIL: gfortran.dg/stat_1.f90 -O2 execution test
FAIL: gfortran.dg/stat_1.f90 -O3 -fomit-frame-pointer execution test
FAIL: gfortran.dg/stat_1.f90 -O3 -fomit-frame-pointer -funroll-
loops execution test
FAIL: gfortran.dg/stat_1.f90 -O3 -fomit-frame-pointer -funroll-all-
loops -finline-functions execution test
FAIL: gfortran.dg/stat_1.f90 -O3 -g execution test
FAIL: gfortran.dg/stat_1.f90 -Os execution test
FAIL: gfortran.dg/stat_2.f90 -O0 execution test
FAIL: gfortran.dg/stat_2.f90 -O1 execution test
FAIL: gfortran.dg/stat_2.f90 -O2 execution test
FAIL: gfortran.dg/stat_2.f90 -O3 -fomit-frame-pointer execution test
FAIL: gfortran.dg/stat_2.f90 -O3 -fomit-frame-pointer -funroll-
loops execution test
FAIL: gfortran.dg/stat_2.f90 -O3 -fomit-frame-pointer -funroll-all-
loops -finline-functions execution test
FAIL: gfortran.dg/stat_2.f90 -O3 -g execution test
FAIL: gfortran.dg/stat_2.f90 -Os execution test
=== gfortran Summary ===
# of expected passes 16189
# of unexpected failures 16
# of expected failures 7
# of unsupported tests 38
/Volumes/Users1/OS-Source/gcc-424-build/n2n/gcc/testsuite/
gfortran/../../gfortran version 4.2.4
=== obj-c++ tests ===
Running target unix
XPASS: obj-c++.dg/cxx-ivars-2.mm execution test
XPASS: obj-c++.dg/encode-8.mm execution test
XPASS: obj-c++.dg/isa-field-1.mm (test for excess errors)
XPASS: obj-c++.dg/lookup-2.mm (test for excess errors)
FAIL: obj-c++.dg/stubify-1.mm (test for excess errors)
ERROR: obj-c++.dg/stubify-1.mm: error executing dg-final: couldn't
open "stubify-1.s": no such file or directory
UNRESOLVED: obj-c++.dg/stubify-1.mm: error executing dg-final:
couldn't open "stubify-1.s": no such file or directory
FAIL: obj-c++.dg/stubify-2.mm (test for excess errors)
ERROR: obj-c++.dg/stubify-2.mm: error executing dg-final: couldn't
open "stubify-2.mm.08.jump": no such file or directory
UNRESOLVED: obj-c++.dg/stubify-2.mm: error executing dg-final:
couldn't open "stubify-2.mm.08.jump": no such file or directory
XPASS: obj-c++.dg/try-catch-2.mm (test for excess errors)
XPASS: obj-c++.dg/try-catch-9.mm (test for excess errors)
=== obj-c++ Summary ===
# of expected passes 469
# of unexpected failures 2
# of unexpected successes 6
# of unresolved testcases 2
/Volumes/Users1/OS-Source/gcc-424-build/n2n/gcc/testsuite/obj-c+
+/../../g++ version 4.2.4
=== objc tests ===
Running target unix
FAIL: objc.dg/stret-2.m scan-assembler objc_msgSend_stret
FAIL: objc.dg/stret-2.m scan-assembler-not objc_msgSend[^_S]
FAIL: objc.dg/stret-2.m scan-assembler-not objc_msgSendSuper[^_]
FAIL: objc.dg/stubify-1.m (test for excess errors)
ERROR: objc.dg/stubify-1.m: error executing dg-final: couldn't open
"stubify-1.s": no such file or directory
UNRESOLVED: objc.dg/stubify-1.m: error executing dg-final: couldn't
open "stubify-1.s": no such file or directory
FAIL: objc.dg/stubify-2.m (test for excess errors)
ERROR: objc.dg/stubify-2.m: error executing dg-final: no files
matched glob pattern "stubify-2.m.[0-9][0-9][0-9]r.jump"
UNRESOLVED: objc.dg/stubify-2.m: error executing dg-final: no files
matched glob pattern "stubify-2.m.[0-9][0-9][0-9]r.jump"
FAIL: objc.dg/symtab-1.m scan-assembler L_OBJC_SYMBOLS.*:\\n\\t.long\
\t0\\n\\t.long\\t0\\n\\t.short\\t2\\n\\t.short\\t0\\n\\t.long\
\tL_OBJC_CLASS_Derived.*\\n\\t.long\\tL_OBJC_CLASS_Base.*\\n
=== objc Summary ===
# of expected passes 3036
# of unexpected failures 6
# of expected failures 7
# of unresolved testcases 2
# of unsupported tests 2
/Volumes/Users1/OS-Source/gcc-424-build/n2n/gcc/xgcc version 4.2.4
=== libgomp tests ===
Running target unix
=== libgomp Summary ===
# of expected passes 1354
# of unsupported tests 111
=== libstdc++ tests ===
Running target unix
XPASS: 21_strings/basic_string/element_access/char/21674.cc execution
test
XPASS: 21_strings/basic_string/element_access/wchar_t/21674.cc
execution test
XPASS: 26_numerics/cmath/c99_classification_macros_c.cc (test for
excess errors)
FAIL: 26_numerics/complex/13450.cc execution test
FAIL: 26_numerics/complex/complex_value.cc execution test
FAIL: 27_io/ios_base/storage/11584.cc execution test
FAIL: ext/mt_allocator/deallocate_local_thread-5.cc execution test
FAIL: ext/mt_allocator/deallocate_local_thread-7.cc execution test
FAIL: ext/pb_ds/example/priority_queue_dijkstra.cc execution test
=== libstdc++ Summary ===
# of expected passes 3842
# of unexpected failures 6
# of unexpected successes 3
# of expected failures 12
# of unsupported tests 318
Compiler version: 4.2.4
Platform: i686-apple-darwin8
configure flags: --prefix=/usr --build=i686-apple-darwin8 '--with-
slibdir=\${prefix}/lib' --with-gmp=/usr/local/gmp-4-2-2 --with-mpfr=/
usr/local/mpfr-2-3-1 --disable-nls --enable-thread --enable-version-
specific-runtime-libs '--mandir=\${prefix}/share/man' '--infodir=\$
{prefix}/share/info' --program-suffix=-4.2.4 --with-build-time-tools=/
Users1/OS-Source/gcc-424-build/bin --enable-serial-configure --
host=i686-apple-darwin8 --target=i686-apple-darwin8 --disable-
checking -enable-werror --enable-bootstrap --enable-languages=c,c+
+,fortran,objc,obj-c++