This is the mail archive of the
gcc-testresults@gcc.gnu.org
mailing list for the GCC project.
Results for 4.4.0 20080521 (experimental) (GCC) testsuite on i686-pc-linux-gnu
- From: CodeSourcery Automatic Testing System <gcc at codesourcery dot com>
- To: gcc-testresults at gcc dot gnu dot org
- Date: Wed, 21 May 2008 06:47:55 -0700
- Subject: Results for 4.4.0 20080521 (experimental) (GCC) testsuite on i686-pc-linux-gnu
LAST_UPDATED: Wed May 21 07:16:37 UTC 2008 (/trunk revision 135709)
Native configuration is i686-pc-linux-gnu
=== g++ tests ===
Running target localhost
FAIL: g++.dg/tree-ssa/pr19637.C scan-tree-dump-times dom1 "return 1;" 3
=== g++ Summary ===
# of expected passes 17725
# of unexpected failures 1
# of expected failures 82
# of unsupported tests 89
/scratch/gcc/nightly-2008-05-21-mainline/i686-pc-linux-gnu/obj/test-mainline-0-i686-pc-linux-gnu/host-i686-pc-linux-gnu/fsf-mainline/bin/i686-pc-linux-gnu-g++ version 4.4.0 20080521 (experimental) (GCC)
=== gcc tests ===
Running target localhost
FAIL: gcc.c-torture/compile/pr36245.c -O1 (internal compiler error)
FAIL: gcc.c-torture/compile/pr36245.c -O1 (test for excess errors)
FAIL: gcc.c-torture/compile/pr36245.c -O2 (internal compiler error)
FAIL: gcc.c-torture/compile/pr36245.c -O2 (test for excess errors)
FAIL: gcc.c-torture/compile/pr36245.c -Os (internal compiler error)
FAIL: gcc.c-torture/compile/pr36245.c -Os (test for excess errors)
FAIL: gcc.dg/pch/counter-2.c -O0 -g
FAIL: gcc.dg/pch/counter-2.c -O0
FAIL: gcc.dg/pch/counter-2.c -O1
FAIL: gcc.dg/pch/counter-2.c -O2
FAIL: gcc.dg/pch/counter-2.c -O3 -fomit-frame-pointer
FAIL: gcc.dg/pch/counter-2.c -O3 -g
FAIL: gcc.dg/pch/counter-2.c -Os
FAIL: gcc.dg/pch/valid-1.c -O0 -g
FAIL: gcc.dg/pch/valid-1.c -O0
FAIL: gcc.dg/pch/valid-1.c -O1
FAIL: gcc.dg/pch/valid-1.c -O2
FAIL: gcc.dg/pch/valid-1.c -O3 -fomit-frame-pointer
FAIL: gcc.dg/pch/valid-1.c -O3 -g
FAIL: gcc.dg/pch/valid-1.c -Os
FAIL: gcc.dg/pch/valid-2.c -O0 -g
FAIL: gcc.dg/pch/valid-2.c -O0
FAIL: gcc.dg/pch/valid-2.c -O1
FAIL: gcc.dg/pch/valid-2.c -O2
FAIL: gcc.dg/pch/valid-2.c -O3 -fomit-frame-pointer
FAIL: gcc.dg/pch/valid-2.c -O3 -g
FAIL: gcc.dg/pch/valid-2.c -Os
FAIL: gcc.dg/pch/valid-3.c -O0 -g
FAIL: gcc.dg/pch/valid-3.c -O0
FAIL: gcc.dg/pch/valid-3.c -O1
FAIL: gcc.dg/pch/valid-3.c -O2
FAIL: gcc.dg/pch/valid-3.c -O3 -fomit-frame-pointer
FAIL: gcc.dg/pch/valid-3.c -O3 -g
FAIL: gcc.dg/pch/valid-3.c -Os
FAIL: gcc.dg/pch/warn-1.c -O0 -g
FAIL: gcc.dg/pch/warn-1.c -O0
FAIL: gcc.dg/pch/warn-1.c -O1
FAIL: gcc.dg/pch/warn-1.c -O2
FAIL: gcc.dg/pch/warn-1.c -O3 -fomit-frame-pointer
FAIL: gcc.dg/pch/warn-1.c -O3 -g
FAIL: gcc.dg/pch/warn-1.c -Os
XPASS: gcc.dg/tree-ssa/ltrans-3.c scan-tree-dump-times ltrans "transformed loop" 1
=== gcc Summary ===
# of expected passes 49966
# of unexpected failures 41
# of unexpected successes 1
# of expected failures 169
# of unsupported tests 420
/scratch/gcc/nightly-2008-05-21-mainline/i686-pc-linux-gnu/obj/test-mainline-0-i686-pc-linux-gnu/host-i686-pc-linux-gnu/fsf-mainline/bin/i686-pc-linux-gnu-gcc version 4.4.0 20080521 (experimental) (GCC)
=== libstdc++ tests ===
Running target localhost
=== libstdc++ Summary ===
# of expected passes 5734
# of expected failures 76
# of unsupported tests 12
=== g++ tests ===
Running target localhost/-m64
FAIL: g++.dg/tree-ssa/pr19637.C scan-tree-dump-times dom1 "return 1;" 3
=== g++ Summary ===
# of expected passes 17633
# of unexpected failures 1
# of expected failures 82
# of unsupported tests 121
/scratch/gcc/nightly-2008-05-21-mainline/i686-pc-linux-gnu/obj/test-mainline-0-i686-pc-linux-gnu/host-i686-pc-linux-gnu/fsf-mainline/bin/i686-pc-linux-gnu-g++ version 4.4.0 20080521 (experimental) (GCC)
=== gcc tests ===
Running target localhost/-m64
FAIL: gcc.dg/pch/counter-2.c -O0 -g
FAIL: gcc.dg/pch/counter-2.c -O0
FAIL: gcc.dg/pch/counter-2.c -O1
FAIL: gcc.dg/pch/counter-2.c -O2
FAIL: gcc.dg/pch/counter-2.c -O3 -fomit-frame-pointer
FAIL: gcc.dg/pch/counter-2.c -O3 -g
FAIL: gcc.dg/pch/counter-2.c -Os
FAIL: gcc.dg/pch/valid-1.c -O0 -g
FAIL: gcc.dg/pch/valid-1.c -O0
FAIL: gcc.dg/pch/valid-1.c -O1
FAIL: gcc.dg/pch/valid-1.c -O2
FAIL: gcc.dg/pch/valid-1.c -O3 -fomit-frame-pointer
FAIL: gcc.dg/pch/valid-1.c -O3 -g
FAIL: gcc.dg/pch/valid-1.c -Os
FAIL: gcc.dg/pch/valid-2.c -O0 -g
FAIL: gcc.dg/pch/valid-2.c -O0
FAIL: gcc.dg/pch/valid-2.c -O1
FAIL: gcc.dg/pch/valid-2.c -O2
FAIL: gcc.dg/pch/valid-2.c -O3 -fomit-frame-pointer
FAIL: gcc.dg/pch/valid-2.c -O3 -g
FAIL: gcc.dg/pch/valid-2.c -Os
FAIL: gcc.dg/pch/valid-3.c -O0 -g
FAIL: gcc.dg/pch/valid-3.c -O0
FAIL: gcc.dg/pch/valid-3.c -O1
FAIL: gcc.dg/pch/valid-3.c -O2
FAIL: gcc.dg/pch/valid-3.c -O3 -fomit-frame-pointer
FAIL: gcc.dg/pch/valid-3.c -O3 -g
FAIL: gcc.dg/pch/valid-3.c -Os
FAIL: gcc.dg/pch/warn-1.c -O0 -g
FAIL: gcc.dg/pch/warn-1.c -O0
FAIL: gcc.dg/pch/warn-1.c -O1
FAIL: gcc.dg/pch/warn-1.c -O2
FAIL: gcc.dg/pch/warn-1.c -O3 -fomit-frame-pointer
FAIL: gcc.dg/pch/warn-1.c -O3 -g
FAIL: gcc.dg/pch/warn-1.c -Os
FAIL: gcc.dg/tree-prof/pr34999.c compilation, -fprofile-use -D_PROFILE_USE
UNRESOLVED: gcc.dg/tree-prof/pr34999.c execution, -fprofile-use -D_PROFILE_USE
XPASS: gcc.dg/tree-ssa/ltrans-3.c scan-tree-dump-times ltrans "transformed loop" 1
=== gcc Summary ===
# of expected passes 49844
# of unexpected failures 36
# of unexpected successes 1
# of expected failures 169
# of unresolved testcases 1
# of unsupported tests 525
/scratch/gcc/nightly-2008-05-21-mainline/i686-pc-linux-gnu/obj/test-mainline-0-i686-pc-linux-gnu/host-i686-pc-linux-gnu/fsf-mainline/bin/i686-pc-linux-gnu-gcc version 4.4.0 20080521 (experimental) (GCC)
=== libstdc++ tests ===
Running target localhost/-m64
=== libstdc++ Summary ===
# of expected passes 5734
# of expected failures 76
# of unsupported tests 12
Compiler version: 4.4.0 20080521 (experimental) (GCC)
Platform: i686-pc-linux-gnu
configure flags: --build=i686-pc-linux-gnu --host=i686-pc-linux-gnu --target=i686-pc-linux-gnu --enable-threads --disable-libmudflap --disable-libssp --disable-libgomp --disable-libstdcxx-pch --enable-targets=all --with-gnu-as --with-gnu-ld --enable-languages=c,c++ --enable-shared --disable-nls --prefix=/opt/codesourcery --with-gmp=/scratch/gcc/nightly-2008-05-21-mainline/i686-pc-linux-gnu/obj/host-libs-mainline-0-i686-pc-linux-gnu-i686-pc-linux-gnu/usr --with-mpfr=/scratch/gcc/nightly-2008-05-21-mainline/i686-pc-linux-gnu/obj/host-libs-mainline-0-i686-pc-linux-gnu-i686-pc-linux-gnu/usr --with-build-time-tools=/scratch/gcc/nightly-2008-05-21-mainline/i686-pc-linux-gnu/install/i686-pc-linux-gnu/bin --with-build-time-tools=/scratch/gcc/nightly-2008-05-21-mainline/i686-pc-linux-gnu/install/i686-pc-linux-gnu/bin