This is the mail archive of the
gcc-testresults@gcc.gnu.org
mailing list for the GCC project.
Results for 4.3.0 (GCC) testsuite on i386-pc-solaris2.10
- From: Allen Braunsdorf <ab at sage dot ics dot purdue dot edu>
- To: gcc-testresults at gcc dot gnu dot org
- Date: Tue, 13 May 2008 14:37:20 -0400 (EDT)
- Subject: Results for 4.3.0 (GCC) testsuite on i386-pc-solaris2.10
I didn't see x86 Solaris on the confirmed list. I got it to work with
the usual as/ld options in the specific file, but I also needed to
--disable-multilib, which I didn't in the previous release.
Other than that, make bootstrap seems to work. I'll go back and try to
pick up the multilibs too.
ab@purdue.edu
LAST_UPDATED:
Native configuration is i386-pc-solaris2.10
=== g++ tests ===
Running target unix
FAIL: g++.dg/other/anon5.C (test for errors, line 19)
FAIL: g++.dg/other/anon5.C (test for excess errors)
XPASS: g++.dg/other/ucnid-1.C (test for excess errors)
XPASS: g++.old-deja/g++.oliva/dwarf2.C (test for excess errors)
XPASS: g++.old-deja/g++.oliva/dwarf3.C (test for excess errors)
XPASS: g++.old-deja/g++.other/init19.C execution test
=== g++ Summary ===
# of expected passes 17283
# of unexpected failures 2
# of unexpected successes 4
# of expected failures 83
# of unsupported tests 170
/tmp/gcc/gcc/testsuite/g++/../../g++ version 4.3.0 (GCC)
=== gcc tests ===
Running target unix
FAIL: gcc.c-torture/execute/990127-2.c execution, -O2
FAIL: gcc.c-torture/execute/990127-2.c execution, -Os
FAIL: gcc.dg/cpp/_Pragma3.c (test for excess errors)
FAIL: gcc.dg/pragma-align-2.c (test for errors, line 22)
FAIL: gcc.dg/pragma-align-2.c (test for errors, line 23)
FAIL: gcc.dg/pragma-align-2.c (test for errors, line 24)
FAIL: gcc.dg/pragma-align-2.c (test for errors, line 25)
FAIL: gcc.dg/pragma-align-2.c (test for errors, line 26)
FAIL: gcc.dg/pragma-align-2.c (test for errors, line 30)
FAIL: gcc.dg/pragma-align-2.c (test for excess errors)
FAIL: gcc.dg/pragma-init-fini.c (test for errors, line 7)
FAIL: gcc.dg/pragma-init-fini.c (test for errors, line 8)
FAIL: gcc.dg/pragma-init-fini.c (test for errors, line 9)
FAIL: gcc.dg/pragma-init-fini.c (test for errors, line 11)
FAIL: gcc.dg/pragma-init-fini.c (test for errors, line 12)
FAIL: gcc.dg/pragma-init-fini.c (test for errors, line 13)
FAIL: gcc.dg/pragma-init-fini.c (test for excess errors)
XPASS: gcc.dg/ucnid-2.c (test for excess errors)
XPASS: gcc.dg/ucnid-3.c (test for excess errors)
XPASS: gcc.dg/ucnid-4.c (test for excess errors)
FAIL: gcc.dg/format/cmn-err-1.c (test for errors, line 31)
FAIL: gcc.dg/format/cmn-err-1.c (test for errors, line 32)
FAIL: gcc.dg/format/cmn-err-1.c (test for errors, line 33)
FAIL: gcc.dg/format/cmn-err-1.c (test for errors, line 34)
FAIL: gcc.dg/format/cmn-err-1.c (test for errors, line 35)
FAIL: gcc.dg/format/cmn-err-1.c (test for errors, line 36)
FAIL: gcc.dg/format/cmn-err-1.c (test for excess errors)
FAIL: gcc.dg/format/cmn-err-1.c -DWIDE (test for errors, line 31)
FAIL: gcc.dg/format/cmn-err-1.c -DWIDE (test for errors, line 32)
FAIL: gcc.dg/format/cmn-err-1.c -DWIDE (test for errors, line 33)
FAIL: gcc.dg/format/cmn-err-1.c -DWIDE (test for errors, line 34)
FAIL: gcc.dg/format/cmn-err-1.c -DWIDE (test for errors, line 35)
FAIL: gcc.dg/format/cmn-err-1.c -DWIDE (test for errors, line 36)
FAIL: gcc.dg/format/cmn-err-1.c -DWIDE (test for excess errors)
=== gcc Summary ===
# of expected passes 47642
# of unexpected failures 31
# of unexpected successes 3
# of expected failures 174
# of untested testcases 42
# of unsupported tests 408
/tmp/gcc/gcc/xgcc version 4.3.0 (GCC)
=== gfortran tests ===
Running target unix
=== gfortran Summary ===
# of expected passes 23699
# of expected failures 3
# of unsupported tests 32
/tmp/gcc/gcc/testsuite/gfortran/../../gfortran version 4.3.0 (GCC)
=== obj-c++ tests ===
Running target unix
WARNING: obj-c++.dg/lookup-2.mm compilation failed to produce executable
WARNING: obj-c++.dg/try-catch-2.mm compilation failed to produce executable
WARNING: obj-c++.dg/try-catch-9.mm compilation failed to produce executable
=== obj-c++ Summary ===
# of expected passes 437
# of expected failures 9
# of unsupported tests 13
/tmp/gcc/gcc/testsuite/obj-c++/../../g++ version 4.3.0 (GCC)
=== objc tests ===
Running target unix
=== objc Summary ===
# of expected passes 1812
# of expected failures 7
# of unsupported tests 24
/tmp/gcc/gcc/xgcc version 4.3.0 (GCC)
=== libgomp tests ===
Running target unix
=== libgomp Summary ===
# of expected passes 1699
=== libstdc++ tests ===
Running target unix
=== libstdc++ Summary ===
# of expected passes 4861
# of expected failures 59
# of unsupported tests 361
Compiler version: 4.3.0 (GCC)
Platform: i386-pc-solaris2.10
configure flags: --disable-multilib --prefix=/opt/gcc --with-gnu-as --with-as=/usr/sfw/bin/gas --without-gnu-ld --with-ld=/usr/ccs/bin/ld --with-mpfr=/usr/local --enable-languages=c,c++,fortran,objc,obj-c++