This is the mail archive of the
gcc-testresults@gcc.gnu.org
mailing list for the GCC project.
Results for 4.3.0 (GCC) testsuite on x86_64-unknown-linux-gnu
- From: Laurent GUERBY <laurent at guerby dot net>
- To: gcc-test <gcc-testresults at gcc dot gnu dot org>
- Date: Fri, 09 May 2008 23:15:23 +0200
- Subject: Results for 4.3.0 (GCC) testsuite on x86_64-unknown-linux-gnu
LAST_UPDATED: Obtained from SVN: tags/gcc_4_3_0_release revision 132947
=== acats tests ===
=== acats Summary ===
# of expected passes 2315
# of unexpected failures 0
Native configuration is x86_64-unknown-linux-gnu
=== gcc tests ===
Running target unix
=== gcc Summary ===
# of expected passes 48563
# of expected failures 166
# of untested testcases 35
# of unsupported tests 462
/home/guerby/tmp/build/gcc/xgcc version 4.3.0 (GCC)
=== gfortran tests ===
Running target unix
=== gfortran Summary ===
# of expected passes 23729
# of expected failures 3
# of unsupported tests 18
/home/guerby/tmp/build/gcc/testsuite/gfortran/../../gfortran version 4.3.0 (GCC)
=== g++ tests ===
Running target unix
=== g++ Summary ===
# of expected passes 17415
# of expected failures 82
# of unsupported tests 118
/home/guerby/tmp/build/gcc/testsuite/g++/../../g++ version 4.3.0 (GCC)
=== gnat tests ===
Running target unix
FAIL: gnat.dg/frame_overflow.adb (test for errors, line 12)
FAIL: gnat.dg/frame_overflow.adb (test for errors, line 21)
=== gnat Summary ===
# of expected passes 346
# of unexpected failures 2
=== objc tests ===
Running target unix
=== objc Summary ===
# of expected passes 1812
# of expected failures 7
# of unsupported tests 24
/home/guerby/tmp/build/gcc/xgcc version 4.3.0 (GCC)
=== libffi tests ===
Running target unix
=== libffi Summary ===
# of expected passes 1389
# of unsupported tests 10
=== libgomp tests ===
Running target unix
=== libgomp Summary ===
# of expected passes 1699
=== libjava tests ===
Running target unix
=== libjava Summary ===
# of expected passes 2550
=== libmudflap tests ===
Running target unix
FAIL: libmudflap.c++/pass41-frag.cxx execution test
FAIL: libmudflap.c++/pass41-frag.cxx (-static) execution test
FAIL: libmudflap.c++/pass41-frag.cxx ( -O) execution test
FAIL: libmudflap.c++/pass41-frag.cxx (-O2) execution test
FAIL: libmudflap.c++/pass41-frag.cxx (-O3) execution test
=== libmudflap Summary ===
# of expected passes 1844
# of unexpected failures 5
=== libstdc++ tests ===
Running target unix
FAIL: abi_check
XPASS: 26_numerics/headers/cmath/c99_classification_macros_c.cc (test for excess errors)
=== libstdc++ Summary ===
# of expected passes 4926
# of unexpected failures 1
# of unexpected successes 1
# of expected failures 57
# of unsupported tests 326
Compiler version: 4.3.0 (GCC)
Platform: x86_64-unknown-linux-gnu
configure flags: --prefix=/opt/cfarm/release/4.3.0 --enable-languages=all,ada --enable-__cxa_atexit --disable-nls --enable-threads=posix --disable-multilib --with-mpfr=/opt/cfarm/mpfr-2.3.1