This is the mail archive of the
gcc-testresults@gcc.gnu.org
mailing list for the GCC project.
Results for 4.4.0 20080508 (experimental) [trunk revision 135088] (GCC) testsuite on x86_64-unknown-linux-gnu
- From: Serge Belyshev <belyshev at depni dot sinp dot msu dot ru>
- To: gcc-testresults at gcc dot gnu dot org
- Date: Fri, 09 May 2008 12:09:41 +0400
- Subject: Results for 4.4.0 20080508 (experimental) [trunk revision 135088] (GCC) testsuite on x86_64-unknown-linux-gnu
=== acats tests ===
=== acats Summary ===
# of expected passes 2315
# of unexpected failures 0
Native configuration is x86_64-unknown-linux-gnu
=== g++ tests ===
Running target unix
FAIL: g++.dg/tree-ssa/pr19637.C scan-tree-dump-times dom1 "return 1;" 3
WARNING: program timed out.
FAIL: g++.dg/torture/pr31863.C -O0 (test for excess errors)
WARNING: program timed out.
FAIL: g++.dg/torture/pr31863.C -O1 (test for excess errors)
WARNING: program timed out.
FAIL: g++.dg/torture/pr31863.C -O2 (test for excess errors)
WARNING: program timed out.
FAIL: g++.dg/torture/pr31863.C -O3 -fomit-frame-pointer (test for excess errors)
WARNING: program timed out.
FAIL: g++.dg/torture/pr31863.C -O3 -g (test for excess errors)
WARNING: program timed out.
FAIL: g++.dg/torture/pr31863.C -Os (test for excess errors)
=== g++ Summary for unix ===
# of expected passes 17635
# of unexpected failures 7
# of expected failures 82
# of unsupported tests 121
Running target unix/-fPIC
FAIL: g++.dg/tree-ssa/pr19637.C scan-tree-dump-times dom1 "return 1;" 3
WARNING: program timed out.
FAIL: g++.dg/torture/pr31863.C -O0 (test for excess errors)
WARNING: program timed out.
FAIL: g++.dg/torture/pr31863.C -O1 (test for excess errors)
WARNING: program timed out.
FAIL: g++.dg/torture/pr31863.C -O2 (test for excess errors)
WARNING: program timed out.
FAIL: g++.dg/torture/pr31863.C -O3 -fomit-frame-pointer (test for excess errors)
WARNING: program timed out.
FAIL: g++.dg/torture/pr31863.C -O3 -g (test for excess errors)
WARNING: program timed out.
FAIL: g++.dg/torture/pr31863.C -Os (test for excess errors)
=== g++ Summary for unix/-fPIC ===
# of expected passes 17633
# of unexpected failures 7
# of expected failures 82
# of unsupported tests 122
Running target unix/-m32
FAIL: g++.dg/tree-ssa/pr19637.C scan-tree-dump-times dom1 "return 1;" 3
WARNING: program timed out.
FAIL: g++.dg/torture/pr31863.C -O0 (test for excess errors)
WARNING: program timed out.
FAIL: g++.dg/torture/pr31863.C -O1 (test for excess errors)
WARNING: program timed out.
FAIL: g++.dg/torture/pr31863.C -O2 (test for excess errors)
WARNING: program timed out.
FAIL: g++.dg/torture/pr31863.C -O3 -fomit-frame-pointer (test for excess errors)
WARNING: program timed out.
FAIL: g++.dg/torture/pr31863.C -O3 -g (test for excess errors)
WARNING: program timed out.
FAIL: g++.dg/torture/pr31863.C -Os (test for excess errors)
=== g++ Summary for unix/-m32 ===
# of expected passes 17726
# of unexpected failures 7
# of expected failures 82
# of unsupported tests 90
Running target unix/-m32/-fPIC
FAIL: g++.dg/tree-ssa/pr19637.C scan-tree-dump-times dom1 "return 1;" 3
WARNING: program timed out.
FAIL: g++.dg/torture/pr31863.C -O0 (test for excess errors)
WARNING: program timed out.
FAIL: g++.dg/torture/pr31863.C -O1 (test for excess errors)
WARNING: program timed out.
FAIL: g++.dg/torture/pr31863.C -O2 (test for excess errors)
WARNING: program timed out.
FAIL: g++.dg/torture/pr31863.C -O3 -fomit-frame-pointer (test for excess errors)
WARNING: program timed out.
FAIL: g++.dg/torture/pr31863.C -O3 -g (test for excess errors)
WARNING: program timed out.
FAIL: g++.dg/torture/pr31863.C -Os (test for excess errors)
=== g++ Summary for unix/-m32/-fPIC ===
# of expected passes 17722
# of unexpected failures 7
# of expected failures 82
# of unsupported tests 93
=== g++ Summary ===
# of expected passes 70716
# of unexpected failures 28
# of expected failures 328
# of unsupported tests 426
/mnt/stratum/src/b3/gcc/testsuite/g++/../../g++ version 4.4.0 20080508 (experimental) [trunk revision 135088] (GCC)
=== gcc tests ===
Running target unix
FAIL: gcc.c-torture/compile/pr36154.c -O0 (internal compiler error)
FAIL: gcc.c-torture/compile/pr36154.c -O0 (test for excess errors)
FAIL: gcc.c-torture/compile/pr36154.c -O1 (internal compiler error)
FAIL: gcc.c-torture/compile/pr36154.c -O1 (test for excess errors)
FAIL: gcc.c-torture/compile/pr36154.c -O2 (internal compiler error)
FAIL: gcc.c-torture/compile/pr36154.c -O2 (test for excess errors)
FAIL: gcc.c-torture/compile/pr36154.c -O3 -fomit-frame-pointer (internal compiler error)
FAIL: gcc.c-torture/compile/pr36154.c -O3 -fomit-frame-pointer (test for excess errors)
FAIL: gcc.c-torture/compile/pr36154.c -O3 -g (internal compiler error)
FAIL: gcc.c-torture/compile/pr36154.c -O3 -g (test for excess errors)
FAIL: gcc.c-torture/compile/pr36154.c -Os (internal compiler error)
FAIL: gcc.c-torture/compile/pr36154.c -Os (test for excess errors)
FAIL: gcc.c-torture/execute/memset-3.c compilation, -O1 (internal compiler error)
UNRESOLVED: gcc.c-torture/execute/memset-3.c execution, -O1
FAIL: gcc.dg/cpp/direct2s.c (test for excess errors)
FAIL: gcc.dg/tree-prof/pr34999.c compilation, -fprofile-use -D_PROFILE_USE
UNRESOLVED: gcc.dg/tree-prof/pr34999.c execution, -fprofile-use -D_PROFILE_USE
XPASS: gcc.dg/tree-ssa/ltrans-3.c scan-tree-dump-times ltrans "transformed loop" 1
FAIL: gcc.target/i386/parity-1.c scan-assembler setnp
FAIL: gcc.target/i386/parity-2.c scan-assembler setnp
=== gcc Summary for unix ===
# of expected passes 49489
# of unexpected failures 17
# of unexpected successes 1
# of expected failures 168
# of unresolved testcases 2
# of untested testcases 35
# of unsupported tests 534
Running target unix/-fPIC
FAIL: gcc.c-torture/compile/pr36154.c -O0 (internal compiler error)
FAIL: gcc.c-torture/compile/pr36154.c -O0 (test for excess errors)
FAIL: gcc.c-torture/compile/pr36154.c -O1 (internal compiler error)
FAIL: gcc.c-torture/compile/pr36154.c -O1 (test for excess errors)
FAIL: gcc.c-torture/compile/pr36154.c -O2 (internal compiler error)
FAIL: gcc.c-torture/compile/pr36154.c -O2 (test for excess errors)
FAIL: gcc.c-torture/compile/pr36154.c -O3 -fomit-frame-pointer (internal compiler error)
FAIL: gcc.c-torture/compile/pr36154.c -O3 -fomit-frame-pointer (test for excess errors)
FAIL: gcc.c-torture/compile/pr36154.c -O3 -g (internal compiler error)
FAIL: gcc.c-torture/compile/pr36154.c -O3 -g (test for excess errors)
FAIL: gcc.c-torture/compile/pr36154.c -Os (internal compiler error)
FAIL: gcc.c-torture/compile/pr36154.c -Os (test for excess errors)
FAIL: gcc.c-torture/execute/memset-3.c compilation, -O1 (internal compiler error)
UNRESOLVED: gcc.c-torture/execute/memset-3.c execution, -O1
FAIL: gcc.c-torture/execute/memset-3.c compilation, -O2 (internal compiler error)
UNRESOLVED: gcc.c-torture/execute/memset-3.c execution, -O2
FAIL: gcc.c-torture/execute/memset-3.c compilation, -O3 -fomit-frame-pointer (internal compiler error)
UNRESOLVED: gcc.c-torture/execute/memset-3.c execution, -O3 -fomit-frame-pointer
FAIL: gcc.c-torture/execute/memset-3.c compilation, -O3 -fomit-frame-pointer -funroll-loops (internal compiler error)
UNRESOLVED: gcc.c-torture/execute/memset-3.c execution, -O3 -fomit-frame-pointer -funroll-loops
FAIL: gcc.c-torture/execute/memset-3.c compilation, -O3 -fomit-frame-pointer -funroll-all-loops -finline-functions (internal compiler error)
UNRESOLVED: gcc.c-torture/execute/memset-3.c execution, -O3 -fomit-frame-pointer -funroll-all-loops -finline-functions
FAIL: gcc.c-torture/execute/memset-3.c compilation, -O3 -g (internal compiler error)
UNRESOLVED: gcc.c-torture/execute/memset-3.c execution, -O3 -g
FAIL: gcc.c-torture/execute/memset-3.c compilation, -Os (internal compiler error)
UNRESOLVED: gcc.c-torture/execute/memset-3.c execution, -Os
FAIL: gcc.dg/cpp/direct2s.c (test for excess errors)
FAIL: gcc.dg/pr35729.c scan-rtl-dump-times loop2_invariant "Decided to move invariant" 0
FAIL: gcc.dg/tree-prof/pr34999.c compilation, -fprofile-use -D_PROFILE_USE
UNRESOLVED: gcc.dg/tree-prof/pr34999.c execution, -fprofile-use -D_PROFILE_USE
XPASS: gcc.dg/tree-ssa/ltrans-3.c scan-tree-dump-times ltrans "transformed loop" 1
FAIL: gcc.target/i386/parity-1.c scan-assembler setnp
FAIL: gcc.target/i386/parity-2.c scan-assembler setnp
=== gcc Summary for unix/-fPIC ===
# of expected passes 49402
# of unexpected failures 24
# of unexpected successes 1
# of expected failures 168
# of unresolved testcases 8
# of untested testcases 35
# of unsupported tests 556
Running target unix/-m32
FAIL: gcc.c-torture/compile/pr36154.c -O0 (internal compiler error)
FAIL: gcc.c-torture/compile/pr36154.c -O0 (test for excess errors)
FAIL: gcc.c-torture/compile/pr36154.c -O1 (internal compiler error)
FAIL: gcc.c-torture/compile/pr36154.c -O1 (test for excess errors)
FAIL: gcc.c-torture/compile/pr36154.c -O2 (internal compiler error)
FAIL: gcc.c-torture/compile/pr36154.c -O2 (test for excess errors)
FAIL: gcc.c-torture/compile/pr36154.c -O3 -fomit-frame-pointer (internal compiler error)
FAIL: gcc.c-torture/compile/pr36154.c -O3 -fomit-frame-pointer (test for excess errors)
FAIL: gcc.c-torture/compile/pr36154.c -O3 -g (internal compiler error)
FAIL: gcc.c-torture/compile/pr36154.c -O3 -g (test for excess errors)
FAIL: gcc.c-torture/compile/pr36154.c -Os (internal compiler error)
FAIL: gcc.c-torture/compile/pr36154.c -Os (test for excess errors)
FAIL: gcc.c-torture/execute/memset-3.c compilation, -O1 (internal compiler error)
UNRESOLVED: gcc.c-torture/execute/memset-3.c execution, -O1
FAIL: gcc.dg/cpp/direct2s.c (test for excess errors)
XPASS: gcc.dg/tree-ssa/ltrans-3.c scan-tree-dump-times ltrans "transformed loop" 1
FAIL: gcc.target/i386/parity-1.c scan-assembler setnp
FAIL: gcc.target/i386/parity-2.c scan-assembler setnp
FAIL: gcc.target/i386/pr35540.c (internal compiler error)
FAIL: gcc.target/i386/pr35540.c (test for excess errors)
UNRESOLVED: gcc.target/i386/pr35540.c compilation failed to produce executable
=== gcc Summary for unix/-m32 ===
# of expected passes 49635
# of unexpected failures 18
# of unexpected successes 1
# of expected failures 168
# of unresolved testcases 2
# of untested testcases 35
# of unsupported tests 419
Running target unix/-m32/-fPIC
FAIL: gcc.c-torture/compile/pr11832.c -O0 (internal compiler error)
FAIL: gcc.c-torture/compile/pr11832.c -O0 (test for excess errors)
FAIL: gcc.c-torture/compile/pr11832.c -O1 (internal compiler error)
FAIL: gcc.c-torture/compile/pr11832.c -O1 (test for excess errors)
FAIL: gcc.c-torture/compile/pr11832.c -O2 (internal compiler error)
FAIL: gcc.c-torture/compile/pr11832.c -O2 (test for excess errors)
FAIL: gcc.c-torture/compile/pr11832.c -O3 -fomit-frame-pointer (internal compiler error)
FAIL: gcc.c-torture/compile/pr11832.c -O3 -fomit-frame-pointer (test for excess errors)
FAIL: gcc.c-torture/compile/pr11832.c -O3 -g (internal compiler error)
FAIL: gcc.c-torture/compile/pr11832.c -O3 -g (test for excess errors)
FAIL: gcc.c-torture/compile/pr11832.c -Os (internal compiler error)
FAIL: gcc.c-torture/compile/pr11832.c -Os (test for excess errors)
FAIL: gcc.c-torture/compile/pr33009.c -O0 (internal compiler error)
FAIL: gcc.c-torture/compile/pr33009.c -O0 (test for excess errors)
FAIL: gcc.c-torture/compile/pr33009.c -O1 (internal compiler error)
FAIL: gcc.c-torture/compile/pr33009.c -O1 (test for excess errors)
FAIL: gcc.c-torture/compile/pr33009.c -O2 (internal compiler error)
FAIL: gcc.c-torture/compile/pr33009.c -O2 (test for excess errors)
FAIL: gcc.c-torture/compile/pr33009.c -O3 -fomit-frame-pointer (internal compiler error)
FAIL: gcc.c-torture/compile/pr33009.c -O3 -fomit-frame-pointer (test for excess errors)
FAIL: gcc.c-torture/compile/pr33009.c -O3 -fomit-frame-pointer -funroll-loops (internal compiler error)
FAIL: gcc.c-torture/compile/pr33009.c -O3 -fomit-frame-pointer -funroll-loops (test for excess errors)
FAIL: gcc.c-torture/compile/pr33009.c -O3 -fomit-frame-pointer -funroll-all-loops -finline-functions (internal compiler error)
FAIL: gcc.c-torture/compile/pr33009.c -O3 -fomit-frame-pointer -funroll-all-loops -finline-functions (test for excess errors)
FAIL: gcc.c-torture/compile/pr33009.c -O3 -g (internal compiler error)
FAIL: gcc.c-torture/compile/pr33009.c -O3 -g (test for excess errors)
FAIL: gcc.c-torture/compile/pr33009.c -Os (internal compiler error)
FAIL: gcc.c-torture/compile/pr33009.c -Os (test for excess errors)
FAIL: gcc.c-torture/compile/pr36154.c -O0 (internal compiler error)
FAIL: gcc.c-torture/compile/pr36154.c -O0 (test for excess errors)
FAIL: gcc.c-torture/compile/pr36154.c -O1 (internal compiler error)
FAIL: gcc.c-torture/compile/pr36154.c -O1 (test for excess errors)
FAIL: gcc.c-torture/compile/pr36154.c -O2 (internal compiler error)
FAIL: gcc.c-torture/compile/pr36154.c -O2 (test for excess errors)
FAIL: gcc.c-torture/compile/pr36154.c -O3 -fomit-frame-pointer (internal compiler error)
FAIL: gcc.c-torture/compile/pr36154.c -O3 -fomit-frame-pointer (test for excess errors)
FAIL: gcc.c-torture/compile/pr36154.c -O3 -g (internal compiler error)
FAIL: gcc.c-torture/compile/pr36154.c -O3 -g (test for excess errors)
FAIL: gcc.c-torture/compile/pr36154.c -Os (internal compiler error)
FAIL: gcc.c-torture/compile/pr36154.c -Os (test for excess errors)
FAIL: gcc.c-torture/execute/memset-3.c compilation, -O1 (internal compiler error)
UNRESOLVED: gcc.c-torture/execute/memset-3.c execution, -O1
FAIL: gcc.c-torture/execute/memset-3.c compilation, -O2 (internal compiler error)
UNRESOLVED: gcc.c-torture/execute/memset-3.c execution, -O2
FAIL: gcc.c-torture/execute/memset-3.c compilation, -O3 -fomit-frame-pointer (internal compiler error)
UNRESOLVED: gcc.c-torture/execute/memset-3.c execution, -O3 -fomit-frame-pointer
FAIL: gcc.c-torture/execute/memset-3.c compilation, -O3 -fomit-frame-pointer -funroll-loops (internal compiler error)
UNRESOLVED: gcc.c-torture/execute/memset-3.c execution, -O3 -fomit-frame-pointer -funroll-loops
FAIL: gcc.c-torture/execute/memset-3.c compilation, -O3 -fomit-frame-pointer -funroll-all-loops -finline-functions (internal compiler error)
UNRESOLVED: gcc.c-torture/execute/memset-3.c execution, -O3 -fomit-frame-pointer -funroll-all-loops -finline-functions
FAIL: gcc.c-torture/execute/memset-3.c compilation, -O3 -g (internal compiler error)
UNRESOLVED: gcc.c-torture/execute/memset-3.c execution, -O3 -g
FAIL: gcc.c-torture/execute/memset-3.c compilation, -Os (internal compiler error)
UNRESOLVED: gcc.c-torture/execute/memset-3.c execution, -Os
FAIL: gcc.dg/cpp/direct2s.c (test for excess errors)
FAIL: gcc.dg/pr35729.c scan-rtl-dump-times loop2_invariant "Decided to move invariant" 0
FAIL: gcc.dg/ssp-1.c execution test
XPASS: gcc.dg/tree-ssa/ltrans-3.c scan-tree-dump-times ltrans "transformed loop" 1
FAIL: gcc.target/i386/parity-1.c scan-assembler setnp
FAIL: gcc.target/i386/parity-2.c scan-assembler setnp
FAIL: gcc.target/i386/pr35540.c (internal compiler error)
FAIL: gcc.target/i386/pr35540.c (test for excess errors)
UNRESOLVED: gcc.target/i386/pr35540.c compilation failed to produce executable
FAIL: gcc.target/i386/sse3-addsubpd.c (internal compiler error)
FAIL: gcc.target/i386/sse3-addsubpd.c (test for excess errors)
UNRESOLVED: gcc.target/i386/sse3-addsubpd.c compilation failed to produce executable
FAIL: gcc.target/i386/sse3-addsubps.c (internal compiler error)
FAIL: gcc.target/i386/sse3-addsubps.c (test for excess errors)
UNRESOLVED: gcc.target/i386/sse3-addsubps.c compilation failed to produce executable
FAIL: gcc.target/i386/sse3-haddpd.c (internal compiler error)
FAIL: gcc.target/i386/sse3-haddpd.c (test for excess errors)
UNRESOLVED: gcc.target/i386/sse3-haddpd.c compilation failed to produce executable
FAIL: gcc.target/i386/sse3-haddps.c (internal compiler error)
FAIL: gcc.target/i386/sse3-haddps.c (test for excess errors)
UNRESOLVED: gcc.target/i386/sse3-haddps.c compilation failed to produce executable
FAIL: gcc.target/i386/sse3-hsubpd.c (internal compiler error)
FAIL: gcc.target/i386/sse3-hsubpd.c (test for excess errors)
UNRESOLVED: gcc.target/i386/sse3-hsubpd.c compilation failed to produce executable
FAIL: gcc.target/i386/sse3-hsubps.c (internal compiler error)
FAIL: gcc.target/i386/sse3-hsubps.c (test for excess errors)
UNRESOLVED: gcc.target/i386/sse3-hsubps.c compilation failed to produce executable
=== gcc Summary for unix/-m32/-fPIC ===
# of expected passes 49494
# of unexpected failures 66
# of unexpected successes 1
# of expected failures 168
# of unresolved testcases 14
# of untested testcases 35
# of unsupported tests 458
=== gcc Summary ===
# of expected passes 198020
# of unexpected failures 125
# of unexpected successes 4
# of expected failures 672
# of unresolved testcases 26
# of untested testcases 140
# of unsupported tests 1967
/mnt/stratum/src/b3/gcc/xgcc version 4.4.0 20080508 (experimental) [trunk revision 135088] (GCC)
=== gfortran tests ===
Running target unix
FAIL: gfortran.dg/gomp/appendix-a/a.1.1.f90 -O (internal compiler error)
FAIL: gfortran.dg/gomp/appendix-a/a.1.1.f90 -O (test for excess errors)
FAIL: gfortran.dg/gomp/appendix-a/a.26.2.f90 -O (internal compiler error)
FAIL: gfortran.dg/gomp/appendix-a/a.26.2.f90 -O (test for excess errors)
FAIL: gfortran.dg/gomp/appendix-a/a.27.1.f90 -O (internal compiler error)
FAIL: gfortran.dg/gomp/appendix-a/a.27.1.f90 -O (test for excess errors)
FAIL: gfortran.dg/gomp/appendix-a/a.31.1.f90 -O (internal compiler error)
FAIL: gfortran.dg/gomp/appendix-a/a.31.1.f90 -O (test for excess errors)
FAIL: gfortran.dg/gomp/do-1.f90 -O (internal compiler error)
FAIL: gfortran.dg/gomp/do-1.f90 -O (test for excess errors)
ERROR: gfortran.dg/gomp/do-1.f90 -O : error executing dg-final: no files matched glob pattern "do-1.f90.[0-9][0-9][0-9]t.omplower"
UNRESOLVED: gfortran.dg/gomp/do-1.f90 -O : error executing dg-final: no files matched glob pattern "do-1.f90.[0-9][0-9][0-9]t.omplower"
FAIL: gfortran.dg/gomp/sharing-1.f90 -O (internal compiler error)
FAIL: gfortran.dg/gomp/sharing-1.f90 -O (test for errors, line 12)
FAIL: gfortran.dg/gomp/sharing-1.f90 -O (test for errors, line 24)
FAIL: gfortran.dg/gomp/sharing-1.f90 -O (test for errors, line 25)
FAIL: gfortran.dg/gomp/sharing-1.f90 -O (test for errors, line 26)
FAIL: gfortran.dg/gomp/sharing-1.f90 -O (test for excess errors)
FAIL: gfortran.dg/gomp/sharing-2.f90 -O (internal compiler error)
FAIL: gfortran.dg/gomp/sharing-2.f90 -O (test for errors, line 12)
FAIL: gfortran.dg/gomp/sharing-2.f90 -O (test for errors, line 16)
FAIL: gfortran.dg/gomp/sharing-2.f90 -O (test for errors, line 57)
FAIL: gfortran.dg/gomp/sharing-2.f90 -O (test for errors, line 58)
FAIL: gfortran.dg/gomp/sharing-2.f90 -O (test for errors, line 64)
FAIL: gfortran.dg/gomp/sharing-2.f90 -O (test for errors, line 65)
FAIL: gfortran.dg/gomp/sharing-2.f90 -O (test for excess errors)
=== gfortran Summary for unix ===
# of expected passes 24645
# of unexpected failures 24
# of expected failures 9
# of unresolved testcases 1
# of unsupported tests 34
Running target unix/-fPIC
FAIL: gfortran.dg/gomp/appendix-a/a.1.1.f90 -O (internal compiler error)
FAIL: gfortran.dg/gomp/appendix-a/a.1.1.f90 -O (test for excess errors)
FAIL: gfortran.dg/gomp/appendix-a/a.26.2.f90 -O (internal compiler error)
FAIL: gfortran.dg/gomp/appendix-a/a.26.2.f90 -O (test for excess errors)
FAIL: gfortran.dg/gomp/appendix-a/a.27.1.f90 -O (internal compiler error)
FAIL: gfortran.dg/gomp/appendix-a/a.27.1.f90 -O (test for excess errors)
FAIL: gfortran.dg/gomp/appendix-a/a.31.1.f90 -O (internal compiler error)
FAIL: gfortran.dg/gomp/appendix-a/a.31.1.f90 -O (test for excess errors)
FAIL: gfortran.dg/gomp/do-1.f90 -O (internal compiler error)
FAIL: gfortran.dg/gomp/do-1.f90 -O (test for excess errors)
ERROR: gfortran.dg/gomp/do-1.f90 -O : error executing dg-final: no files matched glob pattern "do-1.f90.[0-9][0-9][0-9]t.omplower"
UNRESOLVED: gfortran.dg/gomp/do-1.f90 -O : error executing dg-final: no files matched glob pattern "do-1.f90.[0-9][0-9][0-9]t.omplower"
FAIL: gfortran.dg/gomp/sharing-1.f90 -O (internal compiler error)
FAIL: gfortran.dg/gomp/sharing-1.f90 -O (test for errors, line 12)
FAIL: gfortran.dg/gomp/sharing-1.f90 -O (test for errors, line 24)
FAIL: gfortran.dg/gomp/sharing-1.f90 -O (test for errors, line 25)
FAIL: gfortran.dg/gomp/sharing-1.f90 -O (test for errors, line 26)
FAIL: gfortran.dg/gomp/sharing-1.f90 -O (test for excess errors)
FAIL: gfortran.dg/gomp/sharing-2.f90 -O (internal compiler error)
FAIL: gfortran.dg/gomp/sharing-2.f90 -O (test for errors, line 12)
FAIL: gfortran.dg/gomp/sharing-2.f90 -O (test for errors, line 16)
FAIL: gfortran.dg/gomp/sharing-2.f90 -O (test for errors, line 57)
FAIL: gfortran.dg/gomp/sharing-2.f90 -O (test for errors, line 58)
FAIL: gfortran.dg/gomp/sharing-2.f90 -O (test for errors, line 64)
FAIL: gfortran.dg/gomp/sharing-2.f90 -O (test for errors, line 65)
FAIL: gfortran.dg/gomp/sharing-2.f90 -O (test for excess errors)
=== gfortran Summary for unix/-fPIC ===
# of expected passes 24645
# of unexpected failures 24
# of expected failures 9
# of unresolved testcases 1
# of unsupported tests 34
Running target unix/-m32
FAIL: gfortran.dg/gomp/appendix-a/a.1.1.f90 -O (internal compiler error)
FAIL: gfortran.dg/gomp/appendix-a/a.1.1.f90 -O (test for excess errors)
FAIL: gfortran.dg/gomp/appendix-a/a.26.2.f90 -O (internal compiler error)
FAIL: gfortran.dg/gomp/appendix-a/a.26.2.f90 -O (test for excess errors)
FAIL: gfortran.dg/gomp/appendix-a/a.27.1.f90 -O (internal compiler error)
FAIL: gfortran.dg/gomp/appendix-a/a.27.1.f90 -O (test for excess errors)
FAIL: gfortran.dg/gomp/appendix-a/a.31.1.f90 -O (internal compiler error)
FAIL: gfortran.dg/gomp/appendix-a/a.31.1.f90 -O (test for excess errors)
FAIL: gfortran.dg/gomp/do-1.f90 -O (internal compiler error)
FAIL: gfortran.dg/gomp/do-1.f90 -O (test for excess errors)
ERROR: gfortran.dg/gomp/do-1.f90 -O : error executing dg-final: no files matched glob pattern "do-1.f90.[0-9][0-9][0-9]t.omplower"
UNRESOLVED: gfortran.dg/gomp/do-1.f90 -O : error executing dg-final: no files matched glob pattern "do-1.f90.[0-9][0-9][0-9]t.omplower"
FAIL: gfortran.dg/gomp/sharing-1.f90 -O (internal compiler error)
FAIL: gfortran.dg/gomp/sharing-1.f90 -O (test for errors, line 12)
FAIL: gfortran.dg/gomp/sharing-1.f90 -O (test for errors, line 24)
FAIL: gfortran.dg/gomp/sharing-1.f90 -O (test for errors, line 25)
FAIL: gfortran.dg/gomp/sharing-1.f90 -O (test for errors, line 26)
FAIL: gfortran.dg/gomp/sharing-1.f90 -O (test for excess errors)
FAIL: gfortran.dg/gomp/sharing-2.f90 -O (internal compiler error)
FAIL: gfortran.dg/gomp/sharing-2.f90 -O (test for errors, line 12)
FAIL: gfortran.dg/gomp/sharing-2.f90 -O (test for errors, line 16)
FAIL: gfortran.dg/gomp/sharing-2.f90 -O (test for errors, line 57)
FAIL: gfortran.dg/gomp/sharing-2.f90 -O (test for errors, line 58)
FAIL: gfortran.dg/gomp/sharing-2.f90 -O (test for errors, line 64)
FAIL: gfortran.dg/gomp/sharing-2.f90 -O (test for errors, line 65)
FAIL: gfortran.dg/gomp/sharing-2.f90 -O (test for excess errors)
=== gfortran Summary for unix/-m32 ===
# of expected passes 24583
# of unexpected failures 24
# of expected failures 9
# of unresolved testcases 1
# of unsupported tests 64
Running target unix/-m32/-fPIC
FAIL: gfortran.dg/gomp/appendix-a/a.1.1.f90 -O (internal compiler error)
FAIL: gfortran.dg/gomp/appendix-a/a.1.1.f90 -O (test for excess errors)
FAIL: gfortran.dg/gomp/appendix-a/a.26.2.f90 -O (internal compiler error)
FAIL: gfortran.dg/gomp/appendix-a/a.26.2.f90 -O (test for excess errors)
FAIL: gfortran.dg/gomp/appendix-a/a.27.1.f90 -O (internal compiler error)
FAIL: gfortran.dg/gomp/appendix-a/a.27.1.f90 -O (test for excess errors)
FAIL: gfortran.dg/gomp/appendix-a/a.31.1.f90 -O (internal compiler error)
FAIL: gfortran.dg/gomp/appendix-a/a.31.1.f90 -O (test for excess errors)
FAIL: gfortran.dg/gomp/do-1.f90 -O (internal compiler error)
FAIL: gfortran.dg/gomp/do-1.f90 -O (test for excess errors)
ERROR: gfortran.dg/gomp/do-1.f90 -O : error executing dg-final: no files matched glob pattern "do-1.f90.[0-9][0-9][0-9]t.omplower"
UNRESOLVED: gfortran.dg/gomp/do-1.f90 -O : error executing dg-final: no files matched glob pattern "do-1.f90.[0-9][0-9][0-9]t.omplower"
FAIL: gfortran.dg/gomp/sharing-1.f90 -O (internal compiler error)
FAIL: gfortran.dg/gomp/sharing-1.f90 -O (test for errors, line 12)
FAIL: gfortran.dg/gomp/sharing-1.f90 -O (test for errors, line 24)
FAIL: gfortran.dg/gomp/sharing-1.f90 -O (test for errors, line 25)
FAIL: gfortran.dg/gomp/sharing-1.f90 -O (test for errors, line 26)
FAIL: gfortran.dg/gomp/sharing-1.f90 -O (test for excess errors)
FAIL: gfortran.dg/gomp/sharing-2.f90 -O (internal compiler error)
FAIL: gfortran.dg/gomp/sharing-2.f90 -O (test for errors, line 12)
FAIL: gfortran.dg/gomp/sharing-2.f90 -O (test for errors, line 16)
FAIL: gfortran.dg/gomp/sharing-2.f90 -O (test for errors, line 57)
FAIL: gfortran.dg/gomp/sharing-2.f90 -O (test for errors, line 58)
FAIL: gfortran.dg/gomp/sharing-2.f90 -O (test for errors, line 64)
FAIL: gfortran.dg/gomp/sharing-2.f90 -O (test for errors, line 65)
FAIL: gfortran.dg/gomp/sharing-2.f90 -O (test for excess errors)
=== gfortran Summary for unix/-m32/-fPIC ===
# of expected passes 24583
# of unexpected failures 24
# of expected failures 9
# of unresolved testcases 1
# of unsupported tests 64
=== gfortran Summary ===
# of expected passes 98456
# of unexpected failures 96
# of expected failures 36
# of unresolved testcases 4
# of unsupported tests 196
/mnt/stratum/src/b3/gcc/testsuite/gfortran/../../gfortran version 4.4.0 20080508 (experimental) [trunk revision 135088] (GCC)
=== gnat tests ===
Running target unix
FAIL: gnat.dg/specs/tag2.ads (test for errors, line 13)
FAIL: gnat.dg/specs/tag2.ads (test for excess errors)
=== gnat Summary for unix ===
# of expected passes 430
# of unexpected failures 2
# of expected failures 5
Running target unix/-fPIC
FAIL: gnat.dg/specs/tag2.ads (test for errors, line 13)
FAIL: gnat.dg/specs/tag2.ads (test for excess errors)
=== gnat Summary for unix/-fPIC ===
# of expected passes 430
# of unexpected failures 2
# of expected failures 5
Running target unix/-m32
[snipped, no multilibs for ada]
=== gnat Summary for unix/-m32 ===
# of expected passes 200
# of unexpected failures 127
# of expected failures 5
# of unresolved testcases 105
Running target unix/-m32/-fPIC
[snipped, no multilibs for ada]
=== gnat Summary for unix/-m32/-fPIC ===
# of expected passes 200
# of unexpected failures 127
# of expected failures 5
# of unresolved testcases 105
=== gnat Summary ===
# of expected passes 1260
# of unexpected failures 258
# of expected failures 20
# of unresolved testcases 210
=== objc tests ===
Running target unix
=== objc Summary for unix ===
# of expected passes 1814
# of expected failures 7
# of unsupported tests 24
Running target unix/-fPIC
=== objc Summary for unix/-fPIC ===
# of expected passes 1814
# of expected failures 7
# of unsupported tests 24
Running target unix/-m32
=== objc Summary for unix/-m32 ===
# of expected passes 1814
# of expected failures 7
# of unsupported tests 24
Running target unix/-m32/-fPIC
=== objc Summary for unix/-m32/-fPIC ===
# of expected passes 1814
# of expected failures 7
# of unsupported tests 24
=== objc Summary ===
# of expected passes 7256
# of expected failures 28
# of unsupported tests 96
/mnt/stratum/src/b3/gcc/xgcc version 4.4.0 20080508 (experimental) [trunk revision 135088] (GCC)
=== libffi tests ===
Running target unix
=== libffi Summary for unix ===
# of expected passes 1389
# of unsupported tests 10
Running target unix/-fPIC
=== libffi Summary for unix/-fPIC ===
# of expected passes 1389
# of unsupported tests 10
Running target unix/-m32
=== libffi Summary for unix/-m32 ===
# of expected passes 1389
# of unsupported tests 10
Running target unix/-m32/-fPIC
=== libffi Summary for unix/-m32/-fPIC ===
# of expected passes 1389
# of unsupported tests 10
=== libffi Summary ===
# of expected passes 5556
# of unsupported tests 40
[libgomp is broken, snipped]
=== libjava tests ===
Running target unix
=== libjava Summary for unix ===
# of expected passes 2550
Running target unix/-fPIC
=== libjava Summary for unix/-fPIC ===
# of expected passes 2550
Running target unix/-m32
=== libjava Summary for unix/-m32 ===
# of expected passes 2550
Running target unix/-m32/-fPIC
=== libjava Summary for unix/-m32/-fPIC ===
# of expected passes 2550
=== libjava Summary ===
# of expected passes 10200
=== libmudflap tests ===
Running target unix
=== libmudflap Summary for unix ===
# of expected passes 1865
Running target unix/-fPIC
=== libmudflap Summary for unix/-fPIC ===
# of expected passes 1865
Running target unix/-m32
=== libmudflap Summary for unix/-m32 ===
# of expected passes 1865
Running target unix/-m32/-fPIC
=== libmudflap Summary for unix/-m32/-fPIC ===
# of expected passes 1865
=== libmudflap Summary ===
# of expected passes 7460
=== libstdc++ tests ===
Running target unix
XPASS: 26_numerics/headers/cmath/c99_classification_macros_c.cc (test for excess errors)
=== libstdc++ Summary for unix ===
# of expected passes 5097
# of unexpected successes 1
# of expected failures 75
# of unsupported tests 326
Running target unix/-fPIC
XPASS: 26_numerics/headers/cmath/c99_classification_macros_c.cc (test for excess errors)
=== libstdc++ Summary for unix/-fPIC ===
# of expected passes 5097
# of unexpected successes 1
# of expected failures 75
# of unsupported tests 326
Running target unix/-m32
XPASS: 26_numerics/headers/cmath/c99_classification_macros_c.cc (test for excess errors)
=== libstdc++ Summary for unix/-m32 ===
# of expected passes 5097
# of unexpected successes 1
# of expected failures 75
# of unsupported tests 326
Running target unix/-m32/-fPIC
XPASS: 26_numerics/headers/cmath/c99_classification_macros_c.cc (test for excess errors)
=== libstdc++ Summary for unix/-m32/-fPIC ===
# of expected passes 5097
# of unexpected successes 1
# of expected failures 75
# of unsupported tests 326
=== libstdc++ Summary ===
# of expected passes 20388
# of unexpected successes 4
# of expected failures 300
# of unsupported tests 1304
Compiler version: 4.4.0 20080508 (experimental) [trunk revision 135088] (GCC)
Platform: x86_64-unknown-linux-gnu
configure flags: --enable-languages=all,ada --with-arch=amdfam10 --enable-checking=yes,rtl,fold