This is the mail archive of the
gcc-testresults@gcc.gnu.org
mailing list for the GCC project.
Results for 4.3.1 20080508 (prerelease) [gcc-4_3-branch revision 135072] (GCC) testsuite on x86_64-unknown-linux-gnu
- From: Serge Belyshev <belyshev at depni dot sinp dot msu dot ru>
- To: gcc-testresults at gcc dot gnu dot org
- Date: Thu, 08 May 2008 22:44:13 +0400
- Subject: Results for 4.3.1 20080508 (prerelease) [gcc-4_3-branch revision 135072] (GCC) testsuite on x86_64-unknown-linux-gnu
=== acats tests ===
=== acats Summary ===
# of expected passes 2315
# of unexpected failures 0
Native configuration is x86_64-unknown-linux-gnu
=== g++ tests ===
Running target unix
WARNING: program timed out.
FAIL: g++.dg/torture/pr31863.C -O0 (test for excess errors)
WARNING: program timed out.
FAIL: g++.dg/torture/pr31863.C -O1 (test for excess errors)
WARNING: program timed out.
FAIL: g++.dg/torture/pr31863.C -O2 (test for excess errors)
WARNING: program timed out.
FAIL: g++.dg/torture/pr31863.C -O3 -fomit-frame-pointer (test for excess errors)
WARNING: program timed out.
FAIL: g++.dg/torture/pr31863.C -O3 -g (test for excess errors)
WARNING: program timed out.
FAIL: g++.dg/torture/pr31863.C -Os (test for excess errors)
=== g++ Summary for unix ===
# of expected passes 17483
# of unexpected failures 6
# of expected failures 82
# of unsupported tests 119
Running target unix/-fPIC
WARNING: program timed out.
FAIL: g++.dg/torture/pr31863.C -O0 (test for excess errors)
WARNING: program timed out.
FAIL: g++.dg/torture/pr31863.C -O1 (test for excess errors)
WARNING: program timed out.
FAIL: g++.dg/torture/pr31863.C -O2 (test for excess errors)
WARNING: program timed out.
FAIL: g++.dg/torture/pr31863.C -O3 -fomit-frame-pointer (test for excess errors)
WARNING: program timed out.
FAIL: g++.dg/torture/pr31863.C -O3 -g (test for excess errors)
WARNING: program timed out.
FAIL: g++.dg/torture/pr31863.C -Os (test for excess errors)
=== g++ Summary for unix/-fPIC ===
# of expected passes 17481
# of unexpected failures 6
# of expected failures 82
# of unsupported tests 120
Running target unix/-m32
WARNING: program timed out.
FAIL: g++.dg/torture/pr31863.C -O0 (test for excess errors)
WARNING: program timed out.
FAIL: g++.dg/torture/pr31863.C -O1 (test for excess errors)
WARNING: program timed out.
FAIL: g++.dg/torture/pr31863.C -O2 (test for excess errors)
WARNING: program timed out.
FAIL: g++.dg/torture/pr31863.C -O3 -fomit-frame-pointer (test for excess errors)
WARNING: program timed out.
FAIL: g++.dg/torture/pr31863.C -O3 -g (test for excess errors)
WARNING: program timed out.
FAIL: g++.dg/torture/pr31863.C -Os (test for excess errors)
=== g++ Summary for unix/-m32 ===
# of expected passes 17573
# of unexpected failures 6
# of expected failures 82
# of unsupported tests 88
Running target unix/-m32/-fPIC
WARNING: program timed out.
FAIL: g++.dg/torture/pr31863.C -O0 (test for excess errors)
WARNING: program timed out.
FAIL: g++.dg/torture/pr31863.C -O1 (test for excess errors)
WARNING: program timed out.
FAIL: g++.dg/torture/pr31863.C -O2 (test for excess errors)
WARNING: program timed out.
FAIL: g++.dg/torture/pr31863.C -O3 -fomit-frame-pointer (test for excess errors)
WARNING: program timed out.
FAIL: g++.dg/torture/pr31863.C -O3 -g (test for excess errors)
WARNING: program timed out.
FAIL: g++.dg/torture/pr31863.C -Os (test for excess errors)
=== g++ Summary for unix/-m32/-fPIC ===
# of expected passes 17569
# of unexpected failures 6
# of expected failures 82
# of unsupported tests 91
=== g++ Summary ===
# of expected passes 70106
# of unexpected failures 24
# of expected failures 328
# of unsupported tests 418
/mnt/stratum/src/b2/gcc/testsuite/g++/../../g++ version 4.3.1 20080508 (prerelease) [gcc-4_3-branch revision 135072] (GCC)
=== gcc tests ===
Running target unix
FAIL: gcc.c-torture/compile/pr36154.c -O0 (internal compiler error)
FAIL: gcc.c-torture/compile/pr36154.c -O0 (test for excess errors)
FAIL: gcc.c-torture/compile/pr36154.c -O1 (internal compiler error)
FAIL: gcc.c-torture/compile/pr36154.c -O1 (test for excess errors)
FAIL: gcc.c-torture/compile/pr36154.c -O2 (internal compiler error)
FAIL: gcc.c-torture/compile/pr36154.c -O2 (test for excess errors)
FAIL: gcc.c-torture/compile/pr36154.c -O3 -fomit-frame-pointer (internal compiler error)
FAIL: gcc.c-torture/compile/pr36154.c -O3 -fomit-frame-pointer (test for excess errors)
FAIL: gcc.c-torture/compile/pr36154.c -O3 -g (internal compiler error)
FAIL: gcc.c-torture/compile/pr36154.c -O3 -g (test for excess errors)
FAIL: gcc.c-torture/compile/pr36154.c -Os (internal compiler error)
FAIL: gcc.c-torture/compile/pr36154.c -Os (test for excess errors)
FAIL: gcc.target/i386/parity-1.c scan-assembler setnp
FAIL: gcc.target/i386/parity-2.c scan-assembler setnp
=== gcc Summary for unix ===
# of expected passes 49011
# of unexpected failures 14
# of expected failures 166
# of untested testcases 35
# of unsupported tests 379
Running target unix/-fPIC
FAIL: gcc.c-torture/compile/pr36154.c -O0 (internal compiler error)
FAIL: gcc.c-torture/compile/pr36154.c -O0 (test for excess errors)
FAIL: gcc.c-torture/compile/pr36154.c -O1 (internal compiler error)
FAIL: gcc.c-torture/compile/pr36154.c -O1 (test for excess errors)
FAIL: gcc.c-torture/compile/pr36154.c -O2 (internal compiler error)
FAIL: gcc.c-torture/compile/pr36154.c -O2 (test for excess errors)
FAIL: gcc.c-torture/compile/pr36154.c -O3 -fomit-frame-pointer (internal compiler error)
FAIL: gcc.c-torture/compile/pr36154.c -O3 -fomit-frame-pointer (test for excess errors)
FAIL: gcc.c-torture/compile/pr36154.c -O3 -g (internal compiler error)
FAIL: gcc.c-torture/compile/pr36154.c -O3 -g (test for excess errors)
FAIL: gcc.c-torture/compile/pr36154.c -Os (internal compiler error)
FAIL: gcc.c-torture/compile/pr36154.c -Os (test for excess errors)
FAIL: gcc.target/i386/parity-1.c scan-assembler setnp
FAIL: gcc.target/i386/parity-2.c scan-assembler setnp
=== gcc Summary for unix/-fPIC ===
# of expected passes 48937
# of unexpected failures 14
# of expected failures 166
# of untested testcases 35
# of unsupported tests 401
Running target unix/-m32
FAIL: gcc.c-torture/compile/pr36154.c -O0 (internal compiler error)
FAIL: gcc.c-torture/compile/pr36154.c -O0 (test for excess errors)
FAIL: gcc.c-torture/compile/pr36154.c -O1 (internal compiler error)
FAIL: gcc.c-torture/compile/pr36154.c -O1 (test for excess errors)
FAIL: gcc.c-torture/compile/pr36154.c -O2 (internal compiler error)
FAIL: gcc.c-torture/compile/pr36154.c -O2 (test for excess errors)
FAIL: gcc.c-torture/compile/pr36154.c -O3 -fomit-frame-pointer (internal compiler error)
FAIL: gcc.c-torture/compile/pr36154.c -O3 -fomit-frame-pointer (test for excess errors)
FAIL: gcc.c-torture/compile/pr36154.c -O3 -g (internal compiler error)
FAIL: gcc.c-torture/compile/pr36154.c -O3 -g (test for excess errors)
FAIL: gcc.c-torture/compile/pr36154.c -Os (internal compiler error)
FAIL: gcc.c-torture/compile/pr36154.c -Os (test for excess errors)
FAIL: gcc.target/i386/parity-1.c scan-assembler setnp
FAIL: gcc.target/i386/parity-2.c scan-assembler setnp
FAIL: gcc.target/i386/pr35540.c (internal compiler error)
FAIL: gcc.target/i386/pr35540.c (test for excess errors)
UNRESOLVED: gcc.target/i386/pr35540.c compilation failed to produce executable
=== gcc Summary for unix/-m32 ===
# of expected passes 49146
# of unexpected failures 16
# of expected failures 167
# of unresolved testcases 1
# of untested testcases 35
# of unsupported tests 267
Running target unix/-m32/-fPIC
FAIL: gcc.c-torture/compile/pr36154.c -O0 (internal compiler error)
FAIL: gcc.c-torture/compile/pr36154.c -O0 (test for excess errors)
FAIL: gcc.c-torture/compile/pr36154.c -O1 (internal compiler error)
FAIL: gcc.c-torture/compile/pr36154.c -O1 (test for excess errors)
FAIL: gcc.c-torture/compile/pr36154.c -O2 (internal compiler error)
FAIL: gcc.c-torture/compile/pr36154.c -O2 (test for excess errors)
FAIL: gcc.c-torture/compile/pr36154.c -O3 -fomit-frame-pointer (internal compiler error)
FAIL: gcc.c-torture/compile/pr36154.c -O3 -fomit-frame-pointer (test for excess errors)
FAIL: gcc.c-torture/compile/pr36154.c -O3 -g (internal compiler error)
FAIL: gcc.c-torture/compile/pr36154.c -O3 -g (test for excess errors)
FAIL: gcc.c-torture/compile/pr36154.c -Os (internal compiler error)
FAIL: gcc.c-torture/compile/pr36154.c -Os (test for excess errors)
FAIL: gcc.dg/ssp-1.c execution test
FAIL: gcc.target/i386/parity-1.c scan-assembler setnp
FAIL: gcc.target/i386/parity-2.c scan-assembler setnp
FAIL: gcc.target/i386/pr35540.c (internal compiler error)
FAIL: gcc.target/i386/pr35540.c (test for excess errors)
UNRESOLVED: gcc.target/i386/pr35540.c compilation failed to produce executable
=== gcc Summary for unix/-m32/-fPIC ===
# of expected passes 49044
# of unexpected failures 17
# of expected failures 167
# of unresolved testcases 1
# of untested testcases 35
# of unsupported tests 306
=== gcc Summary ===
# of expected passes 196138
# of unexpected failures 61
# of expected failures 666
# of unresolved testcases 2
# of untested testcases 140
# of unsupported tests 1353
/mnt/stratum/src/b2/gcc/xgcc version 4.3.1 20080508 (prerelease) [gcc-4_3-branch revision 135072] (GCC)
=== gfortran tests ===
Running target unix
=== gfortran Summary for unix ===
# of expected passes 24045
# of expected failures 3
# of unsupported tests 18
Running target unix/-fPIC
=== gfortran Summary for unix/-fPIC ===
# of expected passes 24045
# of expected failures 3
# of unsupported tests 18
Running target unix/-m32
=== gfortran Summary for unix/-m32 ===
# of expected passes 24047
# of expected failures 3
# of unsupported tests 16
Running target unix/-m32/-fPIC
=== gfortran Summary for unix/-m32/-fPIC ===
# of expected passes 24047
# of expected failures 3
# of unsupported tests 16
=== gfortran Summary ===
# of expected passes 96184
# of expected failures 12
# of unsupported tests 68
/mnt/stratum/src/b2/gcc/testsuite/gfortran/../../gfortran version 4.3.1 20080508 (prerelease) [gcc-4_3-branch revision 135072] (GCC)
=== gnat tests ===
Running target unix
=== gnat Summary for unix ===
# of expected passes 352
Running target unix/-fPIC
=== gnat Summary for unix/-fPIC ===
# of expected passes 352
Running target unix/-m32
[snipped, no multilibs for ada]
=== gnat Summary for unix/-m32 ===
# of expected passes 143
# of unexpected failures 115
# of unresolved testcases 94
Running target unix/-m32/-fPIC
[snipped, no multilibs for ada]
=== gnat Summary for unix/-m32/-fPIC ===
# of expected passes 143
# of unexpected failures 115
# of unresolved testcases 94
=== gnat Summary ===
# of expected passes 990
# of unexpected failures 230
# of unresolved testcases 188
=== objc tests ===
Running target unix
=== objc Summary for unix ===
# of expected passes 1812
# of expected failures 7
# of unsupported tests 24
Running target unix/-fPIC
=== objc Summary for unix/-fPIC ===
# of expected passes 1812
# of expected failures 7
# of unsupported tests 24
Running target unix/-m32
=== objc Summary for unix/-m32 ===
# of expected passes 1812
# of expected failures 7
# of unsupported tests 24
Running target unix/-m32/-fPIC
=== objc Summary for unix/-m32/-fPIC ===
# of expected passes 1812
# of expected failures 7
# of unsupported tests 24
=== objc Summary ===
# of expected passes 7248
# of expected failures 28
# of unsupported tests 96
/mnt/stratum/src/b2/gcc/xgcc version 4.3.1 20080508 (prerelease) [gcc-4_3-branch revision 135072] (GCC)
=== libffi tests ===
Running target unix
=== libffi Summary for unix ===
# of expected passes 1389
# of unsupported tests 10
Running target unix/-fPIC
=== libffi Summary for unix/-fPIC ===
# of expected passes 1389
# of unsupported tests 10
Running target unix/-m32
=== libffi Summary for unix/-m32 ===
# of expected passes 1389
# of unsupported tests 10
Running target unix/-m32/-fPIC
=== libffi Summary for unix/-m32/-fPIC ===
# of expected passes 1389
# of unsupported tests 10
=== libffi Summary ===
# of expected passes 5556
# of unsupported tests 40
=== libgomp tests ===
Running target unix
=== libgomp Summary for unix ===
# of expected passes 1729
Running target unix/-fPIC
=== libgomp Summary for unix/-fPIC ===
# of expected passes 1729
Running target unix/-m32
=== libgomp Summary for unix/-m32 ===
# of expected passes 1729
Running target unix/-m32/-fPIC
=== libgomp Summary for unix/-m32/-fPIC ===
# of expected passes 1729
=== libgomp Summary ===
# of expected passes 6916
=== libjava tests ===
Running target unix
=== libjava Summary for unix ===
# of expected passes 2550
Running target unix/-fPIC
=== libjava Summary for unix/-fPIC ===
# of expected passes 2550
Running target unix/-m32
=== libjava Summary for unix/-m32 ===
# of expected passes 2550
Running target unix/-m32/-fPIC
=== libjava Summary for unix/-m32/-fPIC ===
# of expected passes 2550
=== libjava Summary ===
# of expected passes 10200
=== libmudflap tests ===
Running target unix
FAIL: libmudflap.c++/pass41-frag.cxx execution test
FAIL: libmudflap.c++/pass41-frag.cxx (-static) execution test
FAIL: libmudflap.c++/pass41-frag.cxx ( -O) execution test
FAIL: libmudflap.c++/pass41-frag.cxx (-O2) execution test
FAIL: libmudflap.c++/pass41-frag.cxx (-O3) execution test
=== libmudflap Summary for unix ===
# of expected passes 1844
# of unexpected failures 5
Running target unix/-fPIC
FAIL: libmudflap.c++/pass41-frag.cxx execution test
FAIL: libmudflap.c++/pass41-frag.cxx (-static) execution test
FAIL: libmudflap.c++/pass41-frag.cxx ( -O) execution test
FAIL: libmudflap.c++/pass41-frag.cxx (-O2) execution test
FAIL: libmudflap.c++/pass41-frag.cxx (-O3) execution test
=== libmudflap Summary for unix/-fPIC ===
# of expected passes 1844
# of unexpected failures 5
Running target unix/-m32
FAIL: libmudflap.c++/pass41-frag.cxx execution test
FAIL: libmudflap.c++/pass41-frag.cxx (-static) execution test
FAIL: libmudflap.c++/pass41-frag.cxx ( -O) execution test
FAIL: libmudflap.c++/pass41-frag.cxx (-O2) execution test
FAIL: libmudflap.c++/pass41-frag.cxx (-O3) execution test
=== libmudflap Summary for unix/-m32 ===
# of expected passes 1844
# of unexpected failures 5
Running target unix/-m32/-fPIC
FAIL: libmudflap.c++/pass41-frag.cxx execution test
FAIL: libmudflap.c++/pass41-frag.cxx (-static) execution test
FAIL: libmudflap.c++/pass41-frag.cxx ( -O) execution test
FAIL: libmudflap.c++/pass41-frag.cxx (-O2) execution test
FAIL: libmudflap.c++/pass41-frag.cxx (-O3) execution test
=== libmudflap Summary for unix/-m32/-fPIC ===
# of expected passes 1844
# of unexpected failures 5
=== libmudflap Summary ===
# of expected passes 7376
# of unexpected failures 20
=== libstdc++ tests ===
Running target unix
XPASS: 26_numerics/headers/cmath/c99_classification_macros_c.cc (test for excess errors)
=== libstdc++ Summary for unix ===
# of expected passes 4939
# of unexpected successes 1
# of expected failures 59
# of unsupported tests 326
Running target unix/-fPIC
XPASS: 26_numerics/headers/cmath/c99_classification_macros_c.cc (test for excess errors)
=== libstdc++ Summary for unix/-fPIC ===
# of expected passes 4939
# of unexpected successes 1
# of expected failures 59
# of unsupported tests 326
Running target unix/-m32
XPASS: 26_numerics/headers/cmath/c99_classification_macros_c.cc (test for excess errors)
=== libstdc++ Summary for unix/-m32 ===
# of expected passes 4939
# of unexpected successes 1
# of expected failures 59
# of unsupported tests 326
Running target unix/-m32/-fPIC
XPASS: 26_numerics/headers/cmath/c99_classification_macros_c.cc (test for excess errors)
=== libstdc++ Summary for unix/-m32/-fPIC ===
# of expected passes 4939
# of unexpected successes 1
# of expected failures 59
# of unsupported tests 326
=== libstdc++ Summary ===
# of expected passes 19756
# of unexpected successes 4
# of expected failures 236
# of unsupported tests 1304
Compiler version: 4.3.1 20080508 (prerelease) [gcc-4_3-branch revision 135072] (GCC)
Platform: x86_64-unknown-linux-gnu
configure flags: --enable-languages=all,ada --with-arch=amdfam10 --enable-checking=yes,rtl,fold