This is the mail archive of the
gcc-testresults@gcc.gnu.org
mailing list for the GCC project.
Results for 4.4.0 20080506 (experimental) [trunk revision 134987] (GCC) testsuite on i686-pc-linux-gnu
- From: Joey Ye <jye2 at shgcc-1 dot sh dot intel dot com>
- To: gcc-testresults at gcc dot gnu dot org
- Date: Wed, 7 May 2008 04:45:39 +0800
- Subject: Results for 4.4.0 20080506 (experimental) [trunk revision 134987] (GCC) testsuite on i686-pc-linux-gnu
LAST_UPDATED: Tue May 6 17:02:05 UTC 2008 (revision 134987)
Native configuration is i686-pc-linux-gnu
=== g++ tests ===
Running target unix
FAIL: g++.dg/ext/utf32-4.C target { ! 4byte_wchar_t } (test for warnings, line 16)
FAIL: g++.dg/tree-ssa/pr19637.C scan-tree-dump-times dom1 "return 1;" 3
=== g++ Summary ===
# of expected passes 17731
# of unexpected failures 2
# of expected failures 82
# of unsupported tests 90
/home/jye2/gcc/build-daily/gcc/testsuite/g++/../../g++ version 4.4.0 20080506 (experimental) [trunk revision 134987] (GCC)
=== gcc tests ===
Running target unix
FAIL: gcc.dg/utf16-4.c (test for warnings, line 18)
FAIL: gcc.dg/utf16-4.c (test for excess errors)
FAIL: gcc.dg/utf32-4.c target { ! 4byte_wchar_t } (test for warnings, line 18)
XPASS: gcc.dg/tree-ssa/ltrans-3.c scan-tree-dump-times ltrans "transformed loop" 1
=== gcc Summary ===
# of expected passes 49597
# of unexpected failures 3
# of unexpected successes 1
# of expected failures 168
# of untested testcases 35
# of unsupported tests 422
/home/jye2/gcc/build-daily/gcc/xgcc version 4.4.0 20080506 (experimental) [trunk revision 134987] (GCC)
=== gfortran tests ===
Running target unix
FAIL: gfortran.dg/fmt_t_7.f -O0 execution test
FAIL: gfortran.dg/fmt_t_7.f -O1 execution test
FAIL: gfortran.dg/fmt_t_7.f -O2 execution test
FAIL: gfortran.dg/fmt_t_7.f -O3 -fomit-frame-pointer execution test
FAIL: gfortran.dg/fmt_t_7.f -O3 -fomit-frame-pointer -funroll-loops execution test
FAIL: gfortran.dg/fmt_t_7.f -O3 -fomit-frame-pointer -funroll-all-loops -finline-functions execution test
FAIL: gfortran.dg/fmt_t_7.f -O3 -g execution test
FAIL: gfortran.dg/fmt_t_7.f -Os execution test
=== gfortran Summary ===
# of expected passes 24599
# of unexpected failures 8
# of expected failures 3
# of unsupported tests 64
/home/jye2/gcc/build-daily/gcc/testsuite/gfortran/../../gfortran version 4.4.0 20080506 (experimental) [trunk revision 134987] (GCC)
=== objc tests ===
Running target unix
=== objc Summary ===
# of expected passes 1814
# of expected failures 7
# of unsupported tests 24
/home/jye2/gcc/build-daily/gcc/xgcc version 4.4.0 20080506 (experimental) [trunk revision 134987] (GCC)
=== libffi tests ===
Running target unix
=== libffi Summary ===
# of expected passes 1389
# of unsupported tests 10
=== libgomp tests ===
Running target unix
=== libgomp Summary ===
# of expected passes 1723
=== libjava tests ===
Running target unix
=== libjava Summary ===
# of expected passes 2550
=== libmudflap tests ===
Running target unix
=== libmudflap Summary ===
# of expected passes 1865
=== libstdc++ tests ===
Running target unix
XPASS: 26_numerics/headers/cmath/c99_classification_macros_c.cc (test for excess errors)
=== libstdc++ Summary ===
# of expected passes 5686
# of unexpected successes 1
# of expected failures 73
# of unsupported tests 10
Compiler version: 4.4.0 20080506 (experimental) [trunk revision 134987] (GCC)
Platform: i686-pc-linux-gnu
configure flags: --enable-clocale=gnu --with-system-zlib --enable-decimal-float=bid --with-demangler-in-ld --enable-shared --enable-threads=posix --enable-haifa --enable-checking=assert