This is the mail archive of the
gcc-testresults@gcc.gnu.org
mailing list for the GCC project.
Results for 4.4.0 20080502 (experimental) [trunk revision 134890] (GCC) testsuite on hppa2.0w-hp-hpux11.11
- From: John David Anglin <dave at hiauly3 dot hia dot nrc dot ca>
- To: dave at hiauly3 dot hia dot nrc dot ca, gcc-testresults at gcc dot gnu dot org
- Date: Sun, 4 May 2008 12:05:32 -0400 (EDT)
- Subject: Results for 4.4.0 20080502 (experimental) [trunk revision 134890] (GCC) testsuite on hppa2.0w-hp-hpux11.11
LAST_UPDATED: Fri May 2 23:51:32 UTC 2008 (revision 134890)
=== acats tests ===
FAIL: c954a01
FAIL: c974013
FAIL: cxf3a01
=== acats Summary ===
# of expected passes 2312
# of unexpected failures 3
Native configuration is hppa2.0w-hp-hpux11.11
=== g++ tests ===
Running target unix
FAIL: g++.dg/opt/pr30965.C scan-tree-dump-times optimized ";; Function" 2
XPASS: g++.old-deja/g++.pt/static6.C (test for excess errors)
=== g++ Summary ===
# of expected passes 16573
# of unexpected failures 1
# of unexpected successes 1
# of expected failures 84
# of unsupported tests 226
/test/gnu/gcc/objdir/gcc/testsuite/g++/../../g++ version 4.4.0 20080502 (experimental) [trunk revision 134890] (GCC)
=== gcc tests ===
Running target unix
FAIL: gcc.c-torture/compile/pr11832.c -O0 (internal compiler error)
FAIL: gcc.c-torture/compile/pr11832.c -O0 (test for excess errors)
FAIL: gcc.c-torture/compile/pr11832.c -O1 (internal compiler error)
FAIL: gcc.c-torture/compile/pr11832.c -O1 (test for excess errors)
FAIL: gcc.c-torture/compile/pr11832.c -O2 (internal compiler error)
FAIL: gcc.c-torture/compile/pr11832.c -O2 (test for excess errors)
FAIL: gcc.c-torture/compile/pr11832.c -O3 -fomit-frame-pointer (internal compiler error)
FAIL: gcc.c-torture/compile/pr11832.c -O3 -fomit-frame-pointer (test for excess errors)
FAIL: gcc.c-torture/compile/pr11832.c -O3 -g (internal compiler error)
FAIL: gcc.c-torture/compile/pr11832.c -O3 -g (test for excess errors)
FAIL: gcc.c-torture/compile/pr11832.c -Os (internal compiler error)
FAIL: gcc.c-torture/compile/pr11832.c -Os (test for excess errors)
FAIL: gcc.c-torture/compile/pr33009.c -O0 (internal compiler error)
FAIL: gcc.c-torture/compile/pr33009.c -O0 (test for excess errors)
FAIL: gcc.c-torture/compile/pr33009.c -O1 (internal compiler error)
FAIL: gcc.c-torture/compile/pr33009.c -O1 (test for excess errors)
FAIL: gcc.c-torture/compile/pr33009.c -O2 (internal compiler error)
FAIL: gcc.c-torture/compile/pr33009.c -O2 (test for excess errors)
FAIL: gcc.c-torture/compile/pr33009.c -O3 -fomit-frame-pointer (internal compiler error)
FAIL: gcc.c-torture/compile/pr33009.c -O3 -fomit-frame-pointer (test for excess errors)
FAIL: gcc.c-torture/compile/pr33009.c -O3 -fomit-frame-pointer -funroll-loops (internal compiler error)
FAIL: gcc.c-torture/compile/pr33009.c -O3 -fomit-frame-pointer -funroll-loops (test for excess errors)
FAIL: gcc.c-torture/compile/pr33009.c -O3 -fomit-frame-pointer -funroll-all-loops -finline-functions (internal compiler error)
FAIL: gcc.c-torture/compile/pr33009.c -O3 -fomit-frame-pointer -funroll-all-loops -finline-functions (test for excess errors)
FAIL: gcc.c-torture/compile/pr33009.c -O3 -g (internal compiler error)
FAIL: gcc.c-torture/compile/pr33009.c -O3 -g (test for excess errors)
FAIL: gcc.c-torture/compile/pr33009.c -Os (internal compiler error)
FAIL: gcc.c-torture/compile/pr33009.c -Os (test for excess errors)
FAIL: gcc.c-torture/execute/20040709-1.c execution, -O2
FAIL: gcc.c-torture/execute/20040709-1.c execution, -O3 -fomit-frame-pointer
FAIL: gcc.c-torture/execute/20040709-1.c execution, -O3 -fomit-frame-pointer -funroll-loops
FAIL: gcc.c-torture/execute/20040709-1.c execution, -O3 -fomit-frame-pointer -funroll-all-loops -finline-functions
FAIL: gcc.c-torture/execute/20040709-1.c execution, -O3 -g
FAIL: gcc.c-torture/execute/20040709-1.c execution, -Os
FAIL: gcc.c-torture/execute/20040709-2.c execution, -O1
FAIL: gcc.c-torture/execute/20040709-2.c execution, -O2
FAIL: gcc.c-torture/execute/20040709-2.c execution, -O3 -fomit-frame-pointer
FAIL: gcc.c-torture/execute/20040709-2.c execution, -O3 -fomit-frame-pointer -funroll-loops
FAIL: gcc.c-torture/execute/20040709-2.c execution, -O3 -fomit-frame-pointer -funroll-all-loops -finline-functions
FAIL: gcc.c-torture/execute/20040709-2.c execution, -O3 -g
FAIL: gcc.c-torture/execute/20040709-2.c execution, -Os
FAIL: gcc.c-torture/execute/va-arg-pack-1.c compilation, -O0
UNRESOLVED: gcc.c-torture/execute/va-arg-pack-1.c execution, -O0
FAIL: gcc.dg/attr-alwaysinline.c scan-assembler-not sabrina
FAIL: gcc.dg/pr35729.c scan-rtl-dump-times loop2_invariant "Decided to move invariant" 0
FAIL: gcc.dg/winline-4.c (test for warnings, line 4)
FAIL: gcc.dg/winline-4.c (test for warnings, line 7)
FAIL: gcc.dg/torture/nested-fn-1.c -O0 scan-assembler-not should_not_appear
XPASS: gcc.dg/tree-ssa/ltrans-3.c scan-tree-dump-times ltrans "transformed loop" 1
=== gcc Summary ===
# of expected passes 45100
# of unexpected failures 47
# of unexpected successes 1
# of expected failures 93
# of unresolved testcases 1
# of untested testcases 35
# of unsupported tests 605
/test/gnu/gcc/objdir/gcc/xgcc version 4.4.0 20080502 (experimental) [trunk revision 134890] (GCC)
=== gfortran tests ===
Running target unix
FAIL: gfortran.dg/ldist-1.f90 -O scan-tree-dump-times ldist "distributed: split to 4 loops" 1
FAIL: gfortran.dg/nint_2.f90 -O0 execution test
FAIL: gfortran.dg/use_only_1.f90 -O0 (internal compiler error)
FAIL: gfortran.dg/use_only_1.f90 -O0 (test for excess errors)
WARNING: gfortran.dg/use_only_1.f90 -O0 compilation failed to produce executable
FAIL: gfortran.dg/use_only_1.f90 -O1 (internal compiler error)
FAIL: gfortran.dg/use_only_1.f90 -O1 (test for excess errors)
WARNING: gfortran.dg/use_only_1.f90 -O1 compilation failed to produce executable
FAIL: gfortran.dg/use_only_1.f90 -O2 (internal compiler error)
FAIL: gfortran.dg/use_only_1.f90 -O2 (test for excess errors)
WARNING: gfortran.dg/use_only_1.f90 -O2 compilation failed to produce executable
FAIL: gfortran.dg/use_only_1.f90 -O3 -fomit-frame-pointer (internal compiler error)
FAIL: gfortran.dg/use_only_1.f90 -O3 -fomit-frame-pointer (test for excess errors)
WARNING: gfortran.dg/use_only_1.f90 -O3 -fomit-frame-pointer compilation failed to produce executable
FAIL: gfortran.dg/use_only_1.f90 -O3 -fomit-frame-pointer -funroll-loops (internal compiler error)
FAIL: gfortran.dg/use_only_1.f90 -O3 -fomit-frame-pointer -funroll-loops (test for excess errors)
WARNING: gfortran.dg/use_only_1.f90 -O3 -fomit-frame-pointer -funroll-loops compilation failed to produce executable
FAIL: gfortran.dg/use_only_1.f90 -O3 -fomit-frame-pointer -funroll-all-loops -finline-functions (internal compiler error)
FAIL: gfortran.dg/use_only_1.f90 -O3 -fomit-frame-pointer -funroll-all-loops -finline-functions (test for excess errors)
WARNING: gfortran.dg/use_only_1.f90 -O3 -fomit-frame-pointer -funroll-all-loops -finline-functions compilation failed to produce executable
FAIL: gfortran.dg/use_only_1.f90 -O3 -g (internal compiler error)
FAIL: gfortran.dg/use_only_1.f90 -O3 -g (test for excess errors)
WARNING: gfortran.dg/use_only_1.f90 -O3 -g compilation failed to produce executable
FAIL: gfortran.dg/use_only_1.f90 -Os (internal compiler error)
FAIL: gfortran.dg/use_only_1.f90 -Os (test for excess errors)
WARNING: gfortran.dg/use_only_1.f90 -Os compilation failed to produce executable
FAIL: gfortran.dg/g77/970915-0.f -O (internal compiler error)
FAIL: gfortran.dg/g77/970915-0.f -O (test for excess errors)
=== gfortran Summary ===
# of expected passes 24098
# of unexpected failures 20
# of expected failures 3
# of unsupported tests 238
/test/gnu/gcc/objdir/gcc/testsuite/gfortran/../../gfortran version 4.4.0 20080502 (experimental) [trunk revision 134890] (GCC)
=== gnat tests ===
Running target unix
FAIL: gnat.dg/derived_aggregate.adb execution test
FAIL: gnat.dg/specs/tag2.ads (test for errors, line 13)
FAIL: gnat.dg/specs/tag2.ads (test for excess errors)
=== gnat Summary ===
# of expected passes 428
# of unexpected failures 3
# of expected failures 4
=== obj-c++ tests ===
Running target unix
FAIL: obj-c++.dg/bitfield-1.mm (internal compiler error)
FAIL: obj-c++.dg/bitfield-1.mm (test for excess errors)
WARNING: obj-c++.dg/bitfield-1.mm compilation failed to produce executable
FAIL: obj-c++.dg/comp-types-10.mm (internal compiler error)
FAIL: obj-c++.dg/comp-types-10.mm (test for excess errors)
WARNING: obj-c++.dg/lookup-2.mm compilation failed to produce executable
WARNING: obj-c++.dg/try-catch-2.mm compilation failed to produce executable
FAIL: obj-c++.dg/try-catch-9.mm (test for excess errors)
WARNING: obj-c++.dg/try-catch-9.mm compilation failed to produce executable
=== obj-c++ Summary ===
# of expected passes 432
# of unexpected failures 5
# of expected failures 9
# of unsupported tests 14
/test/gnu/gcc/objdir/gcc/testsuite/obj-c++/../../g++ version 4.4.0 20080502 (experimental) [trunk revision 134890] (GCC)
=== objc tests ===
Running target unix
=== objc Summary ===
# of expected passes 1808
# of expected failures 7
# of unsupported tests 27
/test/gnu/gcc/objdir/gcc/xgcc version 4.4.0 20080502 (experimental) [trunk revision 134890] (GCC)
=== libffi tests ===
Running target unix
=== libffi Summary ===
# of expected passes 1389
# of unsupported tests 10
=== libgomp tests ===
Running target unix
FAIL: libgomp.c++/ctor-8.C -O0 execution test
FAIL: libgomp.fortran/pr25162.f -O0 execution test
FAIL: libgomp.fortran/pr25162.f -O1 execution test
FAIL: libgomp.fortran/pr25162.f -O2 execution test
FAIL: libgomp.fortran/pr25162.f -O3 -fomit-frame-pointer execution test
FAIL: libgomp.fortran/pr25162.f -O3 -fomit-frame-pointer -funroll-loops execution test
FAIL: libgomp.fortran/pr25162.f -O3 -fomit-frame-pointer -funroll-all-loops -finline-functions execution test
FAIL: libgomp.fortran/pr25162.f -O3 -g execution test
FAIL: libgomp.fortran/pr25162.f -Os execution test
FAIL: libgomp.fortran/threadprivate1.f90 -O0 execution test
FAIL: libgomp.fortran/threadprivate1.f90 -O3 -fomit-frame-pointer -funroll-all-loops -finline-functions execution test
FAIL: libgomp.fortran/threadprivate2.f90 -O0 execution test
FAIL: libgomp.fortran/threadprivate2.f90 -O1 execution test
FAIL: libgomp.fortran/threadprivate2.f90 -O2 execution test
FAIL: libgomp.fortran/threadprivate2.f90 -O3 -fomit-frame-pointer execution test
FAIL: libgomp.fortran/threadprivate2.f90 -O3 -fomit-frame-pointer -funroll-loops execution test
FAIL: libgomp.fortran/threadprivate2.f90 -O3 -fomit-frame-pointer -funroll-all-loops -finline-functions execution test
FAIL: libgomp.fortran/threadprivate2.f90 -O3 -g execution test
FAIL: libgomp.fortran/threadprivate2.f90 -Os execution test
FAIL: libgomp.fortran/threadprivate3.f90 -O0 execution test
FAIL: libgomp.fortran/threadprivate3.f90 -O1 execution test
FAIL: libgomp.fortran/threadprivate3.f90 -O2 execution test
FAIL: libgomp.fortran/threadprivate3.f90 -O3 -fomit-frame-pointer execution test
FAIL: libgomp.fortran/threadprivate3.f90 -O3 -fomit-frame-pointer -funroll-loops execution test
FAIL: libgomp.fortran/threadprivate3.f90 -O3 -fomit-frame-pointer -funroll-all-loops -finline-functions execution test
FAIL: libgomp.fortran/threadprivate3.f90 -O3 -g execution test
FAIL: libgomp.fortran/threadprivate3.f90 -Os execution test
=== libgomp Summary ===
# of expected passes 1682
# of unexpected failures 27
# of unsupported tests 7
=== libjava tests ===
Running target unix
FAIL: getstacktrace run
FAIL: getallthreads run
FAIL: LargeFile execution - source compiled test
FAIL: LargeFile -findirect-dispatch execution - source compiled test
FAIL: LargeFile -O3 execution - source compiled test
FAIL: LargeFile -O3 -findirect-dispatch execution - source compiled test
FAIL: PR27908 -O3 execution - source compiled test
FAIL: Thread_Monitor execution - source compiled test
FAIL: Thread_Monitor -O3 -findirect-dispatch execution - source compiled test
FAIL: Thread_Wait_2 -O3 execution - source compiled test
FAIL: Thread_Wait_Interrupt -findirect-dispatch execution - source compiled test
=== libjava Summary ===
# of expected passes 2530
# of unexpected failures 11
# of untested testcases 11
=== libstdc++ tests ===
Running target unix
FAIL: 26_numerics/complex/13450.cc (test for excess errors)
WARNING: 26_numerics/complex/13450.cc compilation failed to produce executable
FAIL: 27_io/basic_istream/extractors_arithmetic/char/9555-ia.cc (test for excess errors)
WARNING: 27_io/basic_istream/extractors_arithmetic/char/9555-ia.cc compilation failed to produce executable
FAIL: 27_io/basic_istream/extractors_arithmetic/wchar_t/9555-ia.cc (test for excess errors)
WARNING: 27_io/basic_istream/extractors_arithmetic/wchar_t/9555-ia.cc compilation failed to produce executable
=== libstdc++ Summary ===
# of expected passes 5002
# of unexpected failures 3
# of expected failures 73
# of unsupported tests 345
Compiler version: 4.4.0 20080502 (experimental) [trunk revision 134890] (GCC)
Platform: hppa2.0w-hp-hpux11.11
configure flags: --with-gnu-as --with-as=/opt/gnu/bin/as --enable-shared --disable-nls --with-local-prefix=/opt/gnu --prefix=/opt/gnu/gcc/gcc-4.4.0 --enable-debug=no --enable-threads=posix --with-mpfr=/opt/gnu/gcc/gcc-4.4.0 --with-gmp=/opt/gnu/gcc/gcc-4.4.0 --disable-libmudflap --enable-languages=c,c++,objc,obj-c++,fortran,java,ada