This is the mail archive of the
gcc-testresults@gcc.gnu.org
mailing list for the GCC project.
Results for gcc testsuite on x86_64-pc-mingw32
- From: nightstrike at gcc14 dot fsffrance dot org
- To: gcc-testresults at gcc dot gnu dot org
- Date: Wed, 30 Apr 2008 19:17:30 +0200
- Subject: Results for gcc testsuite on x86_64-pc-mingw32
LAST_UPDATED:
Target is x86_64-pc-mingw32
Host is x86_64-unknown-linux-gnu
=== binutils tests ===
Running target mingw
FAIL: simple objcopy of executable
=== binutils Summary ===
# of expected passes 23
# of unexpected failures 1
Host is x86_64-unknown-linux-gnu
=== gas tests ===
Running target mingw
FAIL: x86-64 pcrel
FAIL: x86-64 x86-64-sse5
FAIL: 64bit illegal opcodes
FAIL: 64bit illegal opcodes (Intel mode)
=== gas Summary ===
# of expected passes 152
# of unexpected failures 4
# of expected failures 1
Host is x86_64-unknown-linux-gnu
=== ld tests ===
Running target mingw
FAIL: Check --gc-section
FAIL: Check --gc-section/-q
FAIL: Check --gc-section/-r/-e
FAIL: Check --gc-section/-r/-u
FAIL: ld-scripts/empty-address-1
FAIL: ld-scripts/empty-address-2a
FAIL: ld-scripts/empty-address-2b
FAIL: ld-scripts/empty-address-3a
FAIL: ld-scripts/empty-address-3b
FAIL: ld-scripts/empty-address-3c
=== ld Summary ===
# of expected passes 42
# of unexpected failures 10
# of expected failures 4
# of unsupported tests 1
Compiler version: gcc
Platform: x86_64-pc-mingw32
configure flags: --prefix=/var/tmp/root-x86_64-pc-linux --with-sysroot=/var/tmp/root-x86_64-pc-linux --target=x86_64-pc-mingw32